85.208.96.212 - - [10/Mar/2026:08:27:04 -0700] "GET /2026/02/11/goudkoorts-voor-kippen-navigeer-de-uitdagende/ HTTP/1.1" 404 236 "-" "Mozilla/5.0 (compatible; SemrushBot/7~bl; +http://www.semrush.com/bot.html)"
85.208.96.212 - - [10/Mar/2026:08:27:12 -0700] "GET /2026/02/04/vyuijte-maximum-z-online-zabavy-nabizi-22bet-cz/ HTTP/1.1" 404 236 "-" "Mozilla/5.0 (compatible; SemrushBot/7~bl; +http://www.semrush.com/bot.html)"
74.7.241.15 - - [10/Mar/2026:08:27:22 -0700] "GET /wp-json/oembed/1.0/embed?url=http%3A%2F%2Falsahibalc.com%2F2025%2F07%2F14%2Fchicken-road-148%2F HTTP/1.1" 404 236 "http://alsahibalc.com/2025/07/14/chicken-road-148/" "Mozilla/5.0 AppleWebKit/537.36 (KHTML, like Gecko; compatible; GPTBot/1.3; +https://openai.com/gptbot)"
57.141.0.37 - - [10/Mar/2026:08:27:28 -0700] "GET /2025/05/21/the-impact-of-artificial-intelligence-on-casino-327-20/ HTTP/1.1" 404 236 "-" "meta-externalagent/1.1 (+https://developers.facebook.com/docs/sharing/webmasters/crawler)"
74.7.241.15 - - [10/Mar/2026:08:27:40 -0700] "GET /wp-json/oembed/1.0/embed?url=http%3A%2F%2Falsahibalc.com%2F2026%2F02%2F25%2Fbetter-online-slots-games-real-cash-2026-guide-to-large-rtp-slot-games%2F HTTP/1.1" 404 236 "http://alsahibalc.com/2026/02/25/better-online-slots-games-real-cash-2026-guide-to-large-rtp-slot-games/" "Mozilla/5.0 AppleWebKit/537.36 (KHTML, like Gecko; compatible; GPTBot/1.3; +https://openai.com/gptbot)"
85.208.96.195 - - [10/Mar/2026:08:27:44 -0700] "GET /2026/02/07/starburst-slot-internetowego-zagraj-na-starburst-zbyt-prawdziwe-finanse/ HTTP/1.1" 404 236 "-" "Mozilla/5.0 (compatible; SemrushBot/7~bl; +http://www.semrush.com/bot.html)"
74.7.241.15 - - [10/Mar/2026:08:27:50 -0700] "GET /wp-json/oembed/1.0/embed?url=http%3A%2F%2Falsahibalc.com%2F2026%2F02%2F26%2Fgewinner-spielsaal-provision-unter-einsatz-von-einzahlung-%25e1%2597%258e-tagesordnungspunkt-10-startguthaben-beetle-frenzy-spielautomat-2026%2F HTTP/1.1" 404 236 "http://alsahibalc.com/2026/02/26/gewinner-spielsaal-provision-unter-einsatz-von-einzahlung-%e1%97%8e-tagesordnungspunkt-10-startguthaben-beetle-frenzy-spielautomat-2026/" "Mozilla/5.0 AppleWebKit/537.36 (KHTML, like Gecko; compatible; GPTBot/1.3; +https://openai.com/gptbot)"
142.44.228.108 - - [10/Mar/2026:08:27:56 -0700] "GET /2025/11/22/2025-deneme-bonusu-veren-siteler-evrimsiz-bahis-1338/ HTTP/1.1" 404 236 "-" "Mozilla/5.0 (compatible; AhrefsBot/7.0; +http://ahrefs.com/robot/)"
74.7.241.15 - - [10/Mar/2026:08:27:59 -0700] "GET /wp-json/oembed/1.0/embed?format=xml&url=http%3A%2F%2Falsahibalc.com%2F2025%2F06%2F19%2F5000-gier-i-szansa-na-cashback-do-25-kasyno-online-vincispin-otwiera-drzwi-do-swiata-emocjonujacych-gier-kasynowych-z-szybkimi-i-bezpiecznymi-platnosciami-oraz-regularnym-cashbackiem-i-premiami-dla-ak%2F HTTP/1.1" 404 236 "http://alsahibalc.com/2025/06/19/5000-gier-i-szansa-na-cashback-do-25-kasyno-online-vincispin-otwiera-drzwi-do-swiata-emocjonujacych-gier-kasynowych-z-szybkimi-i-bezpiecznymi-platnosciami-oraz-regularnym-cashbackiem-i-premiami-dla-ak/" "Mozilla/5.0 AppleWebKit/537.36 (KHTML, like Gecko; compatible; GPTBot/1.3; +https://openai.com/gptbot)"
74.7.241.15 - - [10/Mar/2026:08:28:09 -0700] "GET /wp-json/oembed/1.0/embed?url=http%3A%2F%2Falsahibalc.com%2F2026%2F02%2F06%2Fplay-casino-gratorama-sign-up-bonus-aztec-gifts-video-slot-100percent-free-at-the-slottavern%2F HTTP/1.1" 404 236 "http://alsahibalc.com/2026/02/06/play-casino-gratorama-sign-up-bonus-aztec-gifts-video-slot-100percent-free-at-the-slottavern/" "Mozilla/5.0 AppleWebKit/537.36 (KHTML, like Gecko; compatible; GPTBot/1.3; +https://openai.com/gptbot)"
74.7.241.15 - - [10/Mar/2026:08:28:18 -0700] "GET /wp-json/oembed/1.0/embed?format=xml&url=http%3A%2F%2Falsahibalc.com%2F2026%2F02%2F18%2Fnavarra-si-no-le-importa-hacerse-amiga-de-la-grasa-aglutina-an-una-demencia-para-casinos-en-linea-periodico-on-line-de-pamplona-y-no-ha-transpirado-comarca%2F HTTP/1.1" 404 236 "http://alsahibalc.com/2026/02/18/navarra-si-no-le-importa-hacerse-amiga-de-la-grasa-aglutina-an-una-demencia-para-casinos-en-linea-periodico-on-line-de-pamplona-y-no-ha-transpirado-comarca/" "Mozilla/5.0 AppleWebKit/537.36 (KHTML, like Gecko; compatible; GPTBot/1.3; +https://openai.com/gptbot)"
57.141.0.58 - - [10/Mar/2026:08:28:23 -0700] "GET /wp-json/oembed/1.0/embed?url=http%3A%2F%2Falsahibalc.com%2F2026%2F02%2F27%2Ffazit-gangbar-spielbank-programs-%25ef%25bf%25bd-variabel-unterhaltsam-weiters-facettenreich%2F HTTP/1.1" 404 236 "-" "meta-externalagent/1.1 (+https://developers.facebook.com/docs/sharing/webmasters/crawler)"
57.141.0.29 - - [10/Mar/2026:08:28:25 -0700] "GET /wp-json/oembed/1.0/embed?url=http%3A%2F%2Falsahibalc.com%2F2026%2F02%2F26%2Fapreciacao-da-family-guy-1-deposito-acabamento-cacaniqueis-fancy-fruits-da-playn-go%2F HTTP/1.1" 404 236 "-" "meta-externalagent/1.1 (+https://developers.facebook.com/docs/sharing/webmasters/crawler)"
185.191.171.14 - - [10/Mar/2026:08:28:29 -0700] "GET /2026/02/16/kazino-oficialnyj-sajt-pin-up-casino-vhodi-i-470/ HTTP/1.1" 404 236 "-" "Mozilla/5.0 (compatible; SemrushBot/7~bl; +http://www.semrush.com/bot.html)"
74.7.241.15 - - [10/Mar/2026:08:28:37 -0700] "GET /wp-json/oembed/1.0/embed?url=http%3A%2F%2Falsahibalc.com%2F2026%2F03%2F02%2F300-mb-to-6000-55-100-percent-free-revolves%2F HTTP/1.1" 404 236 "http://alsahibalc.com/2026/03/02/300-mb-to-6000-55-100-percent-free-revolves/" "Mozilla/5.0 AppleWebKit/537.36 (KHTML, like Gecko; compatible; GPTBot/1.3; +https://openai.com/gptbot)"
142.44.225.15 - - [10/Mar/2026:08:28:45 -0700] "GET /2025/11/22/cryptoboss-onlajn-kazino-obzor-platformy-1819-2/ HTTP/1.1" 404 236 "-" "Mozilla/5.0 (compatible; AhrefsBot/7.0; +http://ahrefs.com/robot/)"
74.7.241.15 - - [10/Mar/2026:08:28:46 -0700] "GET /wp-json/oembed/1.0/embed?url=http%3A%2F%2Falsahibalc.com%2F2026%2F03%2F02%2F%25cf%2584%25ce%25b1-%25ce%25b1%25cf%2583%25ce%25b7%25ce%25bc%25ce%25ad%25ce%25bd%25ce%25b9%25ce%25b1-%25ce%25bb%25ce%25b9%25ce%25bc%25ce%25ac%25ce%25bd%25ce%25b9%25ce%25b1-%25cf%2584%25ce%25bf%25cf%2585-%25cf%2586%25ce%25b1%25cf%2581%25ce%25b1%25cf%258e-%25cf%2581%25ce%25af%25ce%25be%25cf%2584%25ce%25b5-%25ce%25bc%25ce%25b9%2F HTTP/1.1" 404 236 "http://alsahibalc.com/2026/03/02/%cf%84%ce%b1-%ce%b1%cf%83%ce%b7%ce%bc%ce%ad%ce%bd%ce%b9%ce%b1-%ce%bb%ce%b9%ce%bc%ce%ac%ce%bd%ce%b9%ce%b1-%cf%84%ce%bf%cf%85-%cf%86%ce%b1%cf%81%ce%b1%cf%8e-%cf%81%ce%af%ce%be%cf%84%ce%b5-%ce%bc%ce%b9/" "Mozilla/5.0 AppleWebKit/537.36 (KHTML, like Gecko; compatible; GPTBot/1.3; +https://openai.com/gptbot)"
74.7.241.15 - - [10/Mar/2026:08:28:56 -0700] "GET /wp-json/oembed/1.0/embed?url=http%3A%2F%2Falsahibalc.com%2F2026%2F03%2F02%2F%25ce%25bf%25ce%25b9-%25ce%25ba%25ce%25b1%25ce%25bb%25cf%258d%25cf%2584%25ce%25b5%25cf%2581%25ce%25bf%25ce%25b9-%25ce%25b4%25ce%25b9%25ce%25b1%25ce%25b4%25ce%25b9%25ce%25ba%25cf%2584%25cf%2585%25ce%25b1%25ce%25ba%25ce%25bf%25ce%25af-%25ce%25ba%25ce%25bf%25cf%2585%25ce%25bb%25ce%25bf%25cf%2587%25ce%25ad%25cf%2581%25ce%25b7%2F HTTP/1.1" 404 236 "http://alsahibalc.com/2026/03/02/%ce%bf%ce%b9-%ce%ba%ce%b1%ce%bb%cf%8d%cf%84%ce%b5%cf%81%ce%bf%ce%b9-%ce%b4%ce%b9%ce%b1%ce%b4%ce%b9%ce%ba%cf%84%cf%85%ce%b1%ce%ba%ce%bf%ce%af-%ce%ba%ce%bf%cf%85%ce%bb%ce%bf%cf%87%ce%ad%cf%81%ce%b7/" "Mozilla/5.0 AppleWebKit/537.36 (KHTML, like Gecko; compatible; GPTBot/1.3; +https://openai.com/gptbot)"
74.7.241.15 - - [10/Mar/2026:08:29:06 -0700] "GET /wp-json/oembed/1.0/embed?url=http%3A%2F%2Falsahibalc.com%2F2026%2F03%2F02%2F%25ce%25b4%25ce%25bf%25ce%25ba%25ce%25b9%25ce%25bc%25ce%25ae-%25ce%25b3%25ce%25b9%25ce%25b1-%25cf%2584%25ce%25b7%25ce%25bd-%25ce%25ba%25ce%25b1%25cf%2584%25ce%25b1%25ce%25b9%25ce%25b3%25ce%25af%25ce%25b4%25ce%25b1-%25cf%2584%25ce%25b7%25cf%2582-%25cf%2583%25ce%25b9%25ce%25b2%25ce%25b7%25cf%2581%25ce%25af%25ce%25b1%25cf%2582%2F HTTP/1.1" 404 236 "http://alsahibalc.com/2026/03/02/%ce%b4%ce%bf%ce%ba%ce%b9%ce%bc%ce%ae-%ce%b3%ce%b9%ce%b1-%cf%84%ce%b7%ce%bd-%ce%ba%ce%b1%cf%84%ce%b1%ce%b9%ce%b3%ce%af%ce%b4%ce%b1-%cf%84%ce%b7%cf%82-%cf%83%ce%b9%ce%b2%ce%b7%cf%81%ce%af%ce%b1%cf%82/" "Mozilla/5.0 AppleWebKit/537.36 (KHTML, like Gecko; compatible; GPTBot/1.3; +https://openai.com/gptbot)"
173.247.246.132 - - [10/Mar/2026:08:29:22 -0700] "POST /wp-cron.php?doing_wp_cron=1773156562.9015660285949707031250 HTTP/1.1" 200 - "-" "WordPress/6.6.4; http://alsahibalc.com"
37.27.228.124 - - [10/Mar/2026:08:29:22 -0700] "POST /xmlrpc.php HTTP/1.1" 200 366840 "-" "Mozilla/5.0 (Windows NT 10.0; Win64; x64) AppleWebKit/537.36 (KHTML, like Gecko) Chrome/114.0.0.0 Safari/537.36 Vivaldi/5.3.2679.68"
74.7.241.15 - - [10/Mar/2026:08:29:25 -0700] "GET /wp-json/oembed/1.0/embed?url=http%3A%2F%2Falsahibalc.com%2F2026%2F02%2F07%2Fskrill-casinos-120-greatest-online-casinos-taking-skrill%2F HTTP/1.1" 404 236 "http://alsahibalc.com/2026/02/07/skrill-casinos-120-greatest-online-casinos-taking-skrill/" "Mozilla/5.0 AppleWebKit/537.36 (KHTML, like Gecko; compatible; GPTBot/1.3; +https://openai.com/gptbot)"
37.27.228.124 - - [10/Mar/2026:08:29:26 -0700] "POST /xmlrpc.php HTTP/1.1" 200 178 "-" "Mozilla/5.0 (Windows NT 10.0; Win64; x64) AppleWebKit/537.36 (KHTML, like Gecko) Chrome/114.0.0.0 Safari/537.36 Vivaldi/5.3.2679.68"
37.27.228.124 - - [10/Mar/2026:08:29:28 -0700] "POST /xmlrpc.php HTTP/1.1" 200 178 "-" "Mozilla/5.0 (Windows NT 10.0; Win64; x64) AppleWebKit/537.36 (KHTML, like Gecko) Chrome/114.0.0.0 Safari/537.36 Vivaldi/5.3.2679.68"
37.27.228.124 - - [10/Mar/2026:08:29:31 -0700] "POST /xmlrpc.php HTTP/1.1" 200 180 "-" "Mozilla/5.0 (Windows NT 10.0; Win64; x64) AppleWebKit/537.36 (KHTML, like Gecko) Chrome/114.0.0.0 Safari/537.36 Vivaldi/5.3.2679.68"
74.7.241.15 - - [10/Mar/2026:08:29:34 -0700] "GET /wp-json/oembed/1.0/embed?url=http%3A%2F%2Falsahibalc.com%2F2026%2F02%2F26%2Fthunderstruck-video-slot-100-percent-free-gamble-within-the-demonstration-by-microgaming%2F HTTP/1.1" 404 236 "http://alsahibalc.com/2026/02/26/thunderstruck-video-slot-100-percent-free-gamble-within-the-demonstration-by-microgaming/" "Mozilla/5.0 AppleWebKit/537.36 (KHTML, like Gecko; compatible; GPTBot/1.3; +https://openai.com/gptbot)"
173.247.246.132 - - [10/Mar/2026:08:29:34 -0700] "POST /wp-cron.php?doing_wp_cron=1773156574.0646810531616210937500 HTTP/1.1" 200 - "-" "WordPress/6.6.4; http://alsahibalc.com"
37.27.228.124 - - [10/Mar/2026:08:29:33 -0700] "POST /xmlrpc.php HTTP/1.1" 200 23290 "-" "Mozilla/5.0 (Windows NT 10.0; Win64; x64) AppleWebKit/537.36 (KHTML, like Gecko) Chrome/114.0.0.0 Safari/537.36 Vivaldi/5.3.2679.68"
74.7.241.15 - - [10/Mar/2026:08:29:44 -0700] "GET /wp-json/oembed/1.0/embed?url=http%3A%2F%2Falsahibalc.com%2F2026%2F02%2F25%2Fbetter-online-casinos-and-online-casino-games-to-own-australians-inside-2026%2F HTTP/1.1" 404 236 "http://alsahibalc.com/2026/02/25/better-online-casinos-and-online-casino-games-to-own-australians-inside-2026/" "Mozilla/5.0 AppleWebKit/537.36 (KHTML, like Gecko; compatible; GPTBot/1.3; +https://openai.com/gptbot)"
74.7.241.15 - - [10/Mar/2026:08:29:53 -0700] "GET /wp-json/oembed/1.0/embed?url=http%3A%2F%2Falsahibalc.com%2F2026%2F01%2F30%2Fnon-gamstop-casinos-uk-2025-best-new-casinos-not-851%2F HTTP/1.1" 404 236 "http://alsahibalc.com/2026/01/30/non-gamstop-casinos-uk-2025-best-new-casinos-not-851/" "Mozilla/5.0 AppleWebKit/537.36 (KHTML, like Gecko; compatible; GPTBot/1.3; +https://openai.com/gptbot)"
74.7.241.15 - - [10/Mar/2026:08:30:02 -0700] "GET /wp-json/oembed/1.0/embed?url=http%3A%2F%2Falsahibalc.com%2F2026%2F02%2F18%2Fspinanga-online-1472%2F HTTP/1.1" 404 236 "http://alsahibalc.com/2026/02/18/spinanga-online-1472/" "Mozilla/5.0 AppleWebKit/537.36 (KHTML, like Gecko; compatible; GPTBot/1.3; +https://openai.com/gptbot)"
74.7.241.15 - - [10/Mar/2026:08:30:12 -0700] "GET /wp-json/oembed/1.0/embed?url=http%3A%2F%2Falsahibalc.com%2F2026%2F02%2F27%2Fonline-pokies-totally-free-pokies-during-the-24spins-com%2F HTTP/1.1" 404 236 "http://alsahibalc.com/2026/02/27/online-pokies-totally-free-pokies-during-the-24spins-com/" "Mozilla/5.0 AppleWebKit/537.36 (KHTML, like Gecko; compatible; GPTBot/1.3; +https://openai.com/gptbot)"
185.191.171.3 - - [10/Mar/2026:08:30:13 -0700] "GET /2026/02/12/tagesordnungspunkt-boni-abzuglich-einzahlungen-2026-spielsaal-maklercourtage-codes-sichern/ HTTP/1.1" 404 236 "-" "Mozilla/5.0 (compatible; SemrushBot/7~bl; +http://www.semrush.com/bot.html)"
74.7.241.15 - - [10/Mar/2026:08:30:21 -0700] "GET /wp-json/oembed/1.0/embed?url=http%3A%2F%2Falsahibalc.com%2F2026%2F02%2F26%2Ftrusted-gambling-enterprise-betting-guide-to-own-31-many-years%2F HTTP/1.1" 404 236 "http://alsahibalc.com/2026/02/26/trusted-gambling-enterprise-betting-guide-to-own-31-many-years/" "Mozilla/5.0 AppleWebKit/537.36 (KHTML, like Gecko; compatible; GPTBot/1.3; +https://openai.com/gptbot)"
74.7.241.15 - - [10/Mar/2026:08:30:31 -0700] "GET /wp-json/oembed/1.0/embed?url=http%3A%2F%2Falsahibalc.com%2F2026%2F02%2F06%2Fpreparate-para-la-aventura-avicola-domina-chicken-3%2F HTTP/1.1" 404 236 "http://alsahibalc.com/2026/02/06/preparate-para-la-aventura-avicola-domina-chicken-3/" "Mozilla/5.0 AppleWebKit/537.36 (KHTML, like Gecko; compatible; GPTBot/1.3; +https://openai.com/gptbot)"
74.7.241.15 - - [10/Mar/2026:08:30:40 -0700] "GET /wp-json/oembed/1.0/embed?format=xml&url=http%3A%2F%2Falsahibalc.com%2F2025%2F04%2F06%2Fa-href-https-qbetonline-co-uk-qbet-a-s-future-upcoming-features-and-games%2F HTTP/1.1" 404 236 "http://alsahibalc.com/2025/04/06/a-href-https-qbetonline-co-uk-qbet-a-s-future-upcoming-features-and-games/" "Mozilla/5.0 AppleWebKit/537.36 (KHTML, like Gecko; compatible; GPTBot/1.3; +https://openai.com/gptbot)"
74.7.241.15 - - [10/Mar/2026:08:30:59 -0700] "GET /wp-json/oembed/1.0/embed?url=http%3A%2F%2Falsahibalc.com%2F2026%2F02%2F19%2Falorpado-splash-slot-machine-download-do-aplicativo-playpix-online-gioca-gratis%2F HTTP/1.1" 404 236 "http://alsahibalc.com/2026/02/19/alorpado-splash-slot-machine-download-do-aplicativo-playpix-online-gioca-gratis/" "Mozilla/5.0 AppleWebKit/537.36 (KHTML, like Gecko; compatible; GPTBot/1.3; +https://openai.com/gptbot)"
85.208.96.199 - - [10/Mar/2026:08:31:08 -0700] "GET /category/codegarden20-com/ HTTP/1.1" 404 236 "-" "Mozilla/5.0 (compatible; SemrushBot/7~bl; +http://www.semrush.com/bot.html)"
74.7.241.15 - - [10/Mar/2026:08:31:18 -0700] "GET /wp-json/oembed/1.0/embed?url=http%3A%2F%2Falsahibalc.com%2F2026%2F02%2F20%2Fspielsaal-pramie-blos-einzahlung-2026%2F HTTP/1.1" 404 236 "http://alsahibalc.com/2026/02/20/spielsaal-pramie-blos-einzahlung-2026/" "Mozilla/5.0 AppleWebKit/537.36 (KHTML, like Gecko; compatible; GPTBot/1.3; +https://openai.com/gptbot)"
85.208.96.196 - - [10/Mar/2026:08:31:19 -0700] "GET /2026/02/18/live-casinos-verbunden-beste-live-drogenhandler-casinos-boni-and-spiele/ HTTP/1.1" 404 236 "-" "Mozilla/5.0 (compatible; SemrushBot/7~bl; +http://www.semrush.com/bot.html)"
74.7.241.15 - - [10/Mar/2026:08:31:27 -0700] "GET /wp-json/oembed/1.0/embed?url=http%3A%2F%2Falsahibalc.com%2F2026%2F02%2F25%2Ftrendy-fruit%2F HTTP/1.1" 404 236 "http://alsahibalc.com/2026/02/25/trendy-fruit/" "Mozilla/5.0 AppleWebKit/537.36 (KHTML, like Gecko; compatible; GPTBot/1.3; +https://openai.com/gptbot)"
185.191.171.17 - - [10/Mar/2026:08:31:28 -0700] "GET /2026/02/05/chicken-road-machine-sous-de-casino-en-ligne-o-les-432/ HTTP/1.1" 404 236 "-" "Mozilla/5.0 (compatible; SemrushBot/7~bl; +http://www.semrush.com/bot.html)"
213.209.159.254 - - [10/Mar/2026:08:31:30 -0700] "GET /wp-login.php HTTP/2.0" 200 7649 "-" "Mozilla/5.0 (Macintosh; Intel Mac OS X 13_5) AppleWebKit/605.1.15 (KHTML, like Gecko) Version/17.5 Safari/605.1.15"
213.209.159.254 - - [10/Mar/2026:08:31:30 -0700] "GET /wp-login.php HTTP/1.1" 101 - "-" "Mozilla/5.0 (Macintosh; Intel Mac OS X 13_5) AppleWebKit/605.1.15 (KHTML, like Gecko) Version/17.5 Safari/605.1.15"
213.209.159.254 - - [10/Mar/2026:08:31:31 -0700] "POST /xmlrpc.php HTTP/1.1" 200 1179 "-" "Mozilla/5.0 (Windows NT 10.0; Win64; x64; rv:127.0) Gecko/20100101 Firefox/127.0"
66.249.68.65 - - [10/Mar/2026:08:31:36 -0700] "GET /2026/01/20/the-future-of-casinos-what-pin-up-predicts-for-the/ HTTP/1.1" 404 236 "-" "Mozilla/5.0 (Linux; Android 6.0.1; Nexus 5X Build/MMB29P) AppleWebKit/537.36 (KHTML, like Gecko) Chrome/145.0.7632.116 Mobile Safari/537.36 (compatible; Googlebot/2.1; +http://www.google.com/bot.html)"
74.7.241.15 - - [10/Mar/2026:08:31:37 -0700] "GET /wp-json/oembed/1.0/embed?url=http%3A%2F%2Falsahibalc.com%2F2026%2F02%2F19%2Fmybet-casino%2F HTTP/1.1" 404 236 "http://alsahibalc.com/2026/02/19/mybet-casino/" "Mozilla/5.0 AppleWebKit/537.36 (KHTML, like Gecko; compatible; GPTBot/1.3; +https://openai.com/gptbot)"
185.191.171.19 - - [10/Mar/2026:08:31:44 -0700] "GET /2026/02/15/play-lord-of-ones-ocean-online-slots/ HTTP/1.1" 404 236 "-" "Mozilla/5.0 (compatible; SemrushBot/7~bl; +http://www.semrush.com/bot.html)"
74.7.241.15 - - [10/Mar/2026:08:31:46 -0700] "GET /wp-json/oembed/1.0/embed?url=http%3A%2F%2Falsahibalc.com%2F2026%2F02%2F18%2F%25d8%25a7%25d9%2584%25d8%25a5%25d9%258a%25d8%25ac%25d8%25a7%25d8%25a8%25d9%258a%25d8%25a7%25d8%25aa-%25d9%2588%25d8%25a7%25d9%2584%25d8%25b3%25d9%2584%25d8%25a8%25d9%258a%25d8%25a7%25d8%25aa-%25d9%2587%25d9%2584-%25d9%258a%25d8%25b3%25d8%25aa%25d8%25ad%25d9%2582-%25d9%2585%25d9%2588%25d9%2582%25d8%25b9-%25d8%25a8%25d9%258a%2F HTTP/1.1" 404 236 "http://alsahibalc.com/2026/02/18/%d8%a7%d9%84%d8%a5%d9%8a%d8%ac%d8%a7%d8%a8%d9%8a%d8%a7%d8%aa-%d9%88%d8%a7%d9%84%d8%b3%d9%84%d8%a8%d9%8a%d8%a7%d8%aa-%d9%87%d9%84-%d9%8a%d8%b3%d8%aa%d8%ad%d9%82-%d9%85%d9%88%d9%82%d8%b9-%d8%a8%d9%8a/" "Mozilla/5.0 AppleWebKit/537.36 (KHTML, like Gecko; compatible; GPTBot/1.3; +https://openai.com/gptbot)"
74.7.241.15 - - [10/Mar/2026:08:31:56 -0700] "GET /wp-json/oembed/1.0/embed?url=http%3A%2F%2Falsahibalc.com%2F2026%2F01%2F25%2Fdream11-wikipedia%2F HTTP/1.1" 404 236 "http://alsahibalc.com/2026/01/25/dream11-wikipedia/" "Mozilla/5.0 AppleWebKit/537.36 (KHTML, like Gecko; compatible; GPTBot/1.3; +https://openai.com/gptbot)"
74.7.241.15 - - [10/Mar/2026:08:32:05 -0700] "GET /wp-json/oembed/1.0/embed?format=xml&url=http%3A%2F%2Falsahibalc.com%2F2025%2F06%2F11%2Fla-fiabilidad-de-las-plataformas-de-juego-en-linea-un-analisis-en-profundidad%2F HTTP/1.1" 404 236 "http://alsahibalc.com/2025/06/11/la-fiabilidad-de-las-plataformas-de-juego-en-linea-un-analisis-en-profundidad/" "Mozilla/5.0 AppleWebKit/537.36 (KHTML, like Gecko; compatible; GPTBot/1.3; +https://openai.com/gptbot)"
74.7.241.15 - - [10/Mar/2026:08:32:14 -0700] "GET /wp-json/oembed/1.0/embed?url=http%3A%2F%2Falsahibalc.com%2F2026%2F02%2F03%2Fcanada-online-casino-real-money-2026%2F HTTP/1.1" 404 236 "http://alsahibalc.com/2026/02/03/canada-online-casino-real-money-2026/" "Mozilla/5.0 AppleWebKit/537.36 (KHTML, like Gecko; compatible; GPTBot/1.3; +https://openai.com/gptbot)"
74.7.241.15 - - [10/Mar/2026:08:32:23 -0700] "GET /wp-json/oembed/1.0/embed?format=xml&url=http%3A%2F%2Falsahibalc.com%2F2026%2F02%2F18%2Froyal-vegas-casino-online-os-expectativa-con-el-pasar-del-tiempo-bonos-juegos-asi-como-divertimento%2F HTTP/1.1" 404 236 "http://alsahibalc.com/2026/02/18/royal-vegas-casino-online-os-expectativa-con-el-pasar-del-tiempo-bonos-juegos-asi-como-divertimento/" "Mozilla/5.0 AppleWebKit/537.36 (KHTML, like Gecko; compatible; GPTBot/1.3; +https://openai.com/gptbot)"
173.247.246.132 - - [10/Mar/2026:08:32:26 -0700] "POST /wp-cron.php?doing_wp_cron=1773156746.5232899188995361328125 HTTP/1.1" 200 - "-" "WordPress/6.6.4; http://alsahibalc.com"
213.209.159.254 - - [10/Mar/2026:08:32:25 -0700] "GET /wp-login.php HTTP/2.0" 200 7649 "-" "Mozilla/5.0 (Windows NT 10.0; Win64; x64) AppleWebKit/537.36 (KHTML, like Gecko) Chrome/124.0.6367.207 Safari/537.36"
213.209.159.254 - - [10/Mar/2026:08:32:25 -0700] "GET /wp-login.php HTTP/1.1" 101 - "-" "Mozilla/5.0 (Windows NT 10.0; Win64; x64) AppleWebKit/537.36 (KHTML, like Gecko) Chrome/124.0.6367.207 Safari/537.36"
213.209.159.254 - - [10/Mar/2026:08:32:28 -0700] "POST /wp-login.php HTTP/1.1" 302 - "http://alsahibalc.com/wp-login.php" "Mozilla/5.0 (Windows NT 10.0; Win64; x64) AppleWebKit/537.36 (KHTML, like Gecko) Chrome/124.0.6367.207 Safari/537.36"
213.209.159.254 - - [10/Mar/2026:08:32:29 -0700] "GET /wp-admin/ HTTP/2.0" 200 194843 "http://alsahibalc.com/wp-login.php" "Mozilla/5.0 (Windows NT 10.0; Win64; x64) AppleWebKit/537.36 (KHTML, like Gecko) Chrome/124.0.6367.207 Safari/537.36"
213.209.159.254 - - [10/Mar/2026:08:32:29 -0700] "GET /wp-admin/ HTTP/1.1" 101 - "http://alsahibalc.com/wp-login.php" "Mozilla/5.0 (Windows NT 10.0; Win64; x64) AppleWebKit/537.36 (KHTML, like Gecko) Chrome/124.0.6367.207 Safari/537.36"
74.7.241.15 - - [10/Mar/2026:08:32:33 -0700] "GET /wp-json/oembed/1.0/embed?url=http%3A%2F%2Falsahibalc.com%2F2026%2F01%2F23%2Ftpobet-canli-casno-gncel-gr-2025-1240%2F HTTP/1.1" 404 236 "http://alsahibalc.com/2026/01/23/tpobet-canli-casno-gncel-gr-2025-1240/" "Mozilla/5.0 AppleWebKit/537.36 (KHTML, like Gecko; compatible; GPTBot/1.3; +https://openai.com/gptbot)"
185.191.171.13 - - [10/Mar/2026:08:32:35 -0700] "GET /category/blog/page/26/ HTTP/1.1" 404 236 "-" "Mozilla/5.0 (compatible; SemrushBot/7~bl; +http://www.semrush.com/bot.html)"
142.44.228.174 - - [10/Mar/2026:08:32:36 -0700] "GET /2025/11/20/kazino-oficialnyj-sajt-pin-up-casino-vhodi-i-190/ HTTP/1.1" 404 236 "-" "Mozilla/5.0 (compatible; AhrefsBot/7.0; +http://ahrefs.com/robot/)"
74.7.241.15 - - [10/Mar/2026:08:32:43 -0700] "GET /wp-json/oembed/1.0/embed?url=http%3A%2F%2Falsahibalc.com%2F2026%2F01%2F28%2Fjackpots-knacken-nervenkitzel-genieen-dein-guide%2F HTTP/1.1" 404 236 "http://alsahibalc.com/2026/01/28/jackpots-knacken-nervenkitzel-genieen-dein-guide/" "Mozilla/5.0 AppleWebKit/537.36 (KHTML, like Gecko; compatible; GPTBot/1.3; +https://openai.com/gptbot)"
74.7.241.15 - - [10/Mar/2026:08:33:01 -0700] "GET /wp-json/oembed/1.0/embed?url=http%3A%2F%2Falsahibalc.com%2F2026%2F02%2F18%2F47-%25d8%25b9%25d9%2586%25d8%25a7%25d8%25b5%25d8%25b1-%25d9%2585%25d8%25ab%25d9%258a%25d8%25b1%25d8%25a9-%25d9%2584%25d9%2584%25d8%25a7%25d9%2587%25d8%25aa%25d9%2585%25d8%25a7%25d9%2585-%25d9%2584%25d9%2584%25d8%25a3%25d9%2585-2024%2F HTTP/1.1" 404 236 "http://alsahibalc.com/2026/02/18/47-%d8%b9%d9%86%d8%a7%d8%b5%d8%b1-%d9%85%d8%ab%d9%8a%d8%b1%d8%a9-%d9%84%d9%84%d8%a7%d9%87%d8%aa%d9%85%d8%a7%d9%85-%d9%84%d9%84%d8%a3%d9%85-2024/" "Mozilla/5.0 AppleWebKit/537.36 (KHTML, like Gecko; compatible; GPTBot/1.3; +https://openai.com/gptbot)"
74.7.241.15 - - [10/Mar/2026:08:33:11 -0700] "GET /wp-json/oembed/1.0/embed?format=xml&url=http%3A%2F%2Falsahibalc.com%2F2026%2F02%2F20%2Ftragaperras-de-octavian-gaming-nuevos-casino-de-codigos-de-bonificacion-de-deposito-royal-vegas-juegos-con-el-pasar-del-tiempo-demos-gratuito%2F HTTP/1.1" 404 236 "http://alsahibalc.com/2026/02/20/tragaperras-de-octavian-gaming-nuevos-casino-de-codigos-de-bonificacion-de-deposito-royal-vegas-juegos-con-el-pasar-del-tiempo-demos-gratuito/" "Mozilla/5.0 AppleWebKit/537.36 (KHTML, like Gecko; compatible; GPTBot/1.3; +https://openai.com/gptbot)"
51.161.37.110 - - [10/Mar/2026:08:33:18 -0700] "GET /2025/11/22/up-x-onlajn-kazino-akcii-i-promokody-4581/ HTTP/1.1" 404 236 "-" "Mozilla/5.0 (compatible; AhrefsBot/7.0; +http://ahrefs.com/robot/)"
57.141.0.54 - - [10/Mar/2026:08:33:21 -0700] "GET /wp-json/oembed/1.0/embed?url=http%3A%2F%2Falsahibalc.com%2F2026%2F02%2F23%2Flord-of-ones-ocean-gate777-kirjautuminen-pelin-esittely-kanadassa-ja-100-prosenttisesti-ilmainen-uhkapeli-rtp-harkinta%2F HTTP/1.1" 404 236 "-" "meta-externalagent/1.1 (+https://developers.facebook.com/docs/sharing/webmasters/crawler)"
173.247.246.132 - - [10/Mar/2026:08:33:26 -0700] "POST /wp-cron.php?doing_wp_cron=1773156806.4964370727539062500000 HTTP/1.1" 200 - "-" "WordPress/6.6.4; http://alsahibalc.com"
213.209.159.254 - - [10/Mar/2026:08:33:25 -0700] "GET /wp-admin/theme-editor.php HTTP/2.0" 200 138120 "-" "Mozilla/5.0 (Windows NT 10.0; Win64; x64) AppleWebKit/537.36 (KHTML, like Gecko) Chrome/124.0.6367.207 Safari/537.36"
213.209.159.254 - - [10/Mar/2026:08:33:25 -0700] "GET /wp-admin/theme-editor.php HTTP/1.1" 101 - "-" "Mozilla/5.0 (Windows NT 10.0; Win64; x64) AppleWebKit/537.36 (KHTML, like Gecko) Chrome/124.0.6367.207 Safari/537.36"
74.7.241.15 - - [10/Mar/2026:08:33:29 -0700] "GET /wp-json/oembed/1.0/embed?url=http%3A%2F%2Falsahibalc.com%2F2025%2F02%2F22%2Frevolutionising-online-slot-experience-embracing-mobile-optimised-gaming-iconic-themes%2F HTTP/1.1" 404 236 "http://alsahibalc.com/2025/02/22/revolutionising-online-slot-experience-embracing-mobile-optimised-gaming-iconic-themes/" "Mozilla/5.0 AppleWebKit/537.36 (KHTML, like Gecko; compatible; GPTBot/1.3; +https://openai.com/gptbot)"
213.209.159.254 - - [10/Mar/2026:08:33:28 -0700] "GET /wp-admin/plugin-editor.php HTTP/2.0" 200 167729 "-" "Mozilla/5.0 (Windows NT 10.0; Win64; x64) AppleWebKit/537.36 (KHTML, like Gecko) Chrome/124.0.6367.207 Safari/537.36"
213.209.159.254 - - [10/Mar/2026:08:33:28 -0700] "GET /wp-admin/plugin-editor.php HTTP/1.1" 101 - "-" "Mozilla/5.0 (Windows NT 10.0; Win64; x64) AppleWebKit/537.36 (KHTML, like Gecko) Chrome/124.0.6367.207 Safari/537.36"
213.209.159.254 - - [10/Mar/2026:08:33:34 -0700] "GET /wp-admin/theme-install.php HTTP/2.0" 200 116144 "-" "Mozilla/5.0 (Windows NT 10.0; Win64; x64) AppleWebKit/537.36 (KHTML, like Gecko) Chrome/124.0.6367.207 Safari/537.36"
213.209.159.254 - - [10/Mar/2026:08:33:34 -0700] "GET /wp-admin/theme-install.php HTTP/1.1" 101 - "-" "Mozilla/5.0 (Windows NT 10.0; Win64; x64) AppleWebKit/537.36 (KHTML, like Gecko) Chrome/124.0.6367.207 Safari/537.36"
213.209.159.254 - - [10/Mar/2026:08:33:36 -0700] "GET /wp-admin/plugin-install.php HTTP/2.0" 200 153024 "-" "Mozilla/5.0 (Windows NT 10.0; Win64; x64) AppleWebKit/537.36 (KHTML, like Gecko) Chrome/124.0.6367.207 Safari/537.36"
213.209.159.254 - - [10/Mar/2026:08:33:36 -0700] "GET /wp-admin/plugin-install.php HTTP/1.1" 101 - "-" "Mozilla/5.0 (Windows NT 10.0; Win64; x64) AppleWebKit/537.36 (KHTML, like Gecko) Chrome/124.0.6367.207 Safari/537.36"
74.7.241.15 - - [10/Mar/2026:08:33:39 -0700] "GET /wp-json/oembed/1.0/embed?url=http%3A%2F%2Falsahibalc.com%2F2026%2F02%2F07%2Fverdefortyfive%2F HTTP/1.1" 404 236 "http://alsahibalc.com/2026/02/07/verdefortyfive/" "Mozilla/5.0 AppleWebKit/537.36 (KHTML, like Gecko; compatible; GPTBot/1.3; +https://openai.com/gptbot)"
213.209.159.254 - - [10/Mar/2026:08:33:39 -0700] "POST /wp-admin/update.php?action=upload-plugin HTTP/1.1" 500 2571 "http://alsahibalc.com/wp-admin/update.php?action=upload-plugin" "Mozilla/5.0 (Windows NT 10.0; Win64; x64) AppleWebKit/537.36 (KHTML, like Gecko) Chrome/124.0.6367.207 Safari/537.36"
213.209.159.254 - - [10/Mar/2026:08:33:42 -0700] "GET /wp-admin/plugins.php?plugin_status=all HTTP/2.0" 200 442491 "-" "Mozilla/5.0 (Windows NT 10.0; Win64; x64) AppleWebKit/537.36 (KHTML, like Gecko) Chrome/124.0.6367.207 Safari/537.36"
213.209.159.254 - - [10/Mar/2026:08:33:42 -0700] "GET /wp-admin/plugins.php?plugin_status=all HTTP/1.1" 101 - "-" "Mozilla/5.0 (Windows NT 10.0; Win64; x64) AppleWebKit/537.36 (KHTML, like Gecko) Chrome/124.0.6367.207 Safari/537.36"
57.141.0.35 - - [10/Mar/2026:08:33:50 -0700] "GET /2026/03/03/casperbets-casino-zawodowa-strona-gier-online/ HTTP/1.1" 404 236 "-" "meta-externalagent/1.1 (+https://developers.facebook.com/docs/sharing/webmasters/crawler)"
57.141.0.60 - - [10/Mar/2026:08:33:58 -0700] "GET /wp-json/oembed/1.0/embed?url=http%3A%2F%2Falsahibalc.com%2F2026%2F02%2F27%2Fangeschlossen-spielsaal-paypal-2026-rechtens-schlichtweg-inside-slot-book-of-ra-gold-brd%2F HTTP/1.1" 404 236 "-" "meta-externalagent/1.1 (+https://developers.facebook.com/docs/sharing/webmasters/crawler)"
142.44.228.235 - - [10/Mar/2026:08:34:06 -0700] "GET /2025/11/19/kazino-oficialnyj-sajt-pin-up-igrat-onlajn-885/ HTTP/1.1" 404 236 "-" "Mozilla/5.0 (compatible; AhrefsBot/7.0; +http://ahrefs.com/robot/)"
74.7.241.15 - - [10/Mar/2026:08:34:07 -0700] "GET /wp-json/wp/v2/tags/372 HTTP/1.1" 404 236 "http://alsahibalc.com/tag/jetton-%d0%b2%d1%8b%d0%b2%d0%be%d0%b4/" "Mozilla/5.0 AppleWebKit/537.36 (KHTML, like Gecko; compatible; GPTBot/1.3; +https://openai.com/gptbot)"
85.208.96.207 - - [10/Mar/2026:08:34:19 -0700] "GET /2026/02/13/blackjack-gaming-strategy-how-to-victory-probably-slot-machine-fu-cai-shen-online-the-most/ HTTP/1.1" 404 236 "-" "Mozilla/5.0 (compatible; SemrushBot/7~bl; +http://www.semrush.com/bot.html)"
185.191.171.10 - - [10/Mar/2026:08:34:22 -0700] "GET /2026/02/09/internet-casino-100-percent-free-slots-three-dimensional-enjoy-zero-download/ HTTP/1.1" 404 236 "-" "Mozilla/5.0 (compatible; SemrushBot/7~bl; +http://www.semrush.com/bot.html)"
74.7.241.15 - - [10/Mar/2026:08:34:27 -0700] "GET /wp-json/wp/v2/tags/425 HTTP/1.1" 404 236 "http://alsahibalc.com/tag/casino-pin-up-online-game/" "Mozilla/5.0 AppleWebKit/537.36 (KHTML, like Gecko; compatible; GPTBot/1.3; +https://openai.com/gptbot)"
173.247.246.132 - - [10/Mar/2026:08:34:30 -0700] "POST /wp-cron.php?doing_wp_cron=1773156870.3517189025878906250000 HTTP/1.1" 200 - "-" "WordPress/6.6.4; http://alsahibalc.com"
213.209.159.254 - - [10/Mar/2026:08:34:29 -0700] "GET /wp-admin/plugins.php HTTP/2.0" 200 442350 "-" "Mozilla/5.0 (Windows NT 10.0; Win64; x64) AppleWebKit/537.36 (KHTML, like Gecko) Chrome/124.0.6367.207 Safari/537.36"
213.209.159.254 - - [10/Mar/2026:08:34:29 -0700] "GET /wp-admin/plugins.php HTTP/1.1" 101 - "-" "Mozilla/5.0 (Windows NT 10.0; Win64; x64) AppleWebKit/537.36 (KHTML, like Gecko) Chrome/124.0.6367.207 Safari/537.36"
74.7.241.15 - - [10/Mar/2026:08:34:36 -0700] "GET /wp-json/wp/v2/tags/262 HTTP/1.1" 404 236 "http://alsahibalc.com/tag/superbet-%ce%b5%ce%bb%ce%bb%ce%ac%ce%b4%ce%b1/" "Mozilla/5.0 AppleWebKit/537.36 (KHTML, like Gecko; compatible; GPTBot/1.3; +https://openai.com/gptbot)"
57.141.0.28 - - [10/Mar/2026:08:34:37 -0700] "GET /2026/03/03/skemmtu-ther-med-vulkan-spiele-innskraning-island-bestu-hofnunum-okkar-allra-sem-eru-raunverulega-tekjur-fra-2026/ HTTP/1.1" 404 236 "-" "meta-externalagent/1.1 (+https://developers.facebook.com/docs/sharing/webmasters/crawler)"
74.7.241.15 - - [10/Mar/2026:08:34:46 -0700] "GET /wp-json/wp/v2/tags/366 HTTP/1.1" 404 236 "http://alsahibalc.com/tag/%ce%b5%ce%af%cf%83%ce%bf%ce%b4%ce%bf%cf%82-spinight/" "Mozilla/5.0 AppleWebKit/537.36 (KHTML, like Gecko; compatible; GPTBot/1.3; +https://openai.com/gptbot)"
74.7.241.15 - - [10/Mar/2026:08:35:04 -0700] "GET /wp-json/oembed/1.0/embed?format=xml&url=http%3A%2F%2Falsahibalc.com%2F2026%2F02%2F19%2Fzero-16-illinois-conserves-larger-7reels-100-100-percent-free-spins-no-deposit-expected-very-early-trigger-secure-private-payouts-in-place-of-zero-19-iowa-keller-williams%2F HTTP/1.1" 404 236 "http://alsahibalc.com/2026/02/19/zero-16-illinois-conserves-larger-7reels-100-100-percent-free-spins-no-deposit-expected-very-early-trigger-secure-private-payouts-in-place-of-zero-19-iowa-keller-williams/" "Mozilla/5.0 AppleWebKit/537.36 (KHTML, like Gecko; compatible; GPTBot/1.3; +https://openai.com/gptbot)"
57.141.0.4 - - [10/Mar/2026:08:35:09 -0700] "GET /2026/03/03/elevate-your-play-super-jackpots-lightning-fast-3/ HTTP/1.1" 404 236 "-" "meta-externalagent/1.1 (+https://developers.facebook.com/docs/sharing/webmasters/crawler)"
74.7.241.15 - - [10/Mar/2026:08:35:14 -0700] "GET /wp-json/oembed/1.0/embed?url=http%3A%2F%2Falsahibalc.com%2F2025%2F12%2F01%2Fjak-grac-w-ruletka-2%2F HTTP/1.1" 404 236 "http://alsahibalc.com/2025/12/01/jak-grac-w-ruletka-2/" "Mozilla/5.0 AppleWebKit/537.36 (KHTML, like Gecko; compatible; GPTBot/1.3; +https://openai.com/gptbot)"
74.7.241.15 - - [10/Mar/2026:08:35:23 -0700] "GET /wp-json/oembed/1.0/embed?url=http%3A%2F%2Falsahibalc.com%2F2026%2F02%2F27%2Ferreichbar-kasino-uber-handyrechnung-begleichen-alpenrepublik-2026%2F HTTP/1.1" 404 236 "http://alsahibalc.com/2026/02/27/erreichbar-kasino-uber-handyrechnung-begleichen-alpenrepublik-2026/" "Mozilla/5.0 AppleWebKit/537.36 (KHTML, like Gecko; compatible; GPTBot/1.3; +https://openai.com/gptbot)"
85.208.96.206 - - [10/Mar/2026:08:35:25 -0700] "GET /2026/02/14/beyond-the-clouds-master-the-aviator-game-with-our/ HTTP/1.1" 404 236 "-" "Mozilla/5.0 (compatible; SemrushBot/7~bl; +http://www.semrush.com/bot.html)"
74.7.241.15 - - [10/Mar/2026:08:35:33 -0700] "GET /wp-json/oembed/1.0/embed?url=http%3A%2F%2Falsahibalc.com%2F2026%2F02%2F18%2Fpharaohs-gold-tres-tragamonedas-regalado-en-internet-peru%2F HTTP/1.1" 404 236 "http://alsahibalc.com/2026/02/18/pharaohs-gold-tres-tragamonedas-regalado-en-internet-peru/" "Mozilla/5.0 AppleWebKit/537.36 (KHTML, like Gecko; compatible; GPTBot/1.3; +https://openai.com/gptbot)"
74.7.241.15 - - [10/Mar/2026:08:35:42 -0700] "GET /wp-json/oembed/1.0/embed?url=http%3A%2F%2Falsahibalc.com%2F2025%2F11%2F23%2Fsahabet-casino-giri-sahabet-sahabet-gncel-giri-565-2%2F HTTP/1.1" 404 236 "http://alsahibalc.com/2025/11/23/sahabet-casino-giri-sahabet-sahabet-gncel-giri-565-2/" "Mozilla/5.0 AppleWebKit/537.36 (KHTML, like Gecko; compatible; GPTBot/1.3; +https://openai.com/gptbot)"
74.7.241.15 - - [10/Mar/2026:08:35:52 -0700] "GET /wp-json/oembed/1.0/embed?url=http%3A%2F%2Falsahibalc.com%2F2026%2F02%2F20%2Fcasino-non-aams-in-italia-vantaggi-e-svantaggi-207%2F HTTP/1.1" 404 236 "http://alsahibalc.com/2026/02/20/casino-non-aams-in-italia-vantaggi-e-svantaggi-207/" "Mozilla/5.0 AppleWebKit/537.36 (KHTML, like Gecko; compatible; GPTBot/1.3; +https://openai.com/gptbot)"
74.7.241.15 - - [10/Mar/2026:08:36:01 -0700] "GET /wp-json/oembed/1.0/embed?url=http%3A%2F%2Falsahibalc.com%2F2026%2F02%2F09%2Fonline-casino-5-4%2F HTTP/1.1" 404 236 "http://alsahibalc.com/2026/02/09/online-casino-5-4/" "Mozilla/5.0 AppleWebKit/537.36 (KHTML, like Gecko; compatible; GPTBot/1.3; +https://openai.com/gptbot)"
167.114.139.152 - - [10/Mar/2026:08:36:10 -0700] "GET /wp-includes/sodium_compat/ HTTP/1.1" 200 1931 "-" "Mozilla/5.0 (compatible; AhrefsBot/7.0; +http://ahrefs.com/robot/)"
74.7.241.15 - - [10/Mar/2026:08:36:11 -0700] "GET /wp-json/oembed/1.0/embed?format=xml&url=http%3A%2F%2Falsahibalc.com%2F2026%2F02%2F26%2Fseason-of-ones-pony-2026-predictions-for-all-a-dozen-chinese-zodiac-signs-is-the-chance-inside-southern-area-asia-morning-post%2F HTTP/1.1" 404 236 "http://alsahibalc.com/2026/02/26/season-of-ones-pony-2026-predictions-for-all-a-dozen-chinese-zodiac-signs-is-the-chance-inside-southern-area-asia-morning-post/" "Mozilla/5.0 AppleWebKit/537.36 (KHTML, like Gecko; compatible; GPTBot/1.3; +https://openai.com/gptbot)"
57.141.0.41 - - [10/Mar/2026:08:36:16 -0700] "GET /wp-json/oembed/1.0/embed?url=http%3A%2F%2Falsahibalc.com%2F2026%2F02%2F24%2Fprivate-casino-extreme-100-percent-free-chip-requirements-june-2026-zero-put-incentives%2F HTTP/1.1" 404 236 "-" "meta-externalagent/1.1 (+https://developers.facebook.com/docs/sharing/webmasters/crawler)"
185.191.171.13 - - [10/Mar/2026:08:36:21 -0700] "GET /2026/01/20/hvordan-sikrer-du-et-bredygtigt-spillebudget/ HTTP/1.1" 404 236 "-" "Mozilla/5.0 (compatible; SemrushBot/7~bl; +http://www.semrush.com/bot.html)"
74.7.241.15 - - [10/Mar/2026:08:36:21 -0700] "GET /wp-json/oembed/1.0/embed?url=http%3A%2F%2Falsahibalc.com%2F2025%2F03%2F07%2Fbetoranje-casino-s-klantenservice-ervaringen-en-reviews%2F HTTP/1.1" 404 236 "http://alsahibalc.com/2025/03/07/betoranje-casino-s-klantenservice-ervaringen-en-reviews/" "Mozilla/5.0 AppleWebKit/537.36 (KHTML, like Gecko; compatible; GPTBot/1.3; +https://openai.com/gptbot)"
74.7.241.15 - - [10/Mar/2026:08:36:30 -0700] "GET /wp-json/oembed/1.0/embed?url=http%3A%2F%2Falsahibalc.com%2F2026%2F02%2F25%2Fpharaohs-flame-compared-to-titans-thunder-away-from-wealth-casino-video-ports-machine-online-game-to-own-android-kindle-flame-totally-free-software-for-the-amazon-appstore%2F HTTP/1.1" 404 236 "http://alsahibalc.com/2026/02/25/pharaohs-flame-compared-to-titans-thunder-away-from-wealth-casino-video-ports-machine-online-game-to-own-android-kindle-flame-totally-free-software-for-the-amazon-appstore/" "Mozilla/5.0 AppleWebKit/537.36 (KHTML, like Gecko; compatible; GPTBot/1.3; +https://openai.com/gptbot)"
85.208.96.210 - - [10/Mar/2026:08:36:53 -0700] "GET /2026/01/21/10-luchshih-kazino-onlajn-2025-sravnenie-platform-897/ HTTP/1.1" 404 236 "-" "Mozilla/5.0 (compatible; SemrushBot/7~bl; +http://www.semrush.com/bot.html)"
74.7.241.15 - - [10/Mar/2026:08:36:59 -0700] "GET /wp-json/oembed/1.0/embed?url=http%3A%2F%2Falsahibalc.com%2F2025%2F02%2F17%2Fcome-la-temperatura-assoluta-influenza-i-processi-naturali-e-tecnologici-2025%2F HTTP/1.1" 404 236 "http://alsahibalc.com/2025/02/17/come-la-temperatura-assoluta-influenza-i-processi-naturali-e-tecnologici-2025/" "Mozilla/5.0 AppleWebKit/537.36 (KHTML, like Gecko; compatible; GPTBot/1.3; +https://openai.com/gptbot)"
57.141.0.39 - - [10/Mar/2026:08:37:04 -0700] "GET /2026/03/03/jack-and-the-beanstalk-ice-casino-sissemakseta-boonuskoodid-position-on-taiesti-tasuta-vaata-demovormi-ja-kommenteeri/ HTTP/1.1" 404 236 "-" "meta-externalagent/1.1 (+https://developers.facebook.com/docs/sharing/webmasters/crawler)"
74.7.241.15 - - [10/Mar/2026:08:37:08 -0700] "GET /wp-json/oembed/1.0/embed?format=xml&url=http%3A%2F%2Falsahibalc.com%2F2025%2F06%2F10%2Fil-rinnovamento-dei-giochi-da-tavolo-digitale-un-analisi-del-caso-chicken-road-2%2F HTTP/1.1" 404 236 "http://alsahibalc.com/2025/06/10/il-rinnovamento-dei-giochi-da-tavolo-digitale-un-analisi-del-caso-chicken-road-2/" "Mozilla/5.0 AppleWebKit/537.36 (KHTML, like Gecko; compatible; GPTBot/1.3; +https://openai.com/gptbot)"
43.157.191.20 - - [10/Mar/2026:08:37:14 -0700] "GET / HTTP/1.1" 200 9495 "-" "Mozilla/5.0 (iPhone; CPU iPhone OS 13_2_3 like Mac OS X) AppleWebKit/605.1.15 (KHTML, like Gecko) Version/13.0.3 Mobile/15E148 Safari/604.1"
85.208.96.210 - - [10/Mar/2026:08:37:16 -0700] "GET /2026/02/14/winspirit-online-casino-australia-payment-methods-550/ HTTP/1.1" 404 236 "-" "Mozilla/5.0 (compatible; SemrushBot/7~bl; +http://www.semrush.com/bot.html)"
74.7.241.15 - - [10/Mar/2026:08:37:17 -0700] "GET /wp-json/oembed/1.0/embed?url=http%3A%2F%2Falsahibalc.com%2F2026%2F02%2F27%2Fla-evolucion-de-los-juegos-de-casino-de%2F HTTP/1.1" 404 236 "http://alsahibalc.com/2026/02/27/la-evolucion-de-los-juegos-de-casino-de/" "Mozilla/5.0 AppleWebKit/537.36 (KHTML, like Gecko; compatible; GPTBot/1.3; +https://openai.com/gptbot)"
74.7.241.15 - - [10/Mar/2026:08:37:26 -0700] "GET /wp-json/oembed/1.0/embed?url=http%3A%2F%2Falsahibalc.com%2F2025%2F04%2F13%2Fa-beginner-s-guide-to-hadesbet-live-casino%2F HTTP/1.1" 404 236 "http://alsahibalc.com/2025/04/13/a-beginner-s-guide-to-hadesbet-live-casino/" "Mozilla/5.0 AppleWebKit/537.36 (KHTML, like Gecko; compatible; GPTBot/1.3; +https://openai.com/gptbot)"
51.161.37.14 - - [10/Mar/2026:08:37:32 -0700] "GET /wp-includes/SimplePie/ HTTP/1.1" 200 5645 "-" "Mozilla/5.0 (compatible; AhrefsBot/7.0; +http://ahrefs.com/robot/)"
74.7.241.15 - - [10/Mar/2026:08:37:36 -0700] "GET /wp-json/oembed/1.0/embed?url=http%3A%2F%2Falsahibalc.com%2F2026%2F02%2F26%2Fbeste-online-casinos-2026-220-geprufte-casinos-inoffizieller-mitarbeiter-abmachung%2F HTTP/1.1" 404 236 "http://alsahibalc.com/2026/02/26/beste-online-casinos-2026-220-geprufte-casinos-inoffizieller-mitarbeiter-abmachung/" "Mozilla/5.0 AppleWebKit/537.36 (KHTML, like Gecko; compatible; GPTBot/1.3; +https://openai.com/gptbot)"
74.7.241.15 - - [10/Mar/2026:08:37:55 -0700] "GET /wp-json/oembed/1.0/embed?url=http%3A%2F%2Falsahibalc.com%2F2026%2F02%2F09%2Fchicken-road-286%2F HTTP/1.1" 404 236 "http://alsahibalc.com/2026/02/09/chicken-road-286/" "Mozilla/5.0 AppleWebKit/537.36 (KHTML, like Gecko; compatible; GPTBot/1.3; +https://openai.com/gptbot)"
74.7.241.15 - - [10/Mar/2026:08:38:05 -0700] "GET /wp-json/oembed/1.0/embed?format=xml&url=http%3A%2F%2Falsahibalc.com%2F2025%2F05%2F16%2Fsuperare-le-barriere-della-mobilita-verso-un-infrastruttura-autostradale-piu-efficiente-in-italia%2F HTTP/1.1" 404 236 "http://alsahibalc.com/2025/05/16/superare-le-barriere-della-mobilita-verso-un-infrastruttura-autostradale-piu-efficiente-in-italia/" "Mozilla/5.0 AppleWebKit/537.36 (KHTML, like Gecko; compatible; GPTBot/1.3; +https://openai.com/gptbot)"
74.7.241.15 - - [10/Mar/2026:08:38:14 -0700] "GET /wp-json/oembed/1.0/embed?url=http%3A%2F%2Falsahibalc.com%2F2026%2F02%2F06%2Faumenta-tus-probabilidades-de-exito-en-el-juego%2F HTTP/1.1" 404 236 "http://alsahibalc.com/2026/02/06/aumenta-tus-probabilidades-de-exito-en-el-juego/" "Mozilla/5.0 AppleWebKit/537.36 (KHTML, like Gecko; compatible; GPTBot/1.3; +https://openai.com/gptbot)"
185.191.171.2 - - [10/Mar/2026:08:38:16 -0700] "GET /2025/08/05/the-evolution-of-casino-loyalty-programs-191/ HTTP/1.1" 404 236 "-" "Mozilla/5.0 (compatible; SemrushBot/7~bl; +http://www.semrush.com/bot.html)"
74.7.241.15 - - [10/Mar/2026:08:38:24 -0700] "GET /wp-json/oembed/1.0/embed?url=http%3A%2F%2Falsahibalc.com%2F2026%2F02%2F20%2Fdesafia-tu-suerte-en-el-camino-avicola-chicken%2F HTTP/1.1" 404 236 "http://alsahibalc.com/2026/02/20/desafia-tu-suerte-en-el-camino-avicola-chicken/" "Mozilla/5.0 AppleWebKit/537.36 (KHTML, like Gecko; compatible; GPTBot/1.3; +https://openai.com/gptbot)"
74.7.241.15 - - [10/Mar/2026:08:38:34 -0700] "GET /wp-json/oembed/1.0/embed?url=http%3A%2F%2Falsahibalc.com%2F2026%2F02%2F25%2Ftrusted-australian-online-casinos-australia%2F HTTP/1.1" 404 236 "http://alsahibalc.com/2026/02/25/trusted-australian-online-casinos-australia/" "Mozilla/5.0 AppleWebKit/537.36 (KHTML, like Gecko; compatible; GPTBot/1.3; +https://openai.com/gptbot)"
74.7.241.15 - - [10/Mar/2026:08:38:43 -0700] "GET /wp-json/oembed/1.0/embed?url=http%3A%2F%2Falsahibalc.com%2F2026%2F02%2F28%2Fplay-free-three-dimensional-harbors-with-no-download-and-no-registration%2F HTTP/1.1" 404 236 "http://alsahibalc.com/2026/02/28/play-free-three-dimensional-harbors-with-no-download-and-no-registration/" "Mozilla/5.0 AppleWebKit/537.36 (KHTML, like Gecko; compatible; GPTBot/1.3; +https://openai.com/gptbot)"
57.141.0.49 - - [10/Mar/2026:08:38:50 -0700] "GET /2026/02/19/blackjac-goldbet-casino-promo-spelletjes-voor-offlin-100-actueel-en-werkend/ HTTP/1.1" 404 236 "-" "meta-externalagent/1.1 (+https://developers.facebook.com/docs/sharing/webmasters/crawler)"
74.7.241.15 - - [10/Mar/2026:08:38:52 -0700] "GET /wp-json/oembed/1.0/embed?url=http%3A%2F%2Falsahibalc.com%2F2026%2F02%2F27%2Ffifty%2F HTTP/1.1" 404 236 "http://alsahibalc.com/2026/02/27/fifty/" "Mozilla/5.0 AppleWebKit/537.36 (KHTML, like Gecko; compatible; GPTBot/1.3; +https://openai.com/gptbot)"
142.44.233.201 - - [10/Mar/2026:08:38:54 -0700] "GET /wp-includes/rest-api/ HTTP/1.1" 200 1793 "-" "Mozilla/5.0 (compatible; AhrefsBot/7.0; +http://ahrefs.com/robot/)"
74.7.241.15 - - [10/Mar/2026:08:39:01 -0700] "GET /wp-json/wp/v2/posts/5222 HTTP/1.1" 404 236 "http://alsahibalc.com/2026/01/21/1win-zerkalo-oficialnogo-sajta-bukmekera-rabochee-390/" "Mozilla/5.0 AppleWebKit/537.36 (KHTML, like Gecko; compatible; GPTBot/1.3; +https://openai.com/gptbot)"
74.7.241.15 - - [10/Mar/2026:08:39:11 -0700] "GET /wp-json/wp/v2/posts/7222 HTTP/1.1" 404 236 "http://alsahibalc.com/2026/01/29/onlajn-2025-goda-bolshoj-vybor-slotov-i-bonusov-821/" "Mozilla/5.0 AppleWebKit/537.36 (KHTML, like Gecko; compatible; GPTBot/1.3; +https://openai.com/gptbot)"
85.208.96.206 - - [10/Mar/2026:08:39:13 -0700] "GET /2026/01/31/online-pokies-for-real-money-in-australia-617/ HTTP/1.1" 404 236 "-" "Mozilla/5.0 (compatible; SemrushBot/7~bl; +http://www.semrush.com/bot.html)"
74.7.241.15 - - [10/Mar/2026:08:39:20 -0700] "GET /wp-json/wp/v2/posts/6222 HTTP/1.1" 404 236 "http://alsahibalc.com/2026/01/27/rolldorado-1116/" "Mozilla/5.0 AppleWebKit/537.36 (KHTML, like Gecko; compatible; GPTBot/1.3; +https://openai.com/gptbot)"
74.7.241.15 - - [10/Mar/2026:08:39:39 -0700] "GET /wp-json/oembed/1.0/embed?url=http%3A%2F%2Falsahibalc.com%2F2026%2F02%2F24%2Fsahabet-sahabet-casino-sahabet-giri-2256%2F HTTP/1.1" 404 236 "http://alsahibalc.com/2026/02/24/sahabet-sahabet-casino-sahabet-giri-2256/" "Mozilla/5.0 AppleWebKit/537.36 (KHTML, like Gecko; compatible; GPTBot/1.3; +https://openai.com/gptbot)"
185.191.171.17 - - [10/Mar/2026:08:39:39 -0700] "GET /2026/01/30/casibom-casino-gvenilir-online-casino-giri-adresi-582/ HTTP/1.1" 404 236 "-" "Mozilla/5.0 (compatible; SemrushBot/7~bl; +http://www.semrush.com/bot.html)"
57.141.0.22 - - [10/Mar/2026:08:39:46 -0700] "GET /2026/02/17/neue-provision-codes-fur-jedes-casinos-exklusive-einzahlung-novoline-tricks-book-of-ra-freispiele-im-february-2026/ HTTP/1.1" 404 236 "-" "meta-externalagent/1.1 (+https://developers.facebook.com/docs/sharing/webmasters/crawler)"
74.7.241.15 - - [10/Mar/2026:08:39:48 -0700] "GET /wp-json/oembed/1.0/embed?url=http%3A%2F%2Falsahibalc.com%2F2026%2F02%2F04%2Fsahabet-sahabet-casino-sahabet-giri-1791%2F HTTP/1.1" 404 236 "http://alsahibalc.com/2026/02/04/sahabet-sahabet-casino-sahabet-giri-1791/" "Mozilla/5.0 AppleWebKit/537.36 (KHTML, like Gecko; compatible; GPTBot/1.3; +https://openai.com/gptbot)"
51.161.37.180 - - [10/Mar/2026:08:40:01 -0700] "GET /wp-includes/css/ HTTP/1.1" 200 8370 "-" "Mozilla/5.0 (compatible; AhrefsBot/7.0; +http://ahrefs.com/robot/)"
74.7.241.15 - - [10/Mar/2026:08:40:07 -0700] "GET /wp-json/oembed/1.0/embed?url=http%3A%2F%2Falsahibalc.com%2F2026%2F02%2F27%2Fgreatsword-book-and-you-will-makes-new-world%2F HTTP/1.1" 404 236 "http://alsahibalc.com/2026/02/27/greatsword-book-and-you-will-makes-new-world/" "Mozilla/5.0 AppleWebKit/537.36 (KHTML, like Gecko; compatible; GPTBot/1.3; +https://openai.com/gptbot)"
185.191.171.14 - - [10/Mar/2026:08:40:16 -0700] "GET /robots.txt HTTP/1.1" 200 79 "-" "Mozilla/5.0 (compatible; SemrushBot/7~bl; +http://www.semrush.com/bot.html)"
185.191.171.12 - - [10/Mar/2026:08:40:16 -0700] "GET /2026/02/13/rainbow-wealth-position-comment-jurassic-giants-5-deposit-2026-free-gamble-demo/ HTTP/1.1" 404 236 "-" "Mozilla/5.0 (compatible; SemrushBot/7~bl; +http://www.semrush.com/bot.html)"
74.7.241.15 - - [10/Mar/2026:08:40:26 -0700] "GET /wp-json/oembed/1.0/embed?url=http%3A%2F%2Falsahibalc.com%2F2026%2F02%2F19%2F%25ed%2598%25b8%25ec%25a3%25bc-%25ec%25a0%2584%25ec%2597%25ad-%25ec%25b5%259c%25ea%25b3%25a0%25ec%259d%2598-%25ec%259d%25b8%25ed%2584%25b0%25eb%2584%25b7-%25ec%25b9%25b4%25ec%25a7%2580%25eb%2585%25b8-2025%25eb%2585%2584-%25ec%25a0%2584%25eb%25ac%25b8%25ea%25b0%2580%25eb%25a1%259c%25eb%25b6%2580%25ed%2584%25b0-%25ed%258f%2589%2F HTTP/1.1" 404 236 "http://alsahibalc.com/2026/02/19/%ed%98%b8%ec%a3%bc-%ec%a0%84%ec%97%ad-%ec%b5%9c%ea%b3%a0%ec%9d%98-%ec%9d%b8%ed%84%b0%eb%84%b7-%ec%b9%b4%ec%a7%80%eb%85%b8-2025%eb%85%84-%ec%a0%84%eb%ac%b8%ea%b0%80%eb%a1%9c%eb%b6%80%ed%84%b0-%ed%8f%89/" "Mozilla/5.0 AppleWebKit/537.36 (KHTML, like Gecko; compatible; GPTBot/1.3; +https://openai.com/gptbot)"
74.7.241.15 - - [10/Mar/2026:08:40:36 -0700] "GET /wp-json/oembed/1.0/embed?format=xml&url=http%3A%2F%2Falsahibalc.com%2F2026%2F02%2F24%2Fruby-enjoy-opinion-read-about-that-it-business-set-of-game-inside-the-2026%2F HTTP/1.1" 404 236 "http://alsahibalc.com/2026/02/24/ruby-enjoy-opinion-read-about-that-it-business-set-of-game-inside-the-2026/" "Mozilla/5.0 AppleWebKit/537.36 (KHTML, like Gecko; compatible; GPTBot/1.3; +https://openai.com/gptbot)"
173.247.246.132 - - [10/Mar/2026:08:40:39 -0700] "POST /wp-cron.php?doing_wp_cron=1773157239.9801990985870361328125 HTTP/1.1" 200 - "-" "WordPress/6.6.4; http://alsahibalc.com"
79.127.164.176 - - [10/Mar/2026:08:40:39 -0700] "POST /xmlrpc.php HTTP/1.1" 200 368162 "-" "Mozilla/5.0 (X11; Linux x86_64) AppleWebKit/537.36 (KHTML, like Gecko) Chrome/114.0.0.0 Safari/537.36 OPR/89.0.4447.51"
79.127.164.176 - - [10/Mar/2026:08:40:43 -0700] "POST /xmlrpc.php HTTP/1.1" 200 180 "-" "Mozilla/5.0 (X11; Linux x86_64) AppleWebKit/537.36 (KHTML, like Gecko) Chrome/114.0.0.0 Safari/537.36 OPR/89.0.4447.51"
79.127.164.176 - - [10/Mar/2026:08:40:44 -0700] "POST /xmlrpc.php HTTP/1.1" 200 11542 "-" "Mozilla/5.0 (X11; Linux x86_64) AppleWebKit/537.36 (KHTML, like Gecko) Chrome/114.0.0.0 Safari/537.36 OPR/89.0.4447.51"
173.247.246.132 - - [10/Mar/2026:08:40:45 -0700] "POST /wp-cron.php?doing_wp_cron=1773157245.4069840908050537109375 HTTP/1.1" 200 - "-" "WordPress/6.6.4; http://alsahibalc.com"
74.7.241.15 - - [10/Mar/2026:08:40:55 -0700] "GET /wp-json/oembed/1.0/embed?url=http%3A%2F%2Falsahibalc.com%2F2026%2F02%2F26%2Fangeschlossen-casinos-uber-wesentlich-schneller-auszahlung-sofortauszahlung-2026%2F HTTP/1.1" 404 236 "http://alsahibalc.com/2026/02/26/angeschlossen-casinos-uber-wesentlich-schneller-auszahlung-sofortauszahlung-2026/" "Mozilla/5.0 AppleWebKit/537.36 (KHTML, like Gecko; compatible; GPTBot/1.3; +https://openai.com/gptbot)"
167.114.139.3 - - [10/Mar/2026:08:41:00 -0700] "GET /wp-includes/?C=M;O=A HTTP/1.1" 200 50903 "-" "Mozilla/5.0 (compatible; AhrefsBot/7.0; +http://ahrefs.com/robot/)"
74.7.241.15 - - [10/Mar/2026:08:41:05 -0700] "GET /wp-json/oembed/1.0/embed?url=http%3A%2F%2Falsahibalc.com%2F2025%2F06%2F06%2Fhra-kostky-navod%2F HTTP/1.1" 404 236 "http://alsahibalc.com/2025/06/06/hra-kostky-navod/" "Mozilla/5.0 AppleWebKit/537.36 (KHTML, like Gecko; compatible; GPTBot/1.3; +https://openai.com/gptbot)"
74.7.241.15 - - [10/Mar/2026:08:41:14 -0700] "GET /wp-json/oembed/1.0/embed?url=http%3A%2F%2Falsahibalc.com%2F2026%2F02%2F25%2Ftrolls-position-info-100-percent-free-spins-and-more%2F HTTP/1.1" 404 236 "http://alsahibalc.com/2026/02/25/trolls-position-info-100-percent-free-spins-and-more/" "Mozilla/5.0 AppleWebKit/537.36 (KHTML, like Gecko; compatible; GPTBot/1.3; +https://openai.com/gptbot)"
74.7.241.15 - - [10/Mar/2026:08:41:34 -0700] "GET /wp-json/oembed/1.0/embed?url=http%3A%2F%2Falsahibalc.com%2F2026%2F03%2F02%2Fdas-echte-book-of-ra-kostenlos-ohne-anmeldung-partie%2F HTTP/1.1" 404 236 "http://alsahibalc.com/2026/03/02/das-echte-book-of-ra-kostenlos-ohne-anmeldung-partie/" "Mozilla/5.0 AppleWebKit/537.36 (KHTML, like Gecko; compatible; GPTBot/1.3; +https://openai.com/gptbot)"
15.235.96.188 - - [10/Mar/2026:08:41:41 -0700] "GET /wp-includes/?C=S;O=A HTTP/1.1" 200 50903 "-" "Mozilla/5.0 (compatible; AhrefsBot/7.0; +http://ahrefs.com/robot/)"
