74.7.241.15 - - [10/Mar/2026:11:19:18 -0700] "GET /wp-json/oembed/1.0/embed?format=xml&url=http%3A%2F%2Falsahibalc.com%2F2026%2F02%2F19%2Fjogue-slots-online-dado-aquele-com-dinheiro-efetivo-abicar-brasil%2F HTTP/1.1" 404 236 "http://alsahibalc.com/2026/02/19/jogue-slots-online-dado-aquele-com-dinheiro-efetivo-abicar-brasil/" "Mozilla/5.0 AppleWebKit/537.36 (KHTML, like Gecko; compatible; GPTBot/1.3; +https://openai.com/gptbot)"
74.7.241.15 - - [10/Mar/2026:11:19:28 -0700] "GET /wp-json/oembed/1.0/embed?format=xml&url=http%3A%2F%2Falsahibalc.com%2F2026%2F02%2F10%2Fquick-secure-entry-to-your-casino-slots-and-sports-activities-account%2F HTTP/1.1" 404 236 "http://alsahibalc.com/2026/02/10/quick-secure-entry-to-your-casino-slots-and-sports-activities-account/" "Mozilla/5.0 AppleWebKit/537.36 (KHTML, like Gecko; compatible; GPTBot/1.3; +https://openai.com/gptbot)"
74.7.241.15 - - [10/Mar/2026:11:19:38 -0700] "GET /wp-json/oembed/1.0/embed?format=xml&url=http%3A%2F%2Falsahibalc.com%2F2026%2F02%2F06%2Fpoker-slot-galapagos-islands-machines-pokies-how-they-work-mythology%2F HTTP/1.1" 404 236 "http://alsahibalc.com/2026/02/06/poker-slot-galapagos-islands-machines-pokies-how-they-work-mythology/" "Mozilla/5.0 AppleWebKit/537.36 (KHTML, like Gecko; compatible; GPTBot/1.3; +https://openai.com/gptbot)"
85.208.96.198 - - [10/Mar/2026:11:19:52 -0700] "GET /2025/04/07/die-besten-roulette-strategien-furs-buddyspin-casino/ HTTP/1.1" 404 236 "-" "Mozilla/5.0 (compatible; SemrushBot/7~bl; +http://www.semrush.com/bot.html)"
74.7.241.15 - - [10/Mar/2026:11:19:57 -0700] "GET /wp-json/oembed/1.0/embed?format=xml&url=http%3A%2F%2Falsahibalc.com%2F2026%2F02%2F25%2Fluck-of-your-aztec-demonstration-enjoy-totally-free-ports-during-the-high-com%2F HTTP/1.1" 404 236 "http://alsahibalc.com/2026/02/25/luck-of-your-aztec-demonstration-enjoy-totally-free-ports-during-the-high-com/" "Mozilla/5.0 AppleWebKit/537.36 (KHTML, like Gecko; compatible; GPTBot/1.3; +https://openai.com/gptbot)"
185.191.171.2 - - [10/Mar/2026:11:20:00 -0700] "GET /2026/02/22/choriomon-5000-iu-effets-et-utilisations/ HTTP/1.1" 404 236 "-" "Mozilla/5.0 (compatible; SemrushBot/7~bl; +http://www.semrush.com/bot.html)"
74.7.241.15 - - [10/Mar/2026:11:20:06 -0700] "GET /wp-json/oembed/1.0/embed?format=xml&url=http%3A%2F%2Falsahibalc.com%2F2026%2F02%2F25%2Fno-deposit-added-bonus-codes-totally-free-revolves-upgraded-every-day%2F HTTP/1.1" 404 236 "http://alsahibalc.com/2026/02/25/no-deposit-added-bonus-codes-totally-free-revolves-upgraded-every-day/" "Mozilla/5.0 AppleWebKit/537.36 (KHTML, like Gecko; compatible; GPTBot/1.3; +https://openai.com/gptbot)"
74.7.241.15 - - [10/Mar/2026:11:20:15 -0700] "GET /wp-json/oembed/1.0/embed?format=xml&url=http%3A%2F%2Falsahibalc.com%2F2026%2F02%2F28%2Funlocking-the-secrets-of-casino-odds-what-every-player-should-know%2F HTTP/1.1" 404 236 "http://alsahibalc.com/2026/02/28/unlocking-the-secrets-of-casino-odds-what-every-player-should-know/" "Mozilla/5.0 AppleWebKit/537.36 (KHTML, like Gecko; compatible; GPTBot/1.3; +https://openai.com/gptbot)"
74.7.241.15 - - [10/Mar/2026:11:20:25 -0700] "GET /wp-json/oembed/1.0/embed?format=xml&url=http%3A%2F%2Falsahibalc.com%2F2025%2F04%2F05%2Fthe-evolution-of-fish-catching-from-pelicans-to-modern-technology%2F HTTP/1.1" 404 236 "http://alsahibalc.com/2025/04/05/the-evolution-of-fish-catching-from-pelicans-to-modern-technology/" "Mozilla/5.0 AppleWebKit/537.36 (KHTML, like Gecko; compatible; GPTBot/1.3; +https://openai.com/gptbot)"
74.7.241.15 - - [10/Mar/2026:11:20:34 -0700] "GET /wp-json/oembed/1.0/embed?format=xml&url=http%3A%2F%2Falsahibalc.com%2F2026%2F02%2F07%2Fwolf-work-with-collection-lucky-dragon-boat-slot-machine-large-bad-wolf%2F HTTP/1.1" 404 236 "http://alsahibalc.com/2026/02/07/wolf-work-with-collection-lucky-dragon-boat-slot-machine-large-bad-wolf/" "Mozilla/5.0 AppleWebKit/537.36 (KHTML, like Gecko; compatible; GPTBot/1.3; +https://openai.com/gptbot)"
57.141.0.27 - - [10/Mar/2026:11:20:43 -0700] "GET /2026/02/14/finest-sweepstakes-gambling-enterprises-set-of-160-sweeps-gambling-enterprises-inside-2026/ HTTP/1.1" 404 236 "-" "meta-externalagent/1.1 (+https://developers.facebook.com/docs/sharing/webmasters/crawler)"
74.7.241.15 - - [10/Mar/2026:11:20:44 -0700] "GET /wp-json/oembed/1.0/embed?format=xml&url=http%3A%2F%2Falsahibalc.com%2F2026%2F02%2F27%2Fautomaty-internetowego-w-oryginalne-finanse-i-hazard-w-ciagu-gotowke%2F HTTP/1.1" 404 236 "http://alsahibalc.com/2026/02/27/automaty-internetowego-w-oryginalne-finanse-i-hazard-w-ciagu-gotowke/" "Mozilla/5.0 AppleWebKit/537.36 (KHTML, like Gecko; compatible; GPTBot/1.3; +https://openai.com/gptbot)"
74.7.241.15 - - [10/Mar/2026:11:21:02 -0700] "GET /wp-json/oembed/1.0/embed?format=xml&url=http%3A%2F%2Falsahibalc.com%2F2026%2F02%2F07%2Fsafari-sam-position-remark-plunge-for-the-betsofts-crazy-excitement%2F HTTP/1.1" 404 236 "http://alsahibalc.com/2026/02/07/safari-sam-position-remark-plunge-for-the-betsofts-crazy-excitement/" "Mozilla/5.0 AppleWebKit/537.36 (KHTML, like Gecko; compatible; GPTBot/1.3; +https://openai.com/gptbot)"
74.7.241.15 - - [10/Mar/2026:11:21:12 -0700] "GET /wp-json/oembed/1.0/embed?format=xml&url=http%3A%2F%2Falsahibalc.com%2F2025%2F06%2F07%2Fthe-evolution-of-crash-betting-balancing-risk-and-reward-in-modern-gaming%2F HTTP/1.1" 404 236 "http://alsahibalc.com/2025/06/07/the-evolution-of-crash-betting-balancing-risk-and-reward-in-modern-gaming/" "Mozilla/5.0 AppleWebKit/537.36 (KHTML, like Gecko; compatible; GPTBot/1.3; +https://openai.com/gptbot)"
74.7.241.15 - - [10/Mar/2026:11:21:21 -0700] "GET /wp-json/oembed/1.0/embed?format=xml&url=http%3A%2F%2Falsahibalc.com%2F2026%2F03%2F02%2Ffreispiele-ohne-einzahlung-bally-wulff-slot-beste-casinos-qua-free-spins%2F HTTP/1.1" 404 236 "http://alsahibalc.com/2026/03/02/freispiele-ohne-einzahlung-bally-wulff-slot-beste-casinos-qua-free-spins/" "Mozilla/5.0 AppleWebKit/537.36 (KHTML, like Gecko; compatible; GPTBot/1.3; +https://openai.com/gptbot)"
74.7.241.15 - - [10/Mar/2026:11:21:40 -0700] "GET /wp-json/oembed/1.0/embed?format=xml&url=http%3A%2F%2Falsahibalc.com%2F2026%2F02%2F19%2Fanmeldelser-frakoblet-nyheter-online-kasino-finn-mer-for-casino-agp%2F HTTP/1.1" 404 236 "http://alsahibalc.com/2026/02/19/anmeldelser-frakoblet-nyheter-online-kasino-finn-mer-for-casino-agp/" "Mozilla/5.0 AppleWebKit/537.36 (KHTML, like Gecko; compatible; GPTBot/1.3; +https://openai.com/gptbot)"
85.208.96.196 - - [10/Mar/2026:11:21:47 -0700] "GET /2026/01/24/consigue-hasta-1000-en-bonos-de-bienvenida-y/ HTTP/1.1" 404 236 "-" "Mozilla/5.0 (compatible; SemrushBot/7~bl; +http://www.semrush.com/bot.html)"
74.7.241.15 - - [10/Mar/2026:11:21:50 -0700] "GET /wp-json/oembed/1.0/embed?format=xml&url=http%3A%2F%2Falsahibalc.com%2F2026%2F02%2F19%2Fdarmowe-spiny-w-calej-twin-spin-prezentujemy-wowczas-gdy-halasuje-dostac%2F HTTP/1.1" 404 236 "http://alsahibalc.com/2026/02/19/darmowe-spiny-w-calej-twin-spin-prezentujemy-wowczas-gdy-halasuje-dostac/" "Mozilla/5.0 AppleWebKit/537.36 (KHTML, like Gecko; compatible; GPTBot/1.3; +https://openai.com/gptbot)"
74.7.241.15 - - [10/Mar/2026:11:22:09 -0700] "GET /wp-json/oembed/1.0/embed?format=xml&url=http%3A%2F%2Falsahibalc.com%2F2024%2F11%2F02%2Fverdeckte-funktionen-in-online-casinos-ohne-limit-die-profis-nutzen%2F HTTP/1.1" 404 236 "http://alsahibalc.com/2024/11/02/verdeckte-funktionen-in-online-casinos-ohne-limit-die-profis-nutzen/" "Mozilla/5.0 AppleWebKit/537.36 (KHTML, like Gecko; compatible; GPTBot/1.3; +https://openai.com/gptbot)"
74.7.241.15 - - [10/Mar/2026:11:22:18 -0700] "GET /wp-json/oembed/1.0/embed?format=xml&url=http%3A%2F%2Falsahibalc.com%2F2025%2F07%2F03%2Fdecoding-the-art-of-structured-gaming-insights-into-golden-squares%2F HTTP/1.1" 404 236 "http://alsahibalc.com/2025/07/03/decoding-the-art-of-structured-gaming-insights-into-golden-squares/" "Mozilla/5.0 AppleWebKit/537.36 (KHTML, like Gecko; compatible; GPTBot/1.3; +https://openai.com/gptbot)"
74.7.241.15 - - [10/Mar/2026:11:22:28 -0700] "GET /wp-json/oembed/1.0/embed?format=xml&url=http%3A%2F%2Falsahibalc.com%2F2026%2F02%2F25%2Fexcitement-good-fresh-fruit-slot-real-cash-rtp-max-winnings-paylines%2F HTTP/1.1" 404 236 "http://alsahibalc.com/2026/02/25/excitement-good-fresh-fruit-slot-real-cash-rtp-max-winnings-paylines/" "Mozilla/5.0 AppleWebKit/537.36 (KHTML, like Gecko; compatible; GPTBot/1.3; +https://openai.com/gptbot)"
74.7.241.15 - - [10/Mar/2026:11:22:37 -0700] "GET /wp-json/oembed/1.0/embed?format=xml&url=http%3A%2F%2Falsahibalc.com%2F2026%2F03%2F02%2Funlocking-the-secrets-of-winning-at-casinos-with-unknown-strategies%2F HTTP/1.1" 404 236 "http://alsahibalc.com/2026/03/02/unlocking-the-secrets-of-winning-at-casinos-with-unknown-strategies/" "Mozilla/5.0 AppleWebKit/537.36 (KHTML, like Gecko; compatible; GPTBot/1.3; +https://openai.com/gptbot)"
74.7.241.15 - - [10/Mar/2026:11:22:56 -0700] "GET /wp-json/oembed/1.0/embed?format=xml&url=http%3A%2F%2Falsahibalc.com%2F2025%2F05%2F10%2Fthe-evolution-of-bonus-hunting-in-online-slots-an-industry-perspective%2F HTTP/1.1" 404 236 "http://alsahibalc.com/2025/05/10/the-evolution-of-bonus-hunting-in-online-slots-an-industry-perspective/" "Mozilla/5.0 AppleWebKit/537.36 (KHTML, like Gecko; compatible; GPTBot/1.3; +https://openai.com/gptbot)"
85.208.96.206 - - [10/Mar/2026:11:23:04 -0700] "GET /2026/02/07/wolf-work-with-collection-lucky-dragon-boat-slot-machine-large-bad-wolf/ HTTP/1.1" 404 236 "-" "Mozilla/5.0 (compatible; SemrushBot/7~bl; +http://www.semrush.com/bot.html)"
74.7.241.15 - - [10/Mar/2026:11:23:06 -0700] "GET /wp-json/oembed/1.0/embed?format=xml&url=http%3A%2F%2Falsahibalc.com%2F2026%2F01%2F22%2Fthe-evolution-of-ancient-egyptian-themed-slot-machines-in-modern-casinos%2F HTTP/1.1" 404 236 "http://alsahibalc.com/2026/01/22/the-evolution-of-ancient-egyptian-themed-slot-machines-in-modern-casinos/" "Mozilla/5.0 AppleWebKit/537.36 (KHTML, like Gecko; compatible; GPTBot/1.3; +https://openai.com/gptbot)"
185.242.226.123 - - [10/Mar/2026:11:23:26 -0700] "GET / HTTP/1.0" 404 - "-" "-"
74.7.241.15 - - [10/Mar/2026:11:23:34 -0700] "GET /wp-json/oembed/1.0/embed?format=xml&url=http%3A%2F%2Falsahibalc.com%2F2026%2F02%2F18%2Fw-jednym-miejscu-zebralismy-duzo-niezwykle-wazne-motywacja-w-kasynie%2F HTTP/1.1" 404 236 "http://alsahibalc.com/2026/02/18/w-jednym-miejscu-zebralismy-duzo-niezwykle-wazne-motywacja-w-kasynie/" "Mozilla/5.0 AppleWebKit/537.36 (KHTML, like Gecko; compatible; GPTBot/1.3; +https://openai.com/gptbot)"
74.7.241.15 - - [10/Mar/2026:11:23:43 -0700] "GET /wp-json/oembed/1.0/embed?format=xml&url=http%3A%2F%2Falsahibalc.com%2F2026%2F02%2F24%2Funlocking-secrets-how-to-maximize-your-casino-experience-like-a-pro%2F HTTP/1.1" 404 236 "http://alsahibalc.com/2026/02/24/unlocking-secrets-how-to-maximize-your-casino-experience-like-a-pro/" "Mozilla/5.0 AppleWebKit/537.36 (KHTML, like Gecko; compatible; GPTBot/1.3; +https://openai.com/gptbot)"
185.191.171.8 - - [10/Mar/2026:11:23:44 -0700] "GET /2026/02/25/casino-extra-utan-omsattningskrav-8-nya-nedladdning-av-appen-fairspin-i-sverige-i-2026/ HTTP/1.1" 404 236 "-" "Mozilla/5.0 (compatible; SemrushBot/7~bl; +http://www.semrush.com/bot.html)"
74.7.241.15 - - [10/Mar/2026:11:24:02 -0700] "GET /wp-json/oembed/1.0/embed?format=xml&url=http%3A%2F%2Falsahibalc.com%2F2025%2F03%2F26%2Fthe-truth-about-winning-at-modern-online-slots-an-industry-perspective%2F HTTP/1.1" 404 236 "http://alsahibalc.com/2025/03/26/the-truth-about-winning-at-modern-online-slots-an-industry-perspective/" "Mozilla/5.0 AppleWebKit/537.36 (KHTML, like Gecko; compatible; GPTBot/1.3; +https://openai.com/gptbot)"
185.191.171.13 - - [10/Mar/2026:11:24:09 -0700] "GET /2026/02/12/emocion-y-suerte-se-fusionan-experimenta-la/ HTTP/1.1" 404 236 "-" "Mozilla/5.0 (compatible; SemrushBot/7~bl; +http://www.semrush.com/bot.html)"
74.7.241.15 - - [10/Mar/2026:11:24:12 -0700] "GET /wp-json/oembed/1.0/embed?format=xml&url=http%3A%2F%2Falsahibalc.com%2F2026%2F03%2F01%2Ftwenty-five-greatest-smoothie-treatments-to-own-proper-break-fast%2F HTTP/1.1" 404 236 "http://alsahibalc.com/2026/03/01/twenty-five-greatest-smoothie-treatments-to-own-proper-break-fast/" "Mozilla/5.0 AppleWebKit/537.36 (KHTML, like Gecko; compatible; GPTBot/1.3; +https://openai.com/gptbot)"
74.7.241.15 - - [10/Mar/2026:11:24:31 -0700] "GET /wp-json/oembed/1.0/embed?format=xml&url=http%3A%2F%2Falsahibalc.com%2F2025%2F07%2F13%2Fstrategic-urban-engagement-the-power-of-place-for-brand-activation%2F HTTP/1.1" 404 236 "http://alsahibalc.com/2025/07/13/strategic-urban-engagement-the-power-of-place-for-brand-activation/" "Mozilla/5.0 AppleWebKit/537.36 (KHTML, like Gecko; compatible; GPTBot/1.3; +https://openai.com/gptbot)"
74.7.241.15 - - [10/Mar/2026:11:24:40 -0700] "GET /wp-json/oembed/1.0/embed?format=xml&url=http%3A%2F%2Falsahibalc.com%2F2026%2F02%2F28%2Fthunderstruck-dos-position-free-enjoy-internet-casino-ports-no-down-load%2F HTTP/1.1" 404 236 "http://alsahibalc.com/2026/02/28/thunderstruck-dos-position-free-enjoy-internet-casino-ports-no-down-load/" "Mozilla/5.0 AppleWebKit/537.36 (KHTML, like Gecko; compatible; GPTBot/1.3; +https://openai.com/gptbot)"
74.7.241.15 - - [10/Mar/2026:11:24:49 -0700] "GET /wp-json/oembed/1.0/embed?format=xml&url=http%3A%2F%2Falsahibalc.com%2F2026%2F02%2F18%2Fthe-fresh-ranking-off-web-based-poker-hands-is-dependant-on-mathematics%2F HTTP/1.1" 404 236 "http://alsahibalc.com/2026/02/18/the-fresh-ranking-off-web-based-poker-hands-is-dependant-on-mathematics/" "Mozilla/5.0 AppleWebKit/537.36 (KHTML, like Gecko; compatible; GPTBot/1.3; +https://openai.com/gptbot)"
34.74.242.206 - - [10/Mar/2026:11:24:54 -0700] "GET /robots.txt HTTP/1.0" 200 79 "-" "ZoominfoBot (zoominfobot at zoominfo dot com)"
34.74.242.206 - - [10/Mar/2026:11:24:55 -0700] "GET / HTTP/1.0" 200 9495 "-" "ZoominfoBot (zoominfobot at zoominfo dot com)"
85.208.96.201 - - [10/Mar/2026:11:25:07 -0700] "GET /2025/09/05/the-rise-of-mobile-gaming-in-the-casino-industry-67/ HTTP/1.1" 404 236 "-" "Mozilla/5.0 (compatible; SemrushBot/7~bl; +http://www.semrush.com/bot.html)"
74.7.241.15 - - [10/Mar/2026:11:25:08 -0700] "GET /wp-json/oembed/1.0/embed?format=xml&url=http%3A%2F%2Falsahibalc.com%2F2026%2F02%2F18%2Ftipuri-ar-putea-primi-bune-jackpoturi-on-prima-casino-in-zilele-noastre%2F HTTP/1.1" 404 236 "http://alsahibalc.com/2026/02/18/tipuri-ar-putea-primi-bune-jackpoturi-on-prima-casino-in-zilele-noastre/" "Mozilla/5.0 AppleWebKit/537.36 (KHTML, like Gecko; compatible; GPTBot/1.3; +https://openai.com/gptbot)"
74.7.241.15 - - [10/Mar/2026:11:25:18 -0700] "GET /wp-json/oembed/1.0/embed?format=xml&url=http%3A%2F%2Falsahibalc.com%2F2026%2F02%2F24%2Ffinest-totally-free-spins-no-deposit-incentives-winnings-a-real-income%2F HTTP/1.1" 404 236 "http://alsahibalc.com/2026/02/24/finest-totally-free-spins-no-deposit-incentives-winnings-a-real-income/" "Mozilla/5.0 AppleWebKit/537.36 (KHTML, like Gecko; compatible; GPTBot/1.3; +https://openai.com/gptbot)"
74.7.241.15 - - [10/Mar/2026:11:25:27 -0700] "GET /wp-json/oembed/1.0/embed?format=xml&url=http%3A%2F%2Falsahibalc.com%2F2025%2F01%2F14%2Fthe-revolver-s-role-in-shaping-cowboy-speed-from-legend-to-engineering%2F HTTP/1.1" 404 236 "http://alsahibalc.com/2025/01/14/the-revolver-s-role-in-shaping-cowboy-speed-from-legend-to-engineering/" "Mozilla/5.0 AppleWebKit/537.36 (KHTML, like Gecko; compatible; GPTBot/1.3; +https://openai.com/gptbot)"
74.7.241.15 - - [10/Mar/2026:11:25:46 -0700] "GET /wp-json/oembed/1.0/embed?format=xml&url=http%3A%2F%2Falsahibalc.com%2F2026%2F02%2F27%2Fchoy-sunlight-doa-position-totally-free-gamble-on-line-aristocrat-house%2F HTTP/1.1" 404 236 "http://alsahibalc.com/2026/02/27/choy-sunlight-doa-position-totally-free-gamble-on-line-aristocrat-house/" "Mozilla/5.0 AppleWebKit/537.36 (KHTML, like Gecko; compatible; GPTBot/1.3; +https://openai.com/gptbot)"
185.191.171.7 - - [10/Mar/2026:11:25:46 -0700] "GET /2026/02/18/oynayn-ve-buyuk-kazanclar-elde-edin-populer-7/ HTTP/1.1" 404 236 "-" "Mozilla/5.0 (compatible; SemrushBot/7~bl; +http://www.semrush.com/bot.html)"
74.7.241.15 - - [10/Mar/2026:11:25:55 -0700] "GET /wp-json/oembed/1.0/embed?format=xml&url=http%3A%2F%2Falsahibalc.com%2F2026%2F02%2F26%2Fanmelden-as-part-of-mr-bet-casino-geradlinig-registrieren-vortragen%2F HTTP/1.1" 404 236 "http://alsahibalc.com/2026/02/26/anmelden-as-part-of-mr-bet-casino-geradlinig-registrieren-vortragen/" "Mozilla/5.0 AppleWebKit/537.36 (KHTML, like Gecko; compatible; GPTBot/1.3; +https://openai.com/gptbot)"
74.7.241.15 - - [10/Mar/2026:11:26:04 -0700] "GET /wp-json/oembed/1.0/embed?format=xml&url=http%3A%2F%2Falsahibalc.com%2F2026%2F02%2F27%2Fsfida-compresa-in-mezzo-a-autoesclusione-temporanea-at-the-durevole-aams%2F HTTP/1.1" 404 236 "http://alsahibalc.com/2026/02/27/sfida-compresa-in-mezzo-a-autoesclusione-temporanea-at-the-durevole-aams/" "Mozilla/5.0 AppleWebKit/537.36 (KHTML, like Gecko; compatible; GPTBot/1.3; +https://openai.com/gptbot)"
74.7.241.15 - - [10/Mar/2026:11:26:14 -0700] "GET /wp-json/oembed/1.0/embed?format=xml&url=http%3A%2F%2Falsahibalc.com%2F2026%2F03%2F01%2Fafsloring-af-hemmelighederne-bag-casino-succes-tips-hver-spiller-bor-kende%2F HTTP/1.1" 404 236 "http://alsahibalc.com/2026/03/01/afsloring-af-hemmelighederne-bag-casino-succes-tips-hver-spiller-bor-kende/" "Mozilla/5.0 AppleWebKit/537.36 (KHTML, like Gecko; compatible; GPTBot/1.3; +https://openai.com/gptbot)"
57.141.0.24 - - [10/Mar/2026:11:26:17 -0700] "GET /2026/02/16/spielbank-bonus-exklusive-einzahlung-2026-unser-besten-no-abschlagzahlung-cats-royal-online-slot-bewertung-boni/ HTTP/1.1" 404 236 "-" "meta-externalagent/1.1 (+https://developers.facebook.com/docs/sharing/webmasters/crawler)"
74.7.241.15 - - [10/Mar/2026:11:26:32 -0700] "GET /wp-json/oembed/1.0/embed?format=xml&url=http%3A%2F%2Falsahibalc.com%2F2026%2F02%2F28%2Fpinko-kazino-ofitsialnyi-sait-bonusy-i-aktsii-dlia-novykh-igrokov%2F HTTP/1.1" 404 236 "http://alsahibalc.com/2026/02/28/pinko-kazino-ofitsialnyi-sait-bonusy-i-aktsii-dlia-novykh-igrokov/" "Mozilla/5.0 AppleWebKit/537.36 (KHTML, like Gecko; compatible; GPTBot/1.3; +https://openai.com/gptbot)"
74.7.241.15 - - [10/Mar/2026:11:26:41 -0700] "GET /wp-json/oembed/1.0/embed?format=xml&url=http%3A%2F%2Falsahibalc.com%2F2026%2F02%2F28%2Funlocking-the-secrets-of-successful-casino-strategies-for-big-wins%2F HTTP/1.1" 404 236 "http://alsahibalc.com/2026/02/28/unlocking-the-secrets-of-successful-casino-strategies-for-big-wins/" "Mozilla/5.0 AppleWebKit/537.36 (KHTML, like Gecko; compatible; GPTBot/1.3; +https://openai.com/gptbot)"
74.7.241.15 - - [10/Mar/2026:11:26:51 -0700] "GET /wp-json/oembed/1.0/embed?format=xml&url=http%3A%2F%2Falsahibalc.com%2F2026%2F02%2F10%2Feksklusivt-dansk-pa-kasino-i-effekt-goldbet-promo-bor-booi-hjemmeside-afgift%2F HTTP/1.1" 404 236 "http://alsahibalc.com/2026/02/10/eksklusivt-dansk-pa-kasino-i-effekt-goldbet-promo-bor-booi-hjemmeside-afgift/" "Mozilla/5.0 AppleWebKit/537.36 (KHTML, like Gecko; compatible; GPTBot/1.3; +https://openai.com/gptbot)"
74.7.241.15 - - [10/Mar/2026:11:27:00 -0700] "GET /wp-json/oembed/1.0/embed?format=xml&url=http%3A%2F%2Falsahibalc.com%2F2025%2F02%2F01%2Fgamblezen-casino-s-approach-to-responsible-gaming-ensuring-fair-play%2F HTTP/1.1" 404 236 "http://alsahibalc.com/2025/02/01/gamblezen-casino-s-approach-to-responsible-gaming-ensuring-fair-play/" "Mozilla/5.0 AppleWebKit/537.36 (KHTML, like Gecko; compatible; GPTBot/1.3; +https://openai.com/gptbot)"
74.7.241.15 - - [10/Mar/2026:11:27:19 -0700] "GET /wp-json/oembed/1.0/embed?format=xml&url=http%3A%2F%2Falsahibalc.com%2F2026%2F01%2F17%2Fbest-fat-burner-dosage-finding-the-right-amount-for-optimal-results%2F HTTP/1.1" 404 236 "http://alsahibalc.com/2026/01/17/best-fat-burner-dosage-finding-the-right-amount-for-optimal-results/" "Mozilla/5.0 AppleWebKit/537.36 (KHTML, like Gecko; compatible; GPTBot/1.3; +https://openai.com/gptbot)"
74.7.241.15 - - [10/Mar/2026:11:27:29 -0700] "GET /wp-json/oembed/1.0/embed?format=xml&url=http%3A%2F%2Falsahibalc.com%2F2026%2F02%2F28%2Fexactly-why-are-bonuses-popular-than-just-happy-seven-local-casino-places%2F HTTP/1.1" 404 236 "http://alsahibalc.com/2026/02/28/exactly-why-are-bonuses-popular-than-just-happy-seven-local-casino-places/" "Mozilla/5.0 AppleWebKit/537.36 (KHTML, like Gecko; compatible; GPTBot/1.3; +https://openai.com/gptbot)"
74.7.241.15 - - [10/Mar/2026:11:27:38 -0700] "GET /wp-json/oembed/1.0/embed?format=xml&url=http%3A%2F%2Falsahibalc.com%2F2026%2F02%2F19%2Fbier-bloei-gokkas-online-casino-black-horse-vanuit-williams-spelen%2F HTTP/1.1" 404 236 "http://alsahibalc.com/2026/02/19/bier-bloei-gokkas-online-casino-black-horse-vanuit-williams-spelen/" "Mozilla/5.0 AppleWebKit/537.36 (KHTML, like Gecko; compatible; GPTBot/1.3; +https://openai.com/gptbot)"
74.7.241.15 - - [10/Mar/2026:11:27:47 -0700] "GET /wp-json/oembed/1.0/embed?format=xml&url=http%3A%2F%2Falsahibalc.com%2F2025%2F11%2F27%2Fthe-evolution-of-digital-slot-gaming-from-randomness-to-player-engagement%2F HTTP/1.1" 404 236 "http://alsahibalc.com/2025/11/27/the-evolution-of-digital-slot-gaming-from-randomness-to-player-engagement/" "Mozilla/5.0 AppleWebKit/537.36 (KHTML, like Gecko; compatible; GPTBot/1.3; +https://openai.com/gptbot)"
74.7.241.15 - - [10/Mar/2026:11:27:57 -0700] "GET /wp-json/oembed/1.0/embed?format=xml&url=http%3A%2F%2Falsahibalc.com%2F2026%2F02%2F27%2Fworauf-wird-adult-male-bei-der-selektion-eines-casinos-anerkennen%2F HTTP/1.1" 404 236 "http://alsahibalc.com/2026/02/27/worauf-wird-adult-male-bei-der-selektion-eines-casinos-anerkennen/" "Mozilla/5.0 AppleWebKit/537.36 (KHTML, like Gecko; compatible; GPTBot/1.3; +https://openai.com/gptbot)"
185.191.171.11 - - [10/Mar/2026:11:28:03 -0700] "GET /2026/02/17/sunny-coin-10000-hold-the-spin-slot-review-football-studio-1-deposito-jogue-gratis-afinar-belzebu-rtp-criancice-undefined/ HTTP/1.1" 404 236 "-" "Mozilla/5.0 (compatible; SemrushBot/7~bl; +http://www.semrush.com/bot.html)"
74.7.241.15 - - [10/Mar/2026:11:28:07 -0700] "GET /wp-json/oembed/1.0/embed?format=xml&url=http%3A%2F%2Falsahibalc.com%2F2025%2F05%2F15%2Fwinzter-casino-s-approach-to-responsible-gambling-what-you-need-to-know%2F HTTP/1.1" 404 236 "http://alsahibalc.com/2025/05/15/winzter-casino-s-approach-to-responsible-gambling-what-you-need-to-know/" "Mozilla/5.0 AppleWebKit/537.36 (KHTML, like Gecko; compatible; GPTBot/1.3; +https://openai.com/gptbot)"
74.7.241.15 - - [10/Mar/2026:11:28:16 -0700] "GET /wp-json/oembed/1.0/embed?format=xml&url=http%3A%2F%2Falsahibalc.com%2F2026%2F02%2F28%2Fhave-there-been-gambling-enterprises-in-the-otherwise-close-branson%2F HTTP/1.1" 404 236 "http://alsahibalc.com/2026/02/28/have-there-been-gambling-enterprises-in-the-otherwise-close-branson/" "Mozilla/5.0 AppleWebKit/537.36 (KHTML, like Gecko; compatible; GPTBot/1.3; +https://openai.com/gptbot)"
185.191.171.11 - - [10/Mar/2026:11:28:25 -0700] "GET /2026/02/20/aufregende-huhner-herausforderung-navigiere-mit-23/ HTTP/1.1" 404 236 "-" "Mozilla/5.0 (compatible; SemrushBot/7~bl; +http://www.semrush.com/bot.html)"
74.7.241.15 - - [10/Mar/2026:11:28:26 -0700] "GET /wp-json/oembed/1.0/embed?format=xml&url=http%3A%2F%2Falsahibalc.com%2F2026%2F03%2F02%2Fcasino-slot-spiel-night-wolves-spiele-nun-gratis-vortragen-nach-play-de%2F HTTP/1.1" 404 236 "http://alsahibalc.com/2026/03/02/casino-slot-spiel-night-wolves-spiele-nun-gratis-vortragen-nach-play-de/" "Mozilla/5.0 AppleWebKit/537.36 (KHTML, like Gecko; compatible; GPTBot/1.3; +https://openai.com/gptbot)"
142.44.220.231 - - [10/Mar/2026:11:28:28 -0700] "GET / HTTP/1.1" 200 9495 "-" "Mozilla/5.0 (compatible; AhrefsBot/7.0; +http://ahrefs.com/robot/)"
74.7.241.15 - - [10/Mar/2026:11:28:45 -0700] "GET /wp-json/oembed/1.0/embed?format=xml&url=http%3A%2F%2Falsahibalc.com%2F2026%2F02%2F06%2Fresena-narcos-slot-rtp-total-de-las-tragamonedas-sizzling-hot-deluxe%2F HTTP/1.1" 404 236 "http://alsahibalc.com/2026/02/06/resena-narcos-slot-rtp-total-de-las-tragamonedas-sizzling-hot-deluxe/" "Mozilla/5.0 AppleWebKit/537.36 (KHTML, like Gecko; compatible; GPTBot/1.3; +https://openai.com/gptbot)"
74.7.241.15 - - [10/Mar/2026:11:28:55 -0700] "GET /wp-json/oembed/1.0/embed?format=xml&url=http%3A%2F%2Falsahibalc.com%2F2026%2F03%2F02%2Feye-promo-codes-fur-spybet-of-horus-kundgebung-vortragen-slot-blos-eintragung%2F HTTP/1.1" 404 236 "http://alsahibalc.com/2026/03/02/eye-promo-codes-fur-spybet-of-horus-kundgebung-vortragen-slot-blos-eintragung/" "Mozilla/5.0 AppleWebKit/537.36 (KHTML, like Gecko; compatible; GPTBot/1.3; +https://openai.com/gptbot)"
185.191.171.1 - - [10/Mar/2026:11:29:23 -0700] "GET /2026/02/06/65-bedste-bitcoin-og-kryptocasinoer-at-anbelange-i-januar-2026/ HTTP/1.1" 404 236 "-" "Mozilla/5.0 (compatible; SemrushBot/7~bl; +http://www.semrush.com/bot.html)"
66.249.68.64 - - [10/Mar/2026:11:29:36 -0700] "GET /2026/02/21/kazino-oyunlarnda-ehtimallar-anlamaq-ucun-pin-up/ HTTP/1.1" 404 236 "-" "Mozilla/5.0 (Linux; Android 6.0.1; Nexus 5X Build/MMB29P) AppleWebKit/537.36 (KHTML, like Gecko) Chrome/145.0.7632.116 Mobile Safari/537.36 (compatible; Googlebot/2.1; +http://www.google.com/bot.html)"
74.7.241.15 - - [10/Mar/2026:11:29:42 -0700] "GET /wp-json/oembed/1.0/embed?format=xml&url=http%3A%2F%2Falsahibalc.com%2F2025%2F04%2F18%2Freimagining-brand-identity-the-power-of-color-in-branding-strategies%2F HTTP/1.1" 404 236 "http://alsahibalc.com/2025/04/18/reimagining-brand-identity-the-power-of-color-in-branding-strategies/" "Mozilla/5.0 AppleWebKit/537.36 (KHTML, like Gecko; compatible; GPTBot/1.3; +https://openai.com/gptbot)"
74.7.241.15 - - [10/Mar/2026:11:29:52 -0700] "GET /wp-json/oembed/1.0/embed?format=xml&url=http%3A%2F%2Falsahibalc.com%2F2025%2F11%2F28%2Fsoftware-qualitat-im-spinrollz-casino-die-besten-anbieter-im-test%2F HTTP/1.1" 404 236 "http://alsahibalc.com/2025/11/28/software-qualitat-im-spinrollz-casino-die-besten-anbieter-im-test/" "Mozilla/5.0 AppleWebKit/537.36 (KHTML, like Gecko; compatible; GPTBot/1.3; +https://openai.com/gptbot)"
74.7.241.15 - - [10/Mar/2026:11:30:11 -0700] "GET /wp-json/oembed/1.0/embed?format=xml&url=http%3A%2F%2Falsahibalc.com%2F2026%2F02%2F25%2Fpin-ap-bet-dlia-onlain-bettinga-sovety-dlia-nachinaiushchikh-igrokov%2F HTTP/1.1" 404 236 "http://alsahibalc.com/2026/02/25/pin-ap-bet-dlia-onlain-bettinga-sovety-dlia-nachinaiushchikh-igrokov/" "Mozilla/5.0 AppleWebKit/537.36 (KHTML, like Gecko; compatible; GPTBot/1.3; +https://openai.com/gptbot)"
74.7.241.15 - - [10/Mar/2026:11:30:20 -0700] "GET /wp-json/oembed/1.0/embed?format=xml&url=http%3A%2F%2Falsahibalc.com%2F2026%2F02%2F19%2Fthing-recovery-simple-tips-to-ranch-points-beast-hunter-wilds-publication%2F HTTP/1.1" 404 236 "http://alsahibalc.com/2026/02/19/thing-recovery-simple-tips-to-ranch-points-beast-hunter-wilds-publication/" "Mozilla/5.0 AppleWebKit/537.36 (KHTML, like Gecko; compatible; GPTBot/1.3; +https://openai.com/gptbot)"
85.208.96.201 - - [10/Mar/2026:11:30:28 -0700] "GET /2026/01/20/1win-%D0%B7%D0%B5%D1%80%D0%BA%D0%B0%D0%BB%D0%BE-%D0%BE%D1%84%D0%B8%D1%86%D0%B8%D0%B0%D0%BB%D1%8C%D0%BD%D0%BE%D0%B3%D0%BE-%D1%81%D0%B0%D0%B9%D1%82%D0%B0-%D0%B1%D1%83%D0%BA%D0%BC%D0%B5%D0%BA%D0%B5/ HTTP/1.1" 404 236 "-" "Mozilla/5.0 (compatible; SemrushBot/7~bl; +http://www.semrush.com/bot.html)"
74.7.241.15 - - [10/Mar/2026:11:30:40 -0700] "GET /wp-json/oembed/1.0/embed?format=xml&url=http%3A%2F%2Falsahibalc.com%2F2026%2F02%2F06%2Fkakim-obrazom-psihologicheskij-nastroj-okazyvaet-vozdejstvie-na-interpretatsiju-dostizhenija%2F HTTP/1.1" 404 236 "http://alsahibalc.com/2026/02/06/kakim-obrazom-psihologicheskij-nastroj-okazyvaet-vozdejstvie-na-interpretatsiju-dostizhenija/" "Mozilla/5.0 AppleWebKit/537.36 (KHTML, like Gecko; compatible; GPTBot/1.3; +https://openai.com/gptbot)"
74.7.241.15 - - [10/Mar/2026:11:31:07 -0700] "GET /wp-json/oembed/1.0/embed?format=xml&url=http%3A%2F%2Falsahibalc.com%2F2026%2F02%2F24%2Fdoubleu-gambling-establishment-daily-free-chips-and-you-can-incentives%2F HTTP/1.1" 404 236 "http://alsahibalc.com/2026/02/24/doubleu-gambling-establishment-daily-free-chips-and-you-can-incentives/" "Mozilla/5.0 AppleWebKit/537.36 (KHTML, like Gecko; compatible; GPTBot/1.3; +https://openai.com/gptbot)"
74.7.241.15 - - [10/Mar/2026:11:31:16 -0700] "GET /wp-json/oembed/1.0/embed?format=xml&url=http%3A%2F%2Falsahibalc.com%2F2026%2F02%2F27%2Fein-anlass-wieso-tischspiele-leer-deutschen-casinos-verbannt-wurden%2F HTTP/1.1" 404 236 "http://alsahibalc.com/2026/02/27/ein-anlass-wieso-tischspiele-leer-deutschen-casinos-verbannt-wurden/" "Mozilla/5.0 AppleWebKit/537.36 (KHTML, like Gecko; compatible; GPTBot/1.3; +https://openai.com/gptbot)"
74.7.241.15 - - [10/Mar/2026:11:31:25 -0700] "GET /wp-json/oembed/1.0/embed?format=xml&url=http%3A%2F%2Falsahibalc.com%2F2025%2F03%2F26%2Fder-einfluss-agyptischer-symbolik-auf-moderne-esoterik-und-coaching-praktiken%2F HTTP/1.1" 404 236 "http://alsahibalc.com/2025/03/26/der-einfluss-agyptischer-symbolik-auf-moderne-esoterik-und-coaching-praktiken/" "Mozilla/5.0 AppleWebKit/537.36 (KHTML, like Gecko; compatible; GPTBot/1.3; +https://openai.com/gptbot)"
74.7.241.15 - - [10/Mar/2026:11:31:35 -0700] "GET /wp-json/oembed/1.0/embed?format=xml&url=http%3A%2F%2Falsahibalc.com%2F2026%2F03%2F02%2Fafsloring-af-hemmelighederne-bag-vindende-strategier-i-online-kasinoer%2F HTTP/1.1" 404 236 "http://alsahibalc.com/2026/03/02/afsloring-af-hemmelighederne-bag-vindende-strategier-i-online-kasinoer/" "Mozilla/5.0 AppleWebKit/537.36 (KHTML, like Gecko; compatible; GPTBot/1.3; +https://openai.com/gptbot)"
74.7.241.15 - - [10/Mar/2026:11:31:44 -0700] "GET /wp-json/oembed/1.0/embed?format=xml&url=http%3A%2F%2Falsahibalc.com%2F2025%2F03%2F02%2Fparokhoi-logismikou-kai-poioteta-paikhnidion-sto-caesarspin-casino%2F HTTP/1.1" 404 236 "http://alsahibalc.com/2025/03/02/parokhoi-logismikou-kai-poioteta-paikhnidion-sto-caesarspin-casino/" "Mozilla/5.0 AppleWebKit/537.36 (KHTML, like Gecko; compatible; GPTBot/1.3; +https://openai.com/gptbot)"
74.7.241.15 - - [10/Mar/2026:11:31:53 -0700] "GET /wp-json/oembed/1.0/embed?format=xml&url=http%3A%2F%2Falsahibalc.com%2F2026%2F01%2F26%2Fzahlungsoptionen-fur-spieler-aus-deutschland-im-topwagerz-casino%2F HTTP/1.1" 404 236 "http://alsahibalc.com/2026/01/26/zahlungsoptionen-fur-spieler-aus-deutschland-im-topwagerz-casino/" "Mozilla/5.0 AppleWebKit/537.36 (KHTML, like Gecko; compatible; GPTBot/1.3; +https://openai.com/gptbot)"
74.7.241.15 - - [10/Mar/2026:11:32:03 -0700] "GET /wp-json/oembed/1.0/embed?format=xml&url=http%3A%2F%2Falsahibalc.com%2F2025%2F05%2F08%2Fwild-horses-in-gaming-analyzing-their-symbolism-and-representation%2F HTTP/1.1" 404 236 "http://alsahibalc.com/2025/05/08/wild-horses-in-gaming-analyzing-their-symbolism-and-representation/" "Mozilla/5.0 AppleWebKit/537.36 (KHTML, like Gecko; compatible; GPTBot/1.3; +https://openai.com/gptbot)"
74.7.241.15 - - [10/Mar/2026:11:32:13 -0700] "GET /wp-json/oembed/1.0/embed?format=xml&url=http%3A%2F%2Falsahibalc.com%2F2025%2F05%2F29%2Fexploring-the-future-of-gaming-communities-trends-and-innovations%2F HTTP/1.1" 404 236 "http://alsahibalc.com/2025/05/29/exploring-the-future-of-gaming-communities-trends-and-innovations/" "Mozilla/5.0 AppleWebKit/537.36 (KHTML, like Gecko; compatible; GPTBot/1.3; +https://openai.com/gptbot)"
185.191.171.4 - - [10/Mar/2026:11:32:19 -0700] "GET /2026/02/03/enjoy-mental-health-awareness-month-nc-place-of-work-of-hr/ HTTP/1.1" 404 236 "-" "Mozilla/5.0 (compatible; SemrushBot/7~bl; +http://www.semrush.com/bot.html)"
74.7.241.15 - - [10/Mar/2026:11:32:31 -0700] "GET /wp-json/oembed/1.0/embed?format=xml&url=http%3A%2F%2Falsahibalc.com%2F2026%2F02%2F27%2Fel-torero-verbunden-vortragen-gratis-via-legacy-online-casino-echtgeld%2F HTTP/1.1" 404 236 "http://alsahibalc.com/2026/02/27/el-torero-verbunden-vortragen-gratis-via-legacy-online-casino-echtgeld/" "Mozilla/5.0 AppleWebKit/537.36 (KHTML, like Gecko; compatible; GPTBot/1.3; +https://openai.com/gptbot)"
74.7.241.15 - - [10/Mar/2026:11:32:50 -0700] "GET /wp-json/oembed/1.0/embed?format=xml&url=http%3A%2F%2Falsahibalc.com%2F2026%2F02%2F24%2Favustralya-genelinde-ucretsiz-cevrimici-pokie-oyunlari-play-zero-indir%2F HTTP/1.1" 404 236 "http://alsahibalc.com/2026/02/24/avustralya-genelinde-ucretsiz-cevrimici-pokie-oyunlari-play-zero-indir/" "Mozilla/5.0 AppleWebKit/537.36 (KHTML, like Gecko; compatible; GPTBot/1.3; +https://openai.com/gptbot)"
57.141.0.70 - - [10/Mar/2026:11:32:57 -0700] "GET /2026/02/25/on-the-internet-pokies-australian-continent-totally-free-spins-claim-no-deposit-casino-added-bonus/ HTTP/1.1" 404 236 "-" "meta-externalagent/1.1 (+https://developers.facebook.com/docs/sharing/webmasters/crawler)"
74.7.241.15 - - [10/Mar/2026:11:33:00 -0700] "GET /wp-json/oembed/1.0/embed?format=xml&url=http%3A%2F%2Falsahibalc.com%2F2025%2F02%2F14%2Frevolutionizing-off-road-mobility-the-rise-of-electric-all-terrain-vehicles%2F HTTP/1.1" 404 236 "http://alsahibalc.com/2025/02/14/revolutionizing-off-road-mobility-the-rise-of-electric-all-terrain-vehicles/" "Mozilla/5.0 AppleWebKit/537.36 (KHTML, like Gecko; compatible; GPTBot/1.3; +https://openai.com/gptbot)"
85.208.96.196 - - [10/Mar/2026:11:33:03 -0700] "GET /2026/02/18/ihr-beste-erreichbar-casino-bonus-ohne-einzahlung-2026/ HTTP/1.1" 404 236 "-" "Mozilla/5.0 (compatible; SemrushBot/7~bl; +http://www.semrush.com/bot.html)"
74.7.241.15 - - [10/Mar/2026:11:33:09 -0700] "GET /wp-json/oembed/1.0/embed?format=xml&url=http%3A%2F%2Falsahibalc.com%2F2026%2F02%2F11%2Fzachem-cheloveku-kriticheski-vazhno-oschuschat-dvizhenie-k-tseli%2F HTTP/1.1" 404 236 "http://alsahibalc.com/2026/02/11/zachem-cheloveku-kriticheski-vazhno-oschuschat-dvizhenie-k-tseli/" "Mozilla/5.0 AppleWebKit/537.36 (KHTML, like Gecko; compatible; GPTBot/1.3; +https://openai.com/gptbot)"
74.7.241.15 - - [10/Mar/2026:11:33:19 -0700] "GET /wp-json/oembed/1.0/embed?format=xml&url=http%3A%2F%2Falsahibalc.com%2F2026%2F02%2F20%2Fhappiest-christmas-tree-casino-realbet-bonus-ways-effective-actions%2F HTTP/1.1" 404 236 "http://alsahibalc.com/2026/02/20/happiest-christmas-tree-casino-realbet-bonus-ways-effective-actions/" "Mozilla/5.0 AppleWebKit/537.36 (KHTML, like Gecko; compatible; GPTBot/1.3; +https://openai.com/gptbot)"
74.7.241.15 - - [10/Mar/2026:11:33:29 -0700] "GET /wp-json/oembed/1.0/embed?format=xml&url=http%3A%2F%2Falsahibalc.com%2F2025%2F04%2F28%2Fthe-evolution-of-slot-entertainment-industry-insights-and-future-horizons%2F HTTP/1.1" 404 236 "http://alsahibalc.com/2025/04/28/the-evolution-of-slot-entertainment-industry-insights-and-future-horizons/" "Mozilla/5.0 AppleWebKit/537.36 (KHTML, like Gecko; compatible; GPTBot/1.3; +https://openai.com/gptbot)"
74.7.241.15 - - [10/Mar/2026:11:33:48 -0700] "GET /wp-json/oembed/1.0/embed?format=xml&url=http%3A%2F%2Falsahibalc.com%2F2026%2F02%2F06%2Fpoioteta-uposterixes-pelaton-sto-allyspin-casino-o-ti-khreiazeste%2F HTTP/1.1" 404 236 "http://alsahibalc.com/2026/02/06/poioteta-uposterixes-pelaton-sto-allyspin-casino-o-ti-khreiazeste/" "Mozilla/5.0 AppleWebKit/537.36 (KHTML, like Gecko; compatible; GPTBot/1.3; +https://openai.com/gptbot)"
74.7.241.15 - - [10/Mar/2026:11:33:58 -0700] "GET /wp-json/oembed/1.0/embed?format=xml&url=http%3A%2F%2Falsahibalc.com%2F2026%2F02%2F27%2Favsloja-hemligheterna-bakom-casinostrategier-for-att-vinna-stort%2F HTTP/1.1" 404 236 "http://alsahibalc.com/2026/02/27/avsloja-hemligheterna-bakom-casinostrategier-for-att-vinna-stort/" "Mozilla/5.0 AppleWebKit/537.36 (KHTML, like Gecko; compatible; GPTBot/1.3; +https://openai.com/gptbot)"
74.7.241.15 - - [10/Mar/2026:11:34:07 -0700] "GET /wp-json/oembed/1.0/embed?format=xml&url=http%3A%2F%2Falsahibalc.com%2F2026%2F02%2F28%2Fadmiral-gambling-enterprise-sign-on-play-greatest-harbors-incentives-now%2F HTTP/1.1" 404 236 "http://alsahibalc.com/2026/02/28/admiral-gambling-enterprise-sign-on-play-greatest-harbors-incentives-now/" "Mozilla/5.0 AppleWebKit/537.36 (KHTML, like Gecko; compatible; GPTBot/1.3; +https://openai.com/gptbot)"
74.7.241.15 - - [10/Mar/2026:11:34:16 -0700] "GET /wp-json/oembed/1.0/embed?format=xml&url=http%3A%2F%2Falsahibalc.com%2F2026%2F01%2F25%2Fredefining-staff-engagement-and-gamification-strategies-in-the-workplace%2F HTTP/1.1" 404 236 "http://alsahibalc.com/2026/01/25/redefining-staff-engagement-and-gamification-strategies-in-the-workplace/" "Mozilla/5.0 AppleWebKit/537.36 (KHTML, like Gecko; compatible; GPTBot/1.3; +https://openai.com/gptbot)"
74.7.241.15 - - [10/Mar/2026:11:34:25 -0700] "GET /wp-json/oembed/1.0/embed?format=xml&url=http%3A%2F%2Falsahibalc.com%2F2025%2F12%2F20%2Fwie-man-einzahlungen-bei-billybets-casino-schnell-und-sicher-durchfuhrt%2F HTTP/1.1" 404 236 "http://alsahibalc.com/2025/12/20/wie-man-einzahlungen-bei-billybets-casino-schnell-und-sicher-durchfuhrt/" "Mozilla/5.0 AppleWebKit/537.36 (KHTML, like Gecko; compatible; GPTBot/1.3; +https://openai.com/gptbot)"
74.7.241.15 - - [10/Mar/2026:11:34:35 -0700] "GET /wp-json/oembed/1.0/embed?format=xml&url=http%3A%2F%2Falsahibalc.com%2F2026%2F02%2F27%2Fgates-of-olympus-within-osterreich-casino-slot-bei-pragmatic-performance%2F HTTP/1.1" 404 236 "http://alsahibalc.com/2026/02/27/gates-of-olympus-within-osterreich-casino-slot-bei-pragmatic-performance/" "Mozilla/5.0 AppleWebKit/537.36 (KHTML, like Gecko; compatible; GPTBot/1.3; +https://openai.com/gptbot)"
74.7.241.15 - - [10/Mar/2026:11:34:45 -0700] "GET /wp-json/oembed/1.0/embed?format=xml&url=http%3A%2F%2Falsahibalc.com%2F2025%2F06%2F20%2Fmathematische-strategien-und-spielanalyse-das-phanomen-fish-road%2F HTTP/1.1" 404 236 "http://alsahibalc.com/2025/06/20/mathematische-strategien-und-spielanalyse-das-phanomen-fish-road/" "Mozilla/5.0 AppleWebKit/537.36 (KHTML, like Gecko; compatible; GPTBot/1.3; +https://openai.com/gptbot)"
74.7.241.15 - - [10/Mar/2026:11:34:54 -0700] "GET /wp-json/oembed/1.0/embed?format=xml&url=http%3A%2F%2Falsahibalc.com%2F2025%2F02%2F09%2Fdie-verschiedenen-spielkategorien-im-allyspin-casino-ein-uberblick%2F HTTP/1.1" 404 236 "http://alsahibalc.com/2025/02/09/die-verschiedenen-spielkategorien-im-allyspin-casino-ein-uberblick/" "Mozilla/5.0 AppleWebKit/537.36 (KHTML, like Gecko; compatible; GPTBot/1.3; +https://openai.com/gptbot)"
74.7.241.15 - - [10/Mar/2026:11:35:04 -0700] "GET /wp-json/oembed/1.0/embed?format=xml&url=http%3A%2F%2Falsahibalc.com%2F2025%2F11%2F27%2Fbassbet-casino-wie-sie-von-saisonalen-promotions-profitieren-konnen%2F HTTP/1.1" 404 236 "http://alsahibalc.com/2025/11/27/bassbet-casino-wie-sie-von-saisonalen-promotions-profitieren-konnen/" "Mozilla/5.0 AppleWebKit/537.36 (KHTML, like Gecko; compatible; GPTBot/1.3; +https://openai.com/gptbot)"
85.208.96.204 - - [10/Mar/2026:11:35:10 -0700] "GET /robots.txt HTTP/1.1" 200 79 "-" "Mozilla/5.0 (compatible; SemrushBot/7~bl; +http://www.semrush.com/bot.html)"
185.191.171.12 - - [10/Mar/2026:11:35:10 -0700] "GET /2026/01/22/f-chansen-att-vinna-stort-ladda-ner-sweet-bonanza-3/ HTTP/1.1" 404 236 "-" "Mozilla/5.0 (compatible; SemrushBot/7~bl; +http://www.semrush.com/bot.html)"
74.7.241.15 - - [10/Mar/2026:11:35:22 -0700] "GET /wp-json/oembed/1.0/embed?format=xml&url=http%3A%2F%2Falsahibalc.com%2F2026%2F02%2F26%2Fonline-kasino-freispiele-inzwischen-free-spins-within-registration%2F HTTP/1.1" 404 236 "http://alsahibalc.com/2026/02/26/online-kasino-freispiele-inzwischen-free-spins-within-registration/" "Mozilla/5.0 AppleWebKit/537.36 (KHTML, like Gecko; compatible; GPTBot/1.3; +https://openai.com/gptbot)"
74.7.241.15 - - [10/Mar/2026:11:35:41 -0700] "GET /wp-json/oembed/1.0/embed?format=xml&url=http%3A%2F%2Falsahibalc.com%2F2025%2F06%2F19%2Fdie-besten-strategien-fur-schnelle-einzahlungen-bei-billybets-casino%2F HTTP/1.1" 404 236 "http://alsahibalc.com/2025/06/19/die-besten-strategien-fur-schnelle-einzahlungen-bei-billybets-casino/" "Mozilla/5.0 AppleWebKit/537.36 (KHTML, like Gecko; compatible; GPTBot/1.3; +https://openai.com/gptbot)"
74.7.241.15 - - [10/Mar/2026:11:35:51 -0700] "GET /wp-json/oembed/1.0/embed?format=xml&url=http%3A%2F%2Falsahibalc.com%2F2025%2F11%2F28%2Fteknologi-och-tillganglighet-hur-digitala-verktyg-oppnar-dorrar-for-alla%2F HTTP/1.1" 404 236 "http://alsahibalc.com/2025/11/28/teknologi-och-tillganglighet-hur-digitala-verktyg-oppnar-dorrar-for-alla/" "Mozilla/5.0 AppleWebKit/537.36 (KHTML, like Gecko; compatible; GPTBot/1.3; +https://openai.com/gptbot)"
74.7.241.15 - - [10/Mar/2026:11:36:00 -0700] "GET /wp-json/oembed/1.0/embed?format=xml&url=http%3A%2F%2Falsahibalc.com%2F2025%2F07%2F12%2Fle-cowboy-une-revolution-silencieuse-entre-mythe-et-ingenierie-ferroviaire%2F HTTP/1.1" 404 236 "http://alsahibalc.com/2025/07/12/le-cowboy-une-revolution-silencieuse-entre-mythe-et-ingenierie-ferroviaire/" "Mozilla/5.0 AppleWebKit/537.36 (KHTML, like Gecko; compatible; GPTBot/1.3; +https://openai.com/gptbot)"
85.208.96.202 - - [10/Mar/2026:11:36:07 -0700] "GET /2026/02/13/online-kumarhanelerde-guvenlik-ve-kullanc-deneyimi/ HTTP/1.1" 404 236 "-" "Mozilla/5.0 (compatible; SemrushBot/7~bl; +http://www.semrush.com/bot.html)"
74.7.241.15 - - [10/Mar/2026:11:36:10 -0700] "GET /wp-json/oembed/1.0/embed?format=xml&url=http%3A%2F%2Falsahibalc.com%2F2026%2F02%2F19%2Ftrzech-bebnowe-automaty-darmowo-crazy-monkey-bonus-graj-bez-rejestracji%2F HTTP/1.1" 404 236 "http://alsahibalc.com/2026/02/19/trzech-bebnowe-automaty-darmowo-crazy-monkey-bonus-graj-bez-rejestracji/" "Mozilla/5.0 AppleWebKit/537.36 (KHTML, like Gecko; compatible; GPTBot/1.3; +https://openai.com/gptbot)"
85.208.96.211 - - [10/Mar/2026:11:36:10 -0700] "GET /2026/02/06/gizbo-casino-oficialnyj-sajt-gizbo-kazino-igrat/ HTTP/1.1" 404 236 "-" "Mozilla/5.0 (compatible; SemrushBot/7~bl; +http://www.semrush.com/bot.html)"
57.141.0.50 - - [10/Mar/2026:11:36:17 -0700] "GET /2026/02/23/free-spins-%ef%b8%8f-bries-het-leukste-noppes-spins-vanuit-2026-bij-offlin-casinos/ HTTP/1.1" 404 236 "-" "meta-externalagent/1.1 (+https://developers.facebook.com/docs/sharing/webmasters/crawler)"
74.7.241.15 - - [10/Mar/2026:11:36:19 -0700] "GET /wp-json/oembed/1.0/embed?format=xml&url=http%3A%2F%2Falsahibalc.com%2F2026%2F02%2F11%2Fspannung-pur-grosse-gewinne-navigiere-deine-gluckshuhn-geschickt%2F HTTP/1.1" 404 236 "http://alsahibalc.com/2026/02/11/spannung-pur-grosse-gewinne-navigiere-deine-gluckshuhn-geschickt/" "Mozilla/5.0 AppleWebKit/537.36 (KHTML, like Gecko; compatible; GPTBot/1.3; +https://openai.com/gptbot)"
74.7.241.15 - - [10/Mar/2026:11:36:28 -0700] "GET /wp-json/oembed/1.0/embed?format=xml&url=http%3A%2F%2Falsahibalc.com%2F2025%2F12%2F17%2Fuser-interface-innovations-at-gamblezen-casino-a-player-s-perspective%2F HTTP/1.1" 404 236 "http://alsahibalc.com/2025/12/17/user-interface-innovations-at-gamblezen-casino-a-player-s-perspective/" "Mozilla/5.0 AppleWebKit/537.36 (KHTML, like Gecko; compatible; GPTBot/1.3; +https://openai.com/gptbot)"
74.7.241.15 - - [10/Mar/2026:11:36:56 -0700] "GET /wp-json/oembed/1.0/embed?format=xml&url=http%3A%2F%2Falsahibalc.com%2F2026%2F02%2F25%2Feye-of-horus-online-jetzt-kostenlos-auffuhren-provision-schutzen%2F HTTP/1.1" 404 236 "http://alsahibalc.com/2026/02/25/eye-of-horus-online-jetzt-kostenlos-auffuhren-provision-schutzen/" "Mozilla/5.0 AppleWebKit/537.36 (KHTML, like Gecko; compatible; GPTBot/1.3; +https://openai.com/gptbot)"
85.208.96.203 - - [10/Mar/2026:11:37:12 -0700] "GET /2026/02/16/beste-angeschlossen-spielothek-75-freispiele-nicht-eher-als-1-einzahlung-ice-hockey-mobile-slot-100percent-zugelassen/ HTTP/1.1" 404 236 "-" "Mozilla/5.0 (compatible; SemrushBot/7~bl; +http://www.semrush.com/bot.html)"
74.7.241.15 - - [10/Mar/2026:11:37:15 -0700] "GET /wp-json/oembed/1.0/embed?format=xml&url=http%3A%2F%2Falsahibalc.com%2F2026%2F02%2F27%2Favsloja-hemligheter-hur-casinon-lockar-spelare-med-beloningssystem%2F HTTP/1.1" 404 236 "http://alsahibalc.com/2026/02/27/avsloja-hemligheter-hur-casinon-lockar-spelare-med-beloningssystem/" "Mozilla/5.0 AppleWebKit/537.36 (KHTML, like Gecko; compatible; GPTBot/1.3; +https://openai.com/gptbot)"
85.208.96.193 - - [10/Mar/2026:11:37:17 -0700] "GET /2026/02/16/mastering-load-testing-a-step-by-step-guide-for-3/ HTTP/1.1" 404 236 "-" "Mozilla/5.0 (compatible; SemrushBot/7~bl; +http://www.semrush.com/bot.html)"
173.247.246.132 - - [10/Mar/2026:11:37:19 -0700] "POST /wp-cron.php?doing_wp_cron=1773167839.0386960506439208984375 HTTP/1.1" 200 - "-" "WordPress/6.6.4; http://alsahibalc.com"
103.149.194.103 - - [10/Mar/2026:11:37:17 -0700] "GET /wp-login.php HTTP/1.1" 200 7649 "-" "Mozilla/5.0 (Windows NT 6.3; WOW64; Trident/7.0; MATPJS; rv:11.0) like Gecko"
85.208.96.199 - - [10/Mar/2026:11:37:20 -0700] "GET /2026/01/29/1win-zerkalo-oficialnogo-sajta-bukmekera-rabochee-490/ HTTP/1.1" 404 236 "-" "Mozilla/5.0 (compatible; SemrushBot/7~bl; +http://www.semrush.com/bot.html)"
103.149.194.103 - - [10/Mar/2026:11:37:20 -0700] "POST /wp-login.php HTTP/1.1" 302 - "http://alsahibalc.com/wp-login.php" "Mozilla/5.0 (Windows NT 6.3; WOW64; Trident/7.0; MATPJS; rv:11.0) like Gecko"
57.141.0.29 - - [10/Mar/2026:11:37:24 -0700] "GET /2026/03/02/no-deposit-added-bonus-requirements/ HTTP/1.1" 404 236 "-" "meta-externalagent/1.1 (+https://developers.facebook.com/docs/sharing/webmasters/crawler)"
103.149.194.103 - - [10/Mar/2026:11:37:22 -0700] "GET /wp-admin/ HTTP/1.1" 200 195911 "http://alsahibalc.com/wp-login.php" "Mozilla/5.0 (Windows NT 6.3; WOW64; Trident/7.0; MATPJS; rv:11.0) like Gecko"
74.7.241.15 - - [10/Mar/2026:11:37:34 -0700] "GET /wp-json/oembed/1.0/embed?format=xml&url=http%3A%2F%2Falsahibalc.com%2F2025%2F06%2F19%2Ftropisino-casino-s-special-features-innovations-in-online-gaming%2F HTTP/1.1" 404 236 "http://alsahibalc.com/2025/06/19/tropisino-casino-s-special-features-innovations-in-online-gaming/" "Mozilla/5.0 AppleWebKit/537.36 (KHTML, like Gecko; compatible; GPTBot/1.3; +https://openai.com/gptbot)"
74.7.241.15 - - [10/Mar/2026:11:37:44 -0700] "GET /wp-json/oembed/1.0/embed?format=xml&url=http%3A%2F%2Falsahibalc.com%2F2025%2F04%2F20%2Fanalyzing-cost-benefit-of-different-online-casino-payment-options%2F HTTP/1.1" 404 236 "http://alsahibalc.com/2025/04/20/analyzing-cost-benefit-of-different-online-casino-payment-options/" "Mozilla/5.0 AppleWebKit/537.36 (KHTML, like Gecko; compatible; GPTBot/1.3; +https://openai.com/gptbot)"
103.149.194.103 - - [10/Mar/2026:11:37:41 -0700] "GET /wp-admin/plugin-install.php HTTP/1.1" 200 153094 "http://alsahibalc.com/wp-admin/plugin-install.php" "Mozilla/5.0 (Windows NT 6.3; WOW64; Trident/7.0; MATPJS; rv:11.0) like Gecko"
74.7.241.15 - - [10/Mar/2026:11:37:53 -0700] "GET /wp-json/oembed/1.0/embed?format=xml&url=http%3A%2F%2Falsahibalc.com%2F2026%2F01%2F28%2Finteresuetes-sportom-i-azartnymi-razvleceniiami-gde-naiti-lucsie%2F HTTP/1.1" 404 236 "http://alsahibalc.com/2026/01/28/interesuetes-sportom-i-azartnymi-razvleceniiami-gde-naiti-lucsie/" "Mozilla/5.0 AppleWebKit/537.36 (KHTML, like Gecko; compatible; GPTBot/1.3; +https://openai.com/gptbot)"
173.247.246.132 - - [10/Mar/2026:11:38:00 -0700] "POST /wp-cron.php?doing_wp_cron=1773167880.1805660724639892578125 HTTP/1.1" 200 - "-" "WordPress/6.6.4; http://alsahibalc.com"
74.7.241.15 - - [10/Mar/2026:11:38:03 -0700] "GET /wp-json/oembed/1.0/embed?format=xml&url=http%3A%2F%2Falsahibalc.com%2F2026%2F01%2F28%2Fczy-savaspin-to-przyszlosc-rozrywki-online-analiza-opinii-graczy%2F HTTP/1.1" 404 236 "http://alsahibalc.com/2026/01/28/czy-savaspin-to-przyszlosc-rozrywki-online-analiza-opinii-graczy/" "Mozilla/5.0 AppleWebKit/537.36 (KHTML, like Gecko; compatible; GPTBot/1.3; +https://openai.com/gptbot)"
103.149.194.103 - - [10/Mar/2026:11:37:56 -0700] "POST /wp-admin/update.php?action=upload-plugin HTTP/1.1" 200 92781 "http://alsahibalc.com/wp-admin/plugin-install.php" "Mozilla/5.0 (Windows NT 6.3; WOW64; Trident/7.0; MATPJS; rv:11.0) like Gecko"
173.247.246.132 - - [10/Mar/2026:11:38:10 -0700] "POST /wp-cron.php?doing_wp_cron=1773167890.5822610855102539062500 HTTP/1.1" 200 - "-" "WordPress/6.6.4; http://alsahibalc.com"
74.7.241.15 - - [10/Mar/2026:11:38:12 -0700] "GET /wp-json/oembed/1.0/embed?format=xml&url=http%3A%2F%2Falsahibalc.com%2F2026%2F02%2F07%2Fsubstance-attention-calculator-each-day-monthly-yearly-compounding%2F HTTP/1.1" 404 236 "http://alsahibalc.com/2026/02/07/substance-attention-calculator-each-day-monthly-yearly-compounding/" "Mozilla/5.0 AppleWebKit/537.36 (KHTML, like Gecko; compatible; GPTBot/1.3; +https://openai.com/gptbot)"
103.149.194.103 - - [10/Mar/2026:11:38:09 -0700] "GET /wp-admin/update.php?action=upload-plugin&package=42641&overwrite=update-plugin&_wpnonce=131c15fafb HTTP/1.1" 200 91852 "http://alsahibalc.com/wp-admin/plugin-install.php" "Mozilla/5.0 (Windows NT 6.3; WOW64; Trident/7.0; MATPJS; rv:11.0) like Gecko"
185.191.171.10 - - [10/Mar/2026:11:38:16 -0700] "GET /2026/02/15/spielsaal-maklercourtage-exklusive-einzahlung-x-men-spielautomat-letter-fur-nusse-abschmecken/ HTTP/1.1" 404 236 "-" "Mozilla/5.0 (compatible; SemrushBot/7~bl; +http://www.semrush.com/bot.html)"
103.149.194.103 - - [10/Mar/2026:11:38:21 -0700] "GET /wp-content/plugins/akismet/check_file.php HTTP/1.1" 403 228 "http://alsahibalc.com/wp-admin/plugin-install.php" "Mozilla/5.0 (Windows NT 6.3; WOW64; Trident/7.0; MATPJS; rv:11.0) like Gecko"
103.149.194.103 - - [10/Mar/2026:11:38:21 -0700] "GET /wp-content/themes/akismet/check_file.php HTTP/1.1" 404 236 "http://alsahibalc.com/wp-admin/plugin-install.php" "Mozilla/5.0 (Windows NT 6.3; WOW64; Trident/7.0; MATPJS; rv:11.0) like Gecko"
74.7.241.15 - - [10/Mar/2026:11:38:22 -0700] "GET /wp-json/oembed/1.0/embed?format=xml&url=http%3A%2F%2Falsahibalc.com%2F2026%2F02%2F18%2Fentsprechend-wir-unser-top-eigenschaften-z-hd-echtgeld-spielautomaten-kuren%2F HTTP/1.1" 404 236 "http://alsahibalc.com/2026/02/18/entsprechend-wir-unser-top-eigenschaften-z-hd-echtgeld-spielautomaten-kuren/" "Mozilla/5.0 AppleWebKit/537.36 (KHTML, like Gecko; compatible; GPTBot/1.3; +https://openai.com/gptbot)"
103.149.194.103 - - [10/Mar/2026:11:38:22 -0700] "GET /wp-admin/plugin-install.php HTTP/1.1" 200 153020 "http://alsahibalc.com/wp-admin/plugin-install.php" "Mozilla/5.0 (Windows NT 6.3; WOW64; Trident/7.0; MATPJS; rv:11.0) like Gecko"
