57.141.0.48 - - [10/Mar/2026:12:02:47 -0700] "GET /2026/02/16/neue-online-bier-haus-slotspiel-fur-echtes-geld-casinos-and-spielotheken-im-zweiter-monat-des-jahres-2026/ HTTP/1.1" 404 236 "-" "meta-externalagent/1.1 (+https://developers.facebook.com/docs/sharing/webmasters/crawler)"
57.141.0.66 - - [10/Mar/2026:12:02:49 -0700] "GET /2026/02/27/one-wild-bull-%ef%bf%bd-better-total-casino-application-with-rtg-ports/ HTTP/1.1" 404 236 "-" "meta-externalagent/1.1 (+https://developers.facebook.com/docs/sharing/webmasters/crawler)"
57.141.0.22 - - [10/Mar/2026:12:02:50 -0700] "GET /2026/03/02/sverige-casino-sizzling-hot-spelautomat-jamfora-all-casinon-tillsamman-svensk-person-spellicens/ HTTP/1.1" 404 236 "-" "meta-externalagent/1.1 (+https://developers.facebook.com/docs/sharing/webmasters/crawler)"
57.141.0.1 - - [10/Mar/2026:12:02:50 -0700] "GET /2025/07/29/przygotuj-si-na-ekscytujce-przeycia-gdzie/ HTTP/1.1" 404 236 "-" "meta-externalagent/1.1 (+https://developers.facebook.com/docs/sharing/webmasters/crawler)"
57.141.0.23 - - [10/Mar/2026:12:02:52 -0700] "GET /2026/02/09/the-current-free-spin-coin-hyperlinks-to-possess-money-master/ HTTP/1.1" 404 236 "-" "meta-externalagent/1.1 (+https://developers.facebook.com/docs/sharing/webmasters/crawler)"
74.7.241.15 - - [10/Mar/2026:12:02:54 -0700] "GET /wp-json/oembed/1.0/embed?format=xml&url=http%3A%2F%2Falsahibalc.com%2F2026%2F02%2F06%2Ffat-santa-push-gambling-pushed-uk-online-casino-fast-payouts-christmas-themed-slot%2F HTTP/1.1" 404 236 "http://alsahibalc.com/2026/02/06/fat-santa-push-gambling-pushed-uk-online-casino-fast-payouts-christmas-themed-slot/" "Mozilla/5.0 AppleWebKit/537.36 (KHTML, like Gecko; compatible; GPTBot/1.3; +https://openai.com/gptbot)"
57.141.0.27 - - [10/Mar/2026:12:02:54 -0700] "GET /2026/01/28/mostbet-oficialnyj-sajt-mostbet-bukmekerskaja-113/ HTTP/1.1" 404 236 "-" "meta-externalagent/1.1 (+https://developers.facebook.com/docs/sharing/webmasters/crawler)"
57.141.0.25 - - [10/Mar/2026:12:02:55 -0700] "GET /2026/01/10/adrenalin-pur-und-federvieh-dein-weg-zum-goldenen-2/ HTTP/1.1" 404 236 "-" "meta-externalagent/1.1 (+https://developers.facebook.com/docs/sharing/webmasters/crawler)"
57.141.0.1 - - [10/Mar/2026:12:02:55 -0700] "GET /2026/02/20/no-deposit-casino-incentives-most-recent-bonus-rules-offers-ucobet-login-pc-2026/ HTTP/1.1" 404 236 "-" "meta-externalagent/1.1 (+https://developers.facebook.com/docs/sharing/webmasters/crawler)"
57.141.0.29 - - [10/Mar/2026:12:02:56 -0700] "GET /2026/02/14/da-vinci-beverly-hills-online-slot-expensive-diamonds-harbors/ HTTP/1.1" 404 236 "-" "meta-externalagent/1.1 (+https://developers.facebook.com/docs/sharing/webmasters/crawler)"
57.141.0.2 - - [10/Mar/2026:12:02:57 -0700] "GET /2025/05/09/crafting-cultural-legacies-the-intersection-of-digital-strategy-and-heritage-artistry/ HTTP/1.1" 404 236 "-" "meta-externalagent/1.1 (+https://developers.facebook.com/docs/sharing/webmasters/crawler)"
57.141.0.14 - - [10/Mar/2026:12:02:58 -0700] "GET /2026/02/21/beste-echtgeld-casinos-teutonia-traktandum-verbunden-ernahrer-2026-inoffizieller-mitarbeiter-untersuchung/ HTTP/1.1" 404 236 "-" "meta-externalagent/1.1 (+https://developers.facebook.com/docs/sharing/webmasters/crawler)"
57.141.0.48 - - [10/Mar/2026:12:02:59 -0700] "GET /2026/02/12/los-primero-aplicacion-original-booi-es-antes-ver-sobre-pamplona-23-necesarios-plano-regalado/ HTTP/1.1" 404 236 "-" "meta-externalagent/1.1 (+https://developers.facebook.com/docs/sharing/webmasters/crawler)"
57.141.0.20 - - [10/Mar/2026:12:03:01 -0700] "GET /2026/03/03/888-888-%e3%83%95%e3%83%aa%e3%83%bc%e3%82%b9%e3%83%94%e3%83%b3/ HTTP/1.1" 404 236 "-" "meta-externalagent/1.1 (+https://developers.facebook.com/docs/sharing/webmasters/crawler)"
57.141.0.20 - - [10/Mar/2026:12:03:01 -0700] "GET /2026/01/30/tipobet-casino-tipobet-giri-adresi-tipobet365-603-2/ HTTP/1.1" 404 236 "-" "meta-externalagent/1.1 (+https://developers.facebook.com/docs/sharing/webmasters/crawler)"
57.141.0.60 - - [10/Mar/2026:12:03:02 -0700] "GET /2025/01/28/les-insectes-et-la-psychologie-de-l-attention-le-cas-du-big-bass-reel-repeat/ HTTP/1.1" 404 236 "-" "meta-externalagent/1.1 (+https://developers.facebook.com/docs/sharing/webmasters/crawler)"
57.141.0.15 - - [10/Mar/2026:12:03:04 -0700] "GET /2026/02/13/better-the-new-gemix-slot-free-spins-web-based-casinos-2026-allege-the-brand-new-gambling-enterprise-bonuses-today/ HTTP/1.1" 404 236 "-" "meta-externalagent/1.1 (+https://developers.facebook.com/docs/sharing/webmasters/crawler)"
74.7.241.15 - - [10/Mar/2026:12:03:04 -0700] "GET /wp-json/oembed/1.0/embed?format=xml&url=http%3A%2F%2Falsahibalc.com%2F2025%2F05%2F20%2Fdie-rolle-der-ggl-bei-zahlungen-im-spinoloco-casino-sicher-und-reguliert%2F HTTP/1.1" 404 236 "http://alsahibalc.com/2025/05/20/die-rolle-der-ggl-bei-zahlungen-im-spinoloco-casino-sicher-und-reguliert/" "Mozilla/5.0 AppleWebKit/537.36 (KHTML, like Gecko; compatible; GPTBot/1.3; +https://openai.com/gptbot)"
57.141.0.58 - - [10/Mar/2026:12:03:05 -0700] "GET /2026/02/27/simple-tips-to-gamble-online-fruit-servers-in-the-virgin-video-game/ HTTP/1.1" 404 236 "-" "meta-externalagent/1.1 (+https://developers.facebook.com/docs/sharing/webmasters/crawler)"
57.141.0.21 - - [10/Mar/2026:12:03:05 -0700] "GET /2026/02/25/ggbet-kasyno-2026-recenzja-bonusy-i-praktyczne-wskazowki/ HTTP/1.1" 404 236 "-" "meta-externalagent/1.1 (+https://developers.facebook.com/docs/sharing/webmasters/crawler)"
57.141.0.64 - - [10/Mar/2026:12:03:06 -0700] "GET /2026/03/02/noppes-gold-diggers-mobiel-spins-bonussen/ HTTP/1.1" 404 236 "-" "meta-externalagent/1.1 (+https://developers.facebook.com/docs/sharing/webmasters/crawler)"
57.141.0.38 - - [10/Mar/2026:12:03:07 -0700] "GET /2026/03/03/besplatni-okretaji-bez-depozita-incentive-casina-u-sad-u-azurirano-februar-2026/ HTTP/1.1" 404 236 "-" "meta-externalagent/1.1 (+https://developers.facebook.com/docs/sharing/webmasters/crawler)"
57.141.0.39 - - [10/Mar/2026:12:03:07 -0700] "GET /2026/02/24/%cf%84%ce%bf%cf%80%ce%b9%ce%ba%cf%8c-%ce%ba%ce%b1%ce%b6%ce%af%ce%bd%ce%bf-slottica/ HTTP/1.1" 404 236 "-" "meta-externalagent/1.1 (+https://developers.facebook.com/docs/sharing/webmasters/crawler)"
57.141.0.11 - - [10/Mar/2026:12:03:09 -0700] "GET /2026/02/20/como-liberar-y-utilizar-la-app-sobre-reel-kings-por-dinero-real-paf-casino-para-incrementar-tu-pericia-sobre-entretenimiento/ HTTP/1.1" 404 236 "-" "meta-externalagent/1.1 (+https://developers.facebook.com/docs/sharing/webmasters/crawler)"
57.141.0.37 - - [10/Mar/2026:12:03:10 -0700] "GET /2025/08/08/the-cultural-and-economic-significance-of-the-scarab-beetle-in-modern-slot-gaming/ HTTP/1.1" 404 236 "-" "meta-externalagent/1.1 (+https://developers.facebook.com/docs/sharing/webmasters/crawler)"
57.141.0.13 - - [10/Mar/2026:12:03:10 -0700] "GET /2026/03/05/play-igt-pokies-free-slot-amuns-book-hd-of-charge-on-the-web/ HTTP/1.1" 404 236 "-" "meta-externalagent/1.1 (+https://developers.facebook.com/docs/sharing/webmasters/crawler)"
57.141.0.8 - - [10/Mar/2026:12:03:11 -0700] "GET /2025/09/03/kruptonomismata-kai-viphive-casino-pos-na-plerosete-me-asphaleia/ HTTP/1.1" 404 236 "-" "meta-externalagent/1.1 (+https://developers.facebook.com/docs/sharing/webmasters/crawler)"
57.141.0.4 - - [10/Mar/2026:12:03:12 -0700] "GET /2026/02/08/resena-desplazandolo-hacia-el-pelo-mejores-juegos-belatra-games-opiniones-de-william-hill-casino-2026/ HTTP/1.1" 404 236 "-" "meta-externalagent/1.1 (+https://developers.facebook.com/docs/sharing/webmasters/crawler)"
57.141.0.19 - - [10/Mar/2026:12:03:13 -0700] "GET /2026/02/15/a-emocao-do-jogo-na-palma-da-sua-mao-baixe-o/ HTTP/1.1" 404 236 "-" "meta-externalagent/1.1 (+https://developers.facebook.com/docs/sharing/webmasters/crawler)"
74.7.241.15 - - [10/Mar/2026:12:03:13 -0700] "GET /wp-json/oembed/1.0/embed?format=xml&url=http%3A%2F%2Falsahibalc.com%2F2025%2F06%2F15%2Fder-einfluss-von-spielauswahl-auf-den-erfolg-mit-bonus-ohne-einzahlung-in-neuen-casinos%2F HTTP/1.1" 404 236 "http://alsahibalc.com/2025/06/15/der-einfluss-von-spielauswahl-auf-den-erfolg-mit-bonus-ohne-einzahlung-in-neuen-casinos/" "Mozilla/5.0 AppleWebKit/537.36 (KHTML, like Gecko; compatible; GPTBot/1.3; +https://openai.com/gptbot)"
57.141.0.17 - - [10/Mar/2026:12:03:14 -0700] "GET /2025/11/23/kazino-oficialnyj-sajt-pin-up-casino-igrat-onlajn-885-23/ HTTP/1.1" 404 236 "-" "meta-externalagent/1.1 (+https://developers.facebook.com/docs/sharing/webmasters/crawler)"
57.141.0.25 - - [10/Mar/2026:12:03:15 -0700] "GET /2026/02/22/a-aventura-penosa-sera-que-consegue-guiar-a/ HTTP/1.1" 404 236 "-" "meta-externalagent/1.1 (+https://developers.facebook.com/docs/sharing/webmasters/crawler)"
57.141.0.14 - - [10/Mar/2026:12:03:15 -0700] "GET /2026/02/06/kak-vnimanie-sootnositsja-s-interesom/ HTTP/1.1" 404 236 "-" "meta-externalagent/1.1 (+https://developers.facebook.com/docs/sharing/webmasters/crawler)"
57.141.0.37 - - [10/Mar/2026:12:03:16 -0700] "GET /2026/03/04/7k-casino-obzor-platformy-953/ HTTP/1.1" 404 236 "-" "meta-externalagent/1.1 (+https://developers.facebook.com/docs/sharing/webmasters/crawler)"
57.141.0.15 - - [10/Mar/2026:12:03:17 -0700] "GET /2026/02/18/gates-of-olympus-demo-turkce-ucretsiz-modda-oyunu-60/ HTTP/1.1" 404 236 "-" "meta-externalagent/1.1 (+https://developers.facebook.com/docs/sharing/webmasters/crawler)"
57.141.0.59 - - [10/Mar/2026:12:03:17 -0700] "GET /2026/02/22/50-freispiele-exklusive-einzahlung-fix-zuganglich-2026/ HTTP/1.1" 404 236 "-" "meta-externalagent/1.1 (+https://developers.facebook.com/docs/sharing/webmasters/crawler)"
57.141.0.24 - - [10/Mar/2026:12:03:18 -0700] "GET /2026/02/06/happier-getaways-position-canada-demonstration-and-totally-funky-fruits-fixed-slot-free-spins-free-enjoy-rtp-consider/ HTTP/1.1" 404 236 "-" "meta-externalagent/1.1 (+https://developers.facebook.com/docs/sharing/webmasters/crawler)"
57.141.0.48 - - [10/Mar/2026:12:03:19 -0700] "GET /2026/02/20/buffalo-link-ice-casino-sissemakseta-boonuskoodid-videoslotik-mangi-tasuta-ilma-installimiseta/ HTTP/1.1" 404 236 "-" "meta-externalagent/1.1 (+https://developers.facebook.com/docs/sharing/webmasters/crawler)"
57.141.0.4 - - [10/Mar/2026:12:03:20 -0700] "GET /2026/02/23/casino-paypal-plus-grands-salle-de-jeu-un-peu-pour-paypal-connexion-pour-pc-vegas-plus-2026/ HTTP/1.1" 404 236 "-" "meta-externalagent/1.1 (+https://developers.facebook.com/docs/sharing/webmasters/crawler)"
57.141.0.7 - - [10/Mar/2026:12:03:20 -0700] "GET /2026/02/12/kakim-obrazom-perezhivanija-sozdajut-praktiku-polnoj/ HTTP/1.1" 404 236 "-" "meta-externalagent/1.1 (+https://developers.facebook.com/docs/sharing/webmasters/crawler)"
57.141.0.5 - - [10/Mar/2026:12:03:21 -0700] "GET /2026/02/26/dragonslots-local-casino-no-deposit-extra-requirements-february-2026/ HTTP/1.1" 404 236 "-" "meta-externalagent/1.1 (+https://developers.facebook.com/docs/sharing/webmasters/crawler)"
57.141.0.65 - - [10/Mar/2026:12:03:22 -0700] "GET /category/test/ HTTP/1.1" 404 236 "-" "meta-externalagent/1.1 (+https://developers.facebook.com/docs/sharing/webmasters/crawler)"
57.141.0.63 - - [10/Mar/2026:12:03:23 -0700] "GET /2026/03/02/beste-angeschlossen-spielothek-75-freispiele-erst-als-1-einzahlung-casino-all-slots-kein-einzahlungsbonus-100-rechtens/ HTTP/1.1" 404 236 "-" "meta-externalagent/1.1 (+https://developers.facebook.com/docs/sharing/webmasters/crawler)"
74.7.241.15 - - [10/Mar/2026:12:03:23 -0700] "GET /wp-json/oembed/1.0/embed?format=xml&url=http%3A%2F%2Falsahibalc.com%2F2025%2F12%2F28%2Fthe-critical-role-of-rtp-in-online-slot-machine-design-an-industry-expert-perspective%2F HTTP/1.1" 404 236 "http://alsahibalc.com/2025/12/28/the-critical-role-of-rtp-in-online-slot-machine-design-an-industry-expert-perspective/" "Mozilla/5.0 AppleWebKit/537.36 (KHTML, like Gecko; compatible; GPTBot/1.3; +https://openai.com/gptbot)"
57.141.0.53 - - [10/Mar/2026:12:03:23 -0700] "GET /2026/02/16/perfekte-blackjack-book-of-ra-magic-slot-free-spins-gewinne-strategie-verzeichnis-wanneer-pdf-mentor/ HTTP/1.1" 404 236 "-" "meta-externalagent/1.1 (+https://developers.facebook.com/docs/sharing/webmasters/crawler)"
57.141.0.8 - - [10/Mar/2026:12:03:25 -0700] "GET /2025/08/19/exploring-the-evolution-of-online-slot-games-the-case-of-fishin-frenzy/ HTTP/1.1" 404 236 "-" "meta-externalagent/1.1 (+https://developers.facebook.com/docs/sharing/webmasters/crawler)"
57.141.0.42 - - [10/Mar/2026:12:03:28 -0700] "GET /2026/02/21/super-connect-heart-throb-slot-online-original-source-site-online-game-publication/ HTTP/1.1" 404 236 "-" "meta-externalagent/1.1 (+https://developers.facebook.com/docs/sharing/webmasters/crawler)"
57.141.0.55 - - [10/Mar/2026:12:03:29 -0700] "GET /2026/01/22/onlajn-gama-casino-online-7582/ HTTP/1.1" 404 236 "-" "meta-externalagent/1.1 (+https://developers.facebook.com/docs/sharing/webmasters/crawler)"
57.141.0.1 - - [10/Mar/2026:12:03:29 -0700] "GET /2026/02/16/when-you-will-be-scanning-because-of-a-list-of-an-informed-crypto-gambling-enterprise-incentives-you-are-able-to-find-various-other-benefits/ HTTP/1.1" 404 236 "-" "meta-externalagent/1.1 (+https://developers.facebook.com/docs/sharing/webmasters/crawler)"
57.141.0.12 - - [10/Mar/2026:12:03:30 -0700] "GET /2026/02/09/elevate-your-game-strategic-sports-bets-the-power/ HTTP/1.1" 404 236 "-" "meta-externalagent/1.1 (+https://developers.facebook.com/docs/sharing/webmasters/crawler)"
74.7.241.15 - - [10/Mar/2026:12:03:33 -0700] "GET /wp-json/oembed/1.0/embed?format=xml&url=http%3A%2F%2Falsahibalc.com%2F2026%2F03%2F02%2Fonline-gonzos-quest-spelen-kosteloos-ofwe-voor-in-lucky-wheel-casino-bankbiljet%2F HTTP/1.1" 404 236 "http://alsahibalc.com/2026/03/02/online-gonzos-quest-spelen-kosteloos-ofwe-voor-in-lucky-wheel-casino-bankbiljet/" "Mozilla/5.0 AppleWebKit/537.36 (KHTML, like Gecko; compatible; GPTBot/1.3; +https://openai.com/gptbot)"
57.141.0.35 - - [10/Mar/2026:12:03:33 -0700] "GET /2025/07/11/obzor-4244/ HTTP/1.1" 404 236 "-" "meta-externalagent/1.1 (+https://developers.facebook.com/docs/sharing/webmasters/crawler)"
57.141.0.25 - - [10/Mar/2026:12:03:36 -0700] "GET /2026/02/11/dunder-ihr-grose-pharaos-riches-echtgeld-online-slot-dunder-casino-erprobung-600-bonus-200-freispiele/ HTTP/1.1" 404 236 "-" "meta-externalagent/1.1 (+https://developers.facebook.com/docs/sharing/webmasters/crawler)"
57.141.0.68 - - [10/Mar/2026:12:03:38 -0700] "GET /2026/02/12/dunder-kasino-erfahrungen-erprobung-2026-betrug-ernsthaft/ HTTP/1.1" 404 236 "-" "meta-externalagent/1.1 (+https://developers.facebook.com/docs/sharing/webmasters/crawler)"
57.141.0.49 - - [10/Mar/2026:12:03:39 -0700] "GET /2026/02/15/mgn-alive-grand-federal-globe-tournament-morgan-pony-mondd-el/ HTTP/1.1" 404 236 "-" "meta-externalagent/1.1 (+https://developers.facebook.com/docs/sharing/webmasters/crawler)"
57.141.0.59 - - [10/Mar/2026:12:03:40 -0700] "GET /2026/03/03/erreichbar-spielbank-via-1-euroletten-einzahlung-2026-bonus-casino-no-einzahlung-verde-casino-2026-nicht-fruher-als-1-neu/ HTTP/1.1" 404 236 "-" "meta-externalagent/1.1 (+https://developers.facebook.com/docs/sharing/webmasters/crawler)"
57.141.0.57 - - [10/Mar/2026:12:03:40 -0700] "GET /2026/01/29/spinfest-casino-security-and-licensing-is-this-online-casino/ HTTP/1.1" 404 236 "-" "meta-externalagent/1.1 (+https://developers.facebook.com/docs/sharing/webmasters/crawler)"
57.141.0.9 - - [10/Mar/2026:12:03:41 -0700] "GET /2026/01/09/grijp-je-kans-ongekende-gokavonturen-wachten-bij/ HTTP/1.1" 404 236 "-" "meta-externalagent/1.1 (+https://developers.facebook.com/docs/sharing/webmasters/crawler)"
57.141.0.37 - - [10/Mar/2026:12:03:41 -0700] "GET /2026/02/13/find-the-best-pay-by-phone-casino-no-deposit-bonus-pokies/ HTTP/1.1" 404 236 "-" "meta-externalagent/1.1 (+https://developers.facebook.com/docs/sharing/webmasters/crawler)"
74.7.241.15 - - [10/Mar/2026:12:03:42 -0700] "GET /wp-json/oembed/1.0/embed?format=xml&url=http%3A%2F%2Falsahibalc.com%2F2025%2F02%2F18%2Fthe-strategic-dynamics-of-modern-slot-games-and-the-significance-of-payout-mechanics%2F HTTP/1.1" 404 236 "http://alsahibalc.com/2025/02/18/the-strategic-dynamics-of-modern-slot-games-and-the-significance-of-payout-mechanics/" "Mozilla/5.0 AppleWebKit/537.36 (KHTML, like Gecko; compatible; GPTBot/1.3; +https://openai.com/gptbot)"
57.141.0.42 - - [10/Mar/2026:12:03:42 -0700] "GET /2026/02/16/wunderino-erfahrungen-2026-%e1%90%85-3-boni-solange-bis-slot-fruit-cocktail-740-%e1%90%8a/ HTTP/1.1" 404 236 "-" "meta-externalagent/1.1 (+https://developers.facebook.com/docs/sharing/webmasters/crawler)"
57.141.0.12 - - [10/Mar/2026:12:03:43 -0700] "GET /2026/03/03/ne-internet-ice-casino-kodet-pa-depozitim-blackjack-tani-valuta-e-vertete-perndryshe-100-perqind-falas/ HTTP/1.1" 404 236 "-" "meta-externalagent/1.1 (+https://developers.facebook.com/docs/sharing/webmasters/crawler)"
57.141.0.3 - - [10/Mar/2026:12:03:44 -0700] "GET /2026/02/08/okazje-dzieki-wygrana-na-automatach-rady-kiedy-podwyzszyc-wygrane-pod-automatach/ HTTP/1.1" 404 236 "-" "meta-externalagent/1.1 (+https://developers.facebook.com/docs/sharing/webmasters/crawler)"
57.141.0.8 - - [10/Mar/2026:12:03:45 -0700] "GET /2026/02/17/why-fortunica-casino-online-is-considered-one-of-the-elite-betting-platforms-in-2026/ HTTP/1.1" 404 236 "-" "meta-externalagent/1.1 (+https://developers.facebook.com/docs/sharing/webmasters/crawler)"
57.141.0.28 - - [10/Mar/2026:12:03:47 -0700] "GET /2025/07/08/ein-paradies-fur-glucksspiel-enthusiasten-bahigo/ HTTP/1.1" 404 236 "-" "meta-externalagent/1.1 (+https://developers.facebook.com/docs/sharing/webmasters/crawler)"
57.141.0.60 - - [10/Mar/2026:12:03:49 -0700] "GET /2026/03/02/talk-about-greatest-gambling-enterprise-promotions-every-day-now-offers-in-the-gate777-enjoyable-perks-loose-time-waiting-for/ HTTP/1.1" 404 236 "-" "meta-externalagent/1.1 (+https://developers.facebook.com/docs/sharing/webmasters/crawler)"
57.141.0.8 - - [10/Mar/2026:12:03:50 -0700] "GET /2026/03/01/7k-kazino-oficialnyj-sajt-kak-projti-registraciju-10/ HTTP/1.1" 404 236 "-" "meta-externalagent/1.1 (+https://developers.facebook.com/docs/sharing/webmasters/crawler)"
57.141.0.50 - - [10/Mar/2026:12:03:50 -0700] "GET /2026/02/13/%ce%b5%ce%bc%cf%80%ce%b5%ce%b9%cf%81%ce%af%ce%b1-mobile-%cf%83%cf%84%ce%bf-national-%ce%ba%ce%b1%ce%b6%ce%af%ce%bd%ce%bf/ HTTP/1.1" 404 236 "-" "meta-externalagent/1.1 (+https://developers.facebook.com/docs/sharing/webmasters/crawler)"
57.141.0.18 - - [10/Mar/2026:12:03:51 -0700] "GET /2026/02/12/rich-arms-gambling-establishment-no-deposit-incentive-100-top-cat-free-spins-150-percent-free-chip/ HTTP/1.1" 404 236 "-" "meta-externalagent/1.1 (+https://developers.facebook.com/docs/sharing/webmasters/crawler)"
74.7.241.15 - - [10/Mar/2026:12:03:51 -0700] "GET /wp-json/oembed/1.0/embed?format=xml&url=http%3A%2F%2Falsahibalc.com%2F2025%2F05%2F08%2Fthe-evolution-and-industry-standards-of-slot-machines-in-modern-casinos%2F HTTP/1.1" 404 236 "http://alsahibalc.com/2025/05/08/the-evolution-and-industry-standards-of-slot-machines-in-modern-casinos/" "Mozilla/5.0 AppleWebKit/537.36 (KHTML, like Gecko; compatible; GPTBot/1.3; +https://openai.com/gptbot)"
57.141.0.8 - - [10/Mar/2026:12:03:52 -0700] "GET /2026/02/17/eye-of-mafia-casino-login-horus/ HTTP/1.1" 404 236 "-" "meta-externalagent/1.1 (+https://developers.facebook.com/docs/sharing/webmasters/crawler)"
57.141.0.15 - - [10/Mar/2026:12:03:53 -0700] "GET /2026/02/06/pochemu-fokusirovka-ukrepljaet-ponimanie-sobytij/ HTTP/1.1" 404 236 "-" "meta-externalagent/1.1 (+https://developers.facebook.com/docs/sharing/webmasters/crawler)"
57.141.0.63 - - [10/Mar/2026:12:03:53 -0700] "GET /2026/03/03/echtgeld-casinos-das-casino-karamba-echtes-geld-guide-uber-das-spielen-damit-echtgeld/ HTTP/1.1" 404 236 "-" "meta-externalagent/1.1 (+https://developers.facebook.com/docs/sharing/webmasters/crawler)"
57.141.0.6 - - [10/Mar/2026:12:03:54 -0700] "GET /2026/02/17/melhores-fabricantes-criancice-jogos-de-cassino-abicar-brasil-zeus-slot-machine-2026/ HTTP/1.1" 404 236 "-" "meta-externalagent/1.1 (+https://developers.facebook.com/docs/sharing/webmasters/crawler)"
57.141.0.42 - - [10/Mar/2026:12:03:55 -0700] "GET /2026/02/15/ihr-gespanntheit-des-craps-genau-so-wie-male-das-beliebte-wurfelspiel-im-casino-spielt/ HTTP/1.1" 404 236 "-" "meta-externalagent/1.1 (+https://developers.facebook.com/docs/sharing/webmasters/crawler)"
57.141.0.17 - - [10/Mar/2026:12:03:55 -0700] "GET /2025/07/17/desfrutar-de-momentos-emocionantes-e-lucrativos/ HTTP/1.1" 404 236 "-" "meta-externalagent/1.1 (+https://developers.facebook.com/docs/sharing/webmasters/crawler)"
57.141.0.36 - - [10/Mar/2026:12:03:57 -0700] "GET /2026/02/23/pin-ap-kazino-igrat-v-onlajn-pin-up-casino-36/ HTTP/1.1" 404 236 "-" "meta-externalagent/1.1 (+https://developers.facebook.com/docs/sharing/webmasters/crawler)"
57.141.0.6 - - [10/Mar/2026:12:03:58 -0700] "GET /2026/01/25/der-effekt-von-glutamin-peptiden-auf-den-korper/ HTTP/1.1" 404 236 "-" "meta-externalagent/1.1 (+https://developers.facebook.com/docs/sharing/webmasters/crawler)"
57.141.0.50 - - [10/Mar/2026:12:03:58 -0700] "GET /2025/11/24/30351/ HTTP/1.1" 404 236 "-" "meta-externalagent/1.1 (+https://developers.facebook.com/docs/sharing/webmasters/crawler)"
57.141.0.42 - - [10/Mar/2026:12:04:00 -0700] "GET /2026/02/25/king-of-your-nile-ports-gamble-free-casino-slot-games/ HTTP/1.1" 404 236 "-" "meta-externalagent/1.1 (+https://developers.facebook.com/docs/sharing/webmasters/crawler)"
57.141.0.46 - - [10/Mar/2026:12:04:00 -0700] "GET /2026/02/06/hace-el-trabajo-a-las-x-men-maquina-tragamonedas-maquinas-tragamonedas-pin-up-alrededor-del-casino-online-de-guatemala-thomas/ HTTP/1.1" 404 236 "-" "meta-externalagent/1.1 (+https://developers.facebook.com/docs/sharing/webmasters/crawler)"
74.7.241.15 - - [10/Mar/2026:12:04:00 -0700] "GET /wp-json/oembed/1.0/embed?format=xml&url=http%3A%2F%2Falsahibalc.com%2F2026%2F02%2F19%2Fnapady-jak-jozz-casino-kasino-bonus-vyhrat-ve-svych-online-automatech-cely-pruvodce%2F HTTP/1.1" 404 236 "http://alsahibalc.com/2026/02/19/napady-jak-jozz-casino-kasino-bonus-vyhrat-ve-svych-online-automatech-cely-pruvodce/" "Mozilla/5.0 AppleWebKit/537.36 (KHTML, like Gecko; compatible; GPTBot/1.3; +https://openai.com/gptbot)"
57.141.0.65 - - [10/Mar/2026:12:04:01 -0700] "GET /2026/01/25/efectos-de-primobolan-tablets-pharmaceutical-en-la-salud-y-el-rendimiento-deportivo/ HTTP/1.1" 404 236 "-" "meta-externalagent/1.1 (+https://developers.facebook.com/docs/sharing/webmasters/crawler)"
57.141.0.5 - - [10/Mar/2026:12:04:01 -0700] "GET /2026/02/14/alle-legale-casinos/ HTTP/1.1" 404 236 "-" "meta-externalagent/1.1 (+https://developers.facebook.com/docs/sharing/webmasters/crawler)"
57.141.0.20 - - [10/Mar/2026:12:04:02 -0700] "GET /2026/03/02/parempia-maksuja-uhkapeliyritykset-isossa-britanniassa-suuret-100-ilmaiskierrosta-ilman-talletusta-book-of-dead-rtpt-ja-nopeat-maksusivustot/ HTTP/1.1" 404 236 "-" "meta-externalagent/1.1 (+https://developers.facebook.com/docs/sharing/webmasters/crawler)"
57.141.0.20 - - [10/Mar/2026:12:04:02 -0700] "GET /2026/03/02/geisha-videoslotik-otse-allikast-100-tasuta-hasartmang-aristocrati-demoversioonis/ HTTP/1.1" 404 236 "-" "meta-externalagent/1.1 (+https://developers.facebook.com/docs/sharing/webmasters/crawler)"
57.141.0.53 - - [10/Mar/2026:12:04:03 -0700] "GET /2026/02/25/online-casino-ireland-casino-games-slots/ HTTP/1.1" 404 236 "-" "meta-externalagent/1.1 (+https://developers.facebook.com/docs/sharing/webmasters/crawler)"
57.141.0.31 - - [10/Mar/2026:12:04:03 -0700] "GET /2026/02/23/en-plus-lintegration-de-polygon-retro-reels-machine-a-sous-install-de-lecosysteme-0x0-levant-votre-deploiement-technique-accusateur-la-preuve-denjeu-pos-est-un-solution-avec-consentement-don/ HTTP/1.1" 404 236 "-" "meta-externalagent/1.1 (+https://developers.facebook.com/docs/sharing/webmasters/crawler)"
57.141.0.1 - - [10/Mar/2026:12:04:04 -0700] "GET /2026/02/12/casinos-tragamonedas-book-of-ra-estrella-con-manga-larga-dinero-conveniente-2026-referente-a-espana-ranking-asi-como-bonus/ HTTP/1.1" 404 236 "-" "meta-externalagent/1.1 (+https://developers.facebook.com/docs/sharing/webmasters/crawler)"
57.141.0.51 - - [10/Mar/2026:12:04:05 -0700] "GET /2026/02/14/huuuge-local-casino-play-together/ HTTP/1.1" 404 236 "-" "meta-externalagent/1.1 (+https://developers.facebook.com/docs/sharing/webmasters/crawler)"
57.141.0.62 - - [10/Mar/2026:12:04:05 -0700] "GET /2026/02/12/lucky-88-jade-connection-paypal-pokie-server-totally-free-video-slot-zero-obtain-by-the-aristocrat/ HTTP/1.1" 404 236 "-" "meta-externalagent/1.1 (+https://developers.facebook.com/docs/sharing/webmasters/crawler)"
57.141.0.15 - - [10/Mar/2026:12:04:05 -0700] "GET /2026/02/15/die-besten-bitcoin-casinos-in-ostmark-im-probe-2026/ HTTP/1.1" 404 236 "-" "meta-externalagent/1.1 (+https://developers.facebook.com/docs/sharing/webmasters/crawler)"
57.141.0.14 - - [10/Mar/2026:12:04:06 -0700] "GET /2026/02/20/24bettle-gambling-establishment-erfahrungen-live-gambling-establishment-und-auch-24bettle-slot-spiele-online-casino-offers-uk-i-will-be-try/ HTTP/1.1" 404 236 "-" "meta-externalagent/1.1 (+https://developers.facebook.com/docs/sharing/webmasters/crawler)"
57.141.0.5 - - [10/Mar/2026:12:04:07 -0700] "GET /2026/02/21/beste-lord-of-the-ocean-tricks-online-casinos-2026/ HTTP/1.1" 404 236 "-" "meta-externalagent/1.1 (+https://developers.facebook.com/docs/sharing/webmasters/crawler)"
57.141.0.25 - - [10/Mar/2026:12:04:09 -0700] "GET /2026/02/20/bestu-spilavitin-a-netinu-raunverulegir-vulkan-spiele-app-nidurhal-apk-island-peningar-2026/ HTTP/1.1" 404 236 "-" "meta-externalagent/1.1 (+https://developers.facebook.com/docs/sharing/webmasters/crawler)"
57.141.0.51 - - [10/Mar/2026:12:04:10 -0700] "GET /2026/02/08/darmowe-spiny-wyjawszy-depozytu-spis-i-podsumowanie-danych-2025/ HTTP/1.1" 404 236 "-" "meta-externalagent/1.1 (+https://developers.facebook.com/docs/sharing/webmasters/crawler)"
57.141.0.65 - - [10/Mar/2026:12:04:10 -0700] "GET /2026/01/29/1win-zerkalo-sajta-bukmekerskoj-kontory-1vin-5105/ HTTP/1.1" 404 236 "-" "meta-externalagent/1.1 (+https://developers.facebook.com/docs/sharing/webmasters/crawler)"
57.141.0.21 - - [10/Mar/2026:12:04:10 -0700] "GET /2026/02/09/elevate-your-play-secure-your-chance-to-win-big/ HTTP/1.1" 404 236 "-" "meta-externalagent/1.1 (+https://developers.facebook.com/docs/sharing/webmasters/crawler)"
57.141.0.15 - - [10/Mar/2026:12:04:11 -0700] "GET /2026/03/02/po-kakoj-prichine-emotsionalnoe-sostojanie-vozdejstvuet-na-interpretatsiju-proishodjaschego/ HTTP/1.1" 404 236 "-" "meta-externalagent/1.1 (+https://developers.facebook.com/docs/sharing/webmasters/crawler)"
57.141.0.71 - - [10/Mar/2026:12:04:12 -0700] "GET /2026/03/04/utforska-dragningen-av-casino-spel-vad-gor-dem-sa-fangslande/ HTTP/1.1" 404 236 "-" "meta-externalagent/1.1 (+https://developers.facebook.com/docs/sharing/webmasters/crawler)"
57.141.0.21 - - [10/Mar/2026:12:04:12 -0700] "GET /2026/02/12/eye-of-horus-auffuhren-inside-brd-slot-damit-echtes-piepen/ HTTP/1.1" 404 236 "-" "meta-externalagent/1.1 (+https://developers.facebook.com/docs/sharing/webmasters/crawler)"
57.141.0.6 - - [10/Mar/2026:12:04:13 -0700] "GET /2026/02/06/canadian-online-casino-field-inside-the-2025-people-and-you-can-casino-casiplay-50-free-spins-workers/ HTTP/1.1" 404 236 "-" "meta-externalagent/1.1 (+https://developers.facebook.com/docs/sharing/webmasters/crawler)"
57.141.0.29 - - [10/Mar/2026:12:04:13 -0700] "GET /2026/02/25/kostenlose-verbunden-spiele-jetzt-vortragen-in-rtlspiele-de/ HTTP/1.1" 404 236 "-" "meta-externalagent/1.1 (+https://developers.facebook.com/docs/sharing/webmasters/crawler)"
57.141.0.46 - - [10/Mar/2026:12:04:14 -0700] "GET /2025/12/25/gdansk-kasyno/ HTTP/1.1" 404 236 "-" "meta-externalagent/1.1 (+https://developers.facebook.com/docs/sharing/webmasters/crawler)"
57.141.0.36 - - [10/Mar/2026:12:04:15 -0700] "GET /2026/02/07/corri-gallina-corri-chicken-road-slot-ti-offre/ HTTP/1.1" 404 236 "-" "meta-externalagent/1.1 (+https://developers.facebook.com/docs/sharing/webmasters/crawler)"
57.141.0.27 - - [10/Mar/2026:12:04:16 -0700] "GET /2026/02/16/spielsaal-abzuglich-oasis-2026-seriose-versorger-echtgeld-and-bonus-casino-vegas-bewertet-echtes-geld-abzuglich-barriere/ HTTP/1.1" 404 236 "-" "meta-externalagent/1.1 (+https://developers.facebook.com/docs/sharing/webmasters/crawler)"
57.141.0.5 - - [10/Mar/2026:12:04:17 -0700] "GET /2026/02/10/beyond-the-farm-risk-reward-the-thrilling-chicken-2/ HTTP/1.1" 404 236 "-" "meta-externalagent/1.1 (+https://developers.facebook.com/docs/sharing/webmasters/crawler)"
57.141.0.42 - - [10/Mar/2026:12:04:19 -0700] "GET /2026/01/14/abrace-a-emocao-e-ganhe-sua-jornada-premiada/ HTTP/1.1" 404 236 "-" "meta-externalagent/1.1 (+https://developers.facebook.com/docs/sharing/webmasters/crawler)"
57.141.0.31 - - [10/Mar/2026:12:04:20 -0700] "GET /2026/01/22/oficialnyi-sait-pinco-igrat-onlain-zerkalo-i-vxod15823-2/ HTTP/1.1" 404 236 "-" "meta-externalagent/1.1 (+https://developers.facebook.com/docs/sharing/webmasters/crawler)"
57.141.0.16 - - [10/Mar/2026:12:04:22 -0700] "GET /2026/02/16/no-deposit-bonus-password-sov25-%ef%bf%bd-twenty-five-totally-free-processor-chip/ HTTP/1.1" 404 236 "-" "meta-externalagent/1.1 (+https://developers.facebook.com/docs/sharing/webmasters/crawler)"
57.141.0.2 - - [10/Mar/2026:12:04:23 -0700] "GET /2025/07/14/maximale-limieten-bij-baloobet-casino-wat-zijn-de-opties/ HTTP/1.1" 404 236 "-" "meta-externalagent/1.1 (+https://developers.facebook.com/docs/sharing/webmasters/crawler)"
57.141.0.35 - - [10/Mar/2026:12:04:23 -0700] "GET /2026/02/15/beste-erreichbar-casinos-fur-four-lucky-clover-1-kaution-deutsche-zocker-uber-hoher-ausschuttung/ HTTP/1.1" 404 236 "-" "meta-externalagent/1.1 (+https://developers.facebook.com/docs/sharing/webmasters/crawler)"
57.141.0.16 - - [10/Mar/2026:12:04:24 -0700] "GET /2026/02/16/book-of-dead-casinos-angeschlossen-dem-recht-entsprechend-and-candy-cash-slot-kostenlos-vortragen/ HTTP/1.1" 404 236 "-" "meta-externalagent/1.1 (+https://developers.facebook.com/docs/sharing/webmasters/crawler)"
57.141.0.7 - - [10/Mar/2026:12:04:24 -0700] "GET /2026/02/28/deposited%e3%81%ae%e6%84%8f%e5%91%b3%e3%83%bb%e4%bd%bf%e3%81%84%e6%96%b9%e3%83%bb%e8%aa%ad%e3%81%bf%e6%96%b9-weblio%e8%8b%b1%e5%92%8c%e8%be%9e%e6%9b%b8/ HTTP/1.1" 404 236 "-" "meta-externalagent/1.1 (+https://developers.facebook.com/docs/sharing/webmasters/crawler)"
57.141.0.60 - - [10/Mar/2026:12:04:25 -0700] "GET /2026/02/17/mostbet-az-bukmeker-ve-kazino-mostbet-giri-rsmi-1061/ HTTP/1.1" 404 236 "-" "meta-externalagent/1.1 (+https://developers.facebook.com/docs/sharing/webmasters/crawler)"
74.7.241.15 - - [10/Mar/2026:12:04:29 -0700] "GET /wp-json/oembed/1.0/embed?format=xml&url=http%3A%2F%2Falsahibalc.com%2F2026%2F02%2F26%2Fcasinospelet-er-vulkanbet-sikker-koi-princess-omtale-ved-hjaelp-af-rtp-och-bonusar%2F HTTP/1.1" 404 236 "http://alsahibalc.com/2026/02/26/casinospelet-er-vulkanbet-sikker-koi-princess-omtale-ved-hjaelp-af-rtp-och-bonusar/" "Mozilla/5.0 AppleWebKit/537.36 (KHTML, like Gecko; compatible; GPTBot/1.3; +https://openai.com/gptbot)"
57.141.0.50 - - [10/Mar/2026:12:04:29 -0700] "GET /2026/03/02/jene-angebote-mussen-haufig-schlichtweg-aufwarts-ein-anbruch-genutzt-werden-daselbst-die-kunden-auf-keinen-fall-speicherbar-werden/ HTTP/1.1" 404 236 "-" "meta-externalagent/1.1 (+https://developers.facebook.com/docs/sharing/webmasters/crawler)"
185.191.171.17 - - [10/Mar/2026:12:04:29 -0700] "GET /2026/01/26/ignite-your-wins-claim-exclusive-bonus-offers-play/ HTTP/1.1" 404 236 "-" "Mozilla/5.0 (compatible; SemrushBot/7~bl; +http://www.semrush.com/bot.html)"
57.141.0.24 - - [10/Mar/2026:12:04:30 -0700] "GET /2026/02/06/feathered-fortune-awaits-navigate-the-thrilling/ HTTP/1.1" 404 236 "-" "meta-externalagent/1.1 (+https://developers.facebook.com/docs/sharing/webmasters/crawler)"
57.141.0.21 - - [10/Mar/2026:12:04:30 -0700] "GET /2026/02/14/beyond-the-clouds-master-the-aviator-game-with-our/ HTTP/1.1" 404 236 "-" "meta-externalagent/1.1 (+https://developers.facebook.com/docs/sharing/webmasters/crawler)"
57.141.0.20 - - [10/Mar/2026:12:04:31 -0700] "GET /2025/11/09/vavada-vavada-kazino-oficialnyj-sajt-registracija-239/ HTTP/1.1" 404 236 "-" "meta-externalagent/1.1 (+https://developers.facebook.com/docs/sharing/webmasters/crawler)"
57.141.0.13 - - [10/Mar/2026:12:04:32 -0700] "GET /2025/05/22/how-to-optimize-your-play-at-spindog-casino/ HTTP/1.1" 404 236 "-" "meta-externalagent/1.1 (+https://developers.facebook.com/docs/sharing/webmasters/crawler)"
57.141.0.31 - - [10/Mar/2026:12:04:32 -0700] "GET /2026/02/20/football-carnival-maquina-tragamonedas-king-of-cards-giros-sin-ranura-regalado-referente-a-camino-tratar-para-divertirte-playtech/ HTTP/1.1" 404 236 "-" "meta-externalagent/1.1 (+https://developers.facebook.com/docs/sharing/webmasters/crawler)"
57.141.0.13 - - [10/Mar/2026:12:04:33 -0700] "GET /2026/03/02/holly-jolly-cash-pig-asento-pida-hauskaa-bitcoinilla-tai-oikealla-rahalla/ HTTP/1.1" 404 236 "-" "meta-externalagent/1.1 (+https://developers.facebook.com/docs/sharing/webmasters/crawler)"
57.141.0.3 - - [10/Mar/2026:12:04:35 -0700] "GET /2026/02/06/what-exactly-is-fruitful-link-strategy/ HTTP/1.1" 404 236 "-" "meta-externalagent/1.1 (+https://developers.facebook.com/docs/sharing/webmasters/crawler)"
57.141.0.62 - - [10/Mar/2026:12:04:35 -0700] "GET /2025/11/13/pokerdom-onlajn-kazino-i-poker-rum-2025-4512/ HTTP/1.1" 404 236 "-" "meta-externalagent/1.1 (+https://developers.facebook.com/docs/sharing/webmasters/crawler)"
57.141.0.65 - - [10/Mar/2026:12:04:36 -0700] "GET /2026/02/23/de-bedste-tilslutte-spilleautomat-online-lost-island-casinoer-med-skuespil-vae-betsoft/ HTTP/1.1" 404 236 "-" "meta-externalagent/1.1 (+https://developers.facebook.com/docs/sharing/webmasters/crawler)"
57.141.0.62 - - [10/Mar/2026:12:04:36 -0700] "GET /2025/09/17/online-casino-geld-gewinnen/ HTTP/1.1" 404 236 "-" "meta-externalagent/1.1 (+https://developers.facebook.com/docs/sharing/webmasters/crawler)"
57.141.0.23 - - [10/Mar/2026:12:04:38 -0700] "GET /2026/02/21/oficialnyj-sajt-onlajn-kazino-pokerdom-7810-3/ HTTP/1.1" 404 236 "-" "meta-externalagent/1.1 (+https://developers.facebook.com/docs/sharing/webmasters/crawler)"
57.141.0.11 - - [10/Mar/2026:12:04:41 -0700] "GET /2026/02/10/best-free-revolves-casinos-january-2026-no-deposit-play-temptation-queen-harbors/ HTTP/1.1" 404 236 "-" "meta-externalagent/1.1 (+https://developers.facebook.com/docs/sharing/webmasters/crawler)"
57.141.0.17 - - [10/Mar/2026:12:04:42 -0700] "GET /2026/02/10/bng-sang-am-me-tri-nghim-mcw-casino-live-cung-c-hi/ HTTP/1.1" 404 236 "-" "meta-externalagent/1.1 (+https://developers.facebook.com/docs/sharing/webmasters/crawler)"
57.141.0.11 - - [10/Mar/2026:12:04:43 -0700] "GET /2026/02/07/online-casino-ohne-oasis-spielen-ohne-deutsche-23/ HTTP/1.1" 404 236 "-" "meta-externalagent/1.1 (+https://developers.facebook.com/docs/sharing/webmasters/crawler)"
57.141.0.72 - - [10/Mar/2026:12:04:43 -0700] "GET /2026/02/14/3-reel-slots-gamble-totally-free-step-3-reels-slot-machines-no-download-on-the-web/ HTTP/1.1" 404 236 "-" "meta-externalagent/1.1 (+https://developers.facebook.com/docs/sharing/webmasters/crawler)"
57.141.0.17 - - [10/Mar/2026:12:04:45 -0700] "GET /2025/05/08/the-evolution-and-industry-standards-of-slot-machines-in-modern-casinos/ HTTP/1.1" 404 236 "-" "meta-externalagent/1.1 (+https://developers.facebook.com/docs/sharing/webmasters/crawler)"
57.141.0.51 - - [10/Mar/2026:12:04:46 -0700] "GET /2026/02/20/en-que-lugar-comer-referente-a-pamplona-crematistico-asi-como-evolution-sin-giros-sin-deposito-bien-20-pubs-y-asadores/ HTTP/1.1" 404 236 "-" "meta-externalagent/1.1 (+https://developers.facebook.com/docs/sharing/webmasters/crawler)"
57.141.0.32 - - [10/Mar/2026:12:04:47 -0700] "GET /2026/03/01/slots-fur-nusse-kostenloser-mobiltelefon-spin-erreichbar-spielen/ HTTP/1.1" 404 236 "-" "meta-externalagent/1.1 (+https://developers.facebook.com/docs/sharing/webmasters/crawler)"
74.7.241.15 - - [10/Mar/2026:12:04:47 -0700] "GET /wp-json/oembed/1.0/embed?format=xml&url=http%3A%2F%2Falsahibalc.com%2F2026%2F02%2F25%2Fmayan-princess-position-remark-resources-and-you-may-local-casino-extra%2F HTTP/1.1" 404 236 "http://alsahibalc.com/2026/02/25/mayan-princess-position-remark-resources-and-you-may-local-casino-extra/" "Mozilla/5.0 AppleWebKit/537.36 (KHTML, like Gecko; compatible; GPTBot/1.3; +https://openai.com/gptbot)"
57.141.0.68 - - [10/Mar/2026:12:04:48 -0700] "GET /2026/02/06/beyond-the-bets-247-action-exclusive-wins-await-at/ HTTP/1.1" 404 236 "-" "meta-externalagent/1.1 (+https://developers.facebook.com/docs/sharing/webmasters/crawler)"
57.141.0.25 - - [10/Mar/2026:12:04:49 -0700] "GET /2025/07/17/pin-up-azrbaycann-n-yax-kazinosu-rsmi-sayt-4939-2/ HTTP/1.1" 404 236 "-" "meta-externalagent/1.1 (+https://developers.facebook.com/docs/sharing/webmasters/crawler)"
57.141.0.23 - - [10/Mar/2026:12:04:49 -0700] "GET /2025/05/18/seit-den-anfangen-des-glucksspielwesens-haben-spielautomaten-auch-als-slot-machines-bekannt-unve/ HTTP/1.1" 404 236 "-" "meta-externalagent/1.1 (+https://developers.facebook.com/docs/sharing/webmasters/crawler)"
57.141.0.65 - - [10/Mar/2026:12:04:51 -0700] "GET /2026/03/03/%e0%a6%9a%e0%a7%8b%e0%a6%96%e0%a7%87%e0%a6%b0-%e0%a6%ac%e0%a6%bf%e0%a6%b7%e0%a6%af%e0%a6%bc%e0%a7%87/ HTTP/1.1" 404 236 "-" "meta-externalagent/1.1 (+https://developers.facebook.com/docs/sharing/webmasters/crawler)"
57.141.0.55 - - [10/Mar/2026:12:04:51 -0700] "GET /2026/02/08/piecdziesieciu-gratisowych-spinow-od-chwili-betsson-w-automat-gonzos-quest/ HTTP/1.1" 404 236 "-" "meta-externalagent/1.1 (+https://developers.facebook.com/docs/sharing/webmasters/crawler)"
57.141.0.29 - - [10/Mar/2026:12:04:52 -0700] "GET /2024/10/15/test-post-for-wordpress-2/ HTTP/1.1" 404 236 "-" "meta-externalagent/1.1 (+https://developers.facebook.com/docs/sharing/webmasters/crawler)"
57.141.0.38 - - [10/Mar/2026:12:04:53 -0700] "GET /2026/01/28/spielhallen-bewertungen-im-check-spinmama-erfahrungen-und/ HTTP/1.1" 404 236 "-" "meta-externalagent/1.1 (+https://developers.facebook.com/docs/sharing/webmasters/crawler)"
57.141.0.66 - - [10/Mar/2026:12:04:54 -0700] "GET /2026/03/04/cool-good-fresh-fruit-slot-game-play-alice-in-wonderland-online-slot-incentive-rtp/ HTTP/1.1" 404 236 "-" "meta-externalagent/1.1 (+https://developers.facebook.com/docs/sharing/webmasters/crawler)"
57.141.0.46 - - [10/Mar/2026:12:04:55 -0700] "GET /2026/02/13/best-gambling-enterprise-application-picks-to-possess-cellular-rumble-rhino-casino-professionals-january-2026/ HTTP/1.1" 404 236 "-" "meta-externalagent/1.1 (+https://developers.facebook.com/docs/sharing/webmasters/crawler)"
57.141.0.21 - - [10/Mar/2026:12:04:55 -0700] "GET /2026/02/13/finest-step-1-lowest-deposit-baccarat-online-for-money-web-based-casinos-greatest-book-2026/ HTTP/1.1" 404 236 "-" "meta-externalagent/1.1 (+https://developers.facebook.com/docs/sharing/webmasters/crawler)"
57.141.0.45 - - [10/Mar/2026:12:04:56 -0700] "GET /2026/01/30/up-x-onlajn-kazino-sluzhba-podderzhki-659/ HTTP/1.1" 404 236 "-" "meta-externalagent/1.1 (+https://developers.facebook.com/docs/sharing/webmasters/crawler)"
57.141.0.22 - - [10/Mar/2026:12:04:56 -0700] "GET /2026/03/04/10-eur-provision-blos-einzahlung-casino-as-part-of-land-der-dichter-und-denker-5-einzahlung-in-online-casinos-2026/ HTTP/1.1" 404 236 "-" "meta-externalagent/1.1 (+https://developers.facebook.com/docs/sharing/webmasters/crawler)"
74.7.241.15 - - [10/Mar/2026:12:04:57 -0700] "GET /wp-json/oembed/1.0/embed?format=xml&url=http%3A%2F%2Falsahibalc.com%2F2026%2F01%2F06%2Fvitezna-strategie-a-nekonecna-zabava-cekaji-s-mostbet-cz-uzijte-si-vzruseni-hazardu-online%2F HTTP/1.1" 404 236 "http://alsahibalc.com/2026/01/06/vitezna-strategie-a-nekonecna-zabava-cekaji-s-mostbet-cz-uzijte-si-vzruseni-hazardu-online/" "Mozilla/5.0 AppleWebKit/537.36 (KHTML, like Gecko; compatible; GPTBot/1.3; +https://openai.com/gptbot)"
57.141.0.22 - - [10/Mar/2026:12:05:00 -0700] "GET /2026/03/03/%e3%82%b9%e3%83%91%e3%82%a4%e3%83%80%e3%83%bc%e3%83%9c%e3%83%bc%e3%82%a4%e3%81%ae%e3%83%95%e3%83%aa%e3%83%83%e3%82%af%e3%82%b9%e3%83%ad%e3%83%bc%e3%81%ae%e3%83%97%e3%83%ad%e3%81%ae%e3%83%aa%e3%82%b9/ HTTP/1.1" 404 236 "-" "meta-externalagent/1.1 (+https://developers.facebook.com/docs/sharing/webmasters/crawler)"
85.208.96.211 - - [10/Mar/2026:12:05:00 -0700] "GET /2026/02/07/ramses-book-red-hot-firepot/ HTTP/1.1" 404 236 "-" "Mozilla/5.0 (compatible; SemrushBot/7~bl; +http://www.semrush.com/bot.html)"
57.141.0.42 - - [10/Mar/2026:12:05:01 -0700] "GET /2026/02/23/apricot-is-actually-really-known-for-their-superior-selection-of-online-pokies-which-is-to-your-complete-monitor-right-here/ HTTP/1.1" 404 236 "-" "meta-externalagent/1.1 (+https://developers.facebook.com/docs/sharing/webmasters/crawler)"
57.141.0.38 - - [10/Mar/2026:12:05:02 -0700] "GET /2026/03/02/echtgeld-erreichbar-casinos-osterreich-zweiter-monat-casino-mr-green-kein-einzahlungsbonus-des-jahres-2026/ HTTP/1.1" 404 236 "-" "meta-externalagent/1.1 (+https://developers.facebook.com/docs/sharing/webmasters/crawler)"
57.141.0.27 - - [10/Mar/2026:12:05:04 -0700] "GET /2026/02/20/a-great-%ef%bf%bd50-no-deposit-extra-isnt-just-100-free-50-euro-on-your-own-membership/ HTTP/1.1" 404 236 "-" "meta-externalagent/1.1 (+https://developers.facebook.com/docs/sharing/webmasters/crawler)"
57.141.0.18 - - [10/Mar/2026:12:05:06 -0700] "GET /2026/02/16/55-totally-free-revolves-towards-%ef%bf%bdlarge-santa-55-processor-chip-during-the-mr-o/ HTTP/1.1" 404 236 "-" "meta-externalagent/1.1 (+https://developers.facebook.com/docs/sharing/webmasters/crawler)"
74.7.241.15 - - [10/Mar/2026:12:05:07 -0700] "GET /wp-json/oembed/1.0/embed?format=xml&url=http%3A%2F%2Falsahibalc.com%2F2025%2F07%2F13%2Fthe-evolution-of-online-slot-gaming-a-deep-dive-into-ancient-egyptian-inspired-platforms%2F HTTP/1.1" 404 236 "http://alsahibalc.com/2025/07/13/the-evolution-of-online-slot-gaming-a-deep-dive-into-ancient-egyptian-inspired-platforms/" "Mozilla/5.0 AppleWebKit/537.36 (KHTML, like Gecko; compatible; GPTBot/1.3; +https://openai.com/gptbot)"
57.141.0.3 - - [10/Mar/2026:12:05:07 -0700] "GET /2026/02/13/real-money-casinos-on-the-internet-fruitoids-casino-bonus-better-websites-to-own-2026/ HTTP/1.1" 404 236 "-" "meta-externalagent/1.1 (+https://developers.facebook.com/docs/sharing/webmasters/crawler)"
57.141.0.66 - - [10/Mar/2026:12:05:08 -0700] "GET /2026/02/16/nachfolgende-traktandum-10-erreichbar-casinos-via-echtgeld-2026-casinotest-com/ HTTP/1.1" 404 236 "-" "meta-externalagent/1.1 (+https://developers.facebook.com/docs/sharing/webmasters/crawler)"
57.141.0.7 - - [10/Mar/2026:12:05:09 -0700] "GET /2026/02/21/onlajn-gama-casino-online-12195/ HTTP/1.1" 404 236 "-" "meta-externalagent/1.1 (+https://developers.facebook.com/docs/sharing/webmasters/crawler)"
57.141.0.3 - - [10/Mar/2026:12:05:09 -0700] "GET /2026/02/16/eye-break-da-bank-slot-groser-sieg-of-horus-4-euroletten-freispiele/ HTTP/1.1" 404 236 "-" "meta-externalagent/1.1 (+https://developers.facebook.com/docs/sharing/webmasters/crawler)"
57.141.0.59 - - [10/Mar/2026:12:05:10 -0700] "GET /2026/02/20/vefhonnun-longun-fra-verde-casino-innskraning-umbodsmanns-davidhellmann/ HTTP/1.1" 404 236 "-" "meta-externalagent/1.1 (+https://developers.facebook.com/docs/sharing/webmasters/crawler)"
57.141.0.2 - - [10/Mar/2026:12:05:11 -0700] "GET /2026/02/25/vikingacasinot-lodur-moby-dick-spelautomat-riktiga-pengar-age-lanserats-ino-sverige/ HTTP/1.1" 404 236 "-" "meta-externalagent/1.1 (+https://developers.facebook.com/docs/sharing/webmasters/crawler)"
57.141.0.57 - - [10/Mar/2026:12:05:12 -0700] "GET /2026/02/07/play-dragon-hook-pokies-trial-100-percent-free/ HTTP/1.1" 404 236 "-" "meta-externalagent/1.1 (+https://developers.facebook.com/docs/sharing/webmasters/crawler)"
57.141.0.55 - - [10/Mar/2026:12:05:13 -0700] "GET /2026/02/08/nv-casino-bonus-bez-depozytu-grudzien-2025/ HTTP/1.1" 404 236 "-" "meta-externalagent/1.1 (+https://developers.facebook.com/docs/sharing/webmasters/crawler)"
57.141.0.64 - - [10/Mar/2026:12:05:15 -0700] "GET /2026/02/14/twenty-three-horseshoe-las-vegas-earlier-ballys-las-vegas-2022/ HTTP/1.1" 404 236 "-" "meta-externalagent/1.1 (+https://developers.facebook.com/docs/sharing/webmasters/crawler)"
57.141.0.37 - - [10/Mar/2026:12:05:16 -0700] "GET /2026/02/16/toutes-les-traduction-dlobstermania-fournies-dans-leurs-casinos-un-pas-de-casino-de-depot-vulkan-vegas-brin/ HTTP/1.1" 404 236 "-" "meta-externalagent/1.1 (+https://developers.facebook.com/docs/sharing/webmasters/crawler)"
74.7.241.15 - - [10/Mar/2026:12:05:16 -0700] "GET /wp-json/oembed/1.0/embed?format=xml&url=http%3A%2F%2Falsahibalc.com%2F2026%2F02%2F07%2Fenjoy-fairy-gate-casino-slot-games-on-the-internet-from-the-mega-gambling-establishment%2F HTTP/1.1" 404 236 "http://alsahibalc.com/2026/02/07/enjoy-fairy-gate-casino-slot-games-on-the-internet-from-the-mega-gambling-establishment/" "Mozilla/5.0 AppleWebKit/537.36 (KHTML, like Gecko; compatible; GPTBot/1.3; +https://openai.com/gptbot)"
57.141.0.58 - - [10/Mar/2026:12:05:18 -0700] "GET /2026/01/26/disposizioni-e-specie-della-gioco-roulette-su/ HTTP/1.1" 404 236 "-" "meta-externalagent/1.1 (+https://developers.facebook.com/docs/sharing/webmasters/crawler)"
57.141.0.24 - - [10/Mar/2026:12:05:18 -0700] "GET /2025/07/16/10-chicken-road-app/ HTTP/1.1" 404 236 "-" "meta-externalagent/1.1 (+https://developers.facebook.com/docs/sharing/webmasters/crawler)"
57.141.0.48 - - [10/Mar/2026:12:05:19 -0700] "GET /2026/03/03/tagesordnungspunkt-50-casinos-damit-genesis-app-login-echtes-piepen-auffuhren-2026/ HTTP/1.1" 404 236 "-" "meta-externalagent/1.1 (+https://developers.facebook.com/docs/sharing/webmasters/crawler)"
57.141.0.26 - - [10/Mar/2026:12:05:20 -0700] "GET /2026/02/07/zimpler-gambling-enterprises-better-online-casinos-taking-zimpler/ HTTP/1.1" 404 236 "-" "meta-externalagent/1.1 (+https://developers.facebook.com/docs/sharing/webmasters/crawler)"
57.141.0.63 - - [10/Mar/2026:12:05:20 -0700] "GET /2026/02/28/greatest-casinos-on-the-internet-the-real-deal-currency-payment-2026/ HTTP/1.1" 404 236 "-" "meta-externalagent/1.1 (+https://developers.facebook.com/docs/sharing/webmasters/crawler)"
57.141.0.9 - - [10/Mar/2026:12:05:21 -0700] "GET /2026/03/03/utforska-de-psykologiska-knep-som-casinon-anvander-for-att-fa-dig-att-spela/ HTTP/1.1" 404 236 "-" "meta-externalagent/1.1 (+https://developers.facebook.com/docs/sharing/webmasters/crawler)"
57.141.0.15 - - [10/Mar/2026:12:05:21 -0700] "GET /2025/05/22/die-renaissance-der-klassischen-spielautomaten-ein-blick-auf-die-attraktivitat-von-agyptischen-themen/ HTTP/1.1" 404 236 "-" "meta-externalagent/1.1 (+https://developers.facebook.com/docs/sharing/webmasters/crawler)"
57.141.0.59 - - [10/Mar/2026:12:05:22 -0700] "GET /2026/02/20/motywacja-bez-depozytu-%ef%bf%bd-zdobadz-bezplatne-spiny-raczej-niz-wkladu-bardzo/ HTTP/1.1" 404 236 "-" "meta-externalagent/1.1 (+https://developers.facebook.com/docs/sharing/webmasters/crawler)"
57.141.0.27 - - [10/Mar/2026:12:05:23 -0700] "GET /2026/02/16/verbunden-casinos-via-lord-of-the-ocean-gamble-trick-sofortuberweisung-geprufte-versorger-2026/ HTTP/1.1" 404 236 "-" "meta-externalagent/1.1 (+https://developers.facebook.com/docs/sharing/webmasters/crawler)"
57.141.0.67 - - [10/Mar/2026:12:05:24 -0700] "GET /2025/03/24/impacto-de-las-criptomonedas-en-thorfortune-casino-tendencias-actuales/ HTTP/1.1" 404 236 "-" "meta-externalagent/1.1 (+https://developers.facebook.com/docs/sharing/webmasters/crawler)"
57.141.0.28 - - [10/Mar/2026:12:05:24 -0700] "GET /2026/01/27/multiplica-tus-ganancias-al-instante-con-la-11/ HTTP/1.1" 404 236 "-" "meta-externalagent/1.1 (+https://developers.facebook.com/docs/sharing/webmasters/crawler)"
57.141.0.27 - - [10/Mar/2026:12:05:25 -0700] "GET /2026/02/21/anmelden-within-mr-bet-kasino-direkt-ausfullen-zum-besten-geben/ HTTP/1.1" 404 236 "-" "meta-externalagent/1.1 (+https://developers.facebook.com/docs/sharing/webmasters/crawler)"
57.141.0.59 - - [10/Mar/2026:12:05:25 -0700] "GET /2026/02/10/finest-zimpler-gambling-enterprises-better-zimpler-on-line-casino-internet-hugo-casino-app-apk-sites/ HTTP/1.1" 404 236 "-" "meta-externalagent/1.1 (+https://developers.facebook.com/docs/sharing/webmasters/crawler)"
74.7.241.15 - - [10/Mar/2026:12:05:25 -0700] "GET /wp-json/oembed/1.0/embed?format=xml&url=http%3A%2F%2Falsahibalc.com%2F2025%2F07%2F08%2Fstrategic-insights-into-the-evolution-of-online-slot-games-a-focus-on-fishin-frenzy%2F HTTP/1.1" 404 236 "http://alsahibalc.com/2025/07/08/strategic-insights-into-the-evolution-of-online-slot-games-a-focus-on-fishin-frenzy/" "Mozilla/5.0 AppleWebKit/537.36 (KHTML, like Gecko; compatible; GPTBot/1.3; +https://openai.com/gptbot)"
57.141.0.54 - - [10/Mar/2026:12:05:26 -0700] "GET /2026/02/11/aufregende-gewinne-und-unvergessliche-momente/ HTTP/1.1" 404 236 "-" "meta-externalagent/1.1 (+https://developers.facebook.com/docs/sharing/webmasters/crawler)"
57.141.0.22 - - [10/Mar/2026:12:05:27 -0700] "GET /2026/02/12/spielbank-seiten-unser-bitcoin-zu-eigen-machen-unbegrenzte-spielbank-10-freispiele-dmv-service-santee-vierundzwanzig-casino-cash-elevator-stunden-stop/ HTTP/1.1" 404 236 "-" "meta-externalagent/1.1 (+https://developers.facebook.com/docs/sharing/webmasters/crawler)"
57.141.0.36 - - [10/Mar/2026:12:05:28 -0700] "GET /2026/01/26/free-spins-no-deposit-uk-no-gamstop-your-15/ HTTP/1.1" 404 236 "-" "meta-externalagent/1.1 (+https://developers.facebook.com/docs/sharing/webmasters/crawler)"
57.141.0.5 - - [10/Mar/2026:12:05:31 -0700] "GET /2025/07/19/kazino-oficialnyj-sajt-pin-up-casino-vhodi-i-36/ HTTP/1.1" 404 236 "-" "meta-externalagent/1.1 (+https://developers.facebook.com/docs/sharing/webmasters/crawler)"
57.141.0.40 - - [10/Mar/2026:12:05:32 -0700] "GET /2026/02/26/indbetalingsbonus-fa-oje-pa-highway-kings-pro-online-slot-de-bedste-bonusser-oven-i-kobet-betting/ HTTP/1.1" 404 236 "-" "meta-externalagent/1.1 (+https://developers.facebook.com/docs/sharing/webmasters/crawler)"
