74.7.241.15 - - [10/Mar/2026:11:01:42 -0700] "GET /wp-json/oembed/1.0/embed?format=xml&url=http%3A%2F%2Falsahibalc.com%2F2026%2F01%2F21%2Fthe-evolution-of-online-angling-gaming-and-its-impact-on-uk-fisheries%2F HTTP/1.1" 404 236 "http://alsahibalc.com/2026/01/21/the-evolution-of-online-angling-gaming-and-its-impact-on-uk-fisheries/" "Mozilla/5.0 AppleWebKit/537.36 (KHTML, like Gecko; compatible; GPTBot/1.3; +https://openai.com/gptbot)"
74.7.241.15 - - [10/Mar/2026:11:01:52 -0700] "GET /wp-json/oembed/1.0/embed?format=xml&url=http%3A%2F%2Falsahibalc.com%2F2026%2F02%2F19%2Frating-totally-free-spins-to-your-membership-no-put-within-the-south-africa%2F HTTP/1.1" 404 236 "http://alsahibalc.com/2026/02/19/rating-totally-free-spins-to-your-membership-no-put-within-the-south-africa/" "Mozilla/5.0 AppleWebKit/537.36 (KHTML, like Gecko; compatible; GPTBot/1.3; +https://openai.com/gptbot)"
74.7.241.15 - - [10/Mar/2026:11:02:01 -0700] "GET /wp-json/oembed/1.0/embed?format=xml&url=http%3A%2F%2Falsahibalc.com%2F2026%2F02%2F27%2Fdiscover-the-mysteries-of-the-eye-knights-heart-online-slot-of-horus%2F HTTP/1.1" 404 236 "http://alsahibalc.com/2026/02/27/discover-the-mysteries-of-the-eye-knights-heart-online-slot-of-horus/" "Mozilla/5.0 AppleWebKit/537.36 (KHTML, like Gecko; compatible; GPTBot/1.3; +https://openai.com/gptbot)"
74.7.241.15 - - [10/Mar/2026:11:02:10 -0700] "GET /wp-json/oembed/1.0/embed?format=xml&url=http%3A%2F%2Falsahibalc.com%2F2026%2F02%2F25%2Fwriteup-on-dragon-swinging-slot-machine-just-how-where-you-can-enjoy%2F HTTP/1.1" 404 236 "http://alsahibalc.com/2026/02/25/writeup-on-dragon-swinging-slot-machine-just-how-where-you-can-enjoy/" "Mozilla/5.0 AppleWebKit/537.36 (KHTML, like Gecko; compatible; GPTBot/1.3; +https://openai.com/gptbot)"
74.7.241.15 - - [10/Mar/2026:11:02:20 -0700] "GET /wp-json/oembed/1.0/embed?format=xml&url=http%3A%2F%2Falsahibalc.com%2F2026%2F02%2F25%2Faztec-harbors-have-fun-with-the-better-aztec-themed-games-free-online%2F HTTP/1.1" 404 236 "http://alsahibalc.com/2026/02/25/aztec-harbors-have-fun-with-the-better-aztec-themed-games-free-online/" "Mozilla/5.0 AppleWebKit/537.36 (KHTML, like Gecko; compatible; GPTBot/1.3; +https://openai.com/gptbot)"
74.7.241.15 - - [10/Mar/2026:11:02:30 -0700] "GET /wp-json/oembed/1.0/embed?format=xml&url=http%3A%2F%2Falsahibalc.com%2F2025%2F03%2F10%2Funderstanding-rtp-in-online-slot-games-a-deep-dive-into-eye-of-horus%2F HTTP/1.1" 404 236 "http://alsahibalc.com/2025/03/10/understanding-rtp-in-online-slot-games-a-deep-dive-into-eye-of-horus/" "Mozilla/5.0 AppleWebKit/537.36 (KHTML, like Gecko; compatible; GPTBot/1.3; +https://openai.com/gptbot)"
185.191.171.3 - - [10/Mar/2026:11:02:30 -0700] "GET /2025/07/31/can-the-unpredictable-bounce-of-a-ball-in-plinko/ HTTP/1.1" 404 236 "-" "Mozilla/5.0 (compatible; SemrushBot/7~bl; +http://www.semrush.com/bot.html)"
74.7.241.15 - - [10/Mar/2026:11:02:39 -0700] "GET /wp-json/oembed/1.0/embed?format=xml&url=http%3A%2F%2Falsahibalc.com%2F2026%2F02%2F27%2Fthe-space-slot-sensation-as-to-why-professionals-love-the-fresh-genre%2F HTTP/1.1" 404 236 "http://alsahibalc.com/2026/02/27/the-space-slot-sensation-as-to-why-professionals-love-the-fresh-genre/" "Mozilla/5.0 AppleWebKit/537.36 (KHTML, like Gecko; compatible; GPTBot/1.3; +https://openai.com/gptbot)"
85.208.96.198 - - [10/Mar/2026:11:02:51 -0700] "GET /2026/02/12/tagesordnungspunkt-spielautomaten-2026-echtgeld-slots-automaten-verbunden/ HTTP/1.1" 404 236 "-" "Mozilla/5.0 (compatible; SemrushBot/7~bl; +http://www.semrush.com/bot.html)"
74.7.241.15 - - [10/Mar/2026:11:02:58 -0700] "GET /wp-json/oembed/1.0/embed?format=xml&url=http%3A%2F%2Falsahibalc.com%2F2026%2F03%2F02%2Fmaria-casino-king-kong-slot-free-spins-indbetal-penge-og-nogle-gysser%2F HTTP/1.1" 404 236 "http://alsahibalc.com/2026/03/02/maria-casino-king-kong-slot-free-spins-indbetal-penge-og-nogle-gysser/" "Mozilla/5.0 AppleWebKit/537.36 (KHTML, like Gecko; compatible; GPTBot/1.3; +https://openai.com/gptbot)"
74.7.241.15 - - [10/Mar/2026:11:03:08 -0700] "GET /wp-json/oembed/1.0/embed?format=xml&url=http%3A%2F%2Falsahibalc.com%2F2026%2F02%2F18%2Fscore-totally-free-revolves-to-your-registration-that-have-a-good-one-put%2F HTTP/1.1" 404 236 "http://alsahibalc.com/2026/02/18/score-totally-free-revolves-to-your-registration-that-have-a-good-one-put/" "Mozilla/5.0 AppleWebKit/537.36 (KHTML, like Gecko; compatible; GPTBot/1.3; +https://openai.com/gptbot)"
74.7.241.15 - - [10/Mar/2026:11:03:17 -0700] "GET /wp-json/oembed/1.0/embed?format=xml&url=http%3A%2F%2Falsahibalc.com%2F2026%2F02%2F06%2Fsyndicate-gambling-casino-ladylucks-bonus-codes-enterprise-join-nice-product-sales-play-finest-game%2F HTTP/1.1" 404 236 "http://alsahibalc.com/2026/02/06/syndicate-gambling-casino-ladylucks-bonus-codes-enterprise-join-nice-product-sales-play-finest-game/" "Mozilla/5.0 AppleWebKit/537.36 (KHTML, like Gecko; compatible; GPTBot/1.3; +https://openai.com/gptbot)"
74.7.241.15 - - [10/Mar/2026:11:03:37 -0700] "GET /wp-json/oembed/1.0/embed?url=http%3A%2F%2Falsahibalc.com%2F2026%2F02%2F27%2Fdescubre-doradobet-la-mejor-opcion-para-juegos-en%2F HTTP/1.1" 404 236 "http://alsahibalc.com/2026/02/27/descubre-doradobet-la-mejor-opcion-para-juegos-en/" "Mozilla/5.0 AppleWebKit/537.36 (KHTML, like Gecko; compatible; GPTBot/1.3; +https://openai.com/gptbot)"
74.7.241.15 - - [10/Mar/2026:11:03:46 -0700] "GET /wp-json/oembed/1.0/embed?url=http%3A%2F%2Falsahibalc.com%2F2026%2F01%2F28%2Fsiente-la-emocion-de-ganar-en-grande-spinogambino%2F HTTP/1.1" 404 236 "http://alsahibalc.com/2026/01/28/siente-la-emocion-de-ganar-en-grande-spinogambino/" "Mozilla/5.0 AppleWebKit/537.36 (KHTML, like Gecko; compatible; GPTBot/1.3; +https://openai.com/gptbot)"
185.191.171.12 - - [10/Mar/2026:11:03:50 -0700] "GET /2026/02/09/mythen-im-casino-was-sie-wirklich-glauben-sollten/ HTTP/1.1" 404 236 "-" "Mozilla/5.0 (compatible; SemrushBot/7~bl; +http://www.semrush.com/bot.html)"
85.208.96.211 - - [10/Mar/2026:11:04:05 -0700] "GET /2025/07/28/cashwin-casino-die-vorteile-von-live-dealer-spielen-und-deren-bonusangebote/ HTTP/1.1" 404 236 "-" "Mozilla/5.0 (compatible; SemrushBot/7~bl; +http://www.semrush.com/bot.html)"
74.7.241.15 - - [10/Mar/2026:11:04:15 -0700] "GET /wp-json/oembed/1.0/embed?format=xml&url=http%3A%2F%2Falsahibalc.com%2F2026%2F02%2F18%2Fder-einstieg-ist-naturlich-nach-das-registration-weiters-einzahlung-wahlst-respons-deine-bevorzugte-poker-spielart%2F HTTP/1.1" 404 236 "http://alsahibalc.com/2026/02/18/der-einstieg-ist-naturlich-nach-das-registration-weiters-einzahlung-wahlst-respons-deine-bevorzugte-poker-spielart/" "Mozilla/5.0 AppleWebKit/537.36 (KHTML, like Gecko; compatible; GPTBot/1.3; +https://openai.com/gptbot)"
74.7.241.15 - - [10/Mar/2026:11:04:33 -0700] "GET /wp-json/oembed/1.0/embed?format=xml&url=http%3A%2F%2Falsahibalc.com%2F2026%2F01%2F14%2Fentfessle-dein-glucksgefuhl-mit-chicken-road-online-zum-spannungsgeladenen-nervenkitzel-und-garantie%2F HTTP/1.1" 404 236 "http://alsahibalc.com/2026/01/14/entfessle-dein-glucksgefuhl-mit-chicken-road-online-zum-spannungsgeladenen-nervenkitzel-und-garantie/" "Mozilla/5.0 AppleWebKit/537.36 (KHTML, like Gecko; compatible; GPTBot/1.3; +https://openai.com/gptbot)"
74.7.241.15 - - [10/Mar/2026:11:04:52 -0700] "GET /wp-json/oembed/1.0/embed?format=xml&url=http%3A%2F%2Falsahibalc.com%2F2026%2F03%2F02%2Fmobiles-spielen-in-der-spielholle-nimmt-hinter-durch-diesseitigen-handy-spielsalon-provision-blo-einzahlung%2F HTTP/1.1" 404 236 "http://alsahibalc.com/2026/03/02/mobiles-spielen-in-der-spielholle-nimmt-hinter-durch-diesseitigen-handy-spielsalon-provision-blo-einzahlung/" "Mozilla/5.0 AppleWebKit/537.36 (KHTML, like Gecko; compatible; GPTBot/1.3; +https://openai.com/gptbot)"
74.7.241.15 - - [10/Mar/2026:11:05:10 -0700] "GET /wp-json/oembed/1.0/embed?format=xml&url=http%3A%2F%2Falsahibalc.com%2F2026%2F02%2F09%2Fadvice-thunderstruck-paypal-real-money-and-societal-development-out-of-cheeky-casino-alaskas-financing-character-synthetic%2F HTTP/1.1" 404 236 "http://alsahibalc.com/2026/02/09/advice-thunderstruck-paypal-real-money-and-societal-development-out-of-cheeky-casino-alaskas-financing-character-synthetic/" "Mozilla/5.0 AppleWebKit/537.36 (KHTML, like Gecko; compatible; GPTBot/1.3; +https://openai.com/gptbot)"
185.191.171.8 - - [10/Mar/2026:11:05:11 -0700] "GET /2026/01/28/oficialnyj-sajt-pinco-casino-9427/ HTTP/1.1" 404 236 "-" "Mozilla/5.0 (compatible; SemrushBot/7~bl; +http://www.semrush.com/bot.html)"
74.7.241.15 - - [10/Mar/2026:11:05:20 -0700] "GET /wp-json/oembed/1.0/embed?format=xml&url=http%3A%2F%2Falsahibalc.com%2F2026%2F02%2F18%2Fversiert-eltern-in-diesem-fall-hinsichtlich-die-leser-exklusive-chance-erheblich-entzuckung-erlebnis-konnen%2F HTTP/1.1" 404 236 "http://alsahibalc.com/2026/02/18/versiert-eltern-in-diesem-fall-hinsichtlich-die-leser-exklusive-chance-erheblich-entzuckung-erlebnis-konnen/" "Mozilla/5.0 AppleWebKit/537.36 (KHTML, like Gecko; compatible; GPTBot/1.3; +https://openai.com/gptbot)"
74.7.241.15 - - [10/Mar/2026:11:05:29 -0700] "GET /wp-json/oembed/1.0/embed?format=xml&url=http%3A%2F%2Falsahibalc.com%2F2026%2F02%2F24%2Fyeni-zelandada-goldbet-kumarhane-promosyonu-ucretsiz-online-pokies-oyunlari-oynayarak-eglenin%2F HTTP/1.1" 404 236 "http://alsahibalc.com/2026/02/24/yeni-zelandada-goldbet-kumarhane-promosyonu-ucretsiz-online-pokies-oyunlari-oynayarak-eglenin/" "Mozilla/5.0 AppleWebKit/537.36 (KHTML, like Gecko; compatible; GPTBot/1.3; +https://openai.com/gptbot)"
74.7.241.15 - - [10/Mar/2026:11:05:38 -0700] "GET /wp-json/oembed/1.0/embed?format=xml&url=http%3A%2F%2Falsahibalc.com%2F2026%2F02%2F27%2Fhasene-international-grace-of-cleopatra-slot-online-casino-basis-des-naturlichen-logarithmus-vanadium-zakat-rechner%2F HTTP/1.1" 404 236 "http://alsahibalc.com/2026/02/27/hasene-international-grace-of-cleopatra-slot-online-casino-basis-des-naturlichen-logarithmus-vanadium-zakat-rechner/" "Mozilla/5.0 AppleWebKit/537.36 (KHTML, like Gecko; compatible; GPTBot/1.3; +https://openai.com/gptbot)"
185.191.171.16 - - [10/Mar/2026:11:05:43 -0700] "GET /2026/02/15/pinco-online-727/ HTTP/1.1" 404 236 "-" "Mozilla/5.0 (compatible; SemrushBot/7~bl; +http://www.semrush.com/bot.html)"
74.7.241.15 - - [10/Mar/2026:11:05:48 -0700] "GET /wp-json/oembed/1.0/embed?format=xml&url=http%3A%2F%2Falsahibalc.com%2F2026%2F02%2F28%2Fangeschlossen-kasino-provision-abzuglich-einzahlung-fruit-shop-paypal-auf-anhieb-no-frankierung%2F HTTP/1.1" 404 236 "http://alsahibalc.com/2026/02/28/angeschlossen-kasino-provision-abzuglich-einzahlung-fruit-shop-paypal-auf-anhieb-no-frankierung/" "Mozilla/5.0 AppleWebKit/537.36 (KHTML, like Gecko; compatible; GPTBot/1.3; +https://openai.com/gptbot)"
74.7.241.15 - - [10/Mar/2026:11:05:57 -0700] "GET /wp-json/oembed/1.0/embed?format=xml&url=http%3A%2F%2Falsahibalc.com%2F2026%2F02%2F07%2Faustralian-continent-background-metropolitan-areas-inhabitants-cribbage-slot-for-real-money-funding-map-things%2F HTTP/1.1" 404 236 "http://alsahibalc.com/2026/02/07/australian-continent-background-metropolitan-areas-inhabitants-cribbage-slot-for-real-money-funding-map-things/" "Mozilla/5.0 AppleWebKit/537.36 (KHTML, like Gecko; compatible; GPTBot/1.3; +https://openai.com/gptbot)"
85.208.96.202 - - [10/Mar/2026:11:06:10 -0700] "GET /2025/12/31/the-future-of-live-dealer-casinos-88/ HTTP/1.1" 404 236 "-" "Mozilla/5.0 (compatible; SemrushBot/7~bl; +http://www.semrush.com/bot.html)"
74.7.241.15 - - [10/Mar/2026:11:06:16 -0700] "GET /wp-json/oembed/1.0/embed?format=xml&url=http%3A%2F%2Falsahibalc.com%2F2026%2F03%2F02%2Ffindet-man-neoterisch-einen-tipwin-vermittlungsprovision-sourcecode-zu-handen-umsonst-haben%2F HTTP/1.1" 404 236 "http://alsahibalc.com/2026/03/02/findet-man-neoterisch-einen-tipwin-vermittlungsprovision-sourcecode-zu-handen-umsonst-haben/" "Mozilla/5.0 AppleWebKit/537.36 (KHTML, like Gecko; compatible; GPTBot/1.3; +https://openai.com/gptbot)"
74.7.241.15 - - [10/Mar/2026:11:06:25 -0700] "GET /wp-json/oembed/1.0/embed?format=xml&url=http%3A%2F%2Falsahibalc.com%2F2026%2F03%2F02%2Fdas-verschwunden-zum-freispiel-vermittlungsgebuhr-inside-einen-angeschlossen-casinos-wird-nicht-durch-die-bank-rundum-ident%2F HTTP/1.1" 404 236 "http://alsahibalc.com/2026/03/02/das-verschwunden-zum-freispiel-vermittlungsgebuhr-inside-einen-angeschlossen-casinos-wird-nicht-durch-die-bank-rundum-ident/" "Mozilla/5.0 AppleWebKit/537.36 (KHTML, like Gecko; compatible; GPTBot/1.3; +https://openai.com/gptbot)"
74.7.241.15 - - [10/Mar/2026:11:06:35 -0700] "GET /wp-json/oembed/1.0/embed?format=xml&url=http%3A%2F%2Falsahibalc.com%2F2026%2F02%2F25%2Fonline-speculeren-erbij-vegas-feest-pro-werkelijk-strafbaar-nederlan-de-betrouwbaarste-offlin-goksites%2F HTTP/1.1" 404 236 "http://alsahibalc.com/2026/02/25/online-speculeren-erbij-vegas-feest-pro-werkelijk-strafbaar-nederlan-de-betrouwbaarste-offlin-goksites/" "Mozilla/5.0 AppleWebKit/537.36 (KHTML, like Gecko; compatible; GPTBot/1.3; +https://openai.com/gptbot)"
185.191.171.13 - - [10/Mar/2026:11:06:36 -0700] "GET /2026/02/12/druckgluck-erfahrungen-2026-sind-gewinne-ausgezahlt/ HTTP/1.1" 404 236 "-" "Mozilla/5.0 (compatible; SemrushBot/7~bl; +http://www.semrush.com/bot.html)"
85.208.96.194 - - [10/Mar/2026:11:06:47 -0700] "GET /author/user/page/57/ HTTP/1.1" 404 236 "-" "Mozilla/5.0 (compatible; SemrushBot/7~bl; +http://www.semrush.com/bot.html)"
74.7.241.15 - - [10/Mar/2026:11:06:53 -0700] "GET /wp-json/oembed/1.0/embed?format=xml&url=http%3A%2F%2Falsahibalc.com%2F2026%2F02%2F27%2Fentdecke-nachfolgende-besten-blackjack-gonzos-quest-casinos-strategien-je-jeden-spielertyp-jetzt-gewinnen%2F HTTP/1.1" 404 236 "http://alsahibalc.com/2026/02/27/entdecke-nachfolgende-besten-blackjack-gonzos-quest-casinos-strategien-je-jeden-spielertyp-jetzt-gewinnen/" "Mozilla/5.0 AppleWebKit/537.36 (KHTML, like Gecko; compatible; GPTBot/1.3; +https://openai.com/gptbot)"
74.7.241.15 - - [10/Mar/2026:11:07:03 -0700] "GET /wp-json/oembed/1.0/embed?format=xml&url=http%3A%2F%2Falsahibalc.com%2F2026%2F02%2F19%2Fnachfolgende-kollektiv-geschult-ihnen-direktemang-blank-burokratische-hurden-bei-diese-welt-das-hg-spiele-einzutauchen%2F HTTP/1.1" 404 236 "http://alsahibalc.com/2026/02/19/nachfolgende-kollektiv-geschult-ihnen-direktemang-blank-burokratische-hurden-bei-diese-welt-das-hg-spiele-einzutauchen/" "Mozilla/5.0 AppleWebKit/537.36 (KHTML, like Gecko; compatible; GPTBot/1.3; +https://openai.com/gptbot)"
85.208.96.211 - - [10/Mar/2026:11:07:17 -0700] "GET /2026/01/28/glory-casino-bangladesh-official-website-4661-2/ HTTP/1.1" 404 236 "-" "Mozilla/5.0 (compatible; SemrushBot/7~bl; +http://www.semrush.com/bot.html)"
74.7.241.15 - - [10/Mar/2026:11:07:22 -0700] "GET /wp-json/oembed/1.0/embed?format=xml&url=http%3A%2F%2Falsahibalc.com%2F2026%2F02%2F11%2Flucky-days-spielbank-toller-beitrag-zum-lesen-nachprufung-ihr-brandneue-provider-inoffizieller-mitarbeiter-grosen-test%2F HTTP/1.1" 404 236 "http://alsahibalc.com/2026/02/11/lucky-days-spielbank-toller-beitrag-zum-lesen-nachprufung-ihr-brandneue-provider-inoffizieller-mitarbeiter-grosen-test/" "Mozilla/5.0 AppleWebKit/537.36 (KHTML, like Gecko; compatible; GPTBot/1.3; +https://openai.com/gptbot)"
57.141.0.49 - - [10/Mar/2026:11:07:23 -0700] "GET /2026/03/02/elvezd-a-harbors-angels-nyerogepes-poziciojatekokat-online-100-ban-ingyenes-porgetesekkel/ HTTP/1.1" 404 236 "-" "meta-externalagent/1.1 (+https://developers.facebook.com/docs/sharing/webmasters/crawler)"
74.7.241.15 - - [10/Mar/2026:11:07:31 -0700] "GET /wp-json/oembed/1.0/embed?format=xml&url=http%3A%2F%2Falsahibalc.com%2F2026%2F02%2F18%2Fluckydays-spielbank-zugangsberechtigung-as-part-of-teutonia-einfacher-zugriff-und-sicheres%2F HTTP/1.1" 404 236 "http://alsahibalc.com/2026/02/18/luckydays-spielbank-zugangsberechtigung-as-part-of-teutonia-einfacher-zugriff-und-sicheres/" "Mozilla/5.0 AppleWebKit/537.36 (KHTML, like Gecko; compatible; GPTBot/1.3; +https://openai.com/gptbot)"
85.208.96.194 - - [10/Mar/2026:11:07:39 -0700] "GET /2026/02/06/greatest-free-online-pokies-%E2%AD%90%EF%B8%8F-wager-enjoyable-15-golden-eggs-slot-no-deposit-no-deposit-subscribe-added-bonus-sale/ HTTP/1.1" 404 236 "-" "Mozilla/5.0 (compatible; SemrushBot/7~bl; +http://www.semrush.com/bot.html)"
74.7.241.15 - - [10/Mar/2026:11:07:40 -0700] "GET /wp-json/oembed/1.0/embed?format=xml&url=http%3A%2F%2Falsahibalc.com%2F2026%2F02%2F07%2Fthunderstruck-harbors-discover-totally-free-revolves-and-unbelievable-willy-wonka-casino-rewards%2F HTTP/1.1" 404 236 "http://alsahibalc.com/2026/02/07/thunderstruck-harbors-discover-totally-free-revolves-and-unbelievable-willy-wonka-casino-rewards/" "Mozilla/5.0 AppleWebKit/537.36 (KHTML, like Gecko; compatible; GPTBot/1.3; +https://openai.com/gptbot)"
74.7.241.15 - - [10/Mar/2026:11:07:50 -0700] "GET /wp-json/oembed/1.0/embed?format=xml&url=http%3A%2F%2Falsahibalc.com%2F2026%2F02%2F10%2Foptimierung-des-bodybuildings-sicherer-und-verantwortungsvoller-umgang-mit-steroiden-aus-dem-darknet%2F HTTP/1.1" 404 236 "http://alsahibalc.com/2026/02/10/optimierung-des-bodybuildings-sicherer-und-verantwortungsvoller-umgang-mit-steroiden-aus-dem-darknet/" "Mozilla/5.0 AppleWebKit/537.36 (KHTML, like Gecko; compatible; GPTBot/1.3; +https://openai.com/gptbot)"
74.7.241.15 - - [10/Mar/2026:11:08:00 -0700] "GET /wp-json/oembed/1.0/embed?format=xml&url=http%3A%2F%2Falsahibalc.com%2F2026%2F02%2F27%2Fnetent-wird-prestigevoll-fur-jedes-seine-magische-bild-qua-schicken-intros-unter-anderem-fantastischen-bonusrunden%2F HTTP/1.1" 404 236 "http://alsahibalc.com/2026/02/27/netent-wird-prestigevoll-fur-jedes-seine-magische-bild-qua-schicken-intros-unter-anderem-fantastischen-bonusrunden/" "Mozilla/5.0 AppleWebKit/537.36 (KHTML, like Gecko; compatible; GPTBot/1.3; +https://openai.com/gptbot)"
74.7.241.15 - - [10/Mar/2026:11:08:10 -0700] "GET /wp-json/oembed/1.0/embed?url=http%3A%2F%2Falsahibalc.com%2F2026%2F01%2F30%2F7slots-casino-en-popler-slot-oyunlar-4896-2%2F HTTP/1.1" 404 236 "http://alsahibalc.com/2026/01/30/7slots-casino-en-popler-slot-oyunlar-4896-2/" "Mozilla/5.0 AppleWebKit/537.36 (KHTML, like Gecko; compatible; GPTBot/1.3; +https://openai.com/gptbot)"
74.7.241.15 - - [10/Mar/2026:11:08:19 -0700] "GET /wp-json/oembed/1.0/embed?format=xml&url=http%3A%2F%2Falsahibalc.com%2F2026%2F01%2F29%2Flechappee-belle-plinko-lart-subtil-de-defier-la-gravite-et-les%2F HTTP/1.1" 404 236 "http://alsahibalc.com/2026/01/29/lechappee-belle-plinko-lart-subtil-de-defier-la-gravite-et-les/" "Mozilla/5.0 AppleWebKit/537.36 (KHTML, like Gecko; compatible; GPTBot/1.3; +https://openai.com/gptbot)"
74.7.241.15 - - [10/Mar/2026:11:08:28 -0700] "GET /wp-json/oembed/1.0/embed?url=http%3A%2F%2Falsahibalc.com%2F2026%2F01%2F20%2Ftransforma-la-emocion-en-ganancias-estrategias%2F HTTP/1.1" 404 236 "http://alsahibalc.com/2026/01/20/transforma-la-emocion-en-ganancias-estrategias/" "Mozilla/5.0 AppleWebKit/537.36 (KHTML, like Gecko; compatible; GPTBot/1.3; +https://openai.com/gptbot)"
57.141.0.29 - - [10/Mar/2026:11:08:30 -0700] "GET /2025/11/21/the-evolution-of-online-slot-gaming-merging-innovation-with-cultural-heritage/ HTTP/1.1" 404 236 "-" "meta-externalagent/1.1 (+https://developers.facebook.com/docs/sharing/webmasters/crawler)"
74.7.241.15 - - [10/Mar/2026:11:08:38 -0700] "GET /wp-json/oembed/1.0/embed?format=xml&url=http%3A%2F%2Falsahibalc.com%2F2025%2F06%2F02%2Fregulatorische-anforderungen-und-verbraucherschutz-die-diskussion-um-die-sicherheit-in-online-casinos%2F HTTP/1.1" 404 236 "http://alsahibalc.com/2025/06/02/regulatorische-anforderungen-und-verbraucherschutz-die-diskussion-um-die-sicherheit-in-online-casinos/" "Mozilla/5.0 AppleWebKit/537.36 (KHTML, like Gecko; compatible; GPTBot/1.3; +https://openai.com/gptbot)"
74.7.241.15 - - [10/Mar/2026:11:08:47 -0700] "GET /wp-json/oembed/1.0/embed?format=xml&url=http%3A%2F%2Falsahibalc.com%2F2026%2F03%2F02%2Fnachfolgende-erfolgreichsten-gangbar-spielautomaten-fur-jedes-deutsche-gamer-im-vergleich%2F HTTP/1.1" 404 236 "http://alsahibalc.com/2026/03/02/nachfolgende-erfolgreichsten-gangbar-spielautomaten-fur-jedes-deutsche-gamer-im-vergleich/" "Mozilla/5.0 AppleWebKit/537.36 (KHTML, like Gecko; compatible; GPTBot/1.3; +https://openai.com/gptbot)"
51.195.103.76 - - [10/Mar/2026:11:08:50 -0700] "GET /robots.txt HTTP/1.1" 200 79 "-" "Mozilla/5.0 (compatible; MJ12bot/v1.4.8; http://mj12bot.com/)"
51.195.103.76 - - [10/Mar/2026:11:08:54 -0700] "GET /2023/07/22/luchshie-rossijskie-fil%D1%8Cmy-2024-vybor-kinopoiska-3/feed/ HTTP/1.1" 404 236 "-" "Mozilla/5.0 (compatible; MJ12bot/v1.4.8; http://mj12bot.com/)"
74.7.241.15 - - [10/Mar/2026:11:08:56 -0700] "GET /wp-json/oembed/1.0/embed?format=xml&url=http%3A%2F%2Falsahibalc.com%2F2025%2F02%2F28%2Frebuilding-identity-and-heritage-through-virtual-reconstructions-lessons-from-asgardian-villages%2F HTTP/1.1" 404 236 "http://alsahibalc.com/2025/02/28/rebuilding-identity-and-heritage-through-virtual-reconstructions-lessons-from-asgardian-villages/" "Mozilla/5.0 AppleWebKit/537.36 (KHTML, like Gecko; compatible; GPTBot/1.3; +https://openai.com/gptbot)"
51.195.103.76 - - [10/Mar/2026:11:08:57 -0700] "GET /2026/02/20/%D9%85%D9%83%D8%A7%D9%81%D8%A3%D8%A9-%D9%85%D8%AC%D8%A7%D9%86%D9%8A%D8%A9-%D8%A8%D8%AF%D9%88%D9%86-%D8%A5%D9%8A%D8%AF%D8%A7%D8%B9-%D9%81%D9%8A-%D9%83%D8%A7%D8%B2%D9%8A%D9%86%D9%88%D9%87%D8%A7%D8%AA/feed/ HTTP/1.1" 404 236 "-" "Mozilla/5.0 (compatible; MJ12bot/v1.4.8; http://mj12bot.com/)"
51.195.103.76 - - [10/Mar/2026:11:09:01 -0700] "GET /2026/02/20/%D9%85%D9%84%D8%A7%D8%AD%D8%B8%D8%A7%D8%AA-%D8%BA%D9%8A%D8%B1-%D8%AA%D9%82%D9%84%D9%8A%D8%AF%D9%8A%D8%A9-%D8%B9%D9%84%D9%89-%D9%81%D8%AA%D8%AD%D8%A9-%D8%A7%D9%84%D9%81%D8%A7%D9%83%D9%87%D8%A9-%D8%A7/ HTTP/1.1" 404 236 "-" "Mozilla/5.0 (compatible; MJ12bot/v1.4.8; http://mj12bot.com/)"
51.195.103.76 - - [10/Mar/2026:11:09:05 -0700] "GET /2026/02/20/%D9%85%D9%84%D8%A7%D8%AD%D8%B8%D8%A7%D8%AA-%D8%BA%D9%8A%D8%B1-%D8%AA%D9%82%D9%84%D9%8A%D8%AF%D9%8A%D8%A9-%D8%B9%D9%84%D9%89-%D9%81%D8%AA%D8%AD%D8%A9-%D8%A7%D9%84%D9%81%D8%A7%D9%83%D9%87%D8%A9-%D8%A7/feed/ HTTP/1.1" 404 236 "-" "Mozilla/5.0 (compatible; MJ12bot/v1.4.8; http://mj12bot.com/)"
74.7.241.15 - - [10/Mar/2026:11:09:06 -0700] "GET /wp-json/oembed/1.0/embed?format=xml&url=http%3A%2F%2Falsahibalc.com%2F2026%2F02%2F19%2Fpuikus-yoyospins-pieteiksanas-lietotnes-lejupielade-vidutinio-dydzio-zvejybos-nameliai-aliaskoje%2F HTTP/1.1" 404 236 "http://alsahibalc.com/2026/02/19/puikus-yoyospins-pieteiksanas-lietotnes-lejupielade-vidutinio-dydzio-zvejybos-nameliai-aliaskoje/" "Mozilla/5.0 AppleWebKit/537.36 (KHTML, like Gecko; compatible; GPTBot/1.3; +https://openai.com/gptbot)"
185.191.171.13 - - [10/Mar/2026:11:09:06 -0700] "GET /2025/08/06/les-chiffres-etonnants-des-paris-en-ligne-revelent-2/ HTTP/1.1" 404 236 "-" "Mozilla/5.0 (compatible; SemrushBot/7~bl; +http://www.semrush.com/bot.html)"
51.195.103.76 - - [10/Mar/2026:11:09:09 -0700] "GET /2026/02/20/%D9%85%D9%84%D8%A7%D8%AD%D8%B8%D8%A9-%D9%85%D9%88%D9%82%D9%81-%D9%84%D8%B9%D8%A8-%D9%85%D8%A7%D9%83%D8%B3-%D8%B3%D8%A8%D9%8A%D9%86%D9%88%D9%8A%D9%84-%D8%AA%D9%8A%D9%85%D8%A8%D9%84-%D8%A5%D9%83%D8%B3/ HTTP/1.1" 404 236 "-" "Mozilla/5.0 (compatible; MJ12bot/v1.4.8; http://mj12bot.com/)"
185.191.171.15 - - [10/Mar/2026:11:09:14 -0700] "GET /2026/02/12/a-cada-descida-uma-chance-maximize-seus-ganhos-com/ HTTP/1.1" 404 236 "-" "Mozilla/5.0 (compatible; SemrushBot/7~bl; +http://www.semrush.com/bot.html)"
74.7.241.15 - - [10/Mar/2026:11:09:25 -0700] "GET /wp-json/oembed/1.0/embed?format=xml&url=http%3A%2F%2Falsahibalc.com%2F2026%2F02%2F28%2Fdruckgluck-verbunden-casino-clash-of-pirates-spielautomat-teutonia-erreichbar-spielhalle-zugelassen%2F HTTP/1.1" 404 236 "http://alsahibalc.com/2026/02/28/druckgluck-verbunden-casino-clash-of-pirates-spielautomat-teutonia-erreichbar-spielhalle-zugelassen/" "Mozilla/5.0 AppleWebKit/537.36 (KHTML, like Gecko; compatible; GPTBot/1.3; +https://openai.com/gptbot)"
74.7.241.15 - - [10/Mar/2026:11:09:34 -0700] "GET /wp-json/oembed/1.0/embed?format=xml&url=http%3A%2F%2Falsahibalc.com%2F2026%2F03%2F02%2Fraging-rhino-positsioonimangu-trinocasino-sisselogimine-proovimang-ja-taiesti-tasuta-keerutused%2F HTTP/1.1" 404 236 "http://alsahibalc.com/2026/03/02/raging-rhino-positsioonimangu-trinocasino-sisselogimine-proovimang-ja-taiesti-tasuta-keerutused/" "Mozilla/5.0 AppleWebKit/537.36 (KHTML, like Gecko; compatible; GPTBot/1.3; +https://openai.com/gptbot)"
57.141.0.19 - - [10/Mar/2026:11:09:37 -0700] "GET /2026/02/07/spinions-online-real-money-slot-game-from-quickspin/ HTTP/1.1" 404 236 "-" "meta-externalagent/1.1 (+https://developers.facebook.com/docs/sharing/webmasters/crawler)"
74.7.241.15 - - [10/Mar/2026:11:09:44 -0700] "GET /wp-json/oembed/1.0/embed?format=xml&url=http%3A%2F%2Falsahibalc.com%2F2026%2F02%2F26%2Flucky-days-spielsaal-neukunden-registrierungsbonus-provision-abzuglich-einzahlung-wett-seiten%2F HTTP/1.1" 404 236 "http://alsahibalc.com/2026/02/26/lucky-days-spielsaal-neukunden-registrierungsbonus-provision-abzuglich-einzahlung-wett-seiten/" "Mozilla/5.0 AppleWebKit/537.36 (KHTML, like Gecko; compatible; GPTBot/1.3; +https://openai.com/gptbot)"
74.7.241.15 - - [10/Mar/2026:11:10:02 -0700] "GET /wp-json/oembed/1.0/embed?format=xml&url=http%3A%2F%2Falsahibalc.com%2F2026%2F02%2F18%2Fmri-pink-unterhalt-zweite-geige-gerne-via-humorvollen-spielbeschreibungen-gibt-zyklisch-groartige-bonusangebote-entsprechend-zwerk%2F HTTP/1.1" 404 236 "http://alsahibalc.com/2026/02/18/mri-pink-unterhalt-zweite-geige-gerne-via-humorvollen-spielbeschreibungen-gibt-zyklisch-groartige-bonusangebote-entsprechend-zwerk/" "Mozilla/5.0 AppleWebKit/537.36 (KHTML, like Gecko; compatible; GPTBot/1.3; +https://openai.com/gptbot)"
74.7.241.15 - - [10/Mar/2026:11:10:12 -0700] "GET /wp-json/oembed/1.0/embed?format=xml&url=http%3A%2F%2Falsahibalc.com%2F2026%2F03%2F02%2Fspilaviti-master-cooks-engin-innborgun-okeypis-snuningar-bonusreglur-kennaraholl-ventura-syslu-fra-magnificence%2F HTTP/1.1" 404 236 "http://alsahibalc.com/2026/03/02/spilaviti-master-cooks-engin-innborgun-okeypis-snuningar-bonusreglur-kennaraholl-ventura-syslu-fra-magnificence/" "Mozilla/5.0 AppleWebKit/537.36 (KHTML, like Gecko; compatible; GPTBot/1.3; +https://openai.com/gptbot)"
74.7.241.15 - - [10/Mar/2026:11:10:21 -0700] "GET /wp-json/oembed/1.0/embed?format=xml&url=http%3A%2F%2Falsahibalc.com%2F2026%2F01%2F30%2Fanabole-steroide-liste-optimierung-des-bodybuilding-trainings-durch-gezielte-supplementierung%2F HTTP/1.1" 404 236 "http://alsahibalc.com/2026/01/30/anabole-steroide-liste-optimierung-des-bodybuilding-trainings-durch-gezielte-supplementierung/" "Mozilla/5.0 AppleWebKit/537.36 (KHTML, like Gecko; compatible; GPTBot/1.3; +https://openai.com/gptbot)"
74.7.241.15 - - [10/Mar/2026:11:10:30 -0700] "GET /wp-json/oembed/1.0/embed?format=xml&url=http%3A%2F%2Falsahibalc.com%2F2026%2F03%2F02%2Ftoki-timer-beoordeling-gokhuis-piggy-riches-speelautomaat-gokasten-thunderkick-fietsslot-lezen%2F HTTP/1.1" 404 236 "http://alsahibalc.com/2026/03/02/toki-timer-beoordeling-gokhuis-piggy-riches-speelautomaat-gokasten-thunderkick-fietsslot-lezen/" "Mozilla/5.0 AppleWebKit/537.36 (KHTML, like Gecko; compatible; GPTBot/1.3; +https://openai.com/gptbot)"
74.7.241.15 - - [10/Mar/2026:11:10:40 -0700] "GET /wp-json/oembed/1.0/embed?format=xml&url=http%3A%2F%2Falsahibalc.com%2F2026%2F03%2F02%2Fbester-humanoid-erreichbar-spielsaal-bonus-alles-unterschiedliche-unter-diesseitigen-anblick%2F HTTP/1.1" 404 236 "http://alsahibalc.com/2026/03/02/bester-humanoid-erreichbar-spielsaal-bonus-alles-unterschiedliche-unter-diesseitigen-anblick/" "Mozilla/5.0 AppleWebKit/537.36 (KHTML, like Gecko; compatible; GPTBot/1.3; +https://openai.com/gptbot)"
57.141.0.49 - - [10/Mar/2026:11:10:43 -0700] "GET /2026/03/02/3-allege-the-deal-that-have-a-free-spins-password/ HTTP/1.1" 404 236 "-" "meta-externalagent/1.1 (+https://developers.facebook.com/docs/sharing/webmasters/crawler)"
74.7.241.15 - - [10/Mar/2026:11:10:49 -0700] "GET /wp-json/oembed/1.0/embed?format=xml&url=http%3A%2F%2Falsahibalc.com%2F2026%2F02%2F19%2Fverbunden-spielbank-tests-angeschlossen-casinos-boni-inoffizieller-mitarbeiter-abmachung%2F HTTP/1.1" 404 236 "http://alsahibalc.com/2026/02/19/verbunden-spielbank-tests-angeschlossen-casinos-boni-inoffizieller-mitarbeiter-abmachung/" "Mozilla/5.0 AppleWebKit/537.36 (KHTML, like Gecko; compatible; GPTBot/1.3; +https://openai.com/gptbot)"
74.7.241.15 - - [10/Mar/2026:11:11:08 -0700] "GET /wp-json/oembed/1.0/embed?format=xml&url=http%3A%2F%2Falsahibalc.com%2F2026%2F02%2F26%2Fspilleautomat-spiller-resident-chateau-ingen-slot-guns-n-roses-indbetalingsbonus-fortil-penger-gryphons-ufrugtbar%2F HTTP/1.1" 404 236 "http://alsahibalc.com/2026/02/26/spilleautomat-spiller-resident-chateau-ingen-slot-guns-n-roses-indbetalingsbonus-fortil-penger-gryphons-ufrugtbar/" "Mozilla/5.0 AppleWebKit/537.36 (KHTML, like Gecko; compatible; GPTBot/1.3; +https://openai.com/gptbot)"
74.7.241.15 - - [10/Mar/2026:11:11:18 -0700] "GET /wp-json/oembed/1.0/embed?format=xml&url=http%3A%2F%2Falsahibalc.com%2F2026%2F02%2F26%2Fhier-entdecken-sie-mehrfach-den-nueve-spielbank-vermittlungsgebuhr-sourcecode-bestandskunden%2F HTTP/1.1" 404 236 "http://alsahibalc.com/2026/02/26/hier-entdecken-sie-mehrfach-den-nueve-spielbank-vermittlungsgebuhr-sourcecode-bestandskunden/" "Mozilla/5.0 AppleWebKit/537.36 (KHTML, like Gecko; compatible; GPTBot/1.3; +https://openai.com/gptbot)"
74.7.241.15 - - [10/Mar/2026:11:11:28 -0700] "GET /wp-json/oembed/1.0/embed?format=xml&url=http%3A%2F%2Falsahibalc.com%2F2026%2F02%2F18%2Fjuguetear-lucky-little-devil-regalado-demostracion-asi-como-apetencia-desprovisto-spartacus-ningun-tanque-invertir%2F HTTP/1.1" 404 236 "http://alsahibalc.com/2026/02/18/juguetear-lucky-little-devil-regalado-demostracion-asi-como-apetencia-desprovisto-spartacus-ningun-tanque-invertir/" "Mozilla/5.0 AppleWebKit/537.36 (KHTML, like Gecko; compatible; GPTBot/1.3; +https://openai.com/gptbot)"
74.7.241.15 - - [10/Mar/2026:11:11:37 -0700] "GET /wp-json/oembed/1.0/embed?format=xml&url=http%3A%2F%2Falsahibalc.com%2F2026%2F02%2F18%2Fmanipulation-z-hd-gamer-leer-verschiedenen-regionen-casinos-exklusive-lugas-zulassen-mich-frei-geografische-beschrankungen-geben%2F HTTP/1.1" 404 236 "http://alsahibalc.com/2026/02/18/manipulation-z-hd-gamer-leer-verschiedenen-regionen-casinos-exklusive-lugas-zulassen-mich-frei-geografische-beschrankungen-geben/" "Mozilla/5.0 AppleWebKit/537.36 (KHTML, like Gecko; compatible; GPTBot/1.3; +https://openai.com/gptbot)"
74.7.241.15 - - [10/Mar/2026:11:11:46 -0700] "GET /wp-json/oembed/1.0/embed?format=xml&url=http%3A%2F%2Falsahibalc.com%2F2026%2F02%2F19%2Fcasumo-kasino-erfahrungen-wie-gut-ist-und-bleibt-fruitinator-spielautomat-nachfolgende-verbunden-spielothek%2F HTTP/1.1" 404 236 "http://alsahibalc.com/2026/02/19/casumo-kasino-erfahrungen-wie-gut-ist-und-bleibt-fruitinator-spielautomat-nachfolgende-verbunden-spielothek/" "Mozilla/5.0 AppleWebKit/537.36 (KHTML, like Gecko; compatible; GPTBot/1.3; +https://openai.com/gptbot)"
85.208.96.205 - - [10/Mar/2026:11:11:54 -0700] "GET /2026/02/15/pin-up-kazino-oficialnyj-sajt-pin-ap-vhod-na-114/ HTTP/1.1" 404 236 "-" "Mozilla/5.0 (compatible; SemrushBot/7~bl; +http://www.semrush.com/bot.html)"
74.7.241.15 - - [10/Mar/2026:11:11:56 -0700] "GET /wp-json/oembed/1.0/embed?format=xml&url=http%3A%2F%2Falsahibalc.com%2F2025%2F07%2F04%2Fdie-digitale-transformation-beeinflusst-unternehmen-weltweit-massgeblich-laut-aktuellen-studien-dere%2F HTTP/1.1" 404 236 "http://alsahibalc.com/2025/07/04/die-digitale-transformation-beeinflusst-unternehmen-weltweit-massgeblich-laut-aktuellen-studien-dere/" "Mozilla/5.0 AppleWebKit/537.36 (KHTML, like Gecko; compatible; GPTBot/1.3; +https://openai.com/gptbot)"
104.244.72.22 - - [10/Mar/2026:11:11:56 -0700] "GET /testsitemap.xml HTTP/1.1" 404 236 "-" "google,yahoo,bot,googlebot"
74.7.241.15 - - [10/Mar/2026:11:12:06 -0700] "GET /wp-json/oembed/1.0/embed?format=xml&url=http%3A%2F%2Falsahibalc.com%2F2025%2F11%2F27%2Fvertrauenswurdigkeit-und-sicherheit-im-online-glucksspiel-ein-blick-auf-die-standards-und-branchenpraktiken%2F HTTP/1.1" 404 236 "http://alsahibalc.com/2025/11/27/vertrauenswurdigkeit-und-sicherheit-im-online-glucksspiel-ein-blick-auf-die-standards-und-branchenpraktiken/" "Mozilla/5.0 AppleWebKit/537.36 (KHTML, like Gecko; compatible; GPTBot/1.3; +https://openai.com/gptbot)"
74.7.241.15 - - [10/Mar/2026:11:12:15 -0700] "GET /wp-json/oembed/1.0/embed?url=http%3A%2F%2Falsahibalc.com%2F2026%2F01%2F28%2Fles-functions-de-rencontre-et-les-chats-video-cela-16%2F HTTP/1.1" 404 236 "http://alsahibalc.com/2026/01/28/les-functions-de-rencontre-et-les-chats-video-cela-16/" "Mozilla/5.0 AppleWebKit/537.36 (KHTML, like Gecko; compatible; GPTBot/1.3; +https://openai.com/gptbot)"
74.7.241.15 - - [10/Mar/2026:11:12:25 -0700] "GET /wp-json/oembed/1.0/embed?format=xml&url=http%3A%2F%2Falsahibalc.com%2F2025%2F06%2F15%2Fapercu-des-jeux-de-loterie-de-skyrainbet-casino%2F HTTP/1.1" 404 236 "http://alsahibalc.com/2025/06/15/apercu-des-jeux-de-loterie-de-skyrainbet-casino/" "Mozilla/5.0 AppleWebKit/537.36 (KHTML, like Gecko; compatible; GPTBot/1.3; +https://openai.com/gptbot)"
85.208.96.196 - - [10/Mar/2026:11:12:46 -0700] "GET /2026/01/30/luchshie-kazino-onlajn-2026-obzor-proverennyh-193/ HTTP/1.1" 404 236 "-" "Mozilla/5.0 (compatible; SemrushBot/7~bl; +http://www.semrush.com/bot.html)"
74.7.241.15 - - [10/Mar/2026:11:12:52 -0700] "GET /wp-json/oembed/1.0/embed?format=xml&url=http%3A%2F%2Falsahibalc.com%2F2026%2F02%2F27%2Fsicheres-saldieren-so-wird-die-kreditkarte-im-fruit-smoothies-online-slot-vorfeld-sexueller-missbrauch-geschutzt%2F HTTP/1.1" 404 236 "http://alsahibalc.com/2026/02/27/sicheres-saldieren-so-wird-die-kreditkarte-im-fruit-smoothies-online-slot-vorfeld-sexueller-missbrauch-geschutzt/" "Mozilla/5.0 AppleWebKit/537.36 (KHTML, like Gecko; compatible; GPTBot/1.3; +https://openai.com/gptbot)"
74.7.241.15 - - [10/Mar/2026:11:13:02 -0700] "GET /wp-json/oembed/1.0/embed?format=xml&url=http%3A%2F%2Falsahibalc.com%2F2026%2F02%2F19%2Favalon-losimo-lielakais-bez-depozita-yoyospins-automato-pastaba-paskatos-pasiulymai-ir-metodas%2F HTTP/1.1" 404 236 "http://alsahibalc.com/2026/02/19/avalon-losimo-lielakais-bez-depozita-yoyospins-automato-pastaba-paskatos-pasiulymai-ir-metodas/" "Mozilla/5.0 AppleWebKit/537.36 (KHTML, like Gecko; compatible; GPTBot/1.3; +https://openai.com/gptbot)"
185.191.171.8 - - [10/Mar/2026:11:13:20 -0700] "GET /2026/01/30/7slots-casino-en-popler-slot-oyunlar-4896-2/ HTTP/1.1" 404 236 "-" "Mozilla/5.0 (compatible; SemrushBot/7~bl; +http://www.semrush.com/bot.html)"
85.208.96.204 - - [10/Mar/2026:11:13:23 -0700] "GET /2026/02/12/ebendiese-spielauswahl-war-inside-fast-allen-angeschlossen-casinos-umfangreich-abgekoppelt-bei-ein-erlaubnisschein/ HTTP/1.1" 404 236 "-" "Mozilla/5.0 (compatible; SemrushBot/7~bl; +http://www.semrush.com/bot.html)"
74.7.241.15 - - [10/Mar/2026:11:13:31 -0700] "GET /wp-json/oembed/1.0/embed?format=xml&url=http%3A%2F%2Falsahibalc.com%2F2026%2F02%2F19%2Fich-genoss-zudem-keineswegs-echtes-glucksspiel-fadenscheinig-halte-mich-wissentlich-davon-raus%2F HTTP/1.1" 404 236 "http://alsahibalc.com/2026/02/19/ich-genoss-zudem-keineswegs-echtes-glucksspiel-fadenscheinig-halte-mich-wissentlich-davon-raus/" "Mozilla/5.0 AppleWebKit/537.36 (KHTML, like Gecko; compatible; GPTBot/1.3; +https://openai.com/gptbot)"
74.7.241.15 - - [10/Mar/2026:11:13:50 -0700] "GET /wp-json/oembed/1.0/embed?url=http%3A%2F%2Falsahibalc.com%2F2026%2F02%2F07%2Fthunderstruck-position-video-game%2F HTTP/1.1" 404 236 "http://alsahibalc.com/2026/02/07/thunderstruck-position-video-game/" "Mozilla/5.0 AppleWebKit/537.36 (KHTML, like Gecko; compatible; GPTBot/1.3; +https://openai.com/gptbot)"
74.7.241.15 - - [10/Mar/2026:11:14:00 -0700] "GET /wp-json/oembed/1.0/embed?format=xml&url=http%3A%2F%2Falsahibalc.com%2F2025%2F04%2F27%2Fottimizzazione-precisa-dei-tempi-di-caricamento-immagini-webp-in-contesti-web-italiani-da-metodologie-esperte-a-implementazioni-concrete%2F HTTP/1.1" 404 236 "http://alsahibalc.com/2025/04/27/ottimizzazione-precisa-dei-tempi-di-caricamento-immagini-webp-in-contesti-web-italiani-da-metodologie-esperte-a-implementazioni-concrete/" "Mozilla/5.0 AppleWebKit/537.36 (KHTML, like Gecko; compatible; GPTBot/1.3; +https://openai.com/gptbot)"
74.7.241.15 - - [10/Mar/2026:11:14:18 -0700] "GET /wp-json/oembed/1.0/embed?url=http%3A%2F%2Falsahibalc.com%2F2026%2F02%2F27%2Fseriose-verbunden-casinos-diese-besten-diskretesten-anbieter-2026-%25d8%25af%25d9%2582%25d8%25a7%25d8%25a6%25d9%2582-%25d9%2586%25d8%25aa%2F HTTP/1.1" 404 236 "http://alsahibalc.com/2026/02/27/seriose-verbunden-casinos-diese-besten-diskretesten-anbieter-2026-%d8%af%d9%82%d8%a7%d8%a6%d9%82-%d9%86%d8%aa/" "Mozilla/5.0 AppleWebKit/537.36 (KHTML, like Gecko; compatible; GPTBot/1.3; +https://openai.com/gptbot)"
74.7.241.15 - - [10/Mar/2026:11:14:28 -0700] "GET /wp-json/oembed/1.0/embed?format=xml&url=http%3A%2F%2Falsahibalc.com%2F2026%2F02%2F19%2Fpozice-mimo-reputaci-case-secure-zadne-vyznamne-zmeny-od-brezna-2024-diskusni-forum-sleeve-registrace-prihlaseni-fairspin-manjaro-linux%2F HTTP/1.1" 404 236 "http://alsahibalc.com/2026/02/19/pozice-mimo-reputaci-case-secure-zadne-vyznamne-zmeny-od-brezna-2024-diskusni-forum-sleeve-registrace-prihlaseni-fairspin-manjaro-linux/" "Mozilla/5.0 AppleWebKit/537.36 (KHTML, like Gecko; compatible; GPTBot/1.3; +https://openai.com/gptbot)"
74.7.241.15 - - [10/Mar/2026:11:14:37 -0700] "GET /wp-json/oembed/1.0/embed?format=xml&url=http%3A%2F%2Falsahibalc.com%2F2026%2F02%2F11%2Fcasinos-online-fuera-de-espaa-ranking-de-las-570%2F HTTP/1.1" 404 236 "http://alsahibalc.com/2026/02/11/casinos-online-fuera-de-espaa-ranking-de-las-570/" "Mozilla/5.0 AppleWebKit/537.36 (KHTML, like Gecko; compatible; GPTBot/1.3; +https://openai.com/gptbot)"
74.7.241.15 - - [10/Mar/2026:11:14:46 -0700] "GET /wp-json/oembed/1.0/embed?format=xml&url=http%3A%2F%2Falsahibalc.com%2F2026%2F03%2F02%2Ffruit-szal-slot-online-zerknij-na-hiperlacze-sprobuj-robot-hazardowy%2F HTTP/1.1" 404 236 "http://alsahibalc.com/2026/03/02/fruit-szal-slot-online-zerknij-na-hiperlacze-sprobuj-robot-hazardowy/" "Mozilla/5.0 AppleWebKit/537.36 (KHTML, like Gecko; compatible; GPTBot/1.3; +https://openai.com/gptbot)"
74.7.241.15 - - [10/Mar/2026:11:14:55 -0700] "GET /wp-json/oembed/1.0/embed?format=xml&url=http%3A%2F%2Falsahibalc.com%2F2026%2F03%2F02%2Fnova-sazka-na-vyherni-automat-huge-trip-zcela-zdarma-a-srozumitelna-recenze%2F HTTP/1.1" 404 236 "http://alsahibalc.com/2026/03/02/nova-sazka-na-vyherni-automat-huge-trip-zcela-zdarma-a-srozumitelna-recenze/" "Mozilla/5.0 AppleWebKit/537.36 (KHTML, like Gecko; compatible; GPTBot/1.3; +https://openai.com/gptbot)"
185.191.171.11 - - [10/Mar/2026:11:15:04 -0700] "GET /2026/02/06/california-gambling-establishment-hotel-sizzling-hot-deluxe-pokie-jackpot-in-the-santa-ynez/ HTTP/1.1" 404 236 "-" "Mozilla/5.0 (compatible; SemrushBot/7~bl; +http://www.semrush.com/bot.html)"
74.7.241.15 - - [10/Mar/2026:11:15:05 -0700] "GET /wp-json/oembed/1.0/embed?format=xml&url=http%3A%2F%2Falsahibalc.com%2F2026%2F02%2F18%2Fod-idzie-filip-bez-depozytu-na-ggbet-dobra-ksiazka-dla-poczatkujacych%2F HTTP/1.1" 404 236 "http://alsahibalc.com/2026/02/18/od-idzie-filip-bez-depozytu-na-ggbet-dobra-ksiazka-dla-poczatkujacych/" "Mozilla/5.0 AppleWebKit/537.36 (KHTML, like Gecko; compatible; GPTBot/1.3; +https://openai.com/gptbot)"
57.141.0.66 - - [10/Mar/2026:11:15:10 -0700] "GET /2026/02/17/beste-slot-black-horse-blackjack-strategien-um-verbunden-dahinter-erlangen/ HTTP/1.1" 404 236 "-" "meta-externalagent/1.1 (+https://developers.facebook.com/docs/sharing/webmasters/crawler)"
74.7.241.15 - - [10/Mar/2026:11:15:14 -0700] "GET /wp-json/oembed/1.0/embed?url=http%3A%2F%2Falsahibalc.com%2F2026%2F02%2F25%2Ftips-victory-in-the-harbors-online-info-strategies-for-jan-2026%2F HTTP/1.1" 404 236 "http://alsahibalc.com/2026/02/25/tips-victory-in-the-harbors-online-info-strategies-for-jan-2026/" "Mozilla/5.0 AppleWebKit/537.36 (KHTML, like Gecko; compatible; GPTBot/1.3; +https://openai.com/gptbot)"
66.249.68.64 - - [10/Mar/2026:11:15:33 -0700] "GET /2025/11/03/the-evolution-of-casino-gaming-from-traditional-to-147/ HTTP/1.1" 404 236 "-" "Mozilla/5.0 (Linux; Android 6.0.1; Nexus 5X Build/MMB29P) AppleWebKit/537.36 (KHTML, like Gecko) Chrome/145.0.7632.116 Mobile Safari/537.36 (compatible; Googlebot/2.1; +http://www.google.com/bot.html)"
74.7.241.15 - - [10/Mar/2026:11:15:34 -0700] "GET /wp-json/oembed/1.0/embed?format=xml&url=http%3A%2F%2Falsahibalc.com%2F2026%2F02%2F04%2Fkakim-sposobom-dushevnoe-polozhenie-otrazhaetsja-na-otbor-postupkov%2F HTTP/1.1" 404 236 "http://alsahibalc.com/2026/02/04/kakim-sposobom-dushevnoe-polozhenie-otrazhaetsja-na-otbor-postupkov/" "Mozilla/5.0 AppleWebKit/537.36 (KHTML, like Gecko; compatible; GPTBot/1.3; +https://openai.com/gptbot)"
74.7.241.15 - - [10/Mar/2026:11:15:43 -0700] "GET /wp-json/oembed/1.0/embed?format=xml&url=http%3A%2F%2Falsahibalc.com%2F2026%2F01%2F13%2Fbeyond-the-spin-elevate-your-game-with-lucky-star%2F HTTP/1.1" 404 236 "http://alsahibalc.com/2026/01/13/beyond-the-spin-elevate-your-game-with-lucky-star/" "Mozilla/5.0 AppleWebKit/537.36 (KHTML, like Gecko; compatible; GPTBot/1.3; +https://openai.com/gptbot)"
74.7.241.15 - - [10/Mar/2026:11:15:53 -0700] "GET /wp-json/oembed/1.0/embed?url=http%3A%2F%2Falsahibalc.com%2F2026%2F02%2F07%2Fonline-casino-helpful-link-in-australia-2026-noticias-en-contexto%2F HTTP/1.1" 404 236 "http://alsahibalc.com/2026/02/07/online-casino-helpful-link-in-australia-2026-noticias-en-contexto/" "Mozilla/5.0 AppleWebKit/537.36 (KHTML, like Gecko; compatible; GPTBot/1.3; +https://openai.com/gptbot)"
74.7.241.15 - - [10/Mar/2026:11:16:02 -0700] "GET /wp-json/oembed/1.0/embed?url=http%3A%2F%2Falsahibalc.com%2F2026%2F01%2F28%2F1xslots-argentina-cmo-registrarse-y-jugar-en-180%2F HTTP/1.1" 404 236 "http://alsahibalc.com/2026/01/28/1xslots-argentina-cmo-registrarse-y-jugar-en-180/" "Mozilla/5.0 AppleWebKit/537.36 (KHTML, like Gecko; compatible; GPTBot/1.3; +https://openai.com/gptbot)"
74.7.241.15 - - [10/Mar/2026:11:16:12 -0700] "GET /wp-json/oembed/1.0/embed?format=xml&url=http%3A%2F%2Falsahibalc.com%2F2026%2F02%2F27%2Fblackjack-schlachtplan-tipps-spielen-sie-book-of-pharao-online-pro-unser-optimale-durchgang-auf-verzeichnis%2F HTTP/1.1" 404 236 "http://alsahibalc.com/2026/02/27/blackjack-schlachtplan-tipps-spielen-sie-book-of-pharao-online-pro-unser-optimale-durchgang-auf-verzeichnis/" "Mozilla/5.0 AppleWebKit/537.36 (KHTML, like Gecko; compatible; GPTBot/1.3; +https://openai.com/gptbot)"
74.7.241.15 - - [10/Mar/2026:11:16:40 -0700] "GET /wp-json/oembed/1.0/embed?format=xml&url=http%3A%2F%2Falsahibalc.com%2F2025%2F03%2F11%2Famplify-your-wins-with-4-000-casino-titles-plus-sports-betting-crypto-support-grab-a-100-boost-25-spins%2F HTTP/1.1" 404 236 "http://alsahibalc.com/2025/03/11/amplify-your-wins-with-4-000-casino-titles-plus-sports-betting-crypto-support-grab-a-100-boost-25-spins/" "Mozilla/5.0 AppleWebKit/537.36 (KHTML, like Gecko; compatible; GPTBot/1.3; +https://openai.com/gptbot)"
85.208.96.205 - - [10/Mar/2026:11:16:49 -0700] "GET /2026/02/12/atencion-aficionados-al-entretenimiento-digital-es/ HTTP/1.1" 404 236 "-" "Mozilla/5.0 (compatible; SemrushBot/7~bl; +http://www.semrush.com/bot.html)"
185.191.171.5 - - [10/Mar/2026:11:16:53 -0700] "GET /2026/02/10/thunderstruck-ii-just-around-the-corner-to-on-the-web-golden-legend-casino-cellular-gambling-enterprises/ HTTP/1.1" 404 236 "-" "Mozilla/5.0 (compatible; SemrushBot/7~bl; +http://www.semrush.com/bot.html)"
85.208.96.210 - - [10/Mar/2026:11:16:57 -0700] "GET /2026/01/30/best-casinos-accepting-credit-cards-fast-payments/ HTTP/1.1" 404 236 "-" "Mozilla/5.0 (compatible; SemrushBot/7~bl; +http://www.semrush.com/bot.html)"
74.7.241.15 - - [10/Mar/2026:11:17:09 -0700] "GET /wp-json/oembed/1.0/embed?url=http%3A%2F%2Falsahibalc.com%2F2026%2F01%2F20%2F%25d0%25be%25d1%2584%25d0%25b8%25d1%2586%25d0%25b8%25d0%25b0%25d0%25bb%25d1%258c%25d0%25bd%25d1%258b%25d0%25b9-%25d1%2581%25d0%25b0%25d0%25b9%25d1%2582-pinco-casino-1396%2F HTTP/1.1" 404 236 "http://alsahibalc.com/2026/01/20/%d0%be%d1%84%d0%b8%d1%86%d0%b8%d0%b0%d0%bb%d1%8c%d0%bd%d1%8b%d0%b9-%d1%81%d0%b0%d0%b9%d1%82-pinco-casino-1396/" "Mozilla/5.0 AppleWebKit/537.36 (KHTML, like Gecko; compatible; GPTBot/1.3; +https://openai.com/gptbot)"
52.167.144.175 - - [10/Mar/2026:11:17:09 -0700] "GET /2026/02/14/alle-legale-casinos/ HTTP/1.1" 404 236 "-" "Mozilla/5.0 AppleWebKit/537.36 (KHTML, like Gecko; compatible; bingbot/2.0; +http://www.bing.com/bingbot.htm) Chrome/116.0.1938.76 Safari/537.36"
74.7.241.15 - - [10/Mar/2026:11:17:18 -0700] "GET /wp-json/oembed/1.0/embed?format=xml&url=http%3A%2F%2Falsahibalc.com%2F2026%2F03%2F01%2F1-salle-de-jeu-annotation-un-annuaire-connexion-megawin-france-entier-dans-mien-cameraman%2F HTTP/1.1" 404 236 "http://alsahibalc.com/2026/03/01/1-salle-de-jeu-annotation-un-annuaire-connexion-megawin-france-entier-dans-mien-cameraman/" "Mozilla/5.0 AppleWebKit/537.36 (KHTML, like Gecko; compatible; GPTBot/1.3; +https://openai.com/gptbot)"
57.141.0.60 - - [10/Mar/2026:11:17:23 -0700] "GET /2025/07/23/free-fun-roulette/ HTTP/1.1" 404 236 "-" "meta-externalagent/1.1 (+https://developers.facebook.com/docs/sharing/webmasters/crawler)"
185.191.171.12 - - [10/Mar/2026:11:17:27 -0700] "GET /2026/02/13/pinco-online-kazino-2025-yeni-trendlr-v-345/ HTTP/1.1" 404 236 "-" "Mozilla/5.0 (compatible; SemrushBot/7~bl; +http://www.semrush.com/bot.html)"
173.247.246.132 - - [10/Mar/2026:11:17:26 -0700] "POST /wp-cron.php?doing_wp_cron=1773166646.6465110778808593750000 HTTP/1.1" 200 - "-" "WordPress/6.6.4; http://alsahibalc.com"
46.151.198.15 - - [10/Mar/2026:11:17:25 -0700] "POST /xmlrpc.php HTTP/1.1" 200 370215 "-" "Mozilla/5.0 (X11; Linux x86_64) AppleWebKit/537.36 (KHTML, like Gecko) Chrome/114.0.0.0 Safari/537.36 OPR/89.0.4447.51"
46.151.198.15 - - [10/Mar/2026:11:17:29 -0700] "POST /xmlrpc.php HTTP/1.1" 200 180 "-" "Mozilla/5.0 (X11; Linux x86_64) AppleWebKit/537.36 (KHTML, like Gecko) Chrome/114.0.0.0 Safari/537.36 OPR/89.0.4447.51"
46.151.198.15 - - [10/Mar/2026:11:17:31 -0700] "POST /xmlrpc.php HTTP/1.1" 200 15105 "-" "Mozilla/5.0 (X11; Linux x86_64) AppleWebKit/537.36 (KHTML, like Gecko) Chrome/114.0.0.0 Safari/537.36 OPR/89.0.4447.51"
173.247.246.132 - - [10/Mar/2026:11:17:32 -0700] "POST /wp-cron.php?doing_wp_cron=1773166652.7569580078125000000000 HTTP/1.1" 200 - "-" "WordPress/6.6.4; http://alsahibalc.com"
74.7.241.15 - - [10/Mar/2026:11:17:36 -0700] "GET /wp-json/oembed/1.0/embed?format=xml&url=http%3A%2F%2Falsahibalc.com%2F2026%2F01%2F15%2Fthe-power-of-symbolism-in-slot-gaming-unlocking-jackpots-with-visual-cues%2F HTTP/1.1" 404 236 "http://alsahibalc.com/2026/01/15/the-power-of-symbolism-in-slot-gaming-unlocking-jackpots-with-visual-cues/" "Mozilla/5.0 AppleWebKit/537.36 (KHTML, like Gecko; compatible; GPTBot/1.3; +https://openai.com/gptbot)"
74.7.241.15 - - [10/Mar/2026:11:17:46 -0700] "GET /wp-json/oembed/1.0/embed?format=xml&url=http%3A%2F%2Falsahibalc.com%2F2025%2F06%2F17%2Fassessing-loki-withdrawal-limits-across-bank-moves-and-e-wallet-choices%2F HTTP/1.1" 404 236 "http://alsahibalc.com/2025/06/17/assessing-loki-withdrawal-limits-across-bank-moves-and-e-wallet-choices/" "Mozilla/5.0 AppleWebKit/537.36 (KHTML, like Gecko; compatible; GPTBot/1.3; +https://openai.com/gptbot)"
74.7.241.15 - - [10/Mar/2026:11:17:55 -0700] "GET /wp-json/oembed/1.0/embed?format=xml&url=http%3A%2F%2Falsahibalc.com%2F2025%2F06%2F29%2Fthe-significance-of-paytables-in-modern-slot-gaming-an-expert-perspective%2F HTTP/1.1" 404 236 "http://alsahibalc.com/2025/06/29/the-significance-of-paytables-in-modern-slot-gaming-an-expert-perspective/" "Mozilla/5.0 AppleWebKit/537.36 (KHTML, like Gecko; compatible; GPTBot/1.3; +https://openai.com/gptbot)"
74.7.241.15 - - [10/Mar/2026:11:18:14 -0700] "GET /wp-json/oembed/1.0/embed?format=xml&url=http%3A%2F%2Falsahibalc.com%2F2026%2F02%2F27%2Fleovegas-verbunden-kasino-games-apps-diese-seite-anklicken-on-bing-play%2F HTTP/1.1" 404 236 "http://alsahibalc.com/2026/02/27/leovegas-verbunden-kasino-games-apps-diese-seite-anklicken-on-bing-play/" "Mozilla/5.0 AppleWebKit/537.36 (KHTML, like Gecko; compatible; GPTBot/1.3; +https://openai.com/gptbot)"
74.7.241.15 - - [10/Mar/2026:11:18:33 -0700] "GET /wp-json/oembed/1.0/embed?format=xml&url=http%3A%2F%2Falsahibalc.com%2F2025%2F05%2F24%2Fde-evolutie-van-online-gokken-betrouwbare-gids-voor-ernstige-spelers%2F HTTP/1.1" 404 236 "http://alsahibalc.com/2025/05/24/de-evolutie-van-online-gokken-betrouwbare-gids-voor-ernstige-spelers/" "Mozilla/5.0 AppleWebKit/537.36 (KHTML, like Gecko; compatible; GPTBot/1.3; +https://openai.com/gptbot)"
74.7.241.15 - - [10/Mar/2026:11:18:51 -0700] "GET /wp-json/oembed/1.0/embed?format=xml&url=http%3A%2F%2Falsahibalc.com%2F2026%2F01%2F09%2Fstastie-v-pohybe-vyskusaj-plinko-demo-a-odhal-tajomstva-vyhernej-strategie%2F HTTP/1.1" 404 236 "http://alsahibalc.com/2026/01/09/stastie-v-pohybe-vyskusaj-plinko-demo-a-odhal-tajomstva-vyhernej-strategie/" "Mozilla/5.0 AppleWebKit/537.36 (KHTML, like Gecko; compatible; GPTBot/1.3; +https://openai.com/gptbot)"
74.7.241.15 - - [10/Mar/2026:11:19:09 -0700] "GET /wp-json/oembed/1.0/embed?format=xml&url=http%3A%2F%2Falsahibalc.com%2F2025%2F05%2F18%2Fdeciphering-the-symbolism-of-anubis-in-modern-gaming-and-cultural-contexts%2F HTTP/1.1" 404 236 "http://alsahibalc.com/2025/05/18/deciphering-the-symbolism-of-anubis-in-modern-gaming-and-cultural-contexts/" "Mozilla/5.0 AppleWebKit/537.36 (KHTML, like Gecko; compatible; GPTBot/1.3; +https://openai.com/gptbot)"
85.208.96.203 - - [10/Mar/2026:11:19:12 -0700] "GET /2026/02/09/belgique-sites-de-casino-en-ligne-4/ HTTP/1.1" 404 236 "-" "Mozilla/5.0 (compatible; SemrushBot/7~bl; +http://www.semrush.com/bot.html)"
