74.7.241.15 - - [10/Mar/2026:10:36:01 -0700] "GET /wp-json/oembed/1.0/embed?url=http%3A%2F%2Falsahibalc.com%2F2026%2F02%2F27%2Fwunderino-app-pro-android-ios-mobile-30-freie-spins-book-of-pharaon-hd-inter-seite%2F HTTP/1.1" 404 236 "http://alsahibalc.com/2026/02/27/wunderino-app-pro-android-ios-mobile-30-freie-spins-book-of-pharaon-hd-inter-seite/" "Mozilla/5.0 AppleWebKit/537.36 (KHTML, like Gecko; compatible; GPTBot/1.3; +https://openai.com/gptbot)"
85.208.96.198 - - [10/Mar/2026:10:36:11 -0700] "GET /2025/07/20/zonder-cruks-online-casino-beoordeling-in-97/ HTTP/1.1" 404 236 "-" "Mozilla/5.0 (compatible; SemrushBot/7~bl; +http://www.semrush.com/bot.html)"
185.191.171.18 - - [10/Mar/2026:10:36:14 -0700] "GET /2026/02/05/kasyno-internetowe-mostbet-w-polsce-208/ HTTP/1.1" 404 236 "-" "Mozilla/5.0 (compatible; SemrushBot/7~bl; +http://www.semrush.com/bot.html)"
74.7.241.15 - - [10/Mar/2026:10:36:20 -0700] "GET /wp-json/oembed/1.0/embed?format=xml&url=http%3A%2F%2Falsahibalc.com%2F2025%2F06%2F18%2Fcome-un-alto-rtp-trasforma-l-esperienza-di-gioco-approfondimento-sul-settore-delle-slot-aerei%2F HTTP/1.1" 404 236 "http://alsahibalc.com/2025/06/18/come-un-alto-rtp-trasforma-l-esperienza-di-gioco-approfondimento-sul-settore-delle-slot-aerei/" "Mozilla/5.0 AppleWebKit/537.36 (KHTML, like Gecko; compatible; GPTBot/1.3; +https://openai.com/gptbot)"
74.7.241.15 - - [10/Mar/2026:10:36:30 -0700] "GET /wp-json/oembed/1.0/embed?format=xml&url=http%3A%2F%2Falsahibalc.com%2F2026%2F01%2F27%2Fsblocca-lemozione-del-gioco-la-tua-guida-completa%2F HTTP/1.1" 404 236 "http://alsahibalc.com/2026/01/27/sblocca-lemozione-del-gioco-la-tua-guida-completa/" "Mozilla/5.0 AppleWebKit/537.36 (KHTML, like Gecko; compatible; GPTBot/1.3; +https://openai.com/gptbot)"
74.7.241.15 - - [10/Mar/2026:10:36:39 -0700] "GET /wp-json/oembed/1.0/embed?url=http%3A%2F%2Falsahibalc.com%2F2026%2F02%2F27%2Fdunder-casino-mobile-app-2020-250-120-book-of-fortune-slot-free-spins-freispiele-gebuhrenfrei-zum-besten-geben-die-leser-thunderkick-spiele-verbunden-schlucken-costa-rica%2F HTTP/1.1" 404 236 "http://alsahibalc.com/2026/02/27/dunder-casino-mobile-app-2020-250-120-book-of-fortune-slot-free-spins-freispiele-gebuhrenfrei-zum-besten-geben-die-leser-thunderkick-spiele-verbunden-schlucken-costa-rica/" "Mozilla/5.0 AppleWebKit/537.36 (KHTML, like Gecko; compatible; GPTBot/1.3; +https://openai.com/gptbot)"
51.161.37.245 - - [10/Mar/2026:10:36:42 -0700] "GET /2025/11/20/bukmekerskaja-kontora-mostbet-2223/ HTTP/1.1" 404 236 "-" "Mozilla/5.0 (compatible; AhrefsBot/7.0; +http://ahrefs.com/robot/)"
74.7.241.15 - - [10/Mar/2026:10:37:08 -0700] "GET /wp-json/oembed/1.0/embed?format=xml&url=http%3A%2F%2Falsahibalc.com%2F2026%2F02%2F18%2Fgioca-vinci-e-ripeti-lemozione-del-casino-a%2F HTTP/1.1" 404 236 "http://alsahibalc.com/2026/02/18/gioca-vinci-e-ripeti-lemozione-del-casino-a/" "Mozilla/5.0 AppleWebKit/537.36 (KHTML, like Gecko; compatible; GPTBot/1.3; +https://openai.com/gptbot)"
74.7.241.15 - - [10/Mar/2026:10:37:17 -0700] "GET /wp-json/oembed/1.0/embed?format=xml&url=http%3A%2F%2Falsahibalc.com%2F2026%2F02%2F19%2Fsiti-sicuri-gratifica-esclusivi-goldbet-download-dellapp-di-accesso-giochi-vertice-slot-roulette-addirittura-blackjack%2F HTTP/1.1" 404 236 "http://alsahibalc.com/2026/02/19/siti-sicuri-gratifica-esclusivi-goldbet-download-dellapp-di-accesso-giochi-vertice-slot-roulette-addirittura-blackjack/" "Mozilla/5.0 AppleWebKit/537.36 (KHTML, like Gecko; compatible; GPTBot/1.3; +https://openai.com/gptbot)"
57.141.0.34 - - [10/Mar/2026:10:37:23 -0700] "GET /2026/02/23/les-tendances-actuelles-des-casinos-en-ligne/ HTTP/1.1" 404 236 "-" "meta-externalagent/1.1 (+https://developers.facebook.com/docs/sharing/webmasters/crawler)"
74.7.241.15 - - [10/Mar/2026:10:37:27 -0700] "GET /wp-json/oembed/1.0/embed?format=xml&url=http%3A%2F%2Falsahibalc.com%2F2025%2F03%2F29%2Finnovazioni-e-strategie-nel-gioco-inout-slots-analisi-di-un-approccio-professionale%2F HTTP/1.1" 404 236 "http://alsahibalc.com/2025/03/29/innovazioni-e-strategie-nel-gioco-inout-slots-analisi-di-un-approccio-professionale/" "Mozilla/5.0 AppleWebKit/537.36 (KHTML, like Gecko; compatible; GPTBot/1.3; +https://openai.com/gptbot)"
85.208.96.202 - - [10/Mar/2026:10:37:41 -0700] "GET /2026/02/05/1win-431-5/ HTTP/1.1" 404 236 "-" "Mozilla/5.0 (compatible; SemrushBot/7~bl; +http://www.semrush.com/bot.html)"
74.7.241.15 - - [10/Mar/2026:10:37:46 -0700] "GET /wp-json/oembed/1.0/embed?format=xml&url=http%3A%2F%2Falsahibalc.com%2F2026%2F02%2F27%2Fdesigualdades-sobre-las-dibujos-de-el-llanta-y-de-su-banco%2F HTTP/1.1" 404 236 "http://alsahibalc.com/2026/02/27/desigualdades-sobre-las-dibujos-de-el-llanta-y-de-su-banco/" "Mozilla/5.0 AppleWebKit/537.36 (KHTML, like Gecko; compatible; GPTBot/1.3; +https://openai.com/gptbot)"
74.7.241.15 - - [10/Mar/2026:10:37:55 -0700] "GET /wp-json/oembed/1.0/embed?format=xml&url=http%3A%2F%2Falsahibalc.com%2F2025%2F06%2F21%2Fel-impacto-de-las-funciones-de-cascada-de-premios-y-tumble-en-el-diseno-de-maquinas-tragamonedas-digitales%2F HTTP/1.1" 404 236 "http://alsahibalc.com/2025/06/21/el-impacto-de-las-funciones-de-cascada-de-premios-y-tumble-en-el-diseno-de-maquinas-tragamonedas-digitales/" "Mozilla/5.0 AppleWebKit/537.36 (KHTML, like Gecko; compatible; GPTBot/1.3; +https://openai.com/gptbot)"
74.7.241.15 - - [10/Mar/2026:10:38:05 -0700] "GET /wp-json/oembed/1.0/embed?format=xml&url=http%3A%2F%2Falsahibalc.com%2F2025%2F02%2F24%2Finnovative-strategies-in-game-development-a-deep-dive-into-narrative-and-gameplay-evolution%2F HTTP/1.1" 404 236 "http://alsahibalc.com/2025/02/24/innovative-strategies-in-game-development-a-deep-dive-into-narrative-and-gameplay-evolution/" "Mozilla/5.0 AppleWebKit/537.36 (KHTML, like Gecko; compatible; GPTBot/1.3; +https://openai.com/gptbot)"
54.39.89.141 - - [10/Mar/2026:10:38:15 -0700] "GET /2025/11/23/kazino-oficialnyj-sajt-pin-up-casino-igrat-onlajn-885-22/ HTTP/1.1" 404 236 "-" "Mozilla/5.0 (compatible; AhrefsBot/7.0; +http://ahrefs.com/robot/)"
74.7.241.15 - - [10/Mar/2026:10:38:15 -0700] "GET /wp-json/oembed/1.0/embed?url=http%3A%2F%2Falsahibalc.com%2F2026%2F01%2F29%2Fglory-casino-login-6057%2F HTTP/1.1" 404 236 "http://alsahibalc.com/2026/01/29/glory-casino-login-6057/" "Mozilla/5.0 AppleWebKit/537.36 (KHTML, like Gecko; compatible; GPTBot/1.3; +https://openai.com/gptbot)"
74.7.241.15 - - [10/Mar/2026:10:38:24 -0700] "GET /wp-json/oembed/1.0/embed?url=http%3A%2F%2Falsahibalc.com%2F2026%2F01%2F26%2Fglory-casino-login-5431%2F HTTP/1.1" 404 236 "http://alsahibalc.com/2026/01/26/glory-casino-login-5431/" "Mozilla/5.0 AppleWebKit/537.36 (KHTML, like Gecko; compatible; GPTBot/1.3; +https://openai.com/gptbot)"
57.141.0.50 - - [10/Mar/2026:10:38:30 -0700] "GET /2026/02/21/mobile-slot-champagne-casinos-2025-die-10-beste-mobilfunktelefon-casinos-in-deutschland/ HTTP/1.1" 404 236 "-" "meta-externalagent/1.1 (+https://developers.facebook.com/docs/sharing/webmasters/crawler)"
74.7.241.15 - - [10/Mar/2026:10:38:33 -0700] "GET /2026/01/20/sundt-spil-guide-til-ansvarligt-gambling/%3Cdiv%20class=%22video-container%22%3E%3Ciframe%20src=%22https:/cdn.pixabay.com/video/2020/11/07/55850-504238889_medium.mp4%22%20frameborder=%220%22%20allowfullscreen%3E%3C/iframe%3E%3C/div%3E HTTP/1.1" 406 300 "http://alsahibalc.com/2026/01/20/sundt-spil-guide-til-ansvarligt-gambling/" "Mozilla/5.0 AppleWebKit/537.36 (KHTML, like Gecko; compatible; GPTBot/1.3; +https://openai.com/gptbot)"
74.7.241.15 - - [10/Mar/2026:10:38:42 -0700] "GET /wp-json/oembed/1.0/embed?format=xml&url=http%3A%2F%2Falsahibalc.com%2F2026%2F02%2F10%2Fbook-from-ra-luxury-planet-of-the-apes-rtp-for-real-money-slot-enjoy-on-the-internet-for-free-and-you-may-win-real-cash%2F HTTP/1.1" 404 236 "http://alsahibalc.com/2026/02/10/book-from-ra-luxury-planet-of-the-apes-rtp-for-real-money-slot-enjoy-on-the-internet-for-free-and-you-may-win-real-cash/" "Mozilla/5.0 AppleWebKit/537.36 (KHTML, like Gecko; compatible; GPTBot/1.3; +https://openai.com/gptbot)"
74.7.241.15 - - [10/Mar/2026:10:38:52 -0700] "GET /wp-json/oembed/1.0/embed?format=xml&url=http%3A%2F%2Falsahibalc.com%2F2026%2F01%2F10%2Fla-physique-du-hasard-maitrisez-le-plinko-casino%2F HTTP/1.1" 404 236 "http://alsahibalc.com/2026/01/10/la-physique-du-hasard-maitrisez-le-plinko-casino/" "Mozilla/5.0 AppleWebKit/537.36 (KHTML, like Gecko; compatible; GPTBot/1.3; +https://openai.com/gptbot)"
74.7.241.15 - - [10/Mar/2026:10:39:02 -0700] "GET /wp-json/oembed/1.0/embed?format=xml&url=http%3A%2F%2Falsahibalc.com%2F2026%2F01%2F20%2Fevadez-vous-vers-lexcitation-chicken-road-le-jeu%2F HTTP/1.1" 404 236 "http://alsahibalc.com/2026/01/20/evadez-vous-vers-lexcitation-chicken-road-le-jeu/" "Mozilla/5.0 AppleWebKit/537.36 (KHTML, like Gecko; compatible; GPTBot/1.3; +https://openai.com/gptbot)"
185.191.171.16 - - [10/Mar/2026:10:39:21 -0700] "GET /2026/02/05/zonder-cruks-online-casino-beste-casinospellen-197/ HTTP/1.1" 404 236 "-" "Mozilla/5.0 (compatible; SemrushBot/7~bl; +http://www.semrush.com/bot.html)"
74.7.241.15 - - [10/Mar/2026:10:39:21 -0700] "GET /wp-json/oembed/1.0/embed?format=xml&url=http%3A%2F%2Falsahibalc.com%2F2026%2F02%2F06%2Fparis-dead-or-alive-2-maquina-tragamonedas-vip-casino-resena-sobre-peritos-brecha-king-kong-y-no-deberian-transpirado-jugadores-2025-daniel-sanchez%2F HTTP/1.1" 404 236 "http://alsahibalc.com/2026/02/06/paris-dead-or-alive-2-maquina-tragamonedas-vip-casino-resena-sobre-peritos-brecha-king-kong-y-no-deberian-transpirado-jugadores-2025-daniel-sanchez/" "Mozilla/5.0 AppleWebKit/537.36 (KHTML, like Gecko; compatible; GPTBot/1.3; +https://openai.com/gptbot)"
74.7.241.15 - - [10/Mar/2026:10:39:30 -0700] "GET /wp-json/oembed/1.0/embed?url=http%3A%2F%2Falsahibalc.com%2F2026%2F02%2F18%2Fdeneme-bonusu-veren-siteler-2025-gvenilir-en-iyi-331%2F HTTP/1.1" 404 236 "http://alsahibalc.com/2026/02/18/deneme-bonusu-veren-siteler-2025-gvenilir-en-iyi-331/" "Mozilla/5.0 AppleWebKit/537.36 (KHTML, like Gecko; compatible; GPTBot/1.3; +https://openai.com/gptbot)"
74.7.241.15 - - [10/Mar/2026:10:39:39 -0700] "GET /wp-json/oembed/1.0/embed?url=http%3A%2F%2Falsahibalc.com%2F2026%2F01%2F27%2Fdeneme-bonusu-veren-siteler-2025-gvenilir-en-iyi-706%2F HTTP/1.1" 404 236 "http://alsahibalc.com/2026/01/27/deneme-bonusu-veren-siteler-2025-gvenilir-en-iyi-706/" "Mozilla/5.0 AppleWebKit/537.36 (KHTML, like Gecko; compatible; GPTBot/1.3; +https://openai.com/gptbot)"
74.7.241.15 - - [10/Mar/2026:10:39:49 -0700] "GET /wp-json/oembed/1.0/embed?format=xml&url=http%3A%2F%2Falsahibalc.com%2F2026%2F02%2F07%2Fthunderstruck-on-the-web-demo-take-pleasure-agent-jane-blonde-slot-no-deposit-bonus-in-slots-free-keller-williams%2F HTTP/1.1" 404 236 "http://alsahibalc.com/2026/02/07/thunderstruck-on-the-web-demo-take-pleasure-agent-jane-blonde-slot-no-deposit-bonus-in-slots-free-keller-williams/" "Mozilla/5.0 AppleWebKit/537.36 (KHTML, like Gecko; compatible; GPTBot/1.3; +https://openai.com/gptbot)"
74.7.241.15 - - [10/Mar/2026:10:39:59 -0700] "GET /wp-json/oembed/1.0/embed?format=xml&url=http%3A%2F%2Falsahibalc.com%2F2025%2F12%2F01%2Fstrategic-insights-into-ancient-themes-and-modern-digital-gaming-analyzing-the-role-of-the-eye-of-horus-in-player-engagement%2F HTTP/1.1" 404 236 "http://alsahibalc.com/2025/12/01/strategic-insights-into-ancient-themes-and-modern-digital-gaming-analyzing-the-role-of-the-eye-of-horus-in-player-engagement/" "Mozilla/5.0 AppleWebKit/537.36 (KHTML, like Gecko; compatible; GPTBot/1.3; +https://openai.com/gptbot)"
74.7.241.15 - - [10/Mar/2026:10:40:08 -0700] "GET /wp-json/oembed/1.0/embed?format=xml&url=http%3A%2F%2Falsahibalc.com%2F2025%2F06%2F26%2Fover-the-past-decade-online-slot-gaming-has-transcended-its-traditional-roots-to-become-a-cornersto%2F HTTP/1.1" 404 236 "http://alsahibalc.com/2025/06/26/over-the-past-decade-online-slot-gaming-has-transcended-its-traditional-roots-to-become-a-cornersto/" "Mozilla/5.0 AppleWebKit/537.36 (KHTML, like Gecko; compatible; GPTBot/1.3; +https://openai.com/gptbot)"
74.7.241.15 - - [10/Mar/2026:10:40:18 -0700] "GET /wp-json/oembed/1.0/embed?format=xml&url=http%3A%2F%2Falsahibalc.com%2F2025%2F02%2F22%2Fmaximising-fishing-success-in-the-uk-the-strategic-importance-of-high-rtp-slot-machines-in-angling-and-casino-gaming%2F HTTP/1.1" 404 236 "http://alsahibalc.com/2025/02/22/maximising-fishing-success-in-the-uk-the-strategic-importance-of-high-rtp-slot-machines-in-angling-and-casino-gaming/" "Mozilla/5.0 AppleWebKit/537.36 (KHTML, like Gecko; compatible; GPTBot/1.3; +https://openai.com/gptbot)"
185.191.171.10 - - [10/Mar/2026:10:40:20 -0700] "GET /2026/02/10/beyond-the-bets-fast-payouts-thrilling-games-a/ HTTP/1.1" 404 236 "-" "Mozilla/5.0 (compatible; SemrushBot/7~bl; +http://www.semrush.com/bot.html)"
74.7.241.15 - - [10/Mar/2026:10:40:36 -0700] "GET /wp-json/oembed/1.0/embed?format=xml&url=http%3A%2F%2Falsahibalc.com%2F2026%2F03%2F02%2Fhinein-frischen-casinos-sie-sind-andere-spielbank-spiele-jeweilig-gut-that-is-sehr-fur-etwas-eintreten%2F HTTP/1.1" 404 236 "http://alsahibalc.com/2026/03/02/hinein-frischen-casinos-sie-sind-andere-spielbank-spiele-jeweilig-gut-that-is-sehr-fur-etwas-eintreten/" "Mozilla/5.0 AppleWebKit/537.36 (KHTML, like Gecko; compatible; GPTBot/1.3; +https://openai.com/gptbot)"
185.191.171.17 - - [10/Mar/2026:10:40:37 -0700] "GET /2026/01/28/understanding-the-psychology-of-gambling-why-risk/ HTTP/1.1" 404 236 "-" "Mozilla/5.0 (compatible; SemrushBot/7~bl; +http://www.semrush.com/bot.html)"
185.191.171.11 - - [10/Mar/2026:10:40:41 -0700] "GET /2026/02/13/modo-gambling-establishment-promotion-password-details-and-you-can-secret-nv-casino-takeaways/ HTTP/1.1" 404 236 "-" "Mozilla/5.0 (compatible; SemrushBot/7~bl; +http://www.semrush.com/bot.html)"
57.141.0.38 - - [10/Mar/2026:10:40:44 -0700] "GET /2026/02/10/family-roulettino-welcome-bonus/ HTTP/1.1" 404 236 "-" "meta-externalagent/1.1 (+https://developers.facebook.com/docs/sharing/webmasters/crawler)"
74.7.241.15 - - [10/Mar/2026:10:41:04 -0700] "GET /wp-json/oembed/1.0/embed?format=xml&url=http%3A%2F%2Falsahibalc.com%2F2025%2F03%2F12%2Fdie-dynamische-welt-der-online-casinos-insbesondere-im-bereich-der-live-dealer-module-steht-vor-fo%2F HTTP/1.1" 404 236 "http://alsahibalc.com/2025/03/12/die-dynamische-welt-der-online-casinos-insbesondere-im-bereich-der-live-dealer-module-steht-vor-fo/" "Mozilla/5.0 AppleWebKit/537.36 (KHTML, like Gecko; compatible; GPTBot/1.3; +https://openai.com/gptbot)"
74.7.241.15 - - [10/Mar/2026:10:41:14 -0700] "GET /wp-json/oembed/1.0/embed?format=xml&url=http%3A%2F%2Falsahibalc.com%2F2026%2F03%2F02%2Fin-frischen-casinos-man-sagt-sie-seien-innovative-kasino-spiele-jeweils-gut-that-is-sehr-vertreten%2F HTTP/1.1" 404 236 "http://alsahibalc.com/2026/03/02/in-frischen-casinos-man-sagt-sie-seien-innovative-kasino-spiele-jeweils-gut-that-is-sehr-vertreten/" "Mozilla/5.0 AppleWebKit/537.36 (KHTML, like Gecko; compatible; GPTBot/1.3; +https://openai.com/gptbot)"
185.191.171.7 - - [10/Mar/2026:10:41:15 -0700] "GET /2025/07/14/blockchain-und-sportwetten-neue-wege-im-digitalen-wettmarkt/ HTTP/1.1" 404 236 "-" "Mozilla/5.0 (compatible; SemrushBot/7~bl; +http://www.semrush.com/bot.html)"
43.130.139.177 - - [10/Mar/2026:10:41:18 -0700] "GET /?C=D;O=A HTTP/1.1" 200 9495 "-" "Mozilla/5.0 (iPhone; CPU iPhone OS 13_2_3 like Mac OS X) AppleWebKit/605.1.15 (KHTML, like Gecko) Version/13.0.3 Mobile/15E148 Safari/604.1"
74.7.241.15 - - [10/Mar/2026:10:41:23 -0700] "GET /wp-json/oembed/1.0/embed?format=xml&url=http%3A%2F%2Falsahibalc.com%2F2025%2F11%2F28%2Fzahlungsmethoden-bei-ringospin-casino-im-detail%2F HTTP/1.1" 404 236 "http://alsahibalc.com/2025/11/28/zahlungsmethoden-bei-ringospin-casino-im-detail/" "Mozilla/5.0 AppleWebKit/537.36 (KHTML, like Gecko; compatible; GPTBot/1.3; +https://openai.com/gptbot)"
74.7.241.15 - - [10/Mar/2026:10:41:32 -0700] "GET /wp-json/oembed/1.0/embed?format=xml&url=http%3A%2F%2Falsahibalc.com%2F2026%2F02%2F11%2Fpipravte-se-na-vzruujici-cestu-s-kuetem-kde-kade%2F HTTP/1.1" 404 236 "http://alsahibalc.com/2026/02/11/pipravte-se-na-vzruujici-cestu-s-kuetem-kde-kade/" "Mozilla/5.0 AppleWebKit/537.36 (KHTML, like Gecko; compatible; GPTBot/1.3; +https://openai.com/gptbot)"
74.7.241.15 - - [10/Mar/2026:10:41:41 -0700] "GET /wp-json/oembed/1.0/embed?format=xml&url=http%3A%2F%2Falsahibalc.com%2F2025%2F05%2F30%2Fabbraccia-lavventura-volatile-e-punta-al-golden-egg-con-chicken-road-lesperienza-con-probabilita-di-vincita-fino-al-98-e-livelli-di-sfida-crescenti-dove-ogni-tratto-del-percorso-nasconde-bonus-e-peric%2F HTTP/1.1" 404 236 "http://alsahibalc.com/2025/05/30/abbraccia-lavventura-volatile-e-punta-al-golden-egg-con-chicken-road-lesperienza-con-probabilita-di-vincita-fino-al-98-e-livelli-di-sfida-crescenti-dove-ogni-tratto-del-percorso-nasconde-bonus-e-peric/" "Mozilla/5.0 AppleWebKit/537.36 (KHTML, like Gecko; compatible; GPTBot/1.3; +https://openai.com/gptbot)"
74.7.241.15 - - [10/Mar/2026:10:41:51 -0700] "GET /wp-json/oembed/1.0/embed?format=xml&url=http%3A%2F%2Falsahibalc.com%2F2026%2F02%2F26%2Fafla-totul-despre-platforma-urmarirea-inregistreaza-te-i-joaca-cu-bonusul-element-montat-pentru-tine%2F HTTP/1.1" 404 236 "http://alsahibalc.com/2026/02/26/afla-totul-despre-platforma-urmarirea-inregistreaza-te-i-joaca-cu-bonusul-element-montat-pentru-tine/" "Mozilla/5.0 AppleWebKit/537.36 (KHTML, like Gecko; compatible; GPTBot/1.3; +https://openai.com/gptbot)"
74.7.241.15 - - [10/Mar/2026:10:42:00 -0700] "GET /wp-json/oembed/1.0/embed?format=xml&url=http%3A%2F%2Falsahibalc.com%2F2026%2F02%2F26%2Fshare-united-states-gambling-establishment-also-provides-a-captivating-and-you-can-varied-playing-experience-to-possess-on-line-people%2F HTTP/1.1" 404 236 "http://alsahibalc.com/2026/02/26/share-united-states-gambling-establishment-also-provides-a-captivating-and-you-can-varied-playing-experience-to-possess-on-line-people/" "Mozilla/5.0 AppleWebKit/537.36 (KHTML, like Gecko; compatible; GPTBot/1.3; +https://openai.com/gptbot)"
74.7.241.15 - - [10/Mar/2026:10:42:19 -0700] "GET /wp-json/oembed/1.0/embed?format=xml&url=http%3A%2F%2Falsahibalc.com%2F2026%2F02%2F19%2Fjogos-com-incorporar-jogar-bingo-online-tematica-carros-slots-e-jogos-puerilidade-casino-acostumado%2F HTTP/1.1" 404 236 "http://alsahibalc.com/2026/02/19/jogos-com-incorporar-jogar-bingo-online-tematica-carros-slots-e-jogos-puerilidade-casino-acostumado/" "Mozilla/5.0 AppleWebKit/537.36 (KHTML, like Gecko; compatible; GPTBot/1.3; +https://openai.com/gptbot)"
74.7.241.15 - - [10/Mar/2026:10:42:28 -0700] "GET /wp-json/oembed/1.0/embed?format=xml&url=http%3A%2F%2Falsahibalc.com%2F2026%2F01%2F20%2Flenigme-doree-revelez-les-strategies-du-casino-golden-panda-pour-une-experience-de-jeu-inoubliable%2F HTTP/1.1" 404 236 "http://alsahibalc.com/2026/01/20/lenigme-doree-revelez-les-strategies-du-casino-golden-panda-pour-une-experience-de-jeu-inoubliable/" "Mozilla/5.0 AppleWebKit/537.36 (KHTML, like Gecko; compatible; GPTBot/1.3; +https://openai.com/gptbot)"
85.208.96.209 - - [10/Mar/2026:10:42:33 -0700] "GET /category/ready-text/page/5/ HTTP/1.1" 404 236 "-" "Mozilla/5.0 (compatible; SemrushBot/7~bl; +http://www.semrush.com/bot.html)"
74.7.241.15 - - [10/Mar/2026:10:42:37 -0700] "GET /wp-json/oembed/1.0/embed?format=xml&url=http%3A%2F%2Falsahibalc.com%2F2024%2F12%2F14%2Fanabathmise-to-paikhnidi-sou-me-apeires-dunatotetes-sto-vincispin-casino-me-gregores-analepseis-gia-ateleiote-drase%2F HTTP/1.1" 404 236 "http://alsahibalc.com/2024/12/14/anabathmise-to-paikhnidi-sou-me-apeires-dunatotetes-sto-vincispin-casino-me-gregores-analepseis-gia-ateleiote-drase/" "Mozilla/5.0 AppleWebKit/537.36 (KHTML, like Gecko; compatible; GPTBot/1.3; +https://openai.com/gptbot)"
74.7.241.15 - - [10/Mar/2026:10:42:47 -0700] "GET /wp-json/oembed/1.0/embed?format=xml&url=http%3A%2F%2Falsahibalc.com%2F2026%2F02%2F25%2Fon-the-internet-pokies-australian-continent-totally-free-spins-claim-no-deposit-casino-added-bonus%2F HTTP/1.1" 404 236 "http://alsahibalc.com/2026/02/25/on-the-internet-pokies-australian-continent-totally-free-spins-claim-no-deposit-casino-added-bonus/" "Mozilla/5.0 AppleWebKit/537.36 (KHTML, like Gecko; compatible; GPTBot/1.3; +https://openai.com/gptbot)"
74.7.241.15 - - [10/Mar/2026:10:42:56 -0700] "GET /wp-json/oembed/1.0/embed?format=xml&url=http%3A%2F%2Falsahibalc.com%2F2026%2F02%2F27%2Fsafari-heat-jogue-acessivel-apontar-banana-rock-jogo-de-slot-gesto-demonio-ensaio-pressuroso-cata-dinheiro%2F HTTP/1.1" 404 236 "http://alsahibalc.com/2026/02/27/safari-heat-jogue-acessivel-apontar-banana-rock-jogo-de-slot-gesto-demonio-ensaio-pressuroso-cata-dinheiro/" "Mozilla/5.0 AppleWebKit/537.36 (KHTML, like Gecko; compatible; GPTBot/1.3; +https://openai.com/gptbot)"
57.141.0.43 - - [10/Mar/2026:10:42:57 -0700] "GET /2026/02/21/beste-verbunden-casinos-deutschland-feber-2026/ HTTP/1.1" 404 236 "-" "meta-externalagent/1.1 (+https://developers.facebook.com/docs/sharing/webmasters/crawler)"
74.7.241.15 - - [10/Mar/2026:10:43:06 -0700] "GET /wp-json/oembed/1.0/embed?format=xml&url=http%3A%2F%2Falsahibalc.com%2F2026%2F02%2F19%2Fdie-gesamtheit-ended-up-being-missbraucht-seien-darf-war-das-personal-identification-number-sobald-welcher-inside-fremde-hande-gerat%2F HTTP/1.1" 404 236 "http://alsahibalc.com/2026/02/19/die-gesamtheit-ended-up-being-missbraucht-seien-darf-war-das-personal-identification-number-sobald-welcher-inside-fremde-hande-gerat/" "Mozilla/5.0 AppleWebKit/537.36 (KHTML, like Gecko; compatible; GPTBot/1.3; +https://openai.com/gptbot)"
85.208.96.195 - - [10/Mar/2026:10:43:11 -0700] "GET /2026/02/13/traktandum-10-verbunden-kasino-echtgeld-versorger-rangliste-2026/ HTTP/1.1" 404 236 "-" "Mozilla/5.0 (compatible; SemrushBot/7~bl; +http://www.semrush.com/bot.html)"
74.7.241.15 - - [10/Mar/2026:10:43:25 -0700] "GET /wp-json/oembed/1.0/embed?format=xml&url=http%3A%2F%2Falsahibalc.com%2F2025%2F12%2F01%2Fdas-segment-des-online-glucksspiels-befindet-sich-in-einem-stetigen-wandel-angetrieben-durch-techno%2F HTTP/1.1" 404 236 "http://alsahibalc.com/2025/12/01/das-segment-des-online-glucksspiels-befindet-sich-in-einem-stetigen-wandel-angetrieben-durch-techno/" "Mozilla/5.0 AppleWebKit/537.36 (KHTML, like Gecko; compatible; GPTBot/1.3; +https://openai.com/gptbot)"
74.7.241.15 - - [10/Mar/2026:10:43:35 -0700] "GET /wp-json/oembed/1.0/embed?format=xml&url=http%3A%2F%2Falsahibalc.com%2F2026%2F02%2F06%2Fgreatest-fruits-ports-on-the-casino-eurogrand-no-deposit-bonus-internet-enjoy-demonstration-otherwise-real-cash%2F HTTP/1.1" 404 236 "http://alsahibalc.com/2026/02/06/greatest-fruits-ports-on-the-casino-eurogrand-no-deposit-bonus-internet-enjoy-demonstration-otherwise-real-cash/" "Mozilla/5.0 AppleWebKit/537.36 (KHTML, like Gecko; compatible; GPTBot/1.3; +https://openai.com/gptbot)"
74.7.241.15 - - [10/Mar/2026:10:43:44 -0700] "GET /wp-json/oembed/1.0/embed?format=xml&url=http%3A%2F%2Falsahibalc.com%2F2026%2F02%2F24%2Ftop-ten-real-cash-on-the-internet-pokies-gambling-enterprises-around-australia-business-insider-africa%2F HTTP/1.1" 404 236 "http://alsahibalc.com/2026/02/24/top-ten-real-cash-on-the-internet-pokies-gambling-enterprises-around-australia-business-insider-africa/" "Mozilla/5.0 AppleWebKit/537.36 (KHTML, like Gecko; compatible; GPTBot/1.3; +https://openai.com/gptbot)"
173.247.246.132 - - [10/Mar/2026:10:43:48 -0700] "POST /wp-cron.php?doing_wp_cron=1773164628.9159989356994628906250 HTTP/1.1" 200 - "-" "WordPress/6.6.4; http://alsahibalc.com"
177.55.246.219 - - [10/Mar/2026:10:43:48 -0700] "POST /xmlrpc.php HTTP/1.1" 200 370215 "-" "Mozilla/5.0 (Windows NT 10.0; Win64; x64) AppleWebKit/537.36 (KHTML, like Gecko) Chrome/114.0.0.0 Safari/537.36 OPR/89.0.4447.51"
74.7.241.15 - - [10/Mar/2026:10:43:54 -0700] "GET /wp-json/oembed/1.0/embed?format=xml&url=http%3A%2F%2Falsahibalc.com%2F2026%2F02%2F27%2Fmeinereiner-hoffe-wir-im-stande-sein-jedermann-helfen-solch-ein-problematik-so-bald-wie-moglich-hinter-loshaken%2F HTTP/1.1" 404 236 "http://alsahibalc.com/2026/02/27/meinereiner-hoffe-wir-im-stande-sein-jedermann-helfen-solch-ein-problematik-so-bald-wie-moglich-hinter-loshaken/" "Mozilla/5.0 AppleWebKit/537.36 (KHTML, like Gecko; compatible; GPTBot/1.3; +https://openai.com/gptbot)"
173.247.246.132 - - [10/Mar/2026:10:43:59 -0700] "POST /wp-cron.php?doing_wp_cron=1773164639.0752410888671875000000 HTTP/1.1" 200 - "-" "WordPress/6.6.4; http://alsahibalc.com"
37.65.5.31 - - [10/Mar/2026:10:43:58 -0700] "POST /xmlrpc.php HTTP/1.1" 200 180 "-" "Mozilla/5.0 (Windows NT 10.0; Win64; x64) AppleWebKit/537.36 (KHTML, like Gecko) Chrome/114.0.0.0 Safari/537.36 OPR/89.0.4447.51"
38.224.43.142 - - [10/Mar/2026:10:44:01 -0700] "POST /xmlrpc.php HTTP/1.1" 200 7306 "-" "Mozilla/5.0 (Windows NT 10.0; Win64; x64) AppleWebKit/537.36 (KHTML, like Gecko) Chrome/114.0.0.0 Safari/537.36 OPR/89.0.4447.51"
74.7.241.15 - - [10/Mar/2026:10:44:03 -0700] "GET /wp-json/oembed/1.0/embed?format=xml&url=http%3A%2F%2Falsahibalc.com%2F2025%2F03%2F21%2Funderstanding-player-engagement-and-monetisation-strategies-in-casual-digital-games-a-deep-dive-into-fish-road%2F HTTP/1.1" 404 236 "http://alsahibalc.com/2025/03/21/understanding-player-engagement-and-monetisation-strategies-in-casual-digital-games-a-deep-dive-into-fish-road/" "Mozilla/5.0 AppleWebKit/537.36 (KHTML, like Gecko; compatible; GPTBot/1.3; +https://openai.com/gptbot)"
57.141.0.5 - - [10/Mar/2026:10:44:03 -0700] "GET /2026/03/02/kostenloses-retro-reels-spielautomat-partie-bedienungsanleitung-and-tipps-2025/ HTTP/1.1" 404 236 "-" "meta-externalagent/1.1 (+https://developers.facebook.com/docs/sharing/webmasters/crawler)"
173.247.246.132 - - [10/Mar/2026:10:44:02 -0700] "POST /wp-cron.php?doing_wp_cron=1773164642.3977289199829101562500 HTTP/1.1" 200 - "-" "WordPress/6.6.4; http://alsahibalc.com"
85.208.96.196 - - [10/Mar/2026:10:44:05 -0700] "GET /2026/02/06/beyond-the-ascent-can-skillful-timing-live-data/ HTTP/1.1" 404 236 "-" "Mozilla/5.0 (compatible; SemrushBot/7~bl; +http://www.semrush.com/bot.html)"
74.7.241.15 - - [10/Mar/2026:10:44:23 -0700] "GET /wp-json/oembed/1.0/embed?url=http%3A%2F%2Falsahibalc.com%2F2026%2F02%2F27%2Fnavigando-sul-luogo-permesso-volte-giocatori-noteranno-probabilmente-il-martellante-%25ef%25bf%25bdlogin%25ef%25bf%25bd-quale-adorna-la-homepage%2F HTTP/1.1" 404 236 "http://alsahibalc.com/2026/02/27/navigando-sul-luogo-permesso-volte-giocatori-noteranno-probabilmente-il-martellante-%ef%bf%bdlogin%ef%bf%bd-quale-adorna-la-homepage/" "Mozilla/5.0 AppleWebKit/537.36 (KHTML, like Gecko; compatible; GPTBot/1.3; +https://openai.com/gptbot)"
74.7.241.15 - - [10/Mar/2026:10:44:33 -0700] "GET /wp-json/oembed/1.0/embed?format=xml&url=http%3A%2F%2Falsahibalc.com%2F2026%2F02%2F18%2Fkak-emotsionalnye-perepady-vlijajut-na-oschuschenie-udovletvorennosti%2F HTTP/1.1" 404 236 "http://alsahibalc.com/2026/02/18/kak-emotsionalnye-perepady-vlijajut-na-oschuschenie-udovletvorennosti/" "Mozilla/5.0 AppleWebKit/537.36 (KHTML, like Gecko; compatible; GPTBot/1.3; +https://openai.com/gptbot)"
85.208.96.194 - - [10/Mar/2026:10:44:41 -0700] "GET /2026/02/19/wyprobuj-szczcia-i-zdobd-fortun-z-rozrywk-online/ HTTP/1.1" 404 236 "-" "Mozilla/5.0 (compatible; SemrushBot/7~bl; +http://www.semrush.com/bot.html)"
74.7.241.15 - - [10/Mar/2026:10:44:43 -0700] "GET /wp-json/oembed/1.0/embed?format=xml&url=http%3A%2F%2Falsahibalc.com%2F2026%2F03%2F02%2Fpochemu-raspolozhenie-duha-vlijaet-na-interpretatsiju-proishodjaschego%2F HTTP/1.1" 404 236 "http://alsahibalc.com/2026/03/02/pochemu-raspolozhenie-duha-vlijaet-na-interpretatsiju-proishodjaschego/" "Mozilla/5.0 AppleWebKit/537.36 (KHTML, like Gecko; compatible; GPTBot/1.3; +https://openai.com/gptbot)"
74.7.241.15 - - [10/Mar/2026:10:44:52 -0700] "GET /wp-json/oembed/1.0/embed?format=xml&url=http%3A%2F%2Falsahibalc.com%2F2026%2F01%2F28%2Flexcitation-du-hasard-reinventee-plinko-le-jeu-ou%2F HTTP/1.1" 404 236 "http://alsahibalc.com/2026/01/28/lexcitation-du-hasard-reinventee-plinko-le-jeu-ou/" "Mozilla/5.0 AppleWebKit/537.36 (KHTML, like Gecko; compatible; GPTBot/1.3; +https://openai.com/gptbot)"
185.191.171.14 - - [10/Mar/2026:10:44:55 -0700] "GET /2026/02/27/1win-bukmekerskaja-kontora-vhod-12226-3/ HTTP/1.1" 404 236 "-" "Mozilla/5.0 (compatible; SemrushBot/7~bl; +http://www.semrush.com/bot.html)"
74.7.241.15 - - [10/Mar/2026:10:45:02 -0700] "GET /wp-json/oembed/1.0/embed?format=xml&url=http%3A%2F%2Falsahibalc.com%2F2026%2F01%2F14%2Fechappez-aux-embuches-et-empochez-le-jackpot-avec%2F HTTP/1.1" 404 236 "http://alsahibalc.com/2026/01/14/echappez-aux-embuches-et-empochez-le-jackpot-avec/" "Mozilla/5.0 AppleWebKit/537.36 (KHTML, like Gecko; compatible; GPTBot/1.3; +https://openai.com/gptbot)"
57.141.0.58 - - [10/Mar/2026:10:45:10 -0700] "GET /2026/02/21/sg-kasino-ist-der-angeschlossen-spielsaal-unter-einsatz-von-ihr-moglichkeit-sportwetten-nach-anbringen/ HTTP/1.1" 404 236 "-" "meta-externalagent/1.1 (+https://developers.facebook.com/docs/sharing/webmasters/crawler)"
74.7.241.15 - - [10/Mar/2026:10:45:11 -0700] "GET /wp-json/oembed/1.0/embed?format=xml&url=http%3A%2F%2Falsahibalc.com%2F2026%2F02%2F19%2Fdragon-tiger-aquele-abichar-booi-login-pc-e-melhores-horarios%2F HTTP/1.1" 404 236 "http://alsahibalc.com/2026/02/19/dragon-tiger-aquele-abichar-booi-login-pc-e-melhores-horarios/" "Mozilla/5.0 AppleWebKit/537.36 (KHTML, like Gecko; compatible; GPTBot/1.3; +https://openai.com/gptbot)"
74.7.241.15 - - [10/Mar/2026:10:45:20 -0700] "GET /wp-json/oembed/1.0/embed?format=xml&url=http%3A%2F%2Falsahibalc.com%2F2026%2F01%2F26%2Fglucksspiel-neu-definiert-dein-lemon-casino-login-offnet-turen%2F HTTP/1.1" 404 236 "http://alsahibalc.com/2026/01/26/glucksspiel-neu-definiert-dein-lemon-casino-login-offnet-turen/" "Mozilla/5.0 AppleWebKit/537.36 (KHTML, like Gecko; compatible; GPTBot/1.3; +https://openai.com/gptbot)"
74.7.241.15 - - [10/Mar/2026:10:45:30 -0700] "GET /wp-json/oembed/1.0/embed?format=xml&url=http%3A%2F%2Falsahibalc.com%2F2026%2F01%2F10%2Ffortunas-favor-play-the-plinko-game-online-claim%2F HTTP/1.1" 404 236 "http://alsahibalc.com/2026/01/10/fortunas-favor-play-the-plinko-game-online-claim/" "Mozilla/5.0 AppleWebKit/537.36 (KHTML, like Gecko; compatible; GPTBot/1.3; +https://openai.com/gptbot)"
74.7.241.15 - - [10/Mar/2026:10:45:39 -0700] "GET /wp-json/oembed/1.0/embed?format=xml&url=http%3A%2F%2Falsahibalc.com%2F2026%2F01%2F09%2Fdesata-la-adrenalina-tu-acceso-rapido-y-seguro-a%2F HTTP/1.1" 404 236 "http://alsahibalc.com/2026/01/09/desata-la-adrenalina-tu-acceso-rapido-y-seguro-a/" "Mozilla/5.0 AppleWebKit/537.36 (KHTML, like Gecko; compatible; GPTBot/1.3; +https://openai.com/gptbot)"
185.191.171.16 - - [10/Mar/2026:10:46:04 -0700] "GET /2026/02/10/better-product-casino-iw-no-deposit-bonus-sales-also-offers-2026/ HTTP/1.1" 404 236 "-" "Mozilla/5.0 (compatible; SemrushBot/7~bl; +http://www.semrush.com/bot.html)"
74.7.241.15 - - [10/Mar/2026:10:46:07 -0700] "GET /wp-json/oembed/1.0/embed?format=xml&url=http%3A%2F%2Falsahibalc.com%2F2026%2F02%2F07%2Fdesata-la-fortuna-bonos-sin-deposito-y-online%2F HTTP/1.1" 404 236 "http://alsahibalc.com/2026/02/07/desata-la-fortuna-bonos-sin-deposito-y-online/" "Mozilla/5.0 AppleWebKit/537.36 (KHTML, like Gecko; compatible; GPTBot/1.3; +https://openai.com/gptbot)"
74.7.241.15 - - [10/Mar/2026:10:46:16 -0700] "GET /wp-json/oembed/1.0/embed?format=xml&url=http%3A%2F%2Falsahibalc.com%2F2026%2F01%2F28%2Flexcitation-a-portee-de-clic-spin-mama-casino-la%2F HTTP/1.1" 404 236 "http://alsahibalc.com/2026/01/28/lexcitation-a-portee-de-clic-spin-mama-casino-la/" "Mozilla/5.0 AppleWebKit/537.36 (KHTML, like Gecko; compatible; GPTBot/1.3; +https://openai.com/gptbot)"
74.7.241.15 - - [10/Mar/2026:10:46:26 -0700] "GET /wp-json/oembed/1.0/embed?format=xml&url=http%3A%2F%2Falsahibalc.com%2F2026%2F02%2F18%2Fdesata-la-emocion-jugabet-online-tu-portal-hacia%2F HTTP/1.1" 404 236 "http://alsahibalc.com/2026/02/18/desata-la-emocion-jugabet-online-tu-portal-hacia/" "Mozilla/5.0 AppleWebKit/537.36 (KHTML, like Gecko; compatible; GPTBot/1.3; +https://openai.com/gptbot)"
74.7.241.15 - - [10/Mar/2026:10:46:35 -0700] "GET /wp-json/oembed/1.0/embed?format=xml&url=http%3A%2F%2Falsahibalc.com%2F2026%2F02%2F10%2Flart-subtil-de-la-prediction-optimisez-vos-mises%2F HTTP/1.1" 404 236 "http://alsahibalc.com/2026/02/10/lart-subtil-de-la-prediction-optimisez-vos-mises/" "Mozilla/5.0 AppleWebKit/537.36 (KHTML, like Gecko; compatible; GPTBot/1.3; +https://openai.com/gptbot)"
74.7.241.15 - - [10/Mar/2026:10:46:45 -0700] "GET /wp-json/oembed/1.0/embed?format=xml&url=http%3A%2F%2Falsahibalc.com%2F2026%2F01%2F13%2Flart-de-la-chance-reinvente-avec-betify-casino%2F HTTP/1.1" 404 236 "http://alsahibalc.com/2026/01/13/lart-de-la-chance-reinvente-avec-betify-casino/" "Mozilla/5.0 AppleWebKit/537.36 (KHTML, like Gecko; compatible; GPTBot/1.3; +https://openai.com/gptbot)"
74.7.241.15 - - [10/Mar/2026:10:46:54 -0700] "GET /wp-json/oembed/1.0/embed?url=http%3A%2F%2Falsahibalc.com%2F2025%2F05%2F15%2F19152%2F HTTP/1.1" 404 236 "http://alsahibalc.com/2025/05/15/19152/" "Mozilla/5.0 AppleWebKit/537.36 (KHTML, like Gecko; compatible; GPTBot/1.3; +https://openai.com/gptbot)"
34.116.22.104 - - [10/Mar/2026:10:47:01 -0700] "GET /2026/03/10/official-jetton-website-kazino-jetton/ HTTP/1.1" 404 236 "-" "Mozilla/5.0 (compatible; Google-Apps-Script; beanserver; +https://script.google.com; id: UAEmdDd83jfDaV0atA5J8Eg5lyZ3F6-MaQg)"
74.7.241.15 - - [10/Mar/2026:10:47:03 -0700] "GET /wp-json/oembed/1.0/embed?url=http%3A%2F%2Falsahibalc.com%2F2026%2F02%2F01%2F17046%2F HTTP/1.1" 404 236 "http://alsahibalc.com/2026/02/01/17046/" "Mozilla/5.0 AppleWebKit/537.36 (KHTML, like Gecko; compatible; GPTBot/1.3; +https://openai.com/gptbot)"
85.208.96.209 - - [10/Mar/2026:10:47:10 -0700] "GET /2026/02/19/also-provides-confirmed-on-the-december-22nd-71-players-redeemed-now/ HTTP/1.1" 404 236 "-" "Mozilla/5.0 (compatible; SemrushBot/7~bl; +http://www.semrush.com/bot.html)"
74.7.241.15 - - [10/Mar/2026:10:47:13 -0700] "GET /wp-json/oembed/1.0/embed?url=http%3A%2F%2Falsahibalc.com%2F2025%2F06%2F04%2F17070%2F HTTP/1.1" 404 236 "http://alsahibalc.com/2025/06/04/17070/" "Mozilla/5.0 AppleWebKit/537.36 (KHTML, like Gecko; compatible; GPTBot/1.3; +https://openai.com/gptbot)"
167.114.139.63 - - [10/Mar/2026:10:47:20 -0700] "GET /2025/11/22/up-x-onlajn-kazino-sposoby-oplaty-1875/ HTTP/1.1" 404 236 "-" "Mozilla/5.0 (compatible; AhrefsBot/7.0; +http://ahrefs.com/robot/)"
74.7.241.15 - - [10/Mar/2026:10:47:23 -0700] "GET /wp-json/oembed/1.0/embed?url=http%3A%2F%2Falsahibalc.com%2F2025%2F12%2F24%2F32097%2F HTTP/1.1" 404 236 "http://alsahibalc.com/2025/12/24/32097/" "Mozilla/5.0 AppleWebKit/537.36 (KHTML, like Gecko; compatible; GPTBot/1.3; +https://openai.com/gptbot)"
57.141.0.3 - - [10/Mar/2026:10:47:23 -0700] "GET /2025/02/23/le-pharaoh-goldene-quadrate-als-schlussel-zur-mustererkennung/ HTTP/1.1" 404 236 "-" "meta-externalagent/1.1 (+https://developers.facebook.com/docs/sharing/webmasters/crawler)"
74.7.241.15 - - [10/Mar/2026:10:47:32 -0700] "GET /wp-json/oembed/1.0/embed?url=http%3A%2F%2Falsahibalc.com%2F2025%2F11%2F27%2F34167%2F HTTP/1.1" 404 236 "http://alsahibalc.com/2025/11/27/34167/" "Mozilla/5.0 AppleWebKit/537.36 (KHTML, like Gecko; compatible; GPTBot/1.3; +https://openai.com/gptbot)"
74.7.241.15 - - [10/Mar/2026:10:47:42 -0700] "GET /wp-json/oembed/1.0/embed?url=http%3A%2F%2Falsahibalc.com%2F2025%2F06%2F07%2F19166%2F HTTP/1.1" 404 236 "http://alsahibalc.com/2025/06/07/19166/" "Mozilla/5.0 AppleWebKit/537.36 (KHTML, like Gecko; compatible; GPTBot/1.3; +https://openai.com/gptbot)"
74.7.241.15 - - [10/Mar/2026:10:47:51 -0700] "GET /wp-json/oembed/1.0/embed?url=http%3A%2F%2Falsahibalc.com%2F2025%2F12%2F16%2F30248%2F HTTP/1.1" 404 236 "http://alsahibalc.com/2025/12/16/30248/" "Mozilla/5.0 AppleWebKit/537.36 (KHTML, like Gecko; compatible; GPTBot/1.3; +https://openai.com/gptbot)"
74.7.241.15 - - [10/Mar/2026:10:48:01 -0700] "GET /wp-json/oembed/1.0/embed?url=http%3A%2F%2Falsahibalc.com%2F2025%2F11%2F24%2F30351%2F HTTP/1.1" 404 236 "http://alsahibalc.com/2025/11/24/30351/" "Mozilla/5.0 AppleWebKit/537.36 (KHTML, like Gecko; compatible; GPTBot/1.3; +https://openai.com/gptbot)"
74.7.241.15 - - [10/Mar/2026:10:48:10 -0700] "GET /wp-json/oembed/1.0/embed?url=http%3A%2F%2Falsahibalc.com%2F2025%2F04%2F19%2F19143%2F HTTP/1.1" 404 236 "http://alsahibalc.com/2025/04/19/19143/" "Mozilla/5.0 AppleWebKit/537.36 (KHTML, like Gecko; compatible; GPTBot/1.3; +https://openai.com/gptbot)"
74.7.241.15 - - [10/Mar/2026:10:48:20 -0700] "GET /wp-json/oembed/1.0/embed?url=http%3A%2F%2Falsahibalc.com%2F2025%2F11%2F27%2F30335%2F HTTP/1.1" 404 236 "http://alsahibalc.com/2025/11/27/30335/" "Mozilla/5.0 AppleWebKit/537.36 (KHTML, like Gecko; compatible; GPTBot/1.3; +https://openai.com/gptbot)"
74.7.241.15 - - [10/Mar/2026:10:48:30 -0700] "GET /wp-json/oembed/1.0/embed?url=http%3A%2F%2Falsahibalc.com%2F2025%2F12%2F07%2F31795%2F HTTP/1.1" 404 236 "http://alsahibalc.com/2025/12/07/31795/" "Mozilla/5.0 AppleWebKit/537.36 (KHTML, like Gecko; compatible; GPTBot/1.3; +https://openai.com/gptbot)"
74.7.241.15 - - [10/Mar/2026:10:48:39 -0700] "GET /wp-json/oembed/1.0/embed?url=http%3A%2F%2Falsahibalc.com%2F2025%2F11%2F28%2F32071%2F HTTP/1.1" 404 236 "http://alsahibalc.com/2025/11/28/32071/" "Mozilla/5.0 AppleWebKit/537.36 (KHTML, like Gecko; compatible; GPTBot/1.3; +https://openai.com/gptbot)"
74.7.241.15 - - [10/Mar/2026:10:48:49 -0700] "GET /wp-json/oembed/1.0/embed?url=http%3A%2F%2Falsahibalc.com%2F2026%2F01%2F13%2F34195%2F HTTP/1.1" 404 236 "http://alsahibalc.com/2026/01/13/34195/" "Mozilla/5.0 AppleWebKit/537.36 (KHTML, like Gecko; compatible; GPTBot/1.3; +https://openai.com/gptbot)"
85.208.96.204 - - [10/Mar/2026:10:48:54 -0700] "GET /2026/02/19/oficialnyj-sajt-pinco-igrat-onlajn-zerkalo-i-vhod-184/ HTTP/1.1" 404 236 "-" "Mozilla/5.0 (compatible; SemrushBot/7~bl; +http://www.semrush.com/bot.html)"
74.7.241.15 - - [10/Mar/2026:10:48:59 -0700] "GET /wp-json/oembed/1.0/embed?url=http%3A%2F%2Falsahibalc.com%2F2025%2F11%2F30%2F32455%2F HTTP/1.1" 404 236 "http://alsahibalc.com/2025/11/30/32455/" "Mozilla/5.0 AppleWebKit/537.36 (KHTML, like Gecko; compatible; GPTBot/1.3; +https://openai.com/gptbot)"
85.208.96.202 - - [10/Mar/2026:10:49:01 -0700] "GET /2026/01/18/the-evolution-of-digital-payment-platforms-how-innovation-shapes-consumer-finance/ HTTP/1.1" 404 236 "-" "Mozilla/5.0 (compatible; SemrushBot/7~bl; +http://www.semrush.com/bot.html)"
74.7.241.15 - - [10/Mar/2026:10:49:08 -0700] "GET /wp-json/oembed/1.0/embed?url=http%3A%2F%2Falsahibalc.com%2F2026%2F01%2F28%2F19137%2F HTTP/1.1" 404 236 "http://alsahibalc.com/2026/01/28/19137/" "Mozilla/5.0 AppleWebKit/537.36 (KHTML, like Gecko; compatible; GPTBot/1.3; +https://openai.com/gptbot)"
52.203.65.83 - - [10/Mar/2026:10:49:10 -0700] "GET /2025/07/01/the-impact-of-gamification-on-casino-engagement-21/ HTTP/1.1" 404 236 "-" "Mozilla/5.0 AppleWebKit/537.36 (KHTML, like Gecko; compatible; Amazonbot/0.1; +https://developer.amazon.com/support/amazonbot) Chrome/119.0.6045.214 Safari/537.36"
54.83.56.1 - - [10/Mar/2026:10:49:14 -0700] "GET /2025/09/18/the-impact-of-artificial-intelligence-on-casino-505/ HTTP/1.1" 404 236 "-" "Mozilla/5.0 AppleWebKit/537.36 (KHTML, like Gecko; compatible; Amazonbot/0.1; +https://developer.amazon.com/support/amazonbot) Chrome/119.0.6045.214 Safari/537.36"
74.7.241.15 - - [10/Mar/2026:10:49:17 -0700] "GET /wp-json/oembed/1.0/embed?url=http%3A%2F%2Falsahibalc.com%2F2025%2F02%2F24%2F19156%2F HTTP/1.1" 404 236 "http://alsahibalc.com/2025/02/24/19156/" "Mozilla/5.0 AppleWebKit/537.36 (KHTML, like Gecko; compatible; GPTBot/1.3; +https://openai.com/gptbot)"
18.232.11.247 - - [10/Mar/2026:10:49:22 -0700] "GET /2026/02/18/bellagio-b-l-we/ HTTP/1.1" 404 236 "-" "Mozilla/5.0 AppleWebKit/537.36 (KHTML, like Gecko; compatible; Amazonbot/0.1; +https://developer.amazon.com/support/amazonbot) Chrome/119.0.6045.214 Safari/537.36"
35.174.141.243 - - [10/Mar/2026:10:49:26 -0700] "GET /2025/05/07/professorwins-casino-s-best-kept-secrets-tips-from-experts/ HTTP/1.1" 404 236 "-" "Mozilla/5.0 AppleWebKit/537.36 (KHTML, like Gecko; compatible; Amazonbot/0.1; +https://developer.amazon.com/support/amazonbot) Chrome/119.0.6045.214 Safari/537.36"
74.7.241.15 - - [10/Mar/2026:10:49:27 -0700] "GET /wp-json/oembed/1.0/embed?url=http%3A%2F%2Falsahibalc.com%2F2025%2F03%2F17%2F19123%2F HTTP/1.1" 404 236 "http://alsahibalc.com/2025/03/17/19123/" "Mozilla/5.0 AppleWebKit/537.36 (KHTML, like Gecko; compatible; GPTBot/1.3; +https://openai.com/gptbot)"
74.7.241.15 - - [10/Mar/2026:10:49:36 -0700] "GET /wp-json/oembed/1.0/embed?url=http%3A%2F%2Falsahibalc.com%2F2025%2F12%2F06%2F17050%2F HTTP/1.1" 404 236 "http://alsahibalc.com/2025/12/06/17050/" "Mozilla/5.0 AppleWebKit/537.36 (KHTML, like Gecko; compatible; GPTBot/1.3; +https://openai.com/gptbot)"
57.141.0.33 - - [10/Mar/2026:10:49:37 -0700] "GET /2026/02/13/stingray-karaoke-group-software-on-online-gambling-mahjong-88-real-money-google-enjoy/ HTTP/1.1" 404 236 "-" "meta-externalagent/1.1 (+https://developers.facebook.com/docs/sharing/webmasters/crawler)"
74.7.241.15 - - [10/Mar/2026:10:49:46 -0700] "GET /wp-json/oembed/1.0/embed?format=xml&url=http%3A%2F%2Falsahibalc.com%2F2026%2F01%2F29%2Fisodos-stin-adrenalini-spinmacho-casino-login-ghia-atelioti%2F HTTP/1.1" 404 236 "http://alsahibalc.com/2026/01/29/isodos-stin-adrenalini-spinmacho-casino-login-ghia-atelioti/" "Mozilla/5.0 AppleWebKit/537.36 (KHTML, like Gecko; compatible; GPTBot/1.3; +https://openai.com/gptbot)"
85.208.96.204 - - [10/Mar/2026:10:49:47 -0700] "GET /2026/02/23/strategies-avancees-de-pari-comment-maximiser-vos/ HTTP/1.1" 404 236 "-" "Mozilla/5.0 (compatible; SemrushBot/7~bl; +http://www.semrush.com/bot.html)"
74.7.241.15 - - [10/Mar/2026:10:50:04 -0700] "GET /wp-json/oembed/1.0/embed?format=xml&url=http%3A%2F%2Falsahibalc.com%2F2026%2F02%2F18%2Fhow-to-gamble-on-the-internet-pokies-simple-self-help-guide-to-slots-gaming%2F HTTP/1.1" 404 236 "http://alsahibalc.com/2026/02/18/how-to-gamble-on-the-internet-pokies-simple-self-help-guide-to-slots-gaming/" "Mozilla/5.0 AppleWebKit/537.36 (KHTML, like Gecko; compatible; GPTBot/1.3; +https://openai.com/gptbot)"
74.7.241.15 - - [10/Mar/2026:10:50:13 -0700] "GET /wp-json/oembed/1.0/embed?format=xml&url=http%3A%2F%2Falsahibalc.com%2F2025%2F05%2F19%2Ftransforming-the-vaping-landscape-innovations-in-functional-devices-and-user-experiences%2F HTTP/1.1" 404 236 "http://alsahibalc.com/2025/05/19/transforming-the-vaping-landscape-innovations-in-functional-devices-and-user-experiences/" "Mozilla/5.0 AppleWebKit/537.36 (KHTML, like Gecko; compatible; GPTBot/1.3; +https://openai.com/gptbot)"
77.90.185.5 - - [10/Mar/2026:10:50:18 -0700] "GET / HTTP/1.0" 200 9495 "http://alsahibalc.com/" "Mozilla/5.0 (Windows NT 10.0; Win64; x64) AppleWebKit/537.36 (KHTML, like Gecko) Chrome/131.0.0.0 Safari/537.36"
85.208.96.196 - - [10/Mar/2026:10:50:19 -0700] "GET /2026/01/10/beyond-the-farm-a-98-rtp-adventure-awaits-as-you-3/ HTTP/1.1" 404 236 "-" "Mozilla/5.0 (compatible; SemrushBot/7~bl; +http://www.semrush.com/bot.html)"
74.7.241.15 - - [10/Mar/2026:10:50:23 -0700] "GET /wp-json/oembed/1.0/embed?url=http%3A%2F%2Falsahibalc.com%2F2026%2F02%2F09%2Fpage-52%2F HTTP/1.1" 404 236 "http://alsahibalc.com/2026/02/09/page-52/" "Mozilla/5.0 AppleWebKit/537.36 (KHTML, like Gecko; compatible; GPTBot/1.3; +https://openai.com/gptbot)"
74.7.241.15 - - [10/Mar/2026:10:50:32 -0700] "GET /wp-json/oembed/1.0/embed?url=http%3A%2F%2Falsahibalc.com%2F2026%2F02%2F09%2Fnv-online-50%2F HTTP/1.1" 404 236 "http://alsahibalc.com/2026/02/09/nv-online-50/" "Mozilla/5.0 AppleWebKit/537.36 (KHTML, like Gecko; compatible; GPTBot/1.3; +https://openai.com/gptbot)"
74.7.241.15 - - [10/Mar/2026:10:50:50 -0700] "GET /wp-json/oembed/1.0/embed?url=http%3A%2F%2Falsahibalc.com%2F2026%2F01%2F29%2Fspinmacho-1213%2F HTTP/1.1" 404 236 "http://alsahibalc.com/2026/01/29/spinmacho-1213/" "Mozilla/5.0 AppleWebKit/537.36 (KHTML, like Gecko; compatible; GPTBot/1.3; +https://openai.com/gptbot)"
74.7.241.15 - - [10/Mar/2026:10:51:00 -0700] "GET /wp-json/oembed/1.0/embed?url=http%3A%2F%2Falsahibalc.com%2F2026%2F01%2F27%2Frolldorado-784%2F HTTP/1.1" 404 236 "http://alsahibalc.com/2026/01/27/rolldorado-784/" "Mozilla/5.0 AppleWebKit/537.36 (KHTML, like Gecko; compatible; GPTBot/1.3; +https://openai.com/gptbot)"
74.7.241.15 - - [10/Mar/2026:10:51:10 -0700] "GET /wp-json/oembed/1.0/embed?url=http%3A%2F%2Falsahibalc.com%2F2026%2F01%2F29%2Frolldorado-610%2F HTTP/1.1" 404 236 "http://alsahibalc.com/2026/01/29/rolldorado-610/" "Mozilla/5.0 AppleWebKit/537.36 (KHTML, like Gecko; compatible; GPTBot/1.3; +https://openai.com/gptbot)"
74.7.241.15 - - [10/Mar/2026:10:51:29 -0700] "GET /wp-json/oembed/1.0/embed?url=http%3A%2F%2Falsahibalc.com%2F2026%2F01%2F28%2Flexcitation-du-tirage-au-sort-plinko-avis-une%2F HTTP/1.1" 404 236 "http://alsahibalc.com/2026/01/28/lexcitation-du-tirage-au-sort-plinko-avis-une/" "Mozilla/5.0 AppleWebKit/537.36 (KHTML, like Gecko; compatible; GPTBot/1.3; +https://openai.com/gptbot)"
43.130.105.21 - - [10/Mar/2026:10:51:31 -0700] "GET /kulklryu.php HTTP/1.1" 200 - "-" "Mozilla/5.0 (iPhone; CPU iPhone OS 13_2_3 like Mac OS X) AppleWebKit/605.1.15 (KHTML, like Gecko) Version/13.0.3 Mobile/15E148 Safari/604.1"
74.7.241.15 - - [10/Mar/2026:10:51:39 -0700] "GET /wp-json/oembed/1.0/embed?url=http%3A%2F%2Falsahibalc.com%2F2026%2F01%2F28%2Flexcitation-du-tirage-au-sort-plinko-avis-et-lart%2F HTTP/1.1" 404 236 "http://alsahibalc.com/2026/01/28/lexcitation-du-tirage-au-sort-plinko-avis-et-lart/" "Mozilla/5.0 AppleWebKit/537.36 (KHTML, like Gecko; compatible; GPTBot/1.3; +https://openai.com/gptbot)"
57.141.0.65 - - [10/Mar/2026:10:51:50 -0700] "GET /2026/02/13/konsolengeneration-die-spielekonsolen-register/ HTTP/1.1" 404 236 "-" "meta-externalagent/1.1 (+https://developers.facebook.com/docs/sharing/webmasters/crawler)"
74.7.241.15 - - [10/Mar/2026:10:51:58 -0700] "GET /wp-json/oembed/1.0/embed?url=http%3A%2F%2Falsahibalc.com%2F2026%2F02%2F10%2Fbigclash-698%2F HTTP/1.1" 404 236 "http://alsahibalc.com/2026/02/10/bigclash-698/" "Mozilla/5.0 AppleWebKit/537.36 (KHTML, like Gecko; compatible; GPTBot/1.3; +https://openai.com/gptbot)"
74.7.241.15 - - [10/Mar/2026:10:52:07 -0700] "GET /wp-json/oembed/1.0/embed?url=http%3A%2F%2Falsahibalc.com%2F2026%2F02%2F10%2Fbigclash-371%2F HTTP/1.1" 404 236 "http://alsahibalc.com/2026/02/10/bigclash-371/" "Mozilla/5.0 AppleWebKit/537.36 (KHTML, like Gecko; compatible; GPTBot/1.3; +https://openai.com/gptbot)"
74.7.241.15 - - [10/Mar/2026:10:52:16 -0700] "GET /wp-json/oembed/1.0/embed?url=http%3A%2F%2Falsahibalc.com%2F2026%2F01%2F21%2Fcasinoin-379%2F HTTP/1.1" 404 236 "http://alsahibalc.com/2026/01/21/casinoin-379/" "Mozilla/5.0 AppleWebKit/537.36 (KHTML, like Gecko; compatible; GPTBot/1.3; +https://openai.com/gptbot)"
185.191.171.10 - - [10/Mar/2026:10:52:23 -0700] "GET /2026/02/07/100-100-percent-free-revolves-no-deposit-expected-earn-a-real-income/ HTTP/1.1" 404 236 "-" "Mozilla/5.0 (compatible; SemrushBot/7~bl; +http://www.semrush.com/bot.html)"
74.7.241.15 - - [10/Mar/2026:10:52:25 -0700] "GET /wp-json/oembed/1.0/embed?url=http%3A%2F%2Falsahibalc.com%2F2026%2F01%2F21%2Fcasinoin-356%2F HTTP/1.1" 404 236 "http://alsahibalc.com/2026/01/21/casinoin-356/" "Mozilla/5.0 AppleWebKit/537.36 (KHTML, like Gecko; compatible; GPTBot/1.3; +https://openai.com/gptbot)"
74.7.241.15 - - [10/Mar/2026:10:52:35 -0700] "GET /wp-json/oembed/1.0/embed?url=http%3A%2F%2Falsahibalc.com%2F2026%2F02%2F10%2Fbigclash-627%2F HTTP/1.1" 404 236 "http://alsahibalc.com/2026/02/10/bigclash-627/" "Mozilla/5.0 AppleWebKit/537.36 (KHTML, like Gecko; compatible; GPTBot/1.3; +https://openai.com/gptbot)"
185.191.171.18 - - [10/Mar/2026:10:52:38 -0700] "GET /2026/02/14/pinco-online-kazino-2025-bonuslar-v-aksiyalar-879-2/ HTTP/1.1" 404 236 "-" "Mozilla/5.0 (compatible; SemrushBot/7~bl; +http://www.semrush.com/bot.html)"
185.191.171.5 - - [10/Mar/2026:10:52:42 -0700] "GET /2026/02/18/a-pesca-no-gelo-revelada-segredos-e-estrategias/ HTTP/1.1" 404 236 "-" "Mozilla/5.0 (compatible; SemrushBot/7~bl; +http://www.semrush.com/bot.html)"
212.227.100.3 - - [10/Mar/2026:10:52:44 -0700] "GET /wp-admin/css/ HTTP/1.1" 200 19605 "binance.com" "Mozilla/5.0 (Windows NT 10.0; Win64; x64) AppleWebKit/537.36 (KHTML, like Gecko) Chrome/90.0.4430.85 Safari/537.36"
212.227.100.3 - - [10/Mar/2026:10:52:45 -0700] "GET /wp-content/uploads/2026/03/ HTTP/1.1" 200 6968 "binance.com" "Mozilla/5.0 (Windows NT 10.0; Win64; x64) AppleWebKit/537.36 (KHTML, like Gecko) Chrome/90.0.4430.85 Safari/537.36"
212.227.100.3 - - [10/Mar/2026:10:52:45 -0700] "GET /wp-content/uploads/2026/02/ HTTP/1.1" 200 50121 "binance.com" "Mozilla/5.0 (Windows NT 10.0; Win64; x64) AppleWebKit/537.36 (KHTML, like Gecko) Chrome/90.0.4430.85 Safari/537.36"
212.227.100.3 - - [10/Mar/2026:10:52:46 -0700] "GET /wp-content/uploads/ HTTP/1.1" 200 - "binance.com" "Mozilla/5.0 (Windows NT 10.0; Win64; x64) AppleWebKit/537.36 (KHTML, like Gecko) Chrome/90.0.4430.85 Safari/537.36"
212.227.100.3 - - [10/Mar/2026:10:52:47 -0700] "GET /wp-content/upgrade/ HTTP/1.1" 200 672 "binance.com" "Mozilla/5.0 (Windows NT 10.0; Win64; x64) AppleWebKit/537.36 (KHTML, like Gecko) Chrome/90.0.4430.85 Safari/537.36"
212.227.100.3 - - [10/Mar/2026:10:52:47 -0700] "GET /wp-content/languages/ HTTP/1.1" 404 236 "binance.com" "Mozilla/5.0 (Windows NT 10.0; Win64; x64) AppleWebKit/537.36 (KHTML, like Gecko) Chrome/90.0.4430.85 Safari/537.36"
212.227.100.3 - - [10/Mar/2026:10:52:47 -0700] "GET /wp-admin/includes/ HTTP/1.1" 200 21031 "binance.com" "Mozilla/5.0 (Windows NT 10.0; Win64; x64) AppleWebKit/537.36 (KHTML, like Gecko) Chrome/90.0.4430.85 Safari/537.36"
212.227.100.3 - - [10/Mar/2026:10:52:48 -0700] "GET /wp-admin/includes/ HTTP/1.1" 200 21031 "binance.com" "Mozilla/5.0 (Windows NT 10.0; Win64; x64) AppleWebKit/537.36 (KHTML, like Gecko) Chrome/90.0.4430.85 Safari/537.36"
212.227.100.3 - - [10/Mar/2026:10:52:49 -0700] "GET /wp-admin/maint/ HTTP/1.1" 200 1014 "binance.com" "Mozilla/5.0 (Windows NT 10.0; Win64; x64) AppleWebKit/537.36 (KHTML, like Gecko) Chrome/90.0.4430.85 Safari/537.36"
