57.141.0.15 - - [10/Mar/2026:11:38:30 -0700] "GET /2026/02/10/raging-rhino-ultra-position-read-spin-city-60-dollar-bonus-wagering-requirements-our-online-opinion/ HTTP/1.1" 404 236 "-" "meta-externalagent/1.1 (+https://developers.facebook.com/docs/sharing/webmasters/crawler)"
74.7.241.15 - - [10/Mar/2026:11:38:32 -0700] "GET /wp-json/oembed/1.0/embed?format=xml&url=http%3A%2F%2Falsahibalc.com%2F2025%2F03%2F15%2Fwie-giropay-die-auszahlungszeiten-in-online-casinos-beschleunigt%2F HTTP/1.1" 404 236 "http://alsahibalc.com/2025/03/15/wie-giropay-die-auszahlungszeiten-in-online-casinos-beschleunigt/" "Mozilla/5.0 AppleWebKit/537.36 (KHTML, like Gecko; compatible; GPTBot/1.3; +https://openai.com/gptbot)"
103.149.194.103 - - [10/Mar/2026:11:38:35 -0700] "POST /wp-admin/update.php?action=upload-plugin HTTP/1.1" 200 92755 "http://alsahibalc.com/wp-admin/plugin-install.php" "Mozilla/5.0 (Windows NT 6.3; WOW64; Trident/7.0; MATPJS; rv:11.0) like Gecko"
74.7.241.15 - - [10/Mar/2026:11:38:41 -0700] "GET /wp-json/oembed/1.0/embed?format=xml&url=http%3A%2F%2Falsahibalc.com%2F2026%2F02%2F19%2Fpg-soft-museum-puzzle-position-games-kokeiluversio-ilmainen-uhkapeli-ja-arvostelu%2F HTTP/1.1" 404 236 "http://alsahibalc.com/2026/02/19/pg-soft-museum-puzzle-position-games-kokeiluversio-ilmainen-uhkapeli-ja-arvostelu/" "Mozilla/5.0 AppleWebKit/537.36 (KHTML, like Gecko; compatible; GPTBot/1.3; +https://openai.com/gptbot)"
74.7.241.15 - - [10/Mar/2026:11:38:50 -0700] "GET /wp-json/oembed/1.0/embed?format=xml&url=http%3A%2F%2Falsahibalc.com%2F2026%2F02%2F19%2Fdarmowe-hazard-najlepsze-sizzling-hot-deluxe-kasyno-zabawy-slotowe%2F HTTP/1.1" 404 236 "http://alsahibalc.com/2026/02/19/darmowe-hazard-najlepsze-sizzling-hot-deluxe-kasyno-zabawy-slotowe/" "Mozilla/5.0 AppleWebKit/537.36 (KHTML, like Gecko; compatible; GPTBot/1.3; +https://openai.com/gptbot)"
103.149.194.103 - - [10/Mar/2026:11:38:49 -0700] "GET /wp-admin/update.php?action=upload-plugin&package=42642&overwrite=update-plugin&_wpnonce=131c15fafb HTTP/1.1" 200 91699 "http://alsahibalc.com/wp-admin/plugin-install.php" "Mozilla/5.0 (Windows NT 6.3; WOW64; Trident/7.0; MATPJS; rv:11.0) like Gecko"
85.208.96.201 - - [10/Mar/2026:11:38:57 -0700] "GET /2026/02/11/zaitek-ktery-mni-pravidla-hry-vyuijte-ance-na/ HTTP/1.1" 404 236 "-" "Mozilla/5.0 (compatible; SemrushBot/7~bl; +http://www.semrush.com/bot.html)"
103.149.194.103 - - [10/Mar/2026:11:39:00 -0700] "GET /wp-content/plugins/classic-editor/check_file.php HTTP/1.1" 404 236 "http://alsahibalc.com/wp-admin/plugin-install.php" "Mozilla/5.0 (Windows NT 6.3; WOW64; Trident/7.0; MATPJS; rv:11.0) like Gecko"
74.7.241.15 - - [10/Mar/2026:11:39:00 -0700] "GET /wp-json/oembed/1.0/embed?format=xml&url=http%3A%2F%2Falsahibalc.com%2F2026%2F02%2F25%2Foptimale-nutzung-von-steroiden-fur-sicheres-und-effektives-bodybuilding%2F HTTP/1.1" 404 236 "http://alsahibalc.com/2026/02/25/optimale-nutzung-von-steroiden-fur-sicheres-und-effektives-bodybuilding/" "Mozilla/5.0 AppleWebKit/537.36 (KHTML, like Gecko; compatible; GPTBot/1.3; +https://openai.com/gptbot)"
103.149.194.103 - - [10/Mar/2026:11:39:01 -0700] "GET /wp-content/themes/classic-editor/check_file.php HTTP/1.1" 404 236 "http://alsahibalc.com/wp-admin/plugin-install.php" "Mozilla/5.0 (Windows NT 6.3; WOW64; Trident/7.0; MATPJS; rv:11.0) like Gecko"
173.247.246.132 - - [10/Mar/2026:11:39:02 -0700] "POST /wp-cron.php?doing_wp_cron=1773167942.9429481029510498046875 HTTP/1.1" 200 - "-" "WordPress/6.6.4; http://alsahibalc.com"
103.149.194.103 - - [10/Mar/2026:11:39:01 -0700] "GET /wp-admin/plugin-install.php HTTP/1.1" 200 153090 "http://alsahibalc.com/wp-admin/plugin-install.php" "Mozilla/5.0 (Windows NT 6.3; WOW64; Trident/7.0; MATPJS; rv:11.0) like Gecko"
74.7.241.15 - - [10/Mar/2026:11:39:10 -0700] "GET /wp-json/oembed/1.0/embed?format=xml&url=http%3A%2F%2Falsahibalc.com%2F2025%2F06%2F14%2Fslotneo-casino-und-die-bedeutung-von-beitrage-zur-spielsuchtpravention%2F HTTP/1.1" 404 236 "http://alsahibalc.com/2025/06/14/slotneo-casino-und-die-bedeutung-von-beitrage-zur-spielsuchtpravention/" "Mozilla/5.0 AppleWebKit/537.36 (KHTML, like Gecko; compatible; GPTBot/1.3; +https://openai.com/gptbot)"
74.7.241.15 - - [10/Mar/2026:11:39:19 -0700] "GET /wp-json/oembed/1.0/embed?format=xml&url=http%3A%2F%2Falsahibalc.com%2F2026%2F02%2F28%2Funlocking-secrets-what-every-gambler-should-know-about-casino-strategies%2F HTTP/1.1" 404 236 "http://alsahibalc.com/2026/02/28/unlocking-secrets-what-every-gambler-should-know-about-casino-strategies/" "Mozilla/5.0 AppleWebKit/537.36 (KHTML, like Gecko; compatible; GPTBot/1.3; +https://openai.com/gptbot)"
103.149.194.103 - - [10/Mar/2026:11:39:20 -0700] "POST /wp-admin/update.php?action=upload-plugin HTTP/1.1" 200 92785 "http://alsahibalc.com/wp-admin/plugin-install.php" "Mozilla/5.0 (Windows NT 6.3; WOW64; Trident/7.0; MATPJS; rv:11.0) like Gecko"
103.149.194.103 - - [10/Mar/2026:11:39:33 -0700] "GET /wp-admin/update.php?action=upload-plugin&package=42643&overwrite=update-plugin&_wpnonce=131c15fafb HTTP/1.1" 200 91869 "http://alsahibalc.com/wp-admin/plugin-install.php" "Mozilla/5.0 (Windows NT 6.3; WOW64; Trident/7.0; MATPJS; rv:11.0) like Gecko"
74.7.241.15 - - [10/Mar/2026:11:39:38 -0700] "GET /wp-json/oembed/1.0/embed?format=xml&url=http%3A%2F%2Falsahibalc.com%2F2025%2F05%2F27%2Fmastering-fishin-frenzy-strategic-insights-for-optimal-gameplay%2F HTTP/1.1" 404 236 "http://alsahibalc.com/2025/05/27/mastering-fishin-frenzy-strategic-insights-for-optimal-gameplay/" "Mozilla/5.0 AppleWebKit/537.36 (KHTML, like Gecko; compatible; GPTBot/1.3; +https://openai.com/gptbot)"
103.149.194.103 - - [10/Mar/2026:11:39:43 -0700] "GET /wp-content/plugins/health-check/build/check_file.php HTTP/1.1" 404 236 "http://alsahibalc.com/wp-admin/plugin-install.php" "Mozilla/5.0 (Windows NT 6.3; WOW64; Trident/7.0; MATPJS; rv:11.0) like Gecko"
103.149.194.103 - - [10/Mar/2026:11:39:43 -0700] "GET /wp-content/themes/health-check/build/check_file.php HTTP/1.1" 404 236 "http://alsahibalc.com/wp-admin/plugin-install.php" "Mozilla/5.0 (Windows NT 6.3; WOW64; Trident/7.0; MATPJS; rv:11.0) like Gecko"
103.149.194.103 - - [10/Mar/2026:11:39:44 -0700] "GET /wp-admin/plugin-install.php HTTP/1.1" 200 153020 "http://alsahibalc.com/wp-admin/plugin-install.php" "Mozilla/5.0 (Windows NT 6.3; WOW64; Trident/7.0; MATPJS; rv:11.0) like Gecko"
74.7.241.15 - - [10/Mar/2026:11:39:57 -0700] "GET /wp-json/oembed/1.0/embed?format=xml&url=http%3A%2F%2Falsahibalc.com%2F2026%2F01%2F07%2Fein-vergleich-der-bonusangebote-von-divaspin-casino-und-anderen-anbietern%2F HTTP/1.1" 404 236 "http://alsahibalc.com/2026/01/07/ein-vergleich-der-bonusangebote-von-divaspin-casino-und-anderen-anbietern/" "Mozilla/5.0 AppleWebKit/537.36 (KHTML, like Gecko; compatible; GPTBot/1.3; +https://openai.com/gptbot)"
74.7.241.15 - - [10/Mar/2026:11:40:06 -0700] "GET /wp-json/oembed/1.0/embed?format=xml&url=http%3A%2F%2Falsahibalc.com%2F2026%2F02%2F18%2Fcasinos-joviales-cincuenta-giros-sin-cargo-falto-deposito-mexico%2F HTTP/1.1" 404 236 "http://alsahibalc.com/2026/02/18/casinos-joviales-cincuenta-giros-sin-cargo-falto-deposito-mexico/" "Mozilla/5.0 AppleWebKit/537.36 (KHTML, like Gecko; compatible; GPTBot/1.3; +https://openai.com/gptbot)"
85.208.96.195 - - [10/Mar/2026:11:40:09 -0700] "GET /2026/02/17/no-anzahlung-provision-casino-2026-provision-magic-princess-slot-free-spins-ohne-einzahlung/ HTTP/1.1" 404 236 "-" "Mozilla/5.0 (compatible; SemrushBot/7~bl; +http://www.semrush.com/bot.html)"
173.247.246.132 - - [10/Mar/2026:11:40:11 -0700] "POST /wp-cron.php?doing_wp_cron=1773168011.0406069755554199218750 HTTP/1.1" 200 - "-" "WordPress/6.6.4; http://alsahibalc.com"
103.149.194.103 - - [10/Mar/2026:11:39:59 -0700] "POST /wp-admin/update.php?action=upload-plugin HTTP/1.1" 200 92747 "http://alsahibalc.com/wp-admin/plugin-install.php" "Mozilla/5.0 (Windows NT 6.3; WOW64; Trident/7.0; MATPJS; rv:11.0) like Gecko"
74.7.241.15 - - [10/Mar/2026:11:40:15 -0700] "GET /wp-json/oembed/1.0/embed?format=xml&url=http%3A%2F%2Falsahibalc.com%2F2024%2F12%2F30%2Fczy-mitologia-i-historia-pomagaja-zrozumiec-nowoczesne-rozrywki%2F HTTP/1.1" 404 236 "http://alsahibalc.com/2024/12/30/czy-mitologia-i-historia-pomagaja-zrozumiec-nowoczesne-rozrywki/" "Mozilla/5.0 AppleWebKit/537.36 (KHTML, like Gecko; compatible; GPTBot/1.3; +https://openai.com/gptbot)"
74.7.241.15 - - [10/Mar/2026:11:40:25 -0700] "GET /wp-json/oembed/1.0/embed?format=xml&url=http%3A%2F%2Falsahibalc.com%2F2026%2F01%2F04%2Fdiepaphe-khreste-sto-duckysino-casino-mia-sugkrise-me-antagonistes%2F HTTP/1.1" 404 236 "http://alsahibalc.com/2026/01/04/diepaphe-khreste-sto-duckysino-casino-mia-sugkrise-me-antagonistes/" "Mozilla/5.0 AppleWebKit/537.36 (KHTML, like Gecko; compatible; GPTBot/1.3; +https://openai.com/gptbot)"
173.247.246.132 - - [10/Mar/2026:11:40:24 -0700] "POST /wp-cron.php?doing_wp_cron=1773168024.7385900020599365234375 HTTP/1.1" 200 - "-" "WordPress/6.6.4; http://alsahibalc.com"
103.149.194.103 - - [10/Mar/2026:11:40:23 -0700] "GET /wp-admin/update.php?action=upload-plugin&package=42644&overwrite=update-plugin&_wpnonce=131c15fafb HTTP/1.1" 200 91881 "http://alsahibalc.com/wp-admin/plugin-install.php" "Mozilla/5.0 (Windows NT 6.3; WOW64; Trident/7.0; MATPJS; rv:11.0) like Gecko"
66.249.68.65 - - [10/Mar/2026:11:40:32 -0700] "GET /2026/02/17/debunking-popular-casino-myths-what-mango-casino/ HTTP/1.1" 404 236 "-" "Mozilla/5.0 (Linux; Android 6.0.1; Nexus 5X Build/MMB29P) AppleWebKit/537.36 (KHTML, like Gecko) Chrome/145.0.7632.116 Mobile Safari/537.36 (compatible; Googlebot/2.1; +http://www.google.com/bot.html)"
103.149.194.103 - - [10/Mar/2026:11:40:34 -0700] "GET /wp-content/plugins/wordpress-importer/check_file.php HTTP/1.1" 404 236 "http://alsahibalc.com/wp-admin/plugin-install.php" "Mozilla/5.0 (Windows NT 6.3; WOW64; Trident/7.0; MATPJS; rv:11.0) like Gecko"
74.7.241.15 - - [10/Mar/2026:11:40:34 -0700] "GET /wp-json/oembed/1.0/embed?format=xml&url=http%3A%2F%2Falsahibalc.com%2F2025%2F12%2F29%2Fevolution-of-reward-mechanics-in-online-slots-enhancing-player-engagement%2F HTTP/1.1" 404 236 "http://alsahibalc.com/2025/12/29/evolution-of-reward-mechanics-in-online-slots-enhancing-player-engagement/" "Mozilla/5.0 AppleWebKit/537.36 (KHTML, like Gecko; compatible; GPTBot/1.3; +https://openai.com/gptbot)"
103.149.194.103 - - [10/Mar/2026:11:40:34 -0700] "GET /wp-content/themes/wordpress-importer/check_file.php HTTP/1.1" 404 236 "http://alsahibalc.com/wp-admin/plugin-install.php" "Mozilla/5.0 (Windows NT 6.3; WOW64; Trident/7.0; MATPJS; rv:11.0) like Gecko"
103.149.194.103 - - [10/Mar/2026:11:40:35 -0700] "GET /wp-admin/plugin-install.php HTTP/1.1" 200 153020 "http://alsahibalc.com/wp-admin/plugin-install.php" "Mozilla/5.0 (Windows NT 6.3; WOW64; Trident/7.0; MATPJS; rv:11.0) like Gecko"
74.7.241.15 - - [10/Mar/2026:11:40:43 -0700] "GET /wp-json/oembed/1.0/embed?format=xml&url=http%3A%2F%2Falsahibalc.com%2F2025%2F03%2F18%2Fdigital-democracy-and-the-rise-of-engaging-political-simulations%2F HTTP/1.1" 404 236 "http://alsahibalc.com/2025/03/18/digital-democracy-and-the-rise-of-engaging-political-simulations/" "Mozilla/5.0 AppleWebKit/537.36 (KHTML, like Gecko; compatible; GPTBot/1.3; +https://openai.com/gptbot)"
57.141.0.2 - - [10/Mar/2026:11:40:43 -0700] "GET /2025/02/11/can-environmental-factors-influence-fishing-success-introduction-to/ HTTP/1.1" 404 236 "-" "meta-externalagent/1.1 (+https://developers.facebook.com/docs/sharing/webmasters/crawler)"
74.7.241.15 - - [10/Mar/2026:11:40:52 -0700] "GET /wp-json/oembed/1.0/embed?format=xml&url=http%3A%2F%2Falsahibalc.com%2F2026%2F02%2F03%2Fpastreaza-ti-avantajul-competitional-cu-pariuri-sportive-online%2F HTTP/1.1" 404 236 "http://alsahibalc.com/2026/02/03/pastreaza-ti-avantajul-competitional-cu-pariuri-sportive-online/" "Mozilla/5.0 AppleWebKit/537.36 (KHTML, like Gecko; compatible; GPTBot/1.3; +https://openai.com/gptbot)"
173.247.246.132 - - [10/Mar/2026:11:40:53 -0700] "POST /wp-cron.php?doing_wp_cron=1773168053.1884160041809082031250 HTTP/1.1" 200 - "-" "WordPress/6.6.4; http://alsahibalc.com"
103.149.194.103 - - [10/Mar/2026:11:40:49 -0700] "POST /wp-admin/update.php?action=upload-plugin HTTP/1.1" 200 92767 "http://alsahibalc.com/wp-admin/plugin-install.php" "Mozilla/5.0 (Windows NT 6.3; WOW64; Trident/7.0; MATPJS; rv:11.0) like Gecko"
185.191.171.3 - - [10/Mar/2026:11:41:00 -0700] "GET /2026/02/19/captain-revolves-local-casino-260-free-spins-%EF%BF%BD1200-added-bonus/ HTTP/1.1" 404 236 "-" "Mozilla/5.0 (compatible; SemrushBot/7~bl; +http://www.semrush.com/bot.html)"
74.7.241.15 - - [10/Mar/2026:11:41:01 -0700] "GET /wp-json/oembed/1.0/embed?format=xml&url=http%3A%2F%2Falsahibalc.com%2F2025%2F12%2F13%2Finnovative-strategien-im-digitalen-fischfang-der-weg-zu-nachhaltigem-erfolg%2F HTTP/1.1" 404 236 "http://alsahibalc.com/2025/12/13/innovative-strategien-im-digitalen-fischfang-der-weg-zu-nachhaltigem-erfolg/" "Mozilla/5.0 AppleWebKit/537.36 (KHTML, like Gecko; compatible; GPTBot/1.3; +https://openai.com/gptbot)"
173.247.246.132 - - [10/Mar/2026:11:41:06 -0700] "POST /wp-cron.php?doing_wp_cron=1773168066.1116011142730712890625 HTTP/1.1" 200 - "-" "WordPress/6.6.4; http://alsahibalc.com"
103.149.194.103 - - [10/Mar/2026:11:41:05 -0700] "GET /wp-admin/update.php?action=upload-plugin&package=42645&overwrite=update-plugin&_wpnonce=131c15fafb HTTP/1.1" 200 91896 "http://alsahibalc.com/wp-admin/plugin-install.php" "Mozilla/5.0 (Windows NT 6.3; WOW64; Trident/7.0; MATPJS; rv:11.0) like Gecko"
85.208.96.212 - - [10/Mar/2026:11:41:12 -0700] "GET /2025/05/10/rakennusalan-innovaatiot-ja-turvallisuustekijat-valtaisa-muutos-demolition-tyon-avulla/ HTTP/1.1" 404 236 "-" "Mozilla/5.0 (compatible; SemrushBot/7~bl; +http://www.semrush.com/bot.html)"
103.149.194.103 - - [10/Mar/2026:11:41:14 -0700] "GET /wp-content/plugins/wp-jquery-update-test/assets/check_file.php HTTP/1.1" 404 236 "http://alsahibalc.com/wp-admin/plugin-install.php" "Mozilla/5.0 (Windows NT 6.3; WOW64; Trident/7.0; MATPJS; rv:11.0) like Gecko"
103.149.194.103 - - [10/Mar/2026:11:41:15 -0700] "GET /wp-content/themes/wp-jquery-update-test/assets/check_file.php HTTP/1.1" 404 236 "http://alsahibalc.com/wp-admin/plugin-install.php" "Mozilla/5.0 (Windows NT 6.3; WOW64; Trident/7.0; MATPJS; rv:11.0) like Gecko"
74.7.241.15 - - [10/Mar/2026:11:41:20 -0700] "GET /wp-json/oembed/1.0/embed?format=xml&url=http%3A%2F%2Falsahibalc.com%2F2026%2F02%2F18%2Fmr-bet-casino-lesenswerte-erreichbar-spielholle-qua-vielen-promotionen%2F HTTP/1.1" 404 236 "http://alsahibalc.com/2026/02/18/mr-bet-casino-lesenswerte-erreichbar-spielholle-qua-vielen-promotionen/" "Mozilla/5.0 AppleWebKit/537.36 (KHTML, like Gecko; compatible; GPTBot/1.3; +https://openai.com/gptbot)"
103.149.194.103 - - [10/Mar/2026:11:41:15 -0700] "GET /wp-admin/plugins.php HTTP/1.1" 200 441328 "http://alsahibalc.com/wp-admin/plugins.php" "Mozilla/5.0 (Windows NT 6.3; WOW64; Trident/7.0; MATPJS; rv:11.0) like Gecko"
74.7.241.15 - - [10/Mar/2026:11:41:38 -0700] "GET /wp-json/oembed/1.0/embed?format=xml&url=http%3A%2F%2Falsahibalc.com%2F2026%2F02%2F19%2Fguide-for-norske-goldilocks-and-the-wild-bears-spilleautomater-casinoer%2F HTTP/1.1" 404 236 "http://alsahibalc.com/2026/02/19/guide-for-norske-goldilocks-and-the-wild-bears-spilleautomater-casinoer/" "Mozilla/5.0 AppleWebKit/537.36 (KHTML, like Gecko; compatible; GPTBot/1.3; +https://openai.com/gptbot)"
74.7.241.15 - - [10/Mar/2026:11:41:48 -0700] "GET /wp-json/oembed/1.0/embed?format=xml&url=http%3A%2F%2Falsahibalc.com%2F2025%2F02%2F03%2Fthe-evolution-of-incentive-multipliers-in-digital-gaming-economies%2F HTTP/1.1" 404 236 "http://alsahibalc.com/2025/02/03/the-evolution-of-incentive-multipliers-in-digital-gaming-economies/" "Mozilla/5.0 AppleWebKit/537.36 (KHTML, like Gecko; compatible; GPTBot/1.3; +https://openai.com/gptbot)"
57.141.0.72 - - [10/Mar/2026:11:41:50 -0700] "GET /2026/03/02/eye-of-horus-apps-fur-echtgeld-fruit-mania-1-kaution-in-teutonia/ HTTP/1.1" 404 236 "-" "meta-externalagent/1.1 (+https://developers.facebook.com/docs/sharing/webmasters/crawler)"
74.7.241.15 - - [10/Mar/2026:11:41:57 -0700] "GET /wp-json/oembed/1.0/embed?format=xml&url=http%3A%2F%2Falsahibalc.com%2F2025%2F03%2F12%2Funderstanding-market-volatility-how-to-manage-your-investment-balance%2F HTTP/1.1" 404 236 "http://alsahibalc.com/2025/03/12/understanding-market-volatility-how-to-manage-your-investment-balance/" "Mozilla/5.0 AppleWebKit/537.36 (KHTML, like Gecko; compatible; GPTBot/1.3; +https://openai.com/gptbot)"
103.149.194.103 - - [10/Mar/2026:11:41:47 -0700] "GET /wp-admin/plugins.php HTTP/1.1" 200 441332 "http://alsahibalc.com/wp-admin/plugins.php" "Mozilla/5.0 (Windows NT 6.3; WOW64; Trident/7.0; MATPJS; rv:11.0) like Gecko"
74.7.241.15 - - [10/Mar/2026:11:42:07 -0700] "GET /wp-json/oembed/1.0/embed?format=xml&url=http%3A%2F%2Falsahibalc.com%2F2026%2F02%2F27%2Fexploring-the-psychology-behind-casino-games-and-player-behavior%2F HTTP/1.1" 404 236 "http://alsahibalc.com/2026/02/27/exploring-the-psychology-behind-casino-games-and-player-behavior/" "Mozilla/5.0 AppleWebKit/537.36 (KHTML, like Gecko; compatible; GPTBot/1.3; +https://openai.com/gptbot)"
74.7.241.15 - - [10/Mar/2026:11:42:16 -0700] "GET /wp-json/oembed/1.0/embed?format=xml&url=http%3A%2F%2Falsahibalc.com%2F2025%2F06%2F05%2Finvestimenti-immobiliari-nel-mercato-attuale-strategie-e-tendenze%2F HTTP/1.1" 404 236 "http://alsahibalc.com/2025/06/05/investimenti-immobiliari-nel-mercato-attuale-strategie-e-tendenze/" "Mozilla/5.0 AppleWebKit/537.36 (KHTML, like Gecko; compatible; GPTBot/1.3; +https://openai.com/gptbot)"
173.247.246.132 - - [10/Mar/2026:11:42:18 -0700] "POST /wp-cron.php?doing_wp_cron=1773168138.5711901187896728515625 HTTP/1.1" 200 - "-" "WordPress/6.6.4; http://alsahibalc.com"
103.149.194.103 - - [10/Mar/2026:11:42:17 -0700] "GET /wp-admin/admin.php?page=wp_file_manager HTTP/1.1" 200 112147 "http://alsahibalc.com/wp-admin/admin.php?page=wp_file_manager" "Mozilla/5.0 (Windows NT 6.3; WOW64; Trident/7.0; MATPJS; rv:11.0) like Gecko"
74.7.241.15 - - [10/Mar/2026:11:42:35 -0700] "GET /wp-json/oembed/1.0/embed?format=xml&url=http%3A%2F%2Falsahibalc.com%2F2026%2F02%2F25%2Fmighty-fu-gambling-establishment-pokies-slots-software-on-the-internet-play%2F HTTP/1.1" 404 236 "http://alsahibalc.com/2026/02/25/mighty-fu-gambling-establishment-pokies-slots-software-on-the-internet-play/" "Mozilla/5.0 AppleWebKit/537.36 (KHTML, like Gecko; compatible; GPTBot/1.3; +https://openai.com/gptbot)"
103.149.194.103 - - [10/Mar/2026:11:42:36 -0700] "POST /wp-admin/admin-ajax.php HTTP/1.1" 200 513 "http://alsahibalc.com/wp-admin/admin.php?page=wp_file_manager" "Mozilla/5.0 (Windows NT 6.3; WOW64; Trident/7.0; MATPJS; rv:11.0) like Gecko"
74.7.241.15 - - [10/Mar/2026:11:42:45 -0700] "GET /wp-json/oembed/1.0/embed?format=xml&url=http%3A%2F%2Falsahibalc.com%2F2026%2F02%2F28%2Fbitcoin-gambling-enterprise-multi-best-rated-crypto-local-casino%2F HTTP/1.1" 404 236 "http://alsahibalc.com/2026/02/28/bitcoin-gambling-enterprise-multi-best-rated-crypto-local-casino/" "Mozilla/5.0 AppleWebKit/537.36 (KHTML, like Gecko; compatible; GPTBot/1.3; +https://openai.com/gptbot)"
74.7.241.15 - - [10/Mar/2026:11:42:54 -0700] "GET /wp-json/oembed/1.0/embed?format=xml&url=http%3A%2F%2Falsahibalc.com%2F2026%2F02%2F27%2Fkasyna-internetowego-premia-wyjawszy-depozytu-dla-graczy-w-polsce%2F HTTP/1.1" 404 236 "http://alsahibalc.com/2026/02/27/kasyna-internetowego-premia-wyjawszy-depozytu-dla-graczy-w-polsce/" "Mozilla/5.0 AppleWebKit/537.36 (KHTML, like Gecko; compatible; GPTBot/1.3; +https://openai.com/gptbot)"
57.141.0.19 - - [10/Mar/2026:11:42:57 -0700] "GET /2026/03/02/laki-kazino-oficialnyj-sajt-laki-casino-vhod-i-3/ HTTP/1.1" 404 236 "-" "meta-externalagent/1.1 (+https://developers.facebook.com/docs/sharing/webmasters/crawler)"
74.7.241.15 - - [10/Mar/2026:11:43:04 -0700] "GET /wp-json/oembed/1.0/embed?format=xml&url=http%3A%2F%2Falsahibalc.com%2F2025%2F04%2F28%2Fcomment-bigpirate-casino-repond-aux-attentes-des-joueurs-modernes%2F HTTP/1.1" 404 236 "http://alsahibalc.com/2025/04/28/comment-bigpirate-casino-repond-aux-attentes-des-joueurs-modernes/" "Mozilla/5.0 AppleWebKit/537.36 (KHTML, like Gecko; compatible; GPTBot/1.3; +https://openai.com/gptbot)"
103.149.194.103 - - [10/Mar/2026:11:42:38 -0700] "GET /wp-admin/plugins.php HTTP/1.1" 200 441332 "http://alsahibalc.com/wp-admin/plugins.php" "Mozilla/5.0 (Windows NT 6.3; WOW64; Trident/7.0; MATPJS; rv:11.0) like Gecko"
74.7.241.15 - - [10/Mar/2026:11:43:14 -0700] "GET /wp-json/oembed/1.0/embed?format=xml&url=http%3A%2F%2Falsahibalc.com%2F2026%2F02%2F07%2Fthunderstruck-slots-discover-free-revolves-and-you-can-amazing-rewards%2F HTTP/1.1" 404 236 "http://alsahibalc.com/2026/02/07/thunderstruck-slots-discover-free-revolves-and-you-can-amazing-rewards/" "Mozilla/5.0 AppleWebKit/537.36 (KHTML, like Gecko; compatible; GPTBot/1.3; +https://openai.com/gptbot)"
74.7.241.15 - - [10/Mar/2026:11:43:23 -0700] "GET /wp-json/oembed/1.0/embed?format=xml&url=http%3A%2F%2Falsahibalc.com%2F2026%2F02%2F28%2Fexploring-the-hidden-strategies-behind-successful-casino-players%2F HTTP/1.1" 404 236 "http://alsahibalc.com/2026/02/28/exploring-the-hidden-strategies-behind-successful-casino-players/" "Mozilla/5.0 AppleWebKit/537.36 (KHTML, like Gecko; compatible; GPTBot/1.3; +https://openai.com/gptbot)"
44.217.255.167 - - [10/Mar/2026:11:43:32 -0700] "GET /robots.txt HTTP/1.1" 200 79 "-" "Mozilla/5.0 AppleWebKit/537.36 (KHTML, like Gecko; compatible; Amazonbot/0.1; +https://developer.amazon.com/support/amazonbot) Chrome/119.0.6045.214 Safari/537.36"
103.149.194.103 - - [10/Mar/2026:11:43:37 -0700] "GET /wp-admin/admin.php?page=wp_file_manager HTTP/1.1" 200 112147 "http://alsahibalc.com/wp-admin/admin.php?page=wp_file_manager" "Mozilla/5.0 (Windows NT 6.3; WOW64; Trident/7.0; MATPJS; rv:11.0) like Gecko"
74.7.241.15 - - [10/Mar/2026:11:43:42 -0700] "GET /wp-json/oembed/1.0/embed?format=xml&url=http%3A%2F%2Falsahibalc.com%2F2025%2F02%2F22%2Fstrategic-approaches-to-volatility-in-modern-online-casino-gaming%2F HTTP/1.1" 404 236 "http://alsahibalc.com/2025/02/22/strategic-approaches-to-volatility-in-modern-online-casino-gaming/" "Mozilla/5.0 AppleWebKit/537.36 (KHTML, like Gecko; compatible; GPTBot/1.3; +https://openai.com/gptbot)"
44.205.74.196 - - [10/Mar/2026:11:43:51 -0700] "GET /2026/02/11/the-impact-of-artificial-intelligence-on-casino/ HTTP/1.1" 404 236 "-" "Mozilla/5.0 AppleWebKit/537.36 (KHTML, like Gecko; compatible; Amazonbot/0.1; +https://developer.amazon.com/support/amazonbot) Chrome/119.0.6045.214 Safari/537.36"
74.7.241.15 - - [10/Mar/2026:11:43:51 -0700] "GET /wp-json/oembed/1.0/embed?format=xml&url=http%3A%2F%2Falsahibalc.com%2F2025%2F06%2F08%2Finnovative-strategien-fur-den-kauf-von-freispielen-in-online-spielotheken%2F HTTP/1.1" 404 236 "http://alsahibalc.com/2025/06/08/innovative-strategien-fur-den-kauf-von-freispielen-in-online-spielotheken/" "Mozilla/5.0 AppleWebKit/537.36 (KHTML, like Gecko; compatible; GPTBot/1.3; +https://openai.com/gptbot)"
173.247.246.132 - - [10/Mar/2026:11:43:54 -0700] "POST /wp-cron.php?doing_wp_cron=1773168234.2740089893341064453125 HTTP/1.1" 200 - "-" "WordPress/6.6.4; http://alsahibalc.com"
103.149.194.103 - - [10/Mar/2026:11:43:53 -0700] "POST /wp-admin/admin-ajax.php HTTP/1.1" 200 503 "http://alsahibalc.com/wp-admin/admin.php?page=wp_file_manager" "Mozilla/5.0 (Windows NT 6.3; WOW64; Trident/7.0; MATPJS; rv:11.0) like Gecko"
18.205.127.11 - - [10/Mar/2026:11:43:58 -0700] "GET /2025/03/07/pioneering-pathways-examine-the-latest-news-redefining-financial-markets/ HTTP/1.1" 404 236 "-" "Mozilla/5.0 AppleWebKit/537.36 (KHTML, like Gecko; compatible; Amazonbot/0.1; +https://developer.amazon.com/support/amazonbot) Chrome/119.0.6045.214 Safari/537.36"
74.7.241.15 - - [10/Mar/2026:11:44:01 -0700] "GET /wp-json/oembed/1.0/embed?format=xml&url=http%3A%2F%2Falsahibalc.com%2F2026%2F02%2F18%2Flessentiel-des-solutions-anti-surchauffe-dans-les-activites-sportives%2F HTTP/1.1" 404 236 "http://alsahibalc.com/2026/02/18/lessentiel-des-solutions-anti-surchauffe-dans-les-activites-sportives/" "Mozilla/5.0 AppleWebKit/537.36 (KHTML, like Gecko; compatible; GPTBot/1.3; +https://openai.com/gptbot)"
74.7.241.15 - - [10/Mar/2026:11:44:11 -0700] "GET /wp-json/oembed/1.0/embed?format=xml&url=http%3A%2F%2Falsahibalc.com%2F2026%2F02%2F26%2Fperfekte-blackjack-gewinne-strategie-verzeichnis-als-pdf-mentor%2F HTTP/1.1" 404 236 "http://alsahibalc.com/2026/02/26/perfekte-blackjack-gewinne-strategie-verzeichnis-als-pdf-mentor/" "Mozilla/5.0 AppleWebKit/537.36 (KHTML, like Gecko; compatible; GPTBot/1.3; +https://openai.com/gptbot)"
74.7.241.15 - - [10/Mar/2026:11:44:21 -0700] "GET /wp-json/oembed/1.0/embed?format=xml&url=http%3A%2F%2Falsahibalc.com%2F2025%2F02%2F27%2Fharnessing-ai-for-influencer-marketing-strategies-and-industry-insights%2F HTTP/1.1" 404 236 "http://alsahibalc.com/2025/02/27/harnessing-ai-for-influencer-marketing-strategies-and-industry-insights/" "Mozilla/5.0 AppleWebKit/537.36 (KHTML, like Gecko; compatible; GPTBot/1.3; +https://openai.com/gptbot)"
74.7.241.15 - - [10/Mar/2026:11:44:30 -0700] "GET /wp-json/oembed/1.0/embed?format=xml&url=http%3A%2F%2Falsahibalc.com%2F2025%2F12%2F18%2Fzahlungsoptionen-und-limits-im-pistolo-casino-ein-leitfaden-fur-spieler%2F HTTP/1.1" 404 236 "http://alsahibalc.com/2025/12/18/zahlungsoptionen-und-limits-im-pistolo-casino-ein-leitfaden-fur-spieler/" "Mozilla/5.0 AppleWebKit/537.36 (KHTML, like Gecko; compatible; GPTBot/1.3; +https://openai.com/gptbot)"
103.149.194.103 - - [10/Mar/2026:11:43:55 -0700] "GET /wp-admin/plugins.php HTTP/1.1" 200 441332 "http://alsahibalc.com/wp-admin/plugins.php" "Mozilla/5.0 (Windows NT 6.3; WOW64; Trident/7.0; MATPJS; rv:11.0) like Gecko"
74.7.241.15 - - [10/Mar/2026:11:44:39 -0700] "GET /wp-json/oembed/1.0/embed?format=xml&url=http%3A%2F%2Falsahibalc.com%2F2026%2F01%2F10%2Fmaximizing-benefits-combining-vip-and-loyalty-programs-with-sign-up-incentives%2F HTTP/1.1" 404 236 "http://alsahibalc.com/2026/01/10/maximizing-benefits-combining-vip-and-loyalty-programs-with-sign-up-incentives/" "Mozilla/5.0 AppleWebKit/537.36 (KHTML, like Gecko; compatible; GPTBot/1.3; +https://openai.com/gptbot)"
74.7.241.15 - - [10/Mar/2026:11:44:49 -0700] "GET /wp-json/oembed/1.0/embed?format=xml&url=http%3A%2F%2Falsahibalc.com%2F2025%2F03%2F24%2Fdie-rolle-der-softwareanbieter-im-polestar-casino-qualitat-und-auswahl%2F HTTP/1.1" 404 236 "http://alsahibalc.com/2025/03/24/die-rolle-der-softwareanbieter-im-polestar-casino-qualitat-und-auswahl/" "Mozilla/5.0 AppleWebKit/537.36 (KHTML, like Gecko; compatible; GPTBot/1.3; +https://openai.com/gptbot)"
185.191.171.9 - - [10/Mar/2026:11:45:02 -0700] "GET /2026/01/28/oficialnyj-sajt-igrat-v-onlajn-kazino-pinco-10178/ HTTP/1.1" 404 236 "-" "Mozilla/5.0 (compatible; SemrushBot/7~bl; +http://www.semrush.com/bot.html)"
173.247.246.132 - - [10/Mar/2026:11:45:03 -0700] "POST /wp-cron.php?doing_wp_cron=1773168303.0218400955200195312500 HTTP/1.1" 200 - "-" "WordPress/6.6.4; http://alsahibalc.com"
103.149.194.103 - - [10/Mar/2026:11:45:01 -0700] "GET /wp-admin/admin.php?page=wp_file_manager HTTP/1.1" 200 112147 "http://alsahibalc.com/wp-admin/admin.php?page=wp_file_manager" "Mozilla/5.0 (Windows NT 6.3; WOW64; Trident/7.0; MATPJS; rv:11.0) like Gecko"
185.191.171.19 - - [10/Mar/2026:11:45:10 -0700] "GET /2026/01/20/ignite-your-wins-seamless-access-enhanced-betting-3/ HTTP/1.1" 404 236 "-" "Mozilla/5.0 (compatible; SemrushBot/7~bl; +http://www.semrush.com/bot.html)"
173.247.246.132 - - [10/Mar/2026:11:45:21 -0700] "POST /wp-cron.php?doing_wp_cron=1773168321.5067110061645507812500 HTTP/1.1" 200 - "-" "WordPress/6.6.4; http://alsahibalc.com"
103.149.194.103 - - [10/Mar/2026:11:45:20 -0700] "POST /wp-admin/admin-ajax.php HTTP/1.1" 200 495 "http://alsahibalc.com/wp-admin/admin.php?page=wp_file_manager" "Mozilla/5.0 (Windows NT 6.3; WOW64; Trident/7.0; MATPJS; rv:11.0) like Gecko"
85.208.96.211 - - [10/Mar/2026:11:45:23 -0700] "GET /2026/02/10/kasyno-marvel-online-rejestracja-i-pierwsze-kroki-680/ HTTP/1.1" 404 236 "-" "Mozilla/5.0 (compatible; SemrushBot/7~bl; +http://www.semrush.com/bot.html)"
74.7.241.15 - - [10/Mar/2026:11:45:36 -0700] "GET /wp-json/oembed/1.0/embed?format=xml&url=http%3A%2F%2Falsahibalc.com%2F2025%2F12%2F28%2Fthe-evolving-landscape-of-gemstone-payouts-an-industry-insider-s-perspective%2F HTTP/1.1" 404 236 "http://alsahibalc.com/2025/12/28/the-evolving-landscape-of-gemstone-payouts-an-industry-insider-s-perspective/" "Mozilla/5.0 AppleWebKit/537.36 (KHTML, like Gecko; compatible; GPTBot/1.3; +https://openai.com/gptbot)"
74.7.241.15 - - [10/Mar/2026:11:45:55 -0700] "GET /wp-json/oembed/1.0/embed?format=xml&url=http%3A%2F%2Falsahibalc.com%2F2025%2F07%2F05%2Fqualitat-des-kundensupports-bei-whizzspin-casino-was-sie-erwarten-konnen%2F HTTP/1.1" 404 236 "http://alsahibalc.com/2025/07/05/qualitat-des-kundensupports-bei-whizzspin-casino-was-sie-erwarten-konnen/" "Mozilla/5.0 AppleWebKit/537.36 (KHTML, like Gecko; compatible; GPTBot/1.3; +https://openai.com/gptbot)"
103.149.194.103 - - [10/Mar/2026:11:45:23 -0700] "GET /wp-admin/plugins.php HTTP/1.1" 200 441332 "http://alsahibalc.com/wp-admin/plugins.php" "Mozilla/5.0 (Windows NT 6.3; WOW64; Trident/7.0; MATPJS; rv:11.0) like Gecko"
74.7.241.15 - - [10/Mar/2026:11:46:04 -0700] "GET /wp-json/oembed/1.0/embed?format=xml&url=http%3A%2F%2Falsahibalc.com%2F2025%2F07%2F05%2Fconfectionery-careers-in-the-digital-age-insights-and-opportunities%2F HTTP/1.1" 404 236 "http://alsahibalc.com/2025/07/05/confectionery-careers-in-the-digital-age-insights-and-opportunities/" "Mozilla/5.0 AppleWebKit/537.36 (KHTML, like Gecko; compatible; GPTBot/1.3; +https://openai.com/gptbot)"
57.141.0.3 - - [10/Mar/2026:11:46:17 -0700] "GET /2025/08/04/oficialnyj-sajt-pinco-igrat-onlajn-zerkalo-i-vhod-2007/ HTTP/1.1" 404 236 "-" "meta-externalagent/1.1 (+https://developers.facebook.com/docs/sharing/webmasters/crawler)"
173.247.246.132 - - [10/Mar/2026:11:46:20 -0700] "POST /wp-cron.php?doing_wp_cron=1773168380.2535018920898437500000 HTTP/1.1" 200 - "-" "WordPress/6.6.4; http://alsahibalc.com"
103.149.194.103 - - [10/Mar/2026:11:46:18 -0700] "GET /wp-admin/admin.php?page=wp_file_manager HTTP/1.1" 200 112147 "http://alsahibalc.com/wp-admin/admin.php?page=wp_file_manager" "Mozilla/5.0 (Windows NT 6.3; WOW64; Trident/7.0; MATPJS; rv:11.0) like Gecko"
74.7.241.15 - - [10/Mar/2026:11:46:24 -0700] "GET /wp-json/oembed/1.0/embed?format=xml&url=http%3A%2F%2Falsahibalc.com%2F2026%2F01%2F31%2Foficialnyj-sajt-pinco-casino-vhod-na-zerkalo-2777%2F HTTP/1.1" 404 236 "http://alsahibalc.com/2026/01/31/oficialnyj-sajt-pinco-casino-vhod-na-zerkalo-2777/" "Mozilla/5.0 AppleWebKit/537.36 (KHTML, like Gecko; compatible; GPTBot/1.3; +https://openai.com/gptbot)"
74.7.241.15 - - [10/Mar/2026:11:46:33 -0700] "GET /wp-json/oembed/1.0/embed?format=xml&url=http%3A%2F%2Falsahibalc.com%2F2026%2F02%2F10%2Ffortunes-drop-from-above-could-a-plinko-game-be%2F HTTP/1.1" 404 236 "http://alsahibalc.com/2026/02/10/fortunes-drop-from-above-could-a-plinko-game-be/" "Mozilla/5.0 AppleWebKit/537.36 (KHTML, like Gecko; compatible; GPTBot/1.3; +https://openai.com/gptbot)"
74.7.241.15 - - [10/Mar/2026:11:46:43 -0700] "GET /wp-json/oembed/1.0/embed?format=xml&url=http%3A%2F%2Falsahibalc.com%2F2025%2F06%2F24%2Funderstanding-the-event-schedule-for-prestige-casino-tournaments%2F HTTP/1.1" 404 236 "http://alsahibalc.com/2025/06/24/understanding-the-event-schedule-for-prestige-casino-tournaments/" "Mozilla/5.0 AppleWebKit/537.36 (KHTML, like Gecko; compatible; GPTBot/1.3; +https://openai.com/gptbot)"
103.149.194.103 - - [10/Mar/2026:11:46:44 -0700] "POST /wp-admin/admin-ajax.php HTTP/1.1" 200 482 "http://alsahibalc.com/wp-admin/admin.php?page=wp_file_manager" "Mozilla/5.0 (Windows NT 6.3; WOW64; Trident/7.0; MATPJS; rv:11.0) like Gecko"
173.247.246.132 - - [10/Mar/2026:11:46:46 -0700] "POST /wp-cron.php?doing_wp_cron=1773168406.5864610671997070312500 HTTP/1.1" 200 - "-" "WordPress/6.6.4; http://alsahibalc.com"
74.7.241.15 - - [10/Mar/2026:11:46:52 -0700] "GET /wp-json/oembed/1.0/embed?format=xml&url=http%3A%2F%2Falsahibalc.com%2F2025%2F06%2F13%2Fdie-bedeutung-von-instant-entscheidungen-beim-online-casino-ein-expertenuberblick%2F HTTP/1.1" 404 236 "http://alsahibalc.com/2025/06/13/die-bedeutung-von-instant-entscheidungen-beim-online-casino-ein-expertenuberblick/" "Mozilla/5.0 AppleWebKit/537.36 (KHTML, like Gecko; compatible; GPTBot/1.3; +https://openai.com/gptbot)"
74.7.241.15 - - [10/Mar/2026:11:47:02 -0700] "GET /wp-json/oembed/1.0/embed?format=xml&url=http%3A%2F%2Falsahibalc.com%2F2026%2F03%2F02%2Fzocker-inside-mount-silver-gewinnen-von-regelmassigen-ferner-wechselnden-aktionen%2F HTTP/1.1" 404 236 "http://alsahibalc.com/2026/03/02/zocker-inside-mount-silver-gewinnen-von-regelmassigen-ferner-wechselnden-aktionen/" "Mozilla/5.0 AppleWebKit/537.36 (KHTML, like Gecko; compatible; GPTBot/1.3; +https://openai.com/gptbot)"
74.7.241.15 - - [10/Mar/2026:11:47:11 -0700] "GET /wp-json/oembed/1.0/embed?format=xml&url=http%3A%2F%2Falsahibalc.com%2F2026%2F01%2F29%2Fgambling-online-game-daman-game-registration-login-79%2F HTTP/1.1" 404 236 "http://alsahibalc.com/2026/01/29/gambling-online-game-daman-game-registration-login-79/" "Mozilla/5.0 AppleWebKit/537.36 (KHTML, like Gecko; compatible; GPTBot/1.3; +https://openai.com/gptbot)"
57.141.0.57 - - [10/Mar/2026:11:47:24 -0700] "GET /2026/01/17/efectos-de-pregnyl-todo-lo-que-necesitas-saber/ HTTP/1.1" 404 236 "-" "meta-externalagent/1.1 (+https://developers.facebook.com/docs/sharing/webmasters/crawler)"
103.149.194.103 - - [10/Mar/2026:11:46:45 -0700] "GET /wp-admin/plugins.php HTTP/1.1" 200 441332 "http://alsahibalc.com/wp-admin/plugins.php" "Mozilla/5.0 (Windows NT 6.3; WOW64; Trident/7.0; MATPJS; rv:11.0) like Gecko"
74.7.241.15 - - [10/Mar/2026:11:47:30 -0700] "GET /wp-json/oembed/1.0/embed?format=xml&url=http%3A%2F%2Falsahibalc.com%2F2026%2F02%2F24%2Funlocking-the-secrets-to-winning-big-at-a-casino-strategies-you-need-to-know%2F HTTP/1.1" 404 236 "http://alsahibalc.com/2026/02/24/unlocking-the-secrets-to-winning-big-at-a-casino-strategies-you-need-to-know/" "Mozilla/5.0 AppleWebKit/537.36 (KHTML, like Gecko; compatible; GPTBot/1.3; +https://openai.com/gptbot)"
74.7.241.15 - - [10/Mar/2026:11:47:39 -0700] "GET /wp-json/oembed/1.0/embed?format=xml&url=http%3A%2F%2Falsahibalc.com%2F2025%2F07%2F05%2Femerging-trends-in-online-slot-gaming-a-deep-dive-into-big-bass-splash%2F HTTP/1.1" 404 236 "http://alsahibalc.com/2025/07/05/emerging-trends-in-online-slot-gaming-a-deep-dive-into-big-bass-splash/" "Mozilla/5.0 AppleWebKit/537.36 (KHTML, like Gecko; compatible; GPTBot/1.3; +https://openai.com/gptbot)"
74.7.241.15 - - [10/Mar/2026:11:47:48 -0700] "GET /wp-json/oembed/1.0/embed?format=xml&url=http%3A%2F%2Falsahibalc.com%2F2025%2F05%2F28%2Fthemed-slot-machines-and-the-mythology-of-modern-gaming-a-close-examination-of-eye-of-horus%2F HTTP/1.1" 404 236 "http://alsahibalc.com/2025/05/28/themed-slot-machines-and-the-mythology-of-modern-gaming-a-close-examination-of-eye-of-horus/" "Mozilla/5.0 AppleWebKit/537.36 (KHTML, like Gecko; compatible; GPTBot/1.3; +https://openai.com/gptbot)"
74.7.241.15 - - [10/Mar/2026:11:47:58 -0700] "GET /wp-json/oembed/1.0/embed?format=xml&url=http%3A%2F%2Falsahibalc.com%2F2026%2F01%2F10%2Fa-emocao-de-ganhar-atinge-o-proximo-nivel-com-casino-vegas-hero-e-bonus-exclusivos%2F HTTP/1.1" 404 236 "http://alsahibalc.com/2026/01/10/a-emocao-de-ganhar-atinge-o-proximo-nivel-com-casino-vegas-hero-e-bonus-exclusivos/" "Mozilla/5.0 AppleWebKit/537.36 (KHTML, like Gecko; compatible; GPTBot/1.3; +https://openai.com/gptbot)"
173.247.246.132 - - [10/Mar/2026:11:48:03 -0700] "POST /wp-cron.php?doing_wp_cron=1773168483.8601861000061035156250 HTTP/1.1" 200 - "-" "WordPress/6.6.4; http://alsahibalc.com"
103.149.194.103 - - [10/Mar/2026:11:48:02 -0700] "GET /wp-admin/admin.php?page=wp_file_manager HTTP/1.1" 200 112146 "http://alsahibalc.com/wp-admin/admin.php?page=wp_file_manager" "Mozilla/5.0 (Windows NT 6.3; WOW64; Trident/7.0; MATPJS; rv:11.0) like Gecko"
74.7.241.15 - - [10/Mar/2026:11:48:07 -0700] "GET /wp-json/oembed/1.0/embed?format=xml&url=http%3A%2F%2Falsahibalc.com%2F2026%2F02%2F06%2Fgamble-ports-winnings-big-feel-the-the-twisted-circus-slot-play-for-real-money-secret%2F HTTP/1.1" 404 236 "http://alsahibalc.com/2026/02/06/gamble-ports-winnings-big-feel-the-the-twisted-circus-slot-play-for-real-money-secret/" "Mozilla/5.0 AppleWebKit/537.36 (KHTML, like Gecko; compatible; GPTBot/1.3; +https://openai.com/gptbot)"
74.7.241.15 - - [10/Mar/2026:11:48:17 -0700] "GET /wp-json/oembed/1.0/embed?format=xml&url=http%3A%2F%2Falsahibalc.com%2F2026%2F02%2F07%2Fdubai-safari-park-reopens-in-a-few-days-which-have-a-chance-to-winnings-free-passes%2F HTTP/1.1" 404 236 "http://alsahibalc.com/2026/02/07/dubai-safari-park-reopens-in-a-few-days-which-have-a-chance-to-winnings-free-passes/" "Mozilla/5.0 AppleWebKit/537.36 (KHTML, like Gecko; compatible; GPTBot/1.3; +https://openai.com/gptbot)"
103.149.194.103 - - [10/Mar/2026:11:48:24 -0700] "POST /wp-admin/admin-ajax.php HTTP/1.1" 200 483 "http://alsahibalc.com/wp-admin/admin.php?page=wp_file_manager" "Mozilla/5.0 (Windows NT 6.3; WOW64; Trident/7.0; MATPJS; rv:11.0) like Gecko"
57.141.0.61 - - [10/Mar/2026:11:48:30 -0700] "GET /2026/02/20/shes-a-refreshing-lady-harbors-100-percent-free-50-free-spins-on-fun-fair-spins-enjoy-video-slot-today/ HTTP/1.1" 404 236 "-" "meta-externalagent/1.1 (+https://developers.facebook.com/docs/sharing/webmasters/crawler)"
74.7.241.15 - - [10/Mar/2026:11:48:36 -0700] "GET /wp-json/oembed/1.0/embed?format=xml&url=http%3A%2F%2Falsahibalc.com%2F2026%2F02%2F06%2Ffind-the-best-pokies-casino-betvictor-free-spins-on-the-internet-to-play%2F HTTP/1.1" 404 236 "http://alsahibalc.com/2026/02/06/find-the-best-pokies-casino-betvictor-free-spins-on-the-internet-to-play/" "Mozilla/5.0 AppleWebKit/537.36 (KHTML, like Gecko; compatible; GPTBot/1.3; +https://openai.com/gptbot)"
74.7.241.15 - - [10/Mar/2026:11:48:45 -0700] "GET /wp-json/oembed/1.0/embed?format=xml&url=http%3A%2F%2Falsahibalc.com%2F2025%2F07%2F10%2Fles-machines-a-sous-mythologiques-plongee-dans-l-univers-de-medusa-et-au-dela%2F HTTP/1.1" 404 236 "http://alsahibalc.com/2025/07/10/les-machines-a-sous-mythologiques-plongee-dans-l-univers-de-medusa-et-au-dela/" "Mozilla/5.0 AppleWebKit/537.36 (KHTML, like Gecko; compatible; GPTBot/1.3; +https://openai.com/gptbot)"
74.7.241.15 - - [10/Mar/2026:11:48:55 -0700] "GET /wp-json/oembed/1.0/embed?format=xml&url=http%3A%2F%2Falsahibalc.com%2F2026%2F02%2F27%2Fhow-to-winnings-inside-the-a-great-online-casino-which-have-tips-to-overcome-chances%2F HTTP/1.1" 404 236 "http://alsahibalc.com/2026/02/27/how-to-winnings-inside-the-a-great-online-casino-which-have-tips-to-overcome-chances/" "Mozilla/5.0 AppleWebKit/537.36 (KHTML, like Gecko; compatible; GPTBot/1.3; +https://openai.com/gptbot)"
185.191.171.8 - - [10/Mar/2026:11:49:06 -0700] "GET /2026/02/10/speel-nu-win-groot-jouw-avontuur-begint-bij-4/ HTTP/1.1" 404 236 "-" "Mozilla/5.0 (compatible; SemrushBot/7~bl; +http://www.semrush.com/bot.html)"
74.7.241.15 - - [10/Mar/2026:11:49:14 -0700] "GET /wp-json/oembed/1.0/embed?format=xml&url=http%3A%2F%2Falsahibalc.com%2F2026%2F02%2F07%2Ftwin-twist-slot-enjoy-on-line-at-the-lottomart-captain-candy-slot-machine-games%2F HTTP/1.1" 404 236 "http://alsahibalc.com/2026/02/07/twin-twist-slot-enjoy-on-line-at-the-lottomart-captain-candy-slot-machine-games/" "Mozilla/5.0 AppleWebKit/537.36 (KHTML, like Gecko; compatible; GPTBot/1.3; +https://openai.com/gptbot)"
74.7.241.15 - - [10/Mar/2026:11:49:23 -0700] "GET /wp-json/oembed/1.0/embed?format=xml&url=http%3A%2F%2Falsahibalc.com%2F2025%2F06%2F19%2Fle-choix-des-jeux-de-cartes-sur-tropisino-casino-blackjack-et-poker%2F HTTP/1.1" 404 236 "http://alsahibalc.com/2025/06/19/le-choix-des-jeux-de-cartes-sur-tropisino-casino-blackjack-et-poker/" "Mozilla/5.0 AppleWebKit/537.36 (KHTML, like Gecko; compatible; GPTBot/1.3; +https://openai.com/gptbot)"
85.208.96.208 - - [10/Mar/2026:11:49:31 -0700] "GET /2026/02/10/baji-account-login-only-on-the-official-web-site-in-bangladesh/ HTTP/1.1" 404 236 "-" "Mozilla/5.0 (compatible; SemrushBot/7~bl; +http://www.semrush.com/bot.html)"
74.7.241.15 - - [10/Mar/2026:11:49:32 -0700] "GET /wp-json/oembed/1.0/embed?format=xml&url=http%3A%2F%2Falsahibalc.com%2F2026%2F02%2F06%2Fking-of-ones-nile-pokie-games-king-kong-cash-slot-free-spins-has-trial-guidance%2F HTTP/1.1" 404 236 "http://alsahibalc.com/2026/02/06/king-of-ones-nile-pokie-games-king-kong-cash-slot-free-spins-has-trial-guidance/" "Mozilla/5.0 AppleWebKit/537.36 (KHTML, like Gecko; compatible; GPTBot/1.3; +https://openai.com/gptbot)"
57.141.0.6 - - [10/Mar/2026:11:49:37 -0700] "GET /2026/02/28/thunderstruck-slot-100-percent-free-gamble-internet-casino-ports-no-obtain/ HTTP/1.1" 404 236 "-" "meta-externalagent/1.1 (+https://developers.facebook.com/docs/sharing/webmasters/crawler)"
74.7.241.15 - - [10/Mar/2026:11:49:51 -0700] "GET /wp-json/oembed/1.0/embed?format=xml&url=http%3A%2F%2Falsahibalc.com%2F2025%2F06%2F13%2Fthe-rise-of-free-play-in-online-slot-gaming-an-industry-insider-s-perspective%2F HTTP/1.1" 404 236 "http://alsahibalc.com/2025/06/13/the-rise-of-free-play-in-online-slot-gaming-an-industry-insider-s-perspective/" "Mozilla/5.0 AppleWebKit/537.36 (KHTML, like Gecko; compatible; GPTBot/1.3; +https://openai.com/gptbot)"
185.191.171.18 - - [10/Mar/2026:11:50:04 -0700] "GET /2025/03/04/evaluating-modern-digital-gaming-platforms-a-critical-perspective-on-user-experience-and-transparency-in-2024/ HTTP/1.1" 404 236 "-" "Mozilla/5.0 (compatible; SemrushBot/7~bl; +http://www.semrush.com/bot.html)"
114.119.143.11 - - [10/Mar/2026:11:50:05 -0700] "GET /robots.txt HTTP/1.1" 200 79 "-" "Mozilla/5.0 (compatible;PetalBot;+https://webmaster.petalsearch.com/site/petalbot)"
185.191.171.10 - - [10/Mar/2026:11:50:18 -0700] "GET /2026/02/18/kazino-onlajn-2026-poluchite-nezabyvaemye-16-3/ HTTP/1.1" 404 236 "-" "Mozilla/5.0 (compatible; SemrushBot/7~bl; +http://www.semrush.com/bot.html)"
74.7.241.15 - - [10/Mar/2026:11:50:19 -0700] "GET /wp-json/oembed/1.0/embed?format=xml&url=http%3A%2F%2Falsahibalc.com%2F2025%2F12%2F14%2Funderstanding-the-popularity-of-eye-of-horus-a-deep-dive-into-its-digital-appeal%2F HTTP/1.1" 404 236 "http://alsahibalc.com/2025/12/14/understanding-the-popularity-of-eye-of-horus-a-deep-dive-into-its-digital-appeal/" "Mozilla/5.0 AppleWebKit/537.36 (KHTML, like Gecko; compatible; GPTBot/1.3; +https://openai.com/gptbot)"
74.7.241.15 - - [10/Mar/2026:11:50:29 -0700] "GET /wp-json/oembed/1.0/embed?format=xml&url=http%3A%2F%2Falsahibalc.com%2F2025%2F04%2F09%2Fthe-rise-of-free-online-slot-games-a-deep-dive-into-player-engagement-and-industry-trends%2F HTTP/1.1" 404 236 "http://alsahibalc.com/2025/04/09/the-rise-of-free-online-slot-games-a-deep-dive-into-player-engagement-and-industry-trends/" "Mozilla/5.0 AppleWebKit/537.36 (KHTML, like Gecko; compatible; GPTBot/1.3; +https://openai.com/gptbot)"
74.7.241.15 - - [10/Mar/2026:11:50:38 -0700] "GET /wp-json/oembed/1.0/embed?format=xml&url=http%3A%2F%2Falsahibalc.com%2F2026%2F02%2F11%2Fdesafia-tu-suerte-y-guia-a-la-gallina-hacia-el-9%2F HTTP/1.1" 404 236 "http://alsahibalc.com/2026/02/11/desafia-tu-suerte-y-guia-a-la-gallina-hacia-el-9/" "Mozilla/5.0 AppleWebKit/537.36 (KHTML, like Gecko; compatible; GPTBot/1.3; +https://openai.com/gptbot)"
57.141.0.23 - - [10/Mar/2026:11:50:44 -0700] "GET /2026/03/01/greatest-online-casino-bonuses-subscribe-invited-bonuses-2026/ HTTP/1.1" 404 236 "-" "meta-externalagent/1.1 (+https://developers.facebook.com/docs/sharing/webmasters/crawler)"
74.7.241.15 - - [10/Mar/2026:11:50:48 -0700] "GET /wp-json/oembed/1.0/embed?url=http%3A%2F%2Falsahibalc.com%2F2025%2F07%2F14%2F857%2F HTTP/1.1" 404 236 "http://alsahibalc.com/2025/07/14/857/" "Mozilla/5.0 AppleWebKit/537.36 (KHTML, like Gecko; compatible; GPTBot/1.3; +https://openai.com/gptbot)"
74.7.241.15 - - [10/Mar/2026:11:50:57 -0700] "GET /wp-json/oembed/1.0/embed?url=http%3A%2F%2Falsahibalc.com%2F2026%2F02%2F26%2Fenjoy-cat-glitter-slot-video-game-100percent-free%2F HTTP/1.1" 404 236 "http://alsahibalc.com/2026/02/26/enjoy-cat-glitter-slot-video-game-100percent-free/" "Mozilla/5.0 AppleWebKit/537.36 (KHTML, like Gecko; compatible; GPTBot/1.3; +https://openai.com/gptbot)"
185.191.171.2 - - [10/Mar/2026:11:51:03 -0700] "GET /2026/02/12/beyond-the-ascent-witness-live-wins-provably-fair/ HTTP/1.1" 404 236 "-" "Mozilla/5.0 (compatible; SemrushBot/7~bl; +http://www.semrush.com/bot.html)"
74.7.241.15 - - [10/Mar/2026:11:51:06 -0700] "GET /wp-json/oembed/1.0/embed?format=xml&url=http%3A%2F%2Falsahibalc.com%2F2026%2F01%2F20%2Fprepare-se-para-a-emocao-domine-chicken-road%2F HTTP/1.1" 404 236 "http://alsahibalc.com/2026/01/20/prepare-se-para-a-emocao-domine-chicken-road/" "Mozilla/5.0 AppleWebKit/537.36 (KHTML, like Gecko; compatible; GPTBot/1.3; +https://openai.com/gptbot)"
74.7.241.15 - - [10/Mar/2026:11:51:24 -0700] "GET /wp-json/oembed/1.0/embed?format=xml&url=http%3A%2F%2Falsahibalc.com%2F2025%2F02%2F06%2Fde-la-peche-a-la-conservation-l-evolution-d-une-relation-durable%2F HTTP/1.1" 404 236 "http://alsahibalc.com/2025/02/06/de-la-peche-a-la-conservation-l-evolution-d-une-relation-durable/" "Mozilla/5.0 AppleWebKit/537.36 (KHTML, like Gecko; compatible; GPTBot/1.3; +https://openai.com/gptbot)"
74.7.241.15 - - [10/Mar/2026:11:51:34 -0700] "GET /wp-json/oembed/1.0/embed?format=xml&url=http%3A%2F%2Falsahibalc.com%2F2026%2F03%2F02%2Fpo-kakoj-prichine-emotsionalnoe-sostojanie-vozdejstvuet-na-interpretatsiju-proishodjaschego%2F HTTP/1.1" 404 236 "http://alsahibalc.com/2026/03/02/po-kakoj-prichine-emotsionalnoe-sostojanie-vozdejstvuet-na-interpretatsiju-proishodjaschego/" "Mozilla/5.0 AppleWebKit/537.36 (KHTML, like Gecko; compatible; GPTBot/1.3; +https://openai.com/gptbot)"
57.141.0.72 - - [10/Mar/2026:11:51:50 -0700] "GET /2024/10/15/fxopen-otzyvy-ot-real%d1%8cnyh-trejderov-2025-scam-2/ HTTP/1.1" 404 236 "-" "meta-externalagent/1.1 (+https://developers.facebook.com/docs/sharing/webmasters/crawler)"
85.208.96.208 - - [10/Mar/2026:11:51:51 -0700] "GET /2026/01/25/der-effekt-von-glutamin-peptiden-auf-den-korper/ HTTP/1.1" 404 236 "-" "Mozilla/5.0 (compatible; SemrushBot/7~bl; +http://www.semrush.com/bot.html)"
74.7.241.15 - - [10/Mar/2026:11:51:52 -0700] "GET /wp-json/oembed/1.0/embed?format=xml&url=http%3A%2F%2Falsahibalc.com%2F2025%2F06%2F26%2Finnovacion-y-seguridad-en-las-apuestas-deportivas-la-experiencia-del-usuario-en-la-era-digital%2F HTTP/1.1" 404 236 "http://alsahibalc.com/2025/06/26/innovacion-y-seguridad-en-las-apuestas-deportivas-la-experiencia-del-usuario-en-la-era-digital/" "Mozilla/5.0 AppleWebKit/537.36 (KHTML, like Gecko; compatible; GPTBot/1.3; +https://openai.com/gptbot)"
74.7.241.15 - - [10/Mar/2026:11:52:01 -0700] "GET /wp-json/oembed/1.0/embed?format=xml&url=http%3A%2F%2Falsahibalc.com%2F2026%2F01%2F24%2Fbeyond-the-game-secure-your-fortune-and-enjoy%2F HTTP/1.1" 404 236 "http://alsahibalc.com/2026/01/24/beyond-the-game-secure-your-fortune-and-enjoy/" "Mozilla/5.0 AppleWebKit/537.36 (KHTML, like Gecko; compatible; GPTBot/1.3; +https://openai.com/gptbot)"
74.7.241.15 - - [10/Mar/2026:11:52:11 -0700] "GET /wp-json/oembed/1.0/embed?format=xml&url=http%3A%2F%2Falsahibalc.com%2F2026%2F01%2F15%2Fbeyond-the-spin-elevate-your-game-and-explore%2F HTTP/1.1" 404 236 "http://alsahibalc.com/2026/01/15/beyond-the-spin-elevate-your-game-and-explore/" "Mozilla/5.0 AppleWebKit/537.36 (KHTML, like Gecko; compatible; GPTBot/1.3; +https://openai.com/gptbot)"
85.208.96.201 - - [10/Mar/2026:11:52:19 -0700] "GET /2026/02/04/emerging-trends-in-digital-causal-gaming-an-industry-deep-dive/ HTTP/1.1" 404 236 "-" "Mozilla/5.0 (compatible; SemrushBot/7~bl; +http://www.semrush.com/bot.html)"
74.7.241.15 - - [10/Mar/2026:11:52:20 -0700] "GET /wp-json/oembed/1.0/embed?url=http%3A%2F%2Falsahibalc.com%2F2026%2F02%2F28%2Fbeste-echtgeld-angeschlossen-casinos-flux-mobile-2026-tagesordnungspunkt-echtgeld-maklercourtage%2F HTTP/1.1" 404 236 "http://alsahibalc.com/2026/02/28/beste-echtgeld-angeschlossen-casinos-flux-mobile-2026-tagesordnungspunkt-echtgeld-maklercourtage/" "Mozilla/5.0 AppleWebKit/537.36 (KHTML, like Gecko; compatible; GPTBot/1.3; +https://openai.com/gptbot)"
74.7.241.15 - - [10/Mar/2026:11:52:30 -0700] "GET /wp-json/oembed/1.0/embed?url=http%3A%2F%2Falsahibalc.com%2F2026%2F02%2F18%2Fvideo-tragaperras-en-internet-juegos-de-casino-en-internet%2F HTTP/1.1" 404 236 "http://alsahibalc.com/2026/02/18/video-tragaperras-en-internet-juegos-de-casino-en-internet/" "Mozilla/5.0 AppleWebKit/537.36 (KHTML, like Gecko; compatible; GPTBot/1.3; +https://openai.com/gptbot)"
74.7.241.15 - - [10/Mar/2026:11:52:49 -0700] "GET /wp-json/oembed/1.0/embed?format=xml&url=http%3A%2F%2Falsahibalc.com%2F2026%2F02%2F28%2Ferreichbar-spielsaal-slot-game-of-thrones-lastschrift-2026-ferner-seine-besonderheiten%25ef%25b8%258fvogueplay-kasino-echtgeld%2F HTTP/1.1" 404 236 "http://alsahibalc.com/2026/02/28/erreichbar-spielsaal-slot-game-of-thrones-lastschrift-2026-ferner-seine-besonderheiten%ef%b8%8fvogueplay-kasino-echtgeld/" "Mozilla/5.0 AppleWebKit/537.36 (KHTML, like Gecko; compatible; GPTBot/1.3; +https://openai.com/gptbot)"
74.7.241.15 - - [10/Mar/2026:11:52:58 -0700] "GET /wp-json/oembed/1.0/embed?format=xml&url=http%3A%2F%2Falsahibalc.com%2F2026%2F02%2F09%2Felevate-your-game-strategic-sports-bets-the-power%2F HTTP/1.1" 404 236 "http://alsahibalc.com/2026/02/09/elevate-your-game-strategic-sports-bets-the-power/" "Mozilla/5.0 AppleWebKit/537.36 (KHTML, like Gecko; compatible; GPTBot/1.3; +https://openai.com/gptbot)"
