74.7.241.15 - - [10/Mar/2026:05:31:44 -0700] "GET /wp-json/oembed/1.0/embed?url=http%3A%2F%2Falsahibalc.com%2F2026%2F01%2F21%2Fjackpot-alarm-im-pelican-casino-dein-exklusiver-5%2F HTTP/1.1" 200 - "http://alsahibalc.com/2026/01/21/jackpot-alarm-im-pelican-casino-dein-exklusiver-5/" "Mozilla/5.0 AppleWebKit/537.36 (KHTML, like Gecko; compatible; GPTBot/1.3; +https://openai.com/gptbot)"
85.208.96.196 - - [10/Mar/2026:05:31:45 -0700] "GET /2026/02/23/afilando-el-hielo-forjando-fortunas-experimenta-la/ HTTP/1.1" 200 - "-" "Mozilla/5.0 (compatible; SemrushBot/7~bl; +http://www.semrush.com/bot.html)"
74.7.241.15 - - [10/Mar/2026:05:31:50 -0700] "GET /wp-json/oembed/1.0/embed?url=http%3A%2F%2Falsahibalc.com%2F2026%2F02%2F19%2Fspisok-kazino-s-luchshimi-bonusami-bystrymi-11%2F HTTP/1.1" 200 - "http://alsahibalc.com/2026/02/19/spisok-kazino-s-luchshimi-bonusami-bystrymi-11/" "Mozilla/5.0 AppleWebKit/537.36 (KHTML, like Gecko; compatible; GPTBot/1.3; +https://openai.com/gptbot)"
74.7.241.15 - - [10/Mar/2026:05:31:54 -0700] "GET /wp-json/oembed/1.0/embed?url=http%3A%2F%2Falsahibalc.com%2F2026%2F01%2F16%2Fmastering-casino-etiquette-essential-tips-for-a-4%2F HTTP/1.1" 200 - "http://alsahibalc.com/2026/01/16/mastering-casino-etiquette-essential-tips-for-a-4/" "Mozilla/5.0 AppleWebKit/537.36 (KHTML, like Gecko; compatible; GPTBot/1.3; +https://openai.com/gptbot)"
74.7.241.15 - - [10/Mar/2026:05:31:57 -0700] "GET /wp-json/oembed/1.0/embed?url=http%3A%2F%2Falsahibalc.com%2F2026%2F02%2F20%2Felevate-your-gameplay-experience-the-thrill-of-88%2F HTTP/1.1" 200 - "http://alsahibalc.com/2026/02/20/elevate-your-gameplay-experience-the-thrill-of-88/" "Mozilla/5.0 AppleWebKit/537.36 (KHTML, like Gecko; compatible; GPTBot/1.3; +https://openai.com/gptbot)"
85.208.96.204 - - [10/Mar/2026:05:31:58 -0700] "GET /2025/08/15/the-evolution-of-casino-marketing-strategies-34/ HTTP/1.1" 200 - "-" "Mozilla/5.0 (compatible; SemrushBot/7~bl; +http://www.semrush.com/bot.html)"
74.7.241.15 - - [10/Mar/2026:05:32:03 -0700] "GET /wp-json/oembed/1.0/embed?url=http%3A%2F%2Falsahibalc.com%2F2026%2F01%2F09%2Fbeyond-the-farmyard-multiply-your-winnings-with-4%2F HTTP/1.1" 200 - "http://alsahibalc.com/2026/01/09/beyond-the-farmyard-multiply-your-winnings-with-4/" "Mozilla/5.0 AppleWebKit/537.36 (KHTML, like Gecko; compatible; GPTBot/1.3; +https://openai.com/gptbot)"
74.7.241.15 - - [10/Mar/2026:05:32:06 -0700] "GET /wp-json/oembed/1.0/embed?url=http%3A%2F%2Falsahibalc.com%2F2026%2F01%2F27%2Faufregende-casino-abenteuer-erwarten-dich-vegas-7%2F HTTP/1.1" 200 - "http://alsahibalc.com/2026/01/27/aufregende-casino-abenteuer-erwarten-dich-vegas-7/" "Mozilla/5.0 AppleWebKit/537.36 (KHTML, like Gecko; compatible; GPTBot/1.3; +https://openai.com/gptbot)"
196.196.164.33 - - [10/Mar/2026:05:32:07 -0700] "GET /2026/02/02/descubre-todo-acerca-del-juego-de-casino-chicken-road-2-en-espana/ HTTP/1.1" 200 137866 "-" "Mozilla/5.0 (compatible; Googlebot/2.1; +http://www.google.com/bot.html)"
74.7.241.15 - - [10/Mar/2026:05:32:09 -0700] "GET /wp-json/oembed/1.0/embed?url=http%3A%2F%2Falsahibalc.com%2F2026%2F01%2F29%2Fgyakori-hibak-amelyeket-kezdk-elkovetnek-online-7%2F HTTP/1.1" 200 - "http://alsahibalc.com/2026/01/29/gyakori-hibak-amelyeket-kezdk-elkovetnek-online-7/" "Mozilla/5.0 AppleWebKit/537.36 (KHTML, like Gecko; compatible; GPTBot/1.3; +https://openai.com/gptbot)"
74.7.241.15 - - [10/Mar/2026:05:32:16 -0700] "GET /wp-json/oembed/1.0/embed?url=http%3A%2F%2Falsahibalc.com%2F2026%2F01%2F13%2Fodkryj-7-strategii-gry-ktore-maksymalizuj-wygrane%2F HTTP/1.1" 200 - "http://alsahibalc.com/2026/01/13/odkryj-7-strategii-gry-ktore-maksymalizuj-wygrane/" "Mozilla/5.0 AppleWebKit/537.36 (KHTML, like Gecko; compatible; GPTBot/1.3; +https://openai.com/gptbot)"
74.7.241.15 - - [10/Mar/2026:05:32:19 -0700] "GET /wp-json/oembed/1.0/embed?url=http%3A%2F%2Falsahibalc.com%2F2026%2F02%2F25%2Fspisok-kazino-katalog-proverennyh-sajtov-s-41%2F HTTP/1.1" 200 - "http://alsahibalc.com/2026/02/25/spisok-kazino-katalog-proverennyh-sajtov-s-41/" "Mozilla/5.0 AppleWebKit/537.36 (KHTML, like Gecko; compatible; GPTBot/1.3; +https://openai.com/gptbot)"
74.7.241.15 - - [10/Mar/2026:05:32:22 -0700] "GET /wp-json/oembed/1.0/embed?url=http%3A%2F%2Falsahibalc.com%2F2026%2F02%2F27%2Fbeyond-the-ordinary-experience-thrilling-games-13%2F HTTP/1.1" 200 - "http://alsahibalc.com/2026/02/27/beyond-the-ordinary-experience-thrilling-games-13/" "Mozilla/5.0 AppleWebKit/537.36 (KHTML, like Gecko; compatible; GPTBot/1.3; +https://openai.com/gptbot)"
74.7.241.15 - - [10/Mar/2026:05:32:25 -0700] "GET /wp-json/oembed/1.0/embed?url=http%3A%2F%2Falsahibalc.com%2F2025%2F05%2F07%2Fgame-provider-comparison-netent-vs-microgaming-2%2F HTTP/1.1" 200 - "http://alsahibalc.com/2025/05/07/game-provider-comparison-netent-vs-microgaming-2/" "Mozilla/5.0 AppleWebKit/537.36 (KHTML, like Gecko; compatible; GPTBot/1.3; +https://openai.com/gptbot)"
74.7.241.15 - - [10/Mar/2026:05:32:31 -0700] "GET /wp-json/oembed/1.0/embed?url=http%3A%2F%2Falsahibalc.com%2F2026%2F02%2F09%2Fignite-your-fortune-fast-payouts-crypto-options-9%2F HTTP/1.1" 200 - "http://alsahibalc.com/2026/02/09/ignite-your-fortune-fast-payouts-crypto-options-9/" "Mozilla/5.0 AppleWebKit/537.36 (KHTML, like Gecko; compatible; GPTBot/1.3; +https://openai.com/gptbot)"
74.7.241.15 - - [10/Mar/2026:05:32:34 -0700] "GET /wp-json/oembed/1.0/embed?url=http%3A%2F%2Falsahibalc.com%2F2026%2F02%2F26%2Fzerkalo-kazino-riobet-rabochij-dostup-k-slotam-76%2F HTTP/1.1" 200 - "http://alsahibalc.com/2026/02/26/zerkalo-kazino-riobet-rabochij-dostup-k-slotam-76/" "Mozilla/5.0 AppleWebKit/537.36 (KHTML, like Gecko; compatible; GPTBot/1.3; +https://openai.com/gptbot)"
74.7.241.15 - - [10/Mar/2026:05:32:37 -0700] "GET /wp-json/oembed/1.0/embed?url=http%3A%2F%2Falsahibalc.com%2F2025%2F07%2F14%2Ffranchissez-10-defis-audacieux-et-amassez-des%2F HTTP/1.1" 200 - "http://alsahibalc.com/2025/07/14/franchissez-10-defis-audacieux-et-amassez-des/" "Mozilla/5.0 AppleWebKit/537.36 (KHTML, like Gecko; compatible; GPTBot/1.3; +https://openai.com/gptbot)"
74.7.241.15 - - [10/Mar/2026:05:32:44 -0700] "GET /wp-json/oembed/1.0/embed?url=http%3A%2F%2Falsahibalc.com%2F2026%2F02%2F07%2Felevate-gameplay-with-20-providers-secure-bonuses%2F HTTP/1.1" 200 - "http://alsahibalc.com/2026/02/07/elevate-gameplay-with-20-providers-secure-bonuses/" "Mozilla/5.0 AppleWebKit/537.36 (KHTML, like Gecko; compatible; GPTBot/1.3; +https://openai.com/gptbot)"
74.7.241.15 - - [10/Mar/2026:05:32:47 -0700] "GET /wp-json/oembed/1.0/embed?url=http%3A%2F%2Falsahibalc.com%2F2026%2F02%2F25%2Figrovye-avtomaty-laki-vorld-podborka-luchshih-22%2F HTTP/1.1" 200 - "http://alsahibalc.com/2026/02/25/igrovye-avtomaty-laki-vorld-podborka-luchshih-22/" "Mozilla/5.0 AppleWebKit/537.36 (KHTML, like Gecko; compatible; GPTBot/1.3; +https://openai.com/gptbot)"
74.7.241.15 - - [10/Mar/2026:05:32:53 -0700] "GET /wp-json/oembed/1.0/embed?url=http%3A%2F%2Falsahibalc.com%2F2026%2F01%2F27%2Fproverennye-kazino-onlajn-s-licenziej-chestnoj-14%2F HTTP/1.1" 200 - "http://alsahibalc.com/2026/01/27/proverennye-kazino-onlajn-s-licenziej-chestnoj-14/" "Mozilla/5.0 AppleWebKit/537.36 (KHTML, like Gecko; compatible; GPTBot/1.3; +https://openai.com/gptbot)"
74.7.241.15 - - [10/Mar/2026:05:32:56 -0700] "GET /wp-json/oembed/1.0/embed?url=http%3A%2F%2Falsahibalc.com%2F2026%2F02%2F28%2Flaki-vorld-zerkalo-rabochie-sposoby-poluchit-25%2F HTTP/1.1" 200 - "http://alsahibalc.com/2026/02/28/laki-vorld-zerkalo-rabochie-sposoby-poluchit-25/" "Mozilla/5.0 AppleWebKit/537.36 (KHTML, like Gecko; compatible; GPTBot/1.3; +https://openai.com/gptbot)"
74.7.241.15 - - [10/Mar/2026:05:32:59 -0700] "GET /wp-json/oembed/1.0/embed?url=http%3A%2F%2Falsahibalc.com%2F2026%2F02%2F10%2Fjouw-gokavontuur-begint-hier-beleef-de-sensatie-2%2F HTTP/1.1" 200 - "http://alsahibalc.com/2026/02/10/jouw-gokavontuur-begint-hier-beleef-de-sensatie-2/" "Mozilla/5.0 AppleWebKit/537.36 (KHTML, like Gecko; compatible; GPTBot/1.3; +https://openai.com/gptbot)"
74.7.241.15 - - [10/Mar/2026:05:33:02 -0700] "GET /wp-json/oembed/1.0/embed?url=http%3A%2F%2Falsahibalc.com%2F2026%2F01%2F28%2Fgroer-ratgeber-zu-online-casino-auszahlungen-3%2F HTTP/1.1" 200 - "http://alsahibalc.com/2026/01/28/groer-ratgeber-zu-online-casino-auszahlungen-3/" "Mozilla/5.0 AppleWebKit/537.36 (KHTML, like Gecko; compatible; GPTBot/1.3; +https://openai.com/gptbot)"
74.7.241.15 - - [10/Mar/2026:05:33:06 -0700] "GET /wp-json/oembed/1.0/embed?url=http%3A%2F%2Falsahibalc.com%2F2026%2F01%2F13%2Felevate-your-play-experience-thrilling-casino-7%2F HTTP/1.1" 200 - "http://alsahibalc.com/2026/01/13/elevate-your-play-experience-thrilling-casino-7/" "Mozilla/5.0 AppleWebKit/537.36 (KHTML, like Gecko; compatible; GPTBot/1.3; +https://openai.com/gptbot)"
173.247.246.132 - - [10/Mar/2026:05:33:07 -0700] "POST /wp-cron.php?doing_wp_cron=1773145987.1424899101257324218750 HTTP/1.1" 200 - "-" "WordPress/6.6.4; http://alsahibalc.com"
79.127.144.103 - - [10/Mar/2026:05:33:06 -0700] "POST /xmlrpc.php HTTP/1.1" 200 365446 "-" "Mozilla/5.0 (Windows NT 10.0; Win64; x64) AppleWebKit/537.36 (KHTML, like Gecko) Chrome/121.0.0.0 Safari/537.36 Edg/121.0.0.0"
74.7.241.15 - - [10/Mar/2026:05:33:09 -0700] "GET /wp-json/oembed/1.0/embed?url=http%3A%2F%2Falsahibalc.com%2F2026%2F01%2F22%2Fmastering-advanced-techniques-for-winning-at-2%2F HTTP/1.1" 200 - "http://alsahibalc.com/2026/01/22/mastering-advanced-techniques-for-winning-at-2/" "Mozilla/5.0 AppleWebKit/537.36 (KHTML, like Gecko; compatible; GPTBot/1.3; +https://openai.com/gptbot)"
74.7.241.15 - - [10/Mar/2026:05:33:15 -0700] "GET /wp-json/oembed/1.0/embed?url=http%3A%2F%2Falsahibalc.com%2F2026%2F02%2F24%2Fdeneme-bonusu-veren-casinolarla-yatrm-yapmadan-91%2F HTTP/1.1" 200 - "http://alsahibalc.com/2026/02/24/deneme-bonusu-veren-casinolarla-yatrm-yapmadan-91/" "Mozilla/5.0 AppleWebKit/537.36 (KHTML, like Gecko; compatible; GPTBot/1.3; +https://openai.com/gptbot)"
79.127.144.103 - - [10/Mar/2026:05:33:15 -0700] "POST /xmlrpc.php HTTP/1.1" 200 180 "-" "Mozilla/5.0 (Windows NT 10.0; Win64; x64) AppleWebKit/537.36 (KHTML, like Gecko) Chrome/121.0.0.0 Safari/537.36 Edg/121.0.0.0"
74.7.241.15 - - [10/Mar/2026:05:33:18 -0700] "GET /wp-json/oembed/1.0/embed?url=http%3A%2F%2Falsahibalc.com%2F2026%2F01%2F28%2Fcryptoboss-onlajn-kazino-registracija-i-vhod-61%2F HTTP/1.1" 200 - "http://alsahibalc.com/2026/01/28/cryptoboss-onlajn-kazino-registracija-i-vhod-61/" "Mozilla/5.0 AppleWebKit/537.36 (KHTML, like Gecko; compatible; GPTBot/1.3; +https://openai.com/gptbot)"
74.7.241.15 - - [10/Mar/2026:05:33:21 -0700] "GET /wp-json/oembed/1.0/embed?url=http%3A%2F%2Falsahibalc.com%2F2026%2F02%2F25%2Foficialnyj-sajt-pinco-casino-igrat-onlajn-vhod-92%2F HTTP/1.1" 200 - "http://alsahibalc.com/2026/02/25/oficialnyj-sajt-pinco-casino-igrat-onlajn-vhod-92/" "Mozilla/5.0 AppleWebKit/537.36 (KHTML, like Gecko; compatible; GPTBot/1.3; +https://openai.com/gptbot)"
79.127.144.103 - - [10/Mar/2026:05:33:20 -0700] "POST /xmlrpc.php HTTP/1.1" 200 11865 "-" "Mozilla/5.0 (Windows NT 10.0; Win64; x64) AppleWebKit/537.36 (KHTML, like Gecko) Chrome/121.0.0.0 Safari/537.36 Edg/121.0.0.0"
173.247.246.132 - - [10/Mar/2026:05:33:21 -0700] "POST /wp-cron.php?doing_wp_cron=1773146001.3890399932861328125000 HTTP/1.1" 200 - "-" "WordPress/6.6.4; http://alsahibalc.com"
74.7.241.15 - - [10/Mar/2026:05:33:24 -0700] "GET /wp-json/oembed/1.0/embed?url=http%3A%2F%2Falsahibalc.com%2F2025%2F06%2F17%2Fthe-evolution-of-casino-marketing-strategies-25%2F HTTP/1.1" 200 - "http://alsahibalc.com/2025/06/17/the-evolution-of-casino-marketing-strategies-25/" "Mozilla/5.0 AppleWebKit/537.36 (KHTML, like Gecko; compatible; GPTBot/1.3; +https://openai.com/gptbot)"
74.7.241.15 - - [10/Mar/2026:05:33:27 -0700] "GET /wp-json/oembed/1.0/embed?url=http%3A%2F%2Falsahibalc.com%2F2026%2F01%2F10%2Fadrenalinrausch-garantiert-mit-der-plinko-app-26%2F HTTP/1.1" 200 - "http://alsahibalc.com/2026/01/10/adrenalinrausch-garantiert-mit-der-plinko-app-26/" "Mozilla/5.0 AppleWebKit/537.36 (KHTML, like Gecko; compatible; GPTBot/1.3; +https://openai.com/gptbot)"
74.7.241.15 - - [10/Mar/2026:05:33:34 -0700] "GET /wp-json/oembed/1.0/embed?url=http%3A%2F%2Falsahibalc.com%2F2026%2F01%2F30%2F1xslots-casino-oficialnyj-sajt-1hslot-kazino%2F HTTP/1.1" 200 - "http://alsahibalc.com/2026/01/30/1xslots-casino-oficialnyj-sajt-1hslot-kazino/" "Mozilla/5.0 AppleWebKit/537.36 (KHTML, like Gecko; compatible; GPTBot/1.3; +https://openai.com/gptbot)"
74.7.241.15 - - [10/Mar/2026:05:33:37 -0700] "GET /wp-json/oembed/1.0/embed?url=http%3A%2F%2Falsahibalc.com%2F2026%2F02%2F11%2Ffortune-favors-the-brave-navigate-peril-plunder-2%2F HTTP/1.1" 200 - "http://alsahibalc.com/2026/02/11/fortune-favors-the-brave-navigate-peril-plunder-2/" "Mozilla/5.0 AppleWebKit/537.36 (KHTML, like Gecko; compatible; GPTBot/1.3; +https://openai.com/gptbot)"
74.7.241.15 - - [10/Mar/2026:05:33:40 -0700] "GET /wp-json/oembed/1.0/embed?url=http%3A%2F%2Falsahibalc.com%2F2026%2F01%2F28%2Ftelecharger-l-application-1win-sur-android-et-ios%2F HTTP/1.1" 200 - "http://alsahibalc.com/2026/01/28/telecharger-l-application-1win-sur-android-et-ios/" "Mozilla/5.0 AppleWebKit/537.36 (KHTML, like Gecko; compatible; GPTBot/1.3; +https://openai.com/gptbot)"
74.7.241.15 - - [10/Mar/2026:05:33:46 -0700] "GET /wp-json/oembed/1.0/embed?url=http%3A%2F%2Falsahibalc.com%2F2026%2F01%2F27%2Fvolle-spannung-voraus-chicken-road-erfahrungen-7%2F HTTP/1.1" 200 - "http://alsahibalc.com/2026/01/27/volle-spannung-voraus-chicken-road-erfahrungen-7/" "Mozilla/5.0 AppleWebKit/537.36 (KHTML, like Gecko; compatible; GPTBot/1.3; +https://openai.com/gptbot)"
74.7.241.15 - - [10/Mar/2026:05:33:49 -0700] "GET /wp-json/oembed/1.0/embed?url=http%3A%2F%2Falsahibalc.com%2F2026%2F02%2F06%2Ff-adrenalinpumpen-op-naviger-kyllingen-sikkert-3%2F HTTP/1.1" 200 - "http://alsahibalc.com/2026/02/06/f-adrenalinpumpen-op-naviger-kyllingen-sikkert-3/" "Mozilla/5.0 AppleWebKit/537.36 (KHTML, like Gecko; compatible; GPTBot/1.3; +https://openai.com/gptbot)"
74.7.241.15 - - [10/Mar/2026:05:33:53 -0700] "GET /wp-json/oembed/1.0/embed?url=http%3A%2F%2Falsahibalc.com%2F2026%2F01%2F29%2Fonline-casino-erfahrungen-mit-schwerpunkt-auf-2%2F HTTP/1.1" 200 - "http://alsahibalc.com/2026/01/29/online-casino-erfahrungen-mit-schwerpunkt-auf-2/" "Mozilla/5.0 AppleWebKit/537.36 (KHTML, like Gecko; compatible; GPTBot/1.3; +https://openai.com/gptbot)"
74.7.241.15 - - [10/Mar/2026:05:33:56 -0700] "GET /wp-json/oembed/1.0/embed?url=http%3A%2F%2Falsahibalc.com%2F2025%2F04%2F25%2Fdarmowe-automaty-do-gier-jednoreki-bandytazl-2%2F HTTP/1.1" 200 - "http://alsahibalc.com/2025/04/25/darmowe-automaty-do-gier-jednoreki-bandytazl-2/" "Mozilla/5.0 AppleWebKit/537.36 (KHTML, like Gecko; compatible; GPTBot/1.3; +https://openai.com/gptbot)"
74.7.241.15 - - [10/Mar/2026:05:34:05 -0700] "GET /wp-json/oembed/1.0/embed?url=http%3A%2F%2Falsahibalc.com%2F2026%2F01%2F29%2Ftopsrank-prozrachnaja-sistema-loto-klub-ocenki-3%2F HTTP/1.1" 200 - "http://alsahibalc.com/2026/01/29/topsrank-prozrachnaja-sistema-loto-klub-ocenki-3/" "Mozilla/5.0 AppleWebKit/537.36 (KHTML, like Gecko; compatible; GPTBot/1.3; +https://openai.com/gptbot)"
74.7.241.15 - - [10/Mar/2026:05:34:15 -0700] "GET /wp-json/oembed/1.0/embed?url=http%3A%2F%2Falsahibalc.com%2F2026%2F01%2F12%2Felevate-your-play-experience-thrilling-wins-20%2F HTTP/1.1" 200 - "http://alsahibalc.com/2026/01/12/elevate-your-play-experience-thrilling-wins-20/" "Mozilla/5.0 AppleWebKit/537.36 (KHTML, like Gecko; compatible; GPTBot/1.3; +https://openai.com/gptbot)"
74.7.241.15 - - [10/Mar/2026:05:34:18 -0700] "GET /wp-json/oembed/1.0/embed?url=http%3A%2F%2Falsahibalc.com%2F2026%2F01%2F23%2Fpokerdom-kazino-s-aktualnymi-bonusami-bystrymi-3%2F HTTP/1.1" 200 - "http://alsahibalc.com/2026/01/23/pokerdom-kazino-s-aktualnymi-bonusami-bystrymi-3/" "Mozilla/5.0 AppleWebKit/537.36 (KHTML, like Gecko; compatible; GPTBot/1.3; +https://openai.com/gptbot)"
74.7.241.15 - - [10/Mar/2026:05:34:24 -0700] "GET /wp-json/oembed/1.0/embed?url=http%3A%2F%2Falsahibalc.com%2F2026%2F01%2F20%2Felevate-your-gameplay-experience-thrilling-wins-5%2F HTTP/1.1" 200 - "http://alsahibalc.com/2026/01/20/elevate-your-gameplay-experience-thrilling-wins-5/" "Mozilla/5.0 AppleWebKit/537.36 (KHTML, like Gecko; compatible; GPTBot/1.3; +https://openai.com/gptbot)"
74.7.241.15 - - [10/Mar/2026:05:34:27 -0700] "GET /wp-json/oembed/1.0/embed?url=http%3A%2F%2Falsahibalc.com%2F2026%2F02%2F25%2Flaki-world-oficialnyj-sajt-kak-najti-aktualnoe-10%2F HTTP/1.1" 200 - "http://alsahibalc.com/2026/02/25/laki-world-oficialnyj-sajt-kak-najti-aktualnoe-10/" "Mozilla/5.0 AppleWebKit/537.36 (KHTML, like Gecko; compatible; GPTBot/1.3; +https://openai.com/gptbot)"
185.191.171.15 - - [10/Mar/2026:05:34:29 -0700] "GET /2026/02/27/kazino-onlajn-2026-igrajte-s-uverennostju-i-161/ HTTP/1.1" 200 - "-" "Mozilla/5.0 (compatible; SemrushBot/7~bl; +http://www.semrush.com/bot.html)"
74.7.241.15 - - [10/Mar/2026:05:34:30 -0700] "GET /wp-json/oembed/1.0/embed?url=http%3A%2F%2Falsahibalc.com%2F2026%2F01%2F27%2Faufregende-casino-abenteuer-erwarten-dich-bei-5%2F HTTP/1.1" 200 - "http://alsahibalc.com/2026/01/27/aufregende-casino-abenteuer-erwarten-dich-bei-5/" "Mozilla/5.0 AppleWebKit/537.36 (KHTML, like Gecko; compatible; GPTBot/1.3; +https://openai.com/gptbot)"
74.7.241.15 - - [10/Mar/2026:05:34:33 -0700] "GET /wp-json/oembed/1.0/embed?url=http%3A%2F%2Falsahibalc.com%2F2026%2F01%2F26%2Fjackpot-geheimnisse-enthullt-so-sicherst-du-dir-2%2F HTTP/1.1" 200 - "http://alsahibalc.com/2026/01/26/jackpot-geheimnisse-enthullt-so-sicherst-du-dir-2/" "Mozilla/5.0 AppleWebKit/537.36 (KHTML, like Gecko; compatible; GPTBot/1.3; +https://openai.com/gptbot)"
74.7.241.15 - - [10/Mar/2026:05:34:37 -0700] "GET /wp-json/oembed/1.0/embed?url=http%3A%2F%2Falsahibalc.com%2F2025%2F12%2F04%2F5-mifov-o-rabote-nochnyh-babochek-razrushaja%2F HTTP/1.1" 200 - "http://alsahibalc.com/2025/12/04/5-mifov-o-rabote-nochnyh-babochek-razrushaja/" "Mozilla/5.0 AppleWebKit/537.36 (KHTML, like Gecko; compatible; GPTBot/1.3; +https://openai.com/gptbot)"
74.7.241.15 - - [10/Mar/2026:05:34:40 -0700] "GET /wp-json/oembed/1.0/embed?url=http%3A%2F%2Falsahibalc.com%2F2026%2F02%2F11%2Fcasino-bankid-utan-registrering-med-ultrasnabb-7%2F HTTP/1.1" 200 - "http://alsahibalc.com/2026/02/11/casino-bankid-utan-registrering-med-ultrasnabb-7/" "Mozilla/5.0 AppleWebKit/537.36 (KHTML, like Gecko; compatible; GPTBot/1.3; +https://openai.com/gptbot)"
85.208.96.197 - - [10/Mar/2026:05:34:43 -0700] "GET /2026/02/17/2026-herr-bet-free-cash-bonus/ HTTP/1.1" 200 - "-" "Mozilla/5.0 (compatible; SemrushBot/7~bl; +http://www.semrush.com/bot.html)"
185.191.171.13 - - [10/Mar/2026:05:34:48 -0700] "GET /2026/02/09/31-totally-free-revolves-gambling-enterprise-added-bonus-2026-31-free-revolves-no-deposit/ HTTP/1.1" 200 - "-" "Mozilla/5.0 (compatible; SemrushBot/7~bl; +http://www.semrush.com/bot.html)"
74.7.241.15 - - [10/Mar/2026:05:34:49 -0700] "GET /wp-json/oembed/1.0/embed?url=http%3A%2F%2Falsahibalc.com%2F2026%2F01%2F29%2Fvodka-kazino-zerkalo-rabochee-segodnja-dlja-22%2F HTTP/1.1" 200 - "http://alsahibalc.com/2026/01/29/vodka-kazino-zerkalo-rabochee-segodnja-dlja-22/" "Mozilla/5.0 AppleWebKit/537.36 (KHTML, like Gecko; compatible; GPTBot/1.3; +https://openai.com/gptbot)"
74.7.241.15 - - [10/Mar/2026:05:34:52 -0700] "GET /wp-json/oembed/1.0/embed?url=http%3A%2F%2Falsahibalc.com%2F2026%2F02%2F20%2Fjetton-provajdery-spisok-postavshhikov-igr-ih-42%2F HTTP/1.1" 200 - "http://alsahibalc.com/2026/02/20/jetton-provajdery-spisok-postavshhikov-igr-ih-42/" "Mozilla/5.0 AppleWebKit/537.36 (KHTML, like Gecko; compatible; GPTBot/1.3; +https://openai.com/gptbot)"
74.7.241.15 - - [10/Mar/2026:05:34:55 -0700] "GET /wp-json/oembed/1.0/embed?url=http%3A%2F%2Falsahibalc.com%2F2026%2F02%2F11%2Faz-esport-fogadasok-emelkedese-a-kaszinokban-15%2F HTTP/1.1" 200 - "http://alsahibalc.com/2026/02/11/az-esport-fogadasok-emelkedese-a-kaszinokban-15/" "Mozilla/5.0 AppleWebKit/537.36 (KHTML, like Gecko; compatible; GPTBot/1.3; +https://openai.com/gptbot)"
74.7.241.15 - - [10/Mar/2026:05:35:01 -0700] "GET /wp-json/oembed/1.0/embed?url=http%3A%2F%2Falsahibalc.com%2F2026%2F01%2F28%2Fmostbet-oficialnyj-sajt-bukmekerskoj-kontory-114%2F HTTP/1.1" 200 - "http://alsahibalc.com/2026/01/28/mostbet-oficialnyj-sajt-bukmekerskoj-kontory-114/" "Mozilla/5.0 AppleWebKit/537.36 (KHTML, like Gecko; compatible; GPTBot/1.3; +https://openai.com/gptbot)"
74.7.241.15 - - [10/Mar/2026:05:35:05 -0700] "GET /wp-json/oembed/1.0/embed?url=http%3A%2F%2Falsahibalc.com%2F2026%2F02%2F27%2Fspielbank-exklusive-anmeldung-registration-2025%2F HTTP/1.1" 200 - "http://alsahibalc.com/2026/02/27/spielbank-exklusive-anmeldung-registration-2025/" "Mozilla/5.0 AppleWebKit/537.36 (KHTML, like Gecko; compatible; GPTBot/1.3; +https://openai.com/gptbot)"
74.7.241.15 - - [10/Mar/2026:05:35:08 -0700] "GET /wp-json/oembed/1.0/embed?url=http%3A%2F%2Falsahibalc.com%2F2026%2F01%2F28%2Fmostbet-oficialnyj-sajt-bukmekerskoj-kontory-105%2F HTTP/1.1" 200 - "http://alsahibalc.com/2026/01/28/mostbet-oficialnyj-sajt-bukmekerskoj-kontory-105/" "Mozilla/5.0 AppleWebKit/537.36 (KHTML, like Gecko; compatible; GPTBot/1.3; +https://openai.com/gptbot)"
74.7.241.15 - - [10/Mar/2026:05:35:11 -0700] "GET /wp-json/oembed/1.0/embed?url=http%3A%2F%2Falsahibalc.com%2F2026%2F02%2F27%2Fanbietervergleich-das-tagesordnungspunkt-40-2%2F HTTP/1.1" 200 - "http://alsahibalc.com/2026/02/27/anbietervergleich-das-tagesordnungspunkt-40-2/" "Mozilla/5.0 AppleWebKit/537.36 (KHTML, like Gecko; compatible; GPTBot/1.3; +https://openai.com/gptbot)"
74.7.241.15 - - [10/Mar/2026:05:35:14 -0700] "GET /wp-json/oembed/1.0/embed?url=http%3A%2F%2Falsahibalc.com%2F2025%2F11%2F24%2F1win-skachat-prilozhenie-bukmekerskoj-kontory-765%2F HTTP/1.1" 200 - "http://alsahibalc.com/2025/11/24/1win-skachat-prilozhenie-bukmekerskoj-kontory-765/" "Mozilla/5.0 AppleWebKit/537.36 (KHTML, like Gecko; compatible; GPTBot/1.3; +https://openai.com/gptbot)"
74.7.241.15 - - [10/Mar/2026:05:35:17 -0700] "GET /wp-json/oembed/1.0/embed?url=http%3A%2F%2Falsahibalc.com%2F2026%2F01%2F24%2Fgrandpashabet-canli-casno-bahs-9393-2%2F HTTP/1.1" 200 - "http://alsahibalc.com/2026/01/24/grandpashabet-canli-casno-bahs-9393-2/" "Mozilla/5.0 AppleWebKit/537.36 (KHTML, like Gecko; compatible; GPTBot/1.3; +https://openai.com/gptbot)"
74.7.241.15 - - [10/Mar/2026:05:35:21 -0700] "GET /wp-json/oembed/1.0/embed?url=http%3A%2F%2Falsahibalc.com%2F2026%2F02%2F27%2F1win-bukmekerskaja-kontora-1vin-437-2%2F HTTP/1.1" 200 - "http://alsahibalc.com/2026/02/27/1win-bukmekerskaja-kontora-1vin-437-2/" "Mozilla/5.0 AppleWebKit/537.36 (KHTML, like Gecko; compatible; GPTBot/1.3; +https://openai.com/gptbot)"
173.247.246.132 - - [10/Mar/2026:05:35:21 -0700] "POST /wp-cron.php?doing_wp_cron=1773146121.1782360076904296875000 HTTP/1.1" 200 - "-" "WordPress/6.6.4; http://alsahibalc.com"
157.180.107.100 - - [10/Mar/2026:05:35:20 -0700] "POST /xmlrpc.php HTTP/1.1" 200 365446 "-" "Mozilla/5.0 (Macintosh; Intel Mac OS X 10_15_7) AppleWebKit/537.36 (KHTML, like Gecko) Chrome/127.0.0 Safari/537.36"
85.208.96.205 - - [10/Mar/2026:05:35:23 -0700] "GET /2026/02/10/zdobd-777-szans-na-wygran-w-vavada-casino-dziki/ HTTP/1.1" 200 - "-" "Mozilla/5.0 (compatible; SemrushBot/7~bl; +http://www.semrush.com/bot.html)"
157.180.107.100 - - [10/Mar/2026:05:35:23 -0700] "POST /xmlrpc.php HTTP/1.1" 200 434 "-" "Mozilla/5.0 (Macintosh; Intel Mac OS X 10_15_7) AppleWebKit/537.36 (KHTML, like Gecko) Chrome/127.0.0 Safari/537.36"
74.7.241.15 - - [10/Mar/2026:05:35:24 -0700] "GET /wp-json/oembed/1.0/embed?url=http%3A%2F%2Falsahibalc.com%2F2026%2F01%2F29%2F1xslots-1hslots-kak-nachat-igrat-1722%2F HTTP/1.1" 200 - "http://alsahibalc.com/2026/01/29/1xslots-1hslots-kak-nachat-igrat-1722/" "Mozilla/5.0 AppleWebKit/537.36 (KHTML, like Gecko; compatible; GPTBot/1.3; +https://openai.com/gptbot)"
157.180.107.100 - - [10/Mar/2026:05:35:24 -0700] "POST /xmlrpc.php HTTP/1.1" 200 434 "-" "Mozilla/5.0 (Macintosh; Intel Mac OS X 10_15_7) AppleWebKit/537.36 (KHTML, like Gecko) Chrome/127.0.0 Safari/537.36"
157.180.107.100 - - [10/Mar/2026:05:35:26 -0700] "POST /xmlrpc.php HTTP/1.1" 200 434 "-" "Mozilla/5.0 (Macintosh; Intel Mac OS X 10_15_7) AppleWebKit/537.36 (KHTML, like Gecko) Chrome/127.0.0 Safari/537.36"
157.180.107.100 - - [10/Mar/2026:05:35:27 -0700] "POST /xmlrpc.php HTTP/1.1" 406 300 "-" "Mozilla/5.0 (Macintosh; Intel Mac OS X 10_15_7) AppleWebKit/537.36 (KHTML, like Gecko) Chrome/127.0.0 Safari/537.36"
74.7.241.15 - - [10/Mar/2026:05:35:27 -0700] "GET /wp-json/oembed/1.0/embed?url=http%3A%2F%2Falsahibalc.com%2F2026%2F01%2F23%2Fkasino-mostbet-mobiln-pstup-2063%2F HTTP/1.1" 200 - "http://alsahibalc.com/2026/01/23/kasino-mostbet-mobiln-pstup-2063/" "Mozilla/5.0 AppleWebKit/537.36 (KHTML, like Gecko; compatible; GPTBot/1.3; +https://openai.com/gptbot)"
157.180.107.100 - - [10/Mar/2026:05:35:27 -0700] "POST /xmlrpc.php HTTP/1.1" 200 434 "-" "Mozilla/5.0 (Macintosh; Intel Mac OS X 10_15_7) AppleWebKit/537.36 (KHTML, like Gecko) Chrome/127.0.0 Safari/537.36"
157.180.107.100 - - [10/Mar/2026:05:35:29 -0700] "POST /xmlrpc.php HTTP/1.1" 200 434 "-" "Mozilla/5.0 (Macintosh; Intel Mac OS X 10_15_7) AppleWebKit/537.36 (KHTML, like Gecko) Chrome/127.0.0 Safari/537.36"
74.7.241.15 - - [10/Mar/2026:05:35:30 -0700] "GET /wp-json/oembed/1.0/embed?url=http%3A%2F%2Falsahibalc.com%2F2026%2F01%2F13%2Fdesafia-tu-suerte-multiplica-tus-ganancias-con-27%2F HTTP/1.1" 200 - "http://alsahibalc.com/2026/01/13/desafia-tu-suerte-multiplica-tus-ganancias-con-27/" "Mozilla/5.0 AppleWebKit/537.36 (KHTML, like Gecko; compatible; GPTBot/1.3; +https://openai.com/gptbot)"
157.180.107.100 - - [10/Mar/2026:05:35:30 -0700] "POST /xmlrpc.php HTTP/1.1" 200 434 "-" "Mozilla/5.0 (Macintosh; Intel Mac OS X 10_15_7) AppleWebKit/537.36 (KHTML, like Gecko) Chrome/127.0.0 Safari/537.36"
157.180.107.100 - - [10/Mar/2026:05:35:31 -0700] "POST /xmlrpc.php HTTP/1.1" 406 300 "-" "Mozilla/5.0 (Macintosh; Intel Mac OS X 10_15_7) AppleWebKit/537.36 (KHTML, like Gecko) Chrome/127.0.0 Safari/537.36"
157.180.107.100 - - [10/Mar/2026:05:35:32 -0700] "POST /xmlrpc.php HTTP/1.1" 200 434 "-" "Mozilla/5.0 (Macintosh; Intel Mac OS X 10_15_7) AppleWebKit/537.36 (KHTML, like Gecko) Chrome/127.0.0 Safari/537.36"
74.7.241.15 - - [10/Mar/2026:05:35:33 -0700] "GET /wp-json/oembed/1.0/embed?url=http%3A%2F%2Falsahibalc.com%2F2026%2F03%2F02%2Fdoum-gunu-bonusu-ile-oyunculara-ozel-promosyonlar-122%2F HTTP/1.1" 200 - "http://alsahibalc.com/2026/03/02/doum-gunu-bonusu-ile-oyunculara-ozel-promosyonlar-122/" "Mozilla/5.0 AppleWebKit/537.36 (KHTML, like Gecko; compatible; GPTBot/1.3; +https://openai.com/gptbot)"
157.180.107.100 - - [10/Mar/2026:05:35:33 -0700] "POST /xmlrpc.php HTTP/1.1" 200 434 "-" "Mozilla/5.0 (Macintosh; Intel Mac OS X 10_15_7) AppleWebKit/537.36 (KHTML, like Gecko) Chrome/127.0.0 Safari/537.36"
185.191.171.16 - - [10/Mar/2026:05:35:35 -0700] "GET /2026/02/16/bitcoin-arctic-fortune-slot-casino-sites-spielsaal-erprobung-2026-i-top-versorger-im-abmachung/ HTTP/1.1" 200 - "-" "Mozilla/5.0 (compatible; SemrushBot/7~bl; +http://www.semrush.com/bot.html)"
157.180.107.100 - - [10/Mar/2026:05:35:34 -0700] "POST /xmlrpc.php HTTP/1.1" 200 180 "-" "Mozilla/5.0 (Macintosh; Intel Mac OS X 10_15_7) AppleWebKit/537.36 (KHTML, like Gecko) Chrome/127.0.0 Safari/537.36"
74.7.241.15 - - [10/Mar/2026:05:35:36 -0700] "GET /wp-json/oembed/1.0/embed?url=http%3A%2F%2Falsahibalc.com%2F2025%2F11%2F28%2Fthe-impact-of-artificial-intelligence-on-casino-522%2F HTTP/1.1" 200 - "http://alsahibalc.com/2025/11/28/the-impact-of-artificial-intelligence-on-casino-522/" "Mozilla/5.0 AppleWebKit/537.36 (KHTML, like Gecko; compatible; GPTBot/1.3; +https://openai.com/gptbot)"
157.180.107.100 - - [10/Mar/2026:05:35:36 -0700] "POST /xmlrpc.php HTTP/1.1" 200 9695 "-" "Mozilla/5.0 (Macintosh; Intel Mac OS X 10_15_7) AppleWebKit/537.36 (KHTML, like Gecko) Chrome/127.0.0 Safari/537.36"
173.247.246.132 - - [10/Mar/2026:05:35:37 -0700] "POST /wp-cron.php?doing_wp_cron=1773146137.3556499481201171875000 HTTP/1.1" 200 - "-" "WordPress/6.6.4; http://alsahibalc.com"
157.180.107.100 - - [10/Mar/2026:05:35:38 -0700] "POST /xmlrpc.php HTTP/1.1" 200 180 "-" "Mozilla/5.0 (Macintosh; Intel Mac OS X 10_15_7) AppleWebKit/537.36 (KHTML, like Gecko) Chrome/127.0.0 Safari/537.36"
173.247.246.132 - - [10/Mar/2026:05:35:41 -0700] "POST /wp-cron.php?doing_wp_cron=1773146141.3071410655975341796875 HTTP/1.1" 200 - "-" "WordPress/6.6.4; http://alsahibalc.com"
157.180.107.100 - - [10/Mar/2026:05:35:40 -0700] "POST /xmlrpc.php HTTP/1.1" 200 9274 "-" "Mozilla/5.0 (Macintosh; Intel Mac OS X 10_15_7) AppleWebKit/537.36 (KHTML, like Gecko) Chrome/127.0.0 Safari/537.36"
74.7.241.15 - - [10/Mar/2026:05:35:42 -0700] "GET /wp-json/oembed/1.0/embed?url=http%3A%2F%2Falsahibalc.com%2F2026%2F01%2F16%2Falternativen-zu-chatroulette-die-three-besten-13-2%2F HTTP/1.1" 200 - "http://alsahibalc.com/2026/01/16/alternativen-zu-chatroulette-die-three-besten-13-2/" "Mozilla/5.0 AppleWebKit/537.36 (KHTML, like Gecko; compatible; GPTBot/1.3; +https://openai.com/gptbot)"
157.180.107.100 - - [10/Mar/2026:05:35:42 -0700] "POST /xmlrpc.php HTTP/1.1" 200 180 "-" "Mozilla/5.0 (Macintosh; Intel Mac OS X 10_15_7) AppleWebKit/537.36 (KHTML, like Gecko) Chrome/127.0.0 Safari/537.36"
74.7.241.15 - - [10/Mar/2026:05:35:45 -0700] "GET /wp-json/oembed/1.0/embed?url=http%3A%2F%2Falsahibalc.com%2F2026%2F02%2F26%2Fthe-impact-of-artificial-intelligence-on-casino-260%2F HTTP/1.1" 200 - "http://alsahibalc.com/2026/02/26/the-impact-of-artificial-intelligence-on-casino-260/" "Mozilla/5.0 AppleWebKit/537.36 (KHTML, like Gecko; compatible; GPTBot/1.3; +https://openai.com/gptbot)"
173.247.246.132 - - [10/Mar/2026:05:35:45 -0700] "POST /wp-cron.php?doing_wp_cron=1773146145.2831549644470214843750 HTTP/1.1" 200 - "-" "WordPress/6.6.4; http://alsahibalc.com"
157.180.107.100 - - [10/Mar/2026:05:35:44 -0700] "POST /xmlrpc.php HTTP/1.1" 200 12170 "-" "Mozilla/5.0 (Macintosh; Intel Mac OS X 10_15_7) AppleWebKit/537.36 (KHTML, like Gecko) Chrome/127.0.0 Safari/537.36"
157.180.107.100 - - [10/Mar/2026:05:35:46 -0700] "POST /xmlrpc.php HTTP/1.1" 200 180 "-" "Mozilla/5.0 (Macintosh; Intel Mac OS X 10_15_7) AppleWebKit/537.36 (KHTML, like Gecko) Chrome/127.0.0 Safari/537.36"
157.180.107.100 - - [10/Mar/2026:05:35:48 -0700] "POST /xmlrpc.php HTTP/1.1" 406 300 "-" "Mozilla/5.0 (Macintosh; Intel Mac OS X 10_15_7) AppleWebKit/537.36 (KHTML, like Gecko) Chrome/127.0.0 Safari/537.36"
157.180.107.100 - - [10/Mar/2026:05:35:48 -0700] "POST /xmlrpc.php HTTP/1.1" 406 300 "-" "Mozilla/5.0 (Macintosh; Intel Mac OS X 10_15_7) AppleWebKit/537.36 (KHTML, like Gecko) Chrome/127.0.0 Safari/537.36"
157.180.107.100 - - [10/Mar/2026:05:35:49 -0700] "POST /xmlrpc.php HTTP/1.1" 406 300 "-" "Mozilla/5.0 (Macintosh; Intel Mac OS X 10_15_7) AppleWebKit/537.36 (KHTML, like Gecko) Chrome/127.0.0 Safari/537.36"
74.7.241.15 - - [10/Mar/2026:05:35:48 -0700] "GET /wp-json/oembed/1.0/embed?url=http%3A%2F%2Falsahibalc.com%2F2025%2F01%2F31%2Fdie-beliebtesten-slots-im-taroom-casino-top-spiele-2023%2F HTTP/1.1" 200 - "http://alsahibalc.com/2025/01/31/die-beliebtesten-slots-im-taroom-casino-top-spiele-2023/" "Mozilla/5.0 AppleWebKit/537.36 (KHTML, like Gecko; compatible; GPTBot/1.3; +https://openai.com/gptbot)"
157.180.107.100 - - [10/Mar/2026:05:35:49 -0700] "POST /xmlrpc.php HTTP/1.1" 406 300 "-" "Mozilla/5.0 (Macintosh; Intel Mac OS X 10_15_7) AppleWebKit/537.36 (KHTML, like Gecko) Chrome/127.0.0 Safari/537.36"
157.180.107.100 - - [10/Mar/2026:05:35:49 -0700] "POST /xmlrpc.php HTTP/1.1" 406 300 "-" "Mozilla/5.0 (Macintosh; Intel Mac OS X 10_15_7) AppleWebKit/537.36 (KHTML, like Gecko) Chrome/127.0.0 Safari/537.36"
157.180.107.100 - - [10/Mar/2026:05:35:50 -0700] "POST /xmlrpc.php HTTP/1.1" 406 300 "-" "Mozilla/5.0 (Macintosh; Intel Mac OS X 10_15_7) AppleWebKit/537.36 (KHTML, like Gecko) Chrome/127.0.0 Safari/537.36"
157.180.107.100 - - [10/Mar/2026:05:35:50 -0700] "POST /xmlrpc.php HTTP/1.1" 406 300 "-" "Mozilla/5.0 (Macintosh; Intel Mac OS X 10_15_7) AppleWebKit/537.36 (KHTML, like Gecko) Chrome/127.0.0 Safari/537.36"
85.208.96.204 - - [10/Mar/2026:05:35:54 -0700] "GET /2025/05/09/the-digital-transformation-of-gaming-embracing-skill-innovation-and-consumer-engagement/ HTTP/1.1" 200 - "-" "Mozilla/5.0 (compatible; SemrushBot/7~bl; +http://www.semrush.com/bot.html)"
74.7.241.15 - - [10/Mar/2026:05:35:55 -0700] "GET /wp-json/oembed/1.0/embed?url=http%3A%2F%2Falsahibalc.com%2F2026%2F03%2F02%2Fcasino-med-svensk-person-licens-2026-mata-basta-casinon%2F HTTP/1.1" 200 - "http://alsahibalc.com/2026/03/02/casino-med-svensk-person-licens-2026-mata-basta-casinon/" "Mozilla/5.0 AppleWebKit/537.36 (KHTML, like Gecko; compatible; GPTBot/1.3; +https://openai.com/gptbot)"
74.7.241.15 - - [10/Mar/2026:05:35:58 -0700] "GET /wp-json/oembed/1.0/embed?url=http%3A%2F%2Falsahibalc.com%2F2025%2F12%2F01%2Fthe-impact-of-artificial-intelligence-on-casino-712%2F HTTP/1.1" 200 - "http://alsahibalc.com/2025/12/01/the-impact-of-artificial-intelligence-on-casino-712/" "Mozilla/5.0 AppleWebKit/537.36 (KHTML, like Gecko; compatible; GPTBot/1.3; +https://openai.com/gptbot)"
74.7.241.15 - - [10/Mar/2026:05:36:01 -0700] "GET /wp-json/oembed/1.0/embed?url=http%3A%2F%2Falsahibalc.com%2F2026%2F02%2F24%2Fthe-impact-of-artificial-intelligence-on-casino-237%2F HTTP/1.1" 200 - "http://alsahibalc.com/2026/02/24/the-impact-of-artificial-intelligence-on-casino-237/" "Mozilla/5.0 AppleWebKit/537.36 (KHTML, like Gecko; compatible; GPTBot/1.3; +https://openai.com/gptbot)"
74.7.241.15 - - [10/Mar/2026:05:36:04 -0700] "GET /wp-json/oembed/1.0/embed?url=http%3A%2F%2Falsahibalc.com%2F2026%2F02%2F10%2Ftestolone-rad-140-dosierung-alles-was-sie-wissen-mussen%2F HTTP/1.1" 200 - "http://alsahibalc.com/2026/02/10/testolone-rad-140-dosierung-alles-was-sie-wissen-mussen/" "Mozilla/5.0 AppleWebKit/537.36 (KHTML, like Gecko; compatible; GPTBot/1.3; +https://openai.com/gptbot)"
185.191.171.12 - - [10/Mar/2026:05:36:05 -0700] "GET /2026/02/21/oficialnyi-sait-pinco-casino-vxod-na-zerkalo7632/ HTTP/1.1" 200 - "-" "Mozilla/5.0 (compatible; SemrushBot/7~bl; +http://www.semrush.com/bot.html)"
74.7.241.15 - - [10/Mar/2026:05:36:10 -0700] "GET /wp-json/oembed/1.0/embed?url=http%3A%2F%2Falsahibalc.com%2F2026%2F02%2F19%2Fdistractia-incepe-ce-500-rotiri-gratuite-in-netbet%2F HTTP/1.1" 200 - "http://alsahibalc.com/2026/02/19/distractia-incepe-ce-500-rotiri-gratuite-in-netbet/" "Mozilla/5.0 AppleWebKit/537.36 (KHTML, like Gecko; compatible; GPTBot/1.3; +https://openai.com/gptbot)"
74.7.241.15 - - [10/Mar/2026:05:36:20 -0700] "GET /wp-json/oembed/1.0/embed?url=http%3A%2F%2Falsahibalc.com%2F2026%2F01%2F23%2Fmostbet-onlayn-kazino-ozbekistonda-mijozlarni-65%2F HTTP/1.1" 200 - "http://alsahibalc.com/2026/01/23/mostbet-onlayn-kazino-ozbekistonda-mijozlarni-65/" "Mozilla/5.0 AppleWebKit/537.36 (KHTML, like Gecko; compatible; GPTBot/1.3; +https://openai.com/gptbot)"
74.7.241.15 - - [10/Mar/2026:05:36:23 -0700] "GET /wp-json/oembed/1.0/embed?url=http%3A%2F%2Falsahibalc.com%2F2026%2F02%2F11%2Faufregende-huhnerjagd-mit-nervenkitzel-chicken-12%2F HTTP/1.1" 200 - "http://alsahibalc.com/2026/02/11/aufregende-huhnerjagd-mit-nervenkitzel-chicken-12/" "Mozilla/5.0 AppleWebKit/537.36 (KHTML, like Gecko; compatible; GPTBot/1.3; +https://openai.com/gptbot)"
74.7.241.15 - - [10/Mar/2026:05:36:29 -0700] "GET /wp-json/oembed/1.0/embed?url=http%3A%2F%2Falsahibalc.com%2F2026%2F02%2F20%2Fjetton-partners-obzor-partnjorskoj-programmy-33%2F HTTP/1.1" 200 - "http://alsahibalc.com/2026/02/20/jetton-partners-obzor-partnjorskoj-programmy-33/" "Mozilla/5.0 AppleWebKit/537.36 (KHTML, like Gecko; compatible; GPTBot/1.3; +https://openai.com/gptbot)"
74.7.241.15 - - [10/Mar/2026:05:36:32 -0700] "GET /wp-json/oembed/1.0/embed?url=http%3A%2F%2Falsahibalc.com%2F2026%2F01%2F07%2Fcasino-zonder-registratie-onmiddellijk-spelen-77%2F HTTP/1.1" 200 - "http://alsahibalc.com/2026/01/07/casino-zonder-registratie-onmiddellijk-spelen-77/" "Mozilla/5.0 AppleWebKit/537.36 (KHTML, like Gecko; compatible; GPTBot/1.3; +https://openai.com/gptbot)"
74.7.241.15 - - [10/Mar/2026:05:36:35 -0700] "GET /wp-json/oembed/1.0/embed?url=http%3A%2F%2Falsahibalc.com%2F2026%2F02%2F20%2Fmagyarorszagi-kaszinok-online-elerhet-legalis-54%2F HTTP/1.1" 200 - "http://alsahibalc.com/2026/02/20/magyarorszagi-kaszinok-online-elerhet-legalis-54/" "Mozilla/5.0 AppleWebKit/537.36 (KHTML, like Gecko; compatible; GPTBot/1.3; +https://openai.com/gptbot)"
74.7.241.15 - - [10/Mar/2026:05:36:38 -0700] "GET /wp-json/oembed/1.0/embed?url=http%3A%2F%2Falsahibalc.com%2F2026%2F02%2F24%2Fclaim-3-hundred-fs-winnings-jackpot-merely-today%2F HTTP/1.1" 200 - "http://alsahibalc.com/2026/02/24/claim-3-hundred-fs-winnings-jackpot-merely-today/" "Mozilla/5.0 AppleWebKit/537.36 (KHTML, like Gecko; compatible; GPTBot/1.3; +https://openai.com/gptbot)"
74.7.241.15 - - [10/Mar/2026:05:36:48 -0700] "GET /wp-json/oembed/1.0/embed?url=http%3A%2F%2Falsahibalc.com%2F2026%2F02%2F28%2Fgreatest-online-casino-incentives-private-bonus-offers-2026%2F HTTP/1.1" 200 - "http://alsahibalc.com/2026/02/28/greatest-online-casino-incentives-private-bonus-offers-2026/" "Mozilla/5.0 AppleWebKit/537.36 (KHTML, like Gecko; compatible; GPTBot/1.3; +https://openai.com/gptbot)"
74.7.241.15 - - [10/Mar/2026:05:36:51 -0700] "GET /wp-json/oembed/1.0/embed?url=http%3A%2F%2Falsahibalc.com%2F2026%2F02%2F27%2Fchicken-road-game-review-2026-play-chicken-road-5%2F HTTP/1.1" 200 - "http://alsahibalc.com/2026/02/27/chicken-road-game-review-2026-play-chicken-road-5/" "Mozilla/5.0 AppleWebKit/537.36 (KHTML, like Gecko; compatible; GPTBot/1.3; +https://openai.com/gptbot)"
74.7.241.15 - - [10/Mar/2026:05:36:54 -0700] "GET /wp-json/oembed/1.0/embed?url=http%3A%2F%2Falsahibalc.com%2F2025%2F05%2F19%2Fthe-impact-of-gamification-on-casino-engagement-22%2F HTTP/1.1" 200 - "http://alsahibalc.com/2025/05/19/the-impact-of-gamification-on-casino-engagement-22/" "Mozilla/5.0 AppleWebKit/537.36 (KHTML, like Gecko; compatible; GPTBot/1.3; +https://openai.com/gptbot)"
74.7.241.15 - - [10/Mar/2026:05:36:58 -0700] "GET /wp-json/oembed/1.0/embed?url=http%3A%2F%2Falsahibalc.com%2F2026%2F02%2F06%2Fbeyond-the-bets-mastering-online-casino-strategy-11%2F HTTP/1.1" 200 - "http://alsahibalc.com/2026/02/06/beyond-the-bets-mastering-online-casino-strategy-11/" "Mozilla/5.0 AppleWebKit/537.36 (KHTML, like Gecko; compatible; GPTBot/1.3; +https://openai.com/gptbot)"
74.7.241.15 - - [10/Mar/2026:05:37:04 -0700] "GET /wp-json/oembed/1.0/embed?url=http%3A%2F%2Falsahibalc.com%2F2026%2F02%2F10%2Fglucksspiel-neu-definiert-nine-casino-bietet-dir-12%2F HTTP/1.1" 200 - "http://alsahibalc.com/2026/02/10/glucksspiel-neu-definiert-nine-casino-bietet-dir-12/" "Mozilla/5.0 AppleWebKit/537.36 (KHTML, like Gecko; compatible; GPTBot/1.3; +https://openai.com/gptbot)"
74.7.241.15 - - [10/Mar/2026:05:37:07 -0700] "GET /wp-json/oembed/1.0/embed?url=http%3A%2F%2Falsahibalc.com%2F2025%2F06%2F22%2Fchicken-road-2-dal-percorso-virtuale-alla-sfida-globale%2F HTTP/1.1" 200 - "http://alsahibalc.com/2025/06/22/chicken-road-2-dal-percorso-virtuale-alla-sfida-globale/" "Mozilla/5.0 AppleWebKit/537.36 (KHTML, like Gecko; compatible; GPTBot/1.3; +https://openai.com/gptbot)"
74.7.241.15 - - [10/Mar/2026:05:37:13 -0700] "GET /wp-json/oembed/1.0/embed?url=http%3A%2F%2Falsahibalc.com%2F2026%2F02%2F09%2Futlandska-casino-med-swish-betalningar-och-snabba-20%2F HTTP/1.1" 200 - "http://alsahibalc.com/2026/02/09/utlandska-casino-med-swish-betalningar-och-snabba-20/" "Mozilla/5.0 AppleWebKit/537.36 (KHTML, like Gecko; compatible; GPTBot/1.3; +https://openai.com/gptbot)"
74.7.241.15 - - [10/Mar/2026:05:37:29 -0700] "GET /wp-json/oembed/1.0/embed?url=http%3A%2F%2Falsahibalc.com%2F2026%2F02%2F28%2Ffree-5-dragons-harbors-aristocrat-on-line-slot-machines%2F HTTP/1.1" 200 - "http://alsahibalc.com/2026/02/28/free-5-dragons-harbors-aristocrat-on-line-slot-machines/" "Mozilla/5.0 AppleWebKit/537.36 (KHTML, like Gecko; compatible; GPTBot/1.3; +https://openai.com/gptbot)"
74.7.241.15 - - [10/Mar/2026:05:37:32 -0700] "GET /wp-json/oembed/1.0/embed?url=http%3A%2F%2Falsahibalc.com%2F2026%2F02%2F25%2Ftrenbolone-acetate-100-ein-leitfaden-fur-bodybuilder%2F HTTP/1.1" 200 - "http://alsahibalc.com/2026/02/25/trenbolone-acetate-100-ein-leitfaden-fur-bodybuilder/" "Mozilla/5.0 AppleWebKit/537.36 (KHTML, like Gecko; compatible; GPTBot/1.3; +https://openai.com/gptbot)"
74.7.241.15 - - [10/Mar/2026:05:37:35 -0700] "GET /wp-json/oembed/1.0/embed?url=http%3A%2F%2Falsahibalc.com%2F2026%2F02%2F24%2Fenjoy-totally-free-mega-moolah-video-slot-online-microgaming-game%2F HTTP/1.1" 200 - "http://alsahibalc.com/2026/02/24/enjoy-totally-free-mega-moolah-video-slot-online-microgaming-game/" "Mozilla/5.0 AppleWebKit/537.36 (KHTML, like Gecko; compatible; GPTBot/1.3; +https://openai.com/gptbot)"
74.7.241.15 - - [10/Mar/2026:05:37:38 -0700] "GET /wp-json/oembed/1.0/embed?url=http%3A%2F%2Falsahibalc.com%2F2026%2F01%2F22%2Felkepeszt-kaland-var-vajon-a-chicken-road-2%2F HTTP/1.1" 200 - "http://alsahibalc.com/2026/01/22/elkepeszt-kaland-var-vajon-a-chicken-road-2/" "Mozilla/5.0 AppleWebKit/537.36 (KHTML, like Gecko; compatible; GPTBot/1.3; +https://openai.com/gptbot)"
74.7.241.15 - - [10/Mar/2026:05:37:41 -0700] "GET /wp-json/oembed/1.0/embed?url=http%3A%2F%2Falsahibalc.com%2F2024%2F02%2F28%2Fhow-long-does-alcohol-detox-take-timeline-6%2F HTTP/1.1" 200 - "http://alsahibalc.com/2024/02/28/how-long-does-alcohol-detox-take-timeline-6/" "Mozilla/5.0 AppleWebKit/537.36 (KHTML, like Gecko; compatible; GPTBot/1.3; +https://openai.com/gptbot)"
74.7.241.15 - - [10/Mar/2026:05:37:45 -0700] "GET /wp-json/oembed/1.0/embed?url=http%3A%2F%2Falsahibalc.com%2F2025%2F03%2F05%2Fhow-to-create-an-intelligent-chatbot-in-python-4%2F HTTP/1.1" 200 - "http://alsahibalc.com/2025/03/05/how-to-create-an-intelligent-chatbot-in-python-4/" "Mozilla/5.0 AppleWebKit/537.36 (KHTML, like Gecko; compatible; GPTBot/1.3; +https://openai.com/gptbot)"
74.7.241.15 - - [10/Mar/2026:05:37:48 -0700] "GET /wp-json/oembed/1.0/embed?url=http%3A%2F%2Falsahibalc.com%2F2026%2F02%2F26%2Fthe-evolution-of-live-dealer-games-in-online-15%2F HTTP/1.1" 200 - "http://alsahibalc.com/2026/02/26/the-evolution-of-live-dealer-games-in-online-15/" "Mozilla/5.0 AppleWebKit/537.36 (KHTML, like Gecko; compatible; GPTBot/1.3; +https://openai.com/gptbot)"
74.7.241.15 - - [10/Mar/2026:05:37:51 -0700] "GET /wp-json/oembed/1.0/embed?url=http%3A%2F%2Falsahibalc.com%2F2025%2F04%2F03%2Fthe-evolution-of-live-dealer-games-in-online-20%2F HTTP/1.1" 200 - "http://alsahibalc.com/2025/04/03/the-evolution-of-live-dealer-games-in-online-20/" "Mozilla/5.0 AppleWebKit/537.36 (KHTML, like Gecko; compatible; GPTBot/1.3; +https://openai.com/gptbot)"
74.7.241.15 - - [10/Mar/2026:05:37:58 -0700] "GET /wp-json/oembed/1.0/embed?url=http%3A%2F%2Falsahibalc.com%2F2026%2F02%2F02%2Festrategias-efectivas-de-mex-win-para-aumentar-tus%2F HTTP/1.1" 200 - "http://alsahibalc.com/2026/02/02/estrategias-efectivas-de-mex-win-para-aumentar-tus/" "Mozilla/5.0 AppleWebKit/537.36 (KHTML, like Gecko; compatible; GPTBot/1.3; +https://openai.com/gptbot)"
74.7.241.15 - - [10/Mar/2026:05:38:01 -0700] "GET /wp-json/oembed/1.0/embed?url=http%3A%2F%2Falsahibalc.com%2F2026%2F02%2F27%2Fonline-casino-chile-top-casinos-online-con-dinero%2F HTTP/1.1" 200 - "http://alsahibalc.com/2026/02/27/online-casino-chile-top-casinos-online-con-dinero/" "Mozilla/5.0 AppleWebKit/537.36 (KHTML, like Gecko; compatible; GPTBot/1.3; +https://openai.com/gptbot)"
74.7.241.15 - - [10/Mar/2026:05:38:04 -0700] "GET /wp-json/oembed/1.0/embed?url=http%3A%2F%2Falsahibalc.com%2F2026%2F02%2F25%2Fsydneys-premier-personal-casino-feel%2F HTTP/1.1" 200 - "http://alsahibalc.com/2026/02/25/sydneys-premier-personal-casino-feel/" "Mozilla/5.0 AppleWebKit/537.36 (KHTML, like Gecko; compatible; GPTBot/1.3; +https://openai.com/gptbot)"
185.191.171.18 - - [10/Mar/2026:05:38:12 -0700] "GET /2026/01/29/5-prawidlowych-w-keno/ HTTP/1.1" 200 - "-" "Mozilla/5.0 (compatible; SemrushBot/7~bl; +http://www.semrush.com/bot.html)"
74.7.241.15 - - [10/Mar/2026:05:38:17 -0700] "GET /wp-json/oembed/1.0/embed?url=http%3A%2F%2Falsahibalc.com%2F2026%2F02%2F25%2Fexperiencia-de-casino-movil-espana%2F HTTP/1.1" 429 17 "http://alsahibalc.com/2026/02/25/experiencia-de-casino-movil-espana/" "Mozilla/5.0 AppleWebKit/537.36 (KHTML, like Gecko; compatible; GPTBot/1.3; +https://openai.com/gptbot)"
74.7.241.15 - - [10/Mar/2026:05:38:20 -0700] "GET /wp-json/oembed/1.0/embed?url=http%3A%2F%2Falsahibalc.com%2F2026%2F02%2F28%2Fadvanced-gaming-experience-in-ireland%2F HTTP/1.1" 200 - "http://alsahibalc.com/2026/02/28/advanced-gaming-experience-in-ireland/" "Mozilla/5.0 AppleWebKit/537.36 (KHTML, like Gecko; compatible; GPTBot/1.3; +https://openai.com/gptbot)"
74.7.241.15 - - [10/Mar/2026:05:38:39 -0700] "GET /wp-json/oembed/1.0/embed?url=http%3A%2F%2Falsahibalc.com%2F2026%2F02%2F27%2Fbeste-boni-freispiele-getestet%2F HTTP/1.1" 200 - "http://alsahibalc.com/2026/02/27/beste-boni-freispiele-getestet/" "Mozilla/5.0 AppleWebKit/537.36 (KHTML, like Gecko; compatible; GPTBot/1.3; +https://openai.com/gptbot)"
185.191.171.9 - - [10/Mar/2026:05:38:46 -0700] "GET /2026/02/13/cascading-rewards-await-experience-the-excitement/ HTTP/1.1" 200 - "-" "Mozilla/5.0 (compatible; SemrushBot/7~bl; +http://www.semrush.com/bot.html)"
74.7.241.15 - - [10/Mar/2026:05:38:47 -0700] "GET /wp-json/oembed/1.0/embed?url=http%3A%2F%2Falsahibalc.com%2F2026%2F03%2F02%2Fno-deposit-added-bonus-requirements%2F HTTP/1.1" 200 - "http://alsahibalc.com/2026/03/02/no-deposit-added-bonus-requirements/" "Mozilla/5.0 AppleWebKit/537.36 (KHTML, like Gecko; compatible; GPTBot/1.3; +https://openai.com/gptbot)"
15.235.27.69 - - [10/Mar/2026:05:38:54 -0700] "GET /wp-includes/js/tinymce/themes/ HTTP/1.1" 200 1056 "-" "Mozilla/5.0 (compatible; AhrefsBot/7.0; +http://ahrefs.com/robot/)"
74.7.241.15 - - [10/Mar/2026:05:38:54 -0700] "GET /wp-json/oembed/1.0/embed?url=http%3A%2F%2Falsahibalc.com%2F2026%2F02%2F25%2Ffortunate-twins-connect-earn%2F HTTP/1.1" 200 - "http://alsahibalc.com/2026/02/25/fortunate-twins-connect-earn/" "Mozilla/5.0 AppleWebKit/537.36 (KHTML, like Gecko; compatible; GPTBot/1.3; +https://openai.com/gptbot)"
85.208.96.205 - - [10/Mar/2026:05:38:54 -0700] "GET /2026/02/12/was-sind-steroide-ihre-anwendung-und-wirkung-im-bodybuilding/ HTTP/1.1" 200 - "-" "Mozilla/5.0 (compatible; SemrushBot/7~bl; +http://www.semrush.com/bot.html)"
145.239.66.34 - - [10/Mar/2026:05:39:00 -0700] "GET /robots.txt HTTP/1.1" 200 79 "-" "Mozilla/5.0 (compatible; MJ12bot/v1.4.8; http://mj12bot.com/)"
145.239.66.34 - - [10/Mar/2026:05:39:03 -0700] "GET /2026/02/19/%EB%B3%B4%EC%A6%9D%EA%B8%88-%EC%97%86%EC%9D%8C-%EB%B3%B4%EB%84%88%EC%8A%A4-%EC%BD%94%EB%93%9C-%EB%B0%8F-100-%EB%AC%B4%EB%A3%8C-%EC%A7%80%EC%97%AD-%EC%B9%B4%EC%A7%80%EB%85%B8-%EC%A0%9C%EA%B3%B5-2026/ HTTP/1.1" 200 - "-" "Mozilla/5.0 (compatible; MJ12bot/v1.4.8; http://mj12bot.com/)"
74.7.241.15 - - [10/Mar/2026:05:39:06 -0700] "GET /wp-json/oembed/1.0/embed?url=http%3A%2F%2Falsahibalc.com%2F2025%2F12%2F09%2Fbeepbeep-casino-online-opinie%2F HTTP/1.1" 200 - "http://alsahibalc.com/2025/12/09/beepbeep-casino-online-opinie/" "Mozilla/5.0 AppleWebKit/537.36 (KHTML, like Gecko; compatible; GPTBot/1.3; +https://openai.com/gptbot)"
145.239.66.34 - - [10/Mar/2026:05:39:07 -0700] "GET /2026/02/19/10%E6%9C%80%E4%BD%8E%E6%8A%95%E8%B3%87%E8%B3%AD%E5%A0%B4%E8%8B%B1%E5%9C%8B%E7%94%A810%E5%80%8B%E9%87%8D%E9%87%8F%E7%8E%A9%E5%BE%97%E9%96%8B%E5%BF%83/ HTTP/1.1" 200 - "-" "Mozilla/5.0 (compatible; MJ12bot/v1.4.8; http://mj12bot.com/)"
74.7.241.15 - - [10/Mar/2026:05:39:11 -0700] "GET /wp-json/oembed/1.0/embed?url=http%3A%2F%2Falsahibalc.com%2F2026%2F02%2F20%2Fcanl-casino-oyunlarnn-yukselii%2F HTTP/1.1" 200 - "http://alsahibalc.com/2026/02/20/canl-casino-oyunlarnn-yukselii/" "Mozilla/5.0 AppleWebKit/537.36 (KHTML, like Gecko; compatible; GPTBot/1.3; +https://openai.com/gptbot)"
145.239.66.34 - - [10/Mar/2026:05:39:11 -0700] "GET /2026/02/19/13-%CE%BC%CE%B5%CE%B3%CE%B1%CE%BB%CF%8D%CF%84%CE%B5%CF%81%CE%B5%CF%82-%CE%BD%CE%AF%CE%BA%CE%B5%CF%82-%CF%83%CE%B5-%CE%BA%CE%BF%CF%85%CE%BB%CE%BF%CF%87%CE%AD%CF%81%CE%B7%CE%B4%CE%B5%CF%82-%CF%83%CF%84/ HTTP/1.1" 200 - "-" "Mozilla/5.0 (compatible; MJ12bot/v1.4.8; http://mj12bot.com/)"
74.7.241.15 - - [10/Mar/2026:05:39:15 -0700] "GET /wp-json/oembed/1.0/embed?url=http%3A%2F%2Falsahibalc.com%2F2026%2F02%2F07%2Fnandrolon-sportasi-prednosti-i-rizici%2F HTTP/1.1" 200 - "http://alsahibalc.com/2026/02/07/nandrolon-sportasi-prednosti-i-rizici/" "Mozilla/5.0 AppleWebKit/537.36 (KHTML, like Gecko; compatible; GPTBot/1.3; +https://openai.com/gptbot)"
145.239.66.34 - - [10/Mar/2026:05:39:15 -0700] "GET /2026/02/19/13-%CE%BC%CE%B5%CE%B3%CE%B1%CE%BB%CF%8D%CF%84%CE%B5%CF%81%CE%B5%CF%82-%CE%BD%CE%AF%CE%BA%CE%B5%CF%82-%CF%83%CE%B5-%CE%BA%CE%BF%CF%85%CE%BB%CE%BF%CF%87%CE%AD%CF%81%CE%B7%CE%B4%CE%B5%CF%82-%CF%83%CF%84/feed/ HTTP/1.1" 200 - "-" "Mozilla/5.0 (compatible; MJ12bot/v1.4.8; http://mj12bot.com/)"
74.7.241.15 - - [10/Mar/2026:05:39:19 -0700] "GET /wp-json/oembed/1.0/embed?url=http%3A%2F%2Falsahibalc.com%2F2026%2F02%2F25%2Fexperiencia-casino-movil-espana%2F HTTP/1.1" 200 - "http://alsahibalc.com/2026/02/25/experiencia-casino-movil-espana/" "Mozilla/5.0 AppleWebKit/537.36 (KHTML, like Gecko; compatible; GPTBot/1.3; +https://openai.com/gptbot)"
145.239.66.34 - - [10/Mar/2026:05:39:19 -0700] "GET /2026/02/19/2026-%E5%B9%B4-1-%E6%9C%88%E8%8B%B1%E5%9C%8B%E6%9C%80%E4%BD%B3-100-%E5%85%8D%E8%B2%BB%E6%97%8B%E8%BD%89%E5%86%87%E5%AD%98%E6%AC%BE%E7%8D%8E%E9%87%91/ HTTP/1.1" 200 - "-" "Mozilla/5.0 (compatible; MJ12bot/v1.4.8; http://mj12bot.com/)"
