74.7.241.15 - - [10/Mar/2026:07:37:50 -0700] "GET /wp-json/oembed/1.0/embed?url=http%3A%2F%2Falsahibalc.com%2F2026%2F02%2F25%2Fcash-splash-position-remark-play-free-demonstration-2026%2F HTTP/1.1" 404 236 "http://alsahibalc.com/2026/02/25/cash-splash-position-remark-play-free-demonstration-2026/" "Mozilla/5.0 AppleWebKit/537.36 (KHTML, like Gecko; compatible; GPTBot/1.3; +https://openai.com/gptbot)"
185.191.171.14 - - [10/Mar/2026:07:37:52 -0700] "GET /2026/02/06/les-cycles-de-steroides-prises-par-les-culturistes/ HTTP/1.1" 404 236 "-" "Mozilla/5.0 (compatible; SemrushBot/7~bl; +http://www.semrush.com/bot.html)"
85.208.96.197 - - [10/Mar/2026:07:37:57 -0700] "GET /2026/02/08/vavada-online-kasiino-eestis-live-kasiino-ja-mngud-257/ HTTP/1.1" 404 236 "-" "Mozilla/5.0 (compatible; SemrushBot/7~bl; +http://www.semrush.com/bot.html)"
74.7.241.15 - - [10/Mar/2026:07:37:59 -0700] "GET /wp-json/oembed/1.0/embed?url=http%3A%2F%2Falsahibalc.com%2F2026%2F02%2F26%2Ffinest-united-states-no-deposit-totally-free-revolves-2026%2F HTTP/1.1" 404 236 "http://alsahibalc.com/2026/02/26/finest-united-states-no-deposit-totally-free-revolves-2026/" "Mozilla/5.0 AppleWebKit/537.36 (KHTML, like Gecko; compatible; GPTBot/1.3; +https://openai.com/gptbot)"
74.7.241.15 - - [10/Mar/2026:07:38:09 -0700] "GET /2026/01/21/the-future-of-gambling-trends-shaping-the-next-2/%3Cdiv%20class=%22video-container%22%3E%3Ciframe%20src=%22https:/cdn.pixabay.com/video/2020/11/07/55851-504238896_medium.mp4%22%20frameborder=%220%22%20allowfullscreen%3E%3C/iframe%3E%3C/div%3E HTTP/1.1" 406 300 "http://alsahibalc.com/2026/01/21/the-future-of-gambling-trends-shaping-the-next-2/" "Mozilla/5.0 AppleWebKit/537.36 (KHTML, like Gecko; compatible; GPTBot/1.3; +https://openai.com/gptbot)"
185.191.171.8 - - [10/Mar/2026:07:38:09 -0700] "GET /2026/02/10/grijp-je-kans-op-luxe-billionairespin-casino-login/ HTTP/1.1" 404 236 "-" "Mozilla/5.0 (compatible; SemrushBot/7~bl; +http://www.semrush.com/bot.html)"
74.7.241.15 - - [10/Mar/2026:07:38:18 -0700] "GET /wp-json/oembed/1.0/embed?url=http%3A%2F%2Falsahibalc.com%2F2023%2F12%2F27%2Fvavada-betting%2F HTTP/1.1" 404 236 "http://alsahibalc.com/2023/12/27/vavada-betting/" "Mozilla/5.0 AppleWebKit/537.36 (KHTML, like Gecko; compatible; GPTBot/1.3; +https://openai.com/gptbot)"
85.208.96.212 - - [10/Mar/2026:07:38:23 -0700] "GET /2026/02/24/fifty-free-revolves-no-deposit-south-africa-fifty-indication-right-up-bonuses-2026/ HTTP/1.1" 404 236 "-" "Mozilla/5.0 (compatible; SemrushBot/7~bl; +http://www.semrush.com/bot.html)"
34.158.79.105 - - [10/Mar/2026:07:38:23 -0700] "GET / HTTP/1.0" 404 - "-" "-"
74.7.241.15 - - [10/Mar/2026:07:38:27 -0700] "GET /wp-json/oembed/1.0/embed?url=http%3A%2F%2Falsahibalc.com%2F2026%2F02%2F09%2Ftop-10-5-minimum-put-local-casino-internet-sites-2026%2F HTTP/1.1" 404 236 "http://alsahibalc.com/2026/02/09/top-10-5-minimum-put-local-casino-internet-sites-2026/" "Mozilla/5.0 AppleWebKit/537.36 (KHTML, like Gecko; compatible; GPTBot/1.3; +https://openai.com/gptbot)"
85.208.96.197 - - [10/Mar/2026:07:38:28 -0700] "GET /2026/02/07/hell-spin-casino-bonusy-jak-i-rowniez-rabaty-recenzje-2025/ HTTP/1.1" 404 236 "-" "Mozilla/5.0 (compatible; SemrushBot/7~bl; +http://www.semrush.com/bot.html)"
74.7.241.15 - - [10/Mar/2026:07:38:36 -0700] "GET /wp-json/oembed/1.0/embed?url=http%3A%2F%2Falsahibalc.com%2F2026%2F02%2F27%2Fstatistiken-dragons-mystery-1-kaution-zum-wette-statista%2F HTTP/1.1" 404 236 "http://alsahibalc.com/2026/02/27/statistiken-dragons-mystery-1-kaution-zum-wette-statista/" "Mozilla/5.0 AppleWebKit/537.36 (KHTML, like Gecko; compatible; GPTBot/1.3; +https://openai.com/gptbot)"
74.7.241.15 - - [10/Mar/2026:07:38:46 -0700] "GET /wp-json/oembed/1.0/embed?url=http%3A%2F%2Falsahibalc.com%2F2026%2F02%2F27%2F2-231-casino-spiele-gebuhrenfrei-spielen-blos-registrierung%2F HTTP/1.1" 404 236 "http://alsahibalc.com/2026/02/27/2-231-casino-spiele-gebuhrenfrei-spielen-blos-registrierung/" "Mozilla/5.0 AppleWebKit/537.36 (KHTML, like Gecko; compatible; GPTBot/1.3; +https://openai.com/gptbot)"
74.7.241.15 - - [10/Mar/2026:07:38:55 -0700] "GET /wp-json/oembed/1.0/embed?url=http%3A%2F%2Falsahibalc.com%2F2026%2F02%2F28%2Ffortschrittlich-fur-casino-einzahlung-instadebit-jedes-2026%2F HTTP/1.1" 404 236 "http://alsahibalc.com/2026/02/28/fortschrittlich-fur-casino-einzahlung-instadebit-jedes-2026/" "Mozilla/5.0 AppleWebKit/537.36 (KHTML, like Gecko; compatible; GPTBot/1.3; +https://openai.com/gptbot)"
51.161.65.74 - - [10/Mar/2026:07:38:58 -0700] "GET /2025/11/23/casibom-casino-resmi-giri-2420/ HTTP/1.1" 404 236 "-" "Mozilla/5.0 (compatible; AhrefsBot/7.0; +http://ahrefs.com/robot/)"
74.7.241.15 - - [10/Mar/2026:07:39:04 -0700] "GET /wp-json/oembed/1.0/embed?url=http%3A%2F%2Falsahibalc.com%2F2026%2F02%2F27%2Fserioses-verbunden-spielbank-teutonia-sichere-casinos-2026%2F HTTP/1.1" 404 236 "http://alsahibalc.com/2026/02/27/serioses-verbunden-spielbank-teutonia-sichere-casinos-2026/" "Mozilla/5.0 AppleWebKit/537.36 (KHTML, like Gecko; compatible; GPTBot/1.3; +https://openai.com/gptbot)"
74.7.241.15 - - [10/Mar/2026:07:39:14 -0700] "GET /wp-json/oembed/1.0/embed?url=http%3A%2F%2Falsahibalc.com%2F2026%2F02%2F26%2Fmr-bet-erfahrungen-angeschlossen-spielbank-ernsthaft-2026%2F HTTP/1.1" 404 236 "http://alsahibalc.com/2026/02/26/mr-bet-erfahrungen-angeschlossen-spielbank-ernsthaft-2026/" "Mozilla/5.0 AppleWebKit/537.36 (KHTML, like Gecko; compatible; GPTBot/1.3; +https://openai.com/gptbot)"
74.7.241.15 - - [10/Mar/2026:07:39:24 -0700] "GET /wp-json/oembed/1.0/embed?url=http%3A%2F%2Falsahibalc.com%2F2026%2F02%2F19%2Falaskan-angling-kolikkopeli-ilmainen-demo-arvostelu-2026%2F HTTP/1.1" 404 236 "http://alsahibalc.com/2026/02/19/alaskan-angling-kolikkopeli-ilmainen-demo-arvostelu-2026/" "Mozilla/5.0 AppleWebKit/537.36 (KHTML, like Gecko; compatible; GPTBot/1.3; +https://openai.com/gptbot)"
74.7.241.15 - - [10/Mar/2026:07:39:33 -0700] "GET /wp-json/oembed/1.0/embed?url=http%3A%2F%2Falsahibalc.com%2F2026%2F02%2F27%2Fihr-beste-angeschlossen-casino-pramie-blos-einzahlung-2026%2F HTTP/1.1" 404 236 "http://alsahibalc.com/2026/02/27/ihr-beste-angeschlossen-casino-pramie-blos-einzahlung-2026/" "Mozilla/5.0 AppleWebKit/537.36 (KHTML, like Gecko; compatible; GPTBot/1.3; +https://openai.com/gptbot)"
74.7.241.15 - - [10/Mar/2026:07:39:42 -0700] "GET /wp-json/oembed/1.0/embed?url=http%3A%2F%2Falsahibalc.com%2F2026%2F02%2F26%2Ftagesordnungspunkt-50-casinos-um-echtes-geld-vortragen-2026%2F HTTP/1.1" 404 236 "http://alsahibalc.com/2026/02/26/tagesordnungspunkt-50-casinos-um-echtes-geld-vortragen-2026/" "Mozilla/5.0 AppleWebKit/537.36 (KHTML, like Gecko; compatible; GPTBot/1.3; +https://openai.com/gptbot)"
85.208.96.199 - - [10/Mar/2026:07:39:47 -0700] "GET /2025/09/11/the-rise-of-online-casinos-trends-and-insights-10/ HTTP/1.1" 404 236 "-" "Mozilla/5.0 (compatible; SemrushBot/7~bl; +http://www.semrush.com/bot.html)"
74.7.241.15 - - [10/Mar/2026:07:39:51 -0700] "GET /wp-json/oembed/1.0/embed?url=http%3A%2F%2Falsahibalc.com%2F2026%2F02%2F19%2Ferreichbar-kasino-pramie-qua-einzahlung-inside-hornung-2026%2F HTTP/1.1" 404 236 "http://alsahibalc.com/2026/02/19/erreichbar-kasino-pramie-qua-einzahlung-inside-hornung-2026/" "Mozilla/5.0 AppleWebKit/537.36 (KHTML, like Gecko; compatible; GPTBot/1.3; +https://openai.com/gptbot)"
74.7.241.15 - - [10/Mar/2026:07:40:01 -0700] "GET /wp-json/oembed/1.0/embed?url=http%3A%2F%2Falsahibalc.com%2F2026%2F02%2F18%2Fmr-green-spielbank-erfahrungen-testbericht-bewertung-2026%2F HTTP/1.1" 404 236 "http://alsahibalc.com/2026/02/18/mr-green-spielbank-erfahrungen-testbericht-bewertung-2026/" "Mozilla/5.0 AppleWebKit/537.36 (KHTML, like Gecko; compatible; GPTBot/1.3; +https://openai.com/gptbot)"
74.7.241.15 - - [10/Mar/2026:07:40:10 -0700] "GET /wp-json/oembed/1.0/embed?url=http%3A%2F%2Falsahibalc.com%2F2026%2F02%2F26%2Funser-besten-angeschlossen-casinos-within-deutschland-2026%2F HTTP/1.1" 404 236 "http://alsahibalc.com/2026/02/26/unser-besten-angeschlossen-casinos-within-deutschland-2026/" "Mozilla/5.0 AppleWebKit/537.36 (KHTML, like Gecko; compatible; GPTBot/1.3; +https://openai.com/gptbot)"
74.7.241.15 - - [10/Mar/2026:07:40:19 -0700] "GET /wp-json/oembed/1.0/embed?url=http%3A%2F%2Falsahibalc.com%2F2026%2F02%2F27%2Fblackjack-kostenlos-auffuhren-free-online-black-jack-2026%2F HTTP/1.1" 404 236 "http://alsahibalc.com/2026/02/27/blackjack-kostenlos-auffuhren-free-online-black-jack-2026/" "Mozilla/5.0 AppleWebKit/537.36 (KHTML, like Gecko; compatible; GPTBot/1.3; +https://openai.com/gptbot)"
185.191.171.19 - - [10/Mar/2026:07:40:24 -0700] "GET /2026/01/23/fair-go-casino-50-free-spins/ HTTP/1.1" 404 236 "-" "Mozilla/5.0 (compatible; SemrushBot/7~bl; +http://www.semrush.com/bot.html)"
74.7.241.15 - - [10/Mar/2026:07:40:28 -0700] "GET /wp-json/oembed/1.0/embed?url=http%3A%2F%2Falsahibalc.com%2F2026%2F01%2F30%2F1xbet-oficialnyj-sajt-1hbet-2025-1604%2F HTTP/1.1" 404 236 "http://alsahibalc.com/2026/01/30/1xbet-oficialnyj-sajt-1hbet-2025-1604/" "Mozilla/5.0 AppleWebKit/537.36 (KHTML, like Gecko; compatible; GPTBot/1.3; +https://openai.com/gptbot)"
51.222.168.164 - - [10/Mar/2026:07:40:42 -0700] "GET /2025/11/21/plinko-spielen-tipps-und-tricks-wie-spielt-man-1479/ HTTP/1.1" 404 236 "-" "Mozilla/5.0 (compatible; AhrefsBot/7.0; +http://ahrefs.com/robot/)"
74.7.241.15 - - [10/Mar/2026:07:40:47 -0700] "GET /wp-json/oembed/1.0/embed?url=http%3A%2F%2Falsahibalc.com%2F2026%2F02%2F07%2Fbest-free-revolves-united-states-2026-deposit-no-deposit-bonuses%2F HTTP/1.1" 404 236 "http://alsahibalc.com/2026/02/07/best-free-revolves-united-states-2026-deposit-no-deposit-bonuses/" "Mozilla/5.0 AppleWebKit/537.36 (KHTML, like Gecko; compatible; GPTBot/1.3; +https://openai.com/gptbot)"
74.7.241.15 - - [10/Mar/2026:07:40:56 -0700] "GET /wp-json/oembed/1.0/embed?url=http%3A%2F%2Falsahibalc.com%2F2026%2F02%2F25%2Fonline-casino-uber-handyrechnung-retournieren-top10-casinos%2F HTTP/1.1" 404 236 "http://alsahibalc.com/2026/02/25/online-casino-uber-handyrechnung-retournieren-top10-casinos/" "Mozilla/5.0 AppleWebKit/537.36 (KHTML, like Gecko; compatible; GPTBot/1.3; +https://openai.com/gptbot)"
74.7.241.15 - - [10/Mar/2026:07:41:06 -0700] "GET /wp-json/oembed/1.0/embed?url=http%3A%2F%2Falsahibalc.com%2F2026%2F02%2F07%2Ffinest-5-minimum-jack-and-the-beanstalk-5-deposit-deposit-casinos%2F HTTP/1.1" 404 236 "http://alsahibalc.com/2026/02/07/finest-5-minimum-jack-and-the-beanstalk-5-deposit-deposit-casinos/" "Mozilla/5.0 AppleWebKit/537.36 (KHTML, like Gecko; compatible; GPTBot/1.3; +https://openai.com/gptbot)"
98.82.39.241 - - [10/Mar/2026:07:41:10 -0700] "GET /2025/10/23/understanding-gxmble-casino-s-game-fairness/ HTTP/1.1" 404 236 "-" "Mozilla/5.0 AppleWebKit/537.36 (KHTML, like Gecko; compatible; Amazonbot/0.1; +https://developer.amazon.com/support/amazonbot) Chrome/119.0.6045.214 Safari/537.36"
3.218.103.254 - - [10/Mar/2026:07:41:14 -0700] "GET /2022/07/08/budgeting-vs-financial-forecasting-whats-the/ HTTP/1.1" 404 236 "-" "Mozilla/5.0 AppleWebKit/537.36 (KHTML, like Gecko; compatible; Amazonbot/0.1; +https://developer.amazon.com/support/amazonbot) Chrome/119.0.6045.214 Safari/537.36"
74.7.241.15 - - [10/Mar/2026:07:41:15 -0700] "GET /2026/03/02/intervista-con-esperti-i-segreti-dei-giocatori/%3Cdiv%20class=%22video-container%22%3E%3Ciframe%20src=%22https:/cdn.pixabay.com/video/2022/07/06/123341-727457136_medium.mp4%22%20frameborder=%220%22%20allowfullscreen%3E%3C/iframe%3E%3C/div%3E HTTP/1.1" 406 300 "http://alsahibalc.com/2026/03/02/intervista-con-esperti-i-segreti-dei-giocatori/" "Mozilla/5.0 AppleWebKit/537.36 (KHTML, like Gecko; compatible; GPTBot/1.3; +https://openai.com/gptbot)"
98.83.72.38 - - [10/Mar/2026:07:41:23 -0700] "GET /2026/02/12/fact-mr-bet-account-verification-television-wikipedia/ HTTP/1.1" 404 236 "-" "Mozilla/5.0 AppleWebKit/537.36 (KHTML, like Gecko; compatible; Amazonbot/0.1; +https://developer.amazon.com/support/amazonbot) Chrome/119.0.6045.214 Safari/537.36"
74.7.241.15 - - [10/Mar/2026:07:41:25 -0700] "GET /wp-json/oembed/1.0/embed?url=http%3A%2F%2Falsahibalc.com%2F2026%2F02%2F27%2Fverbunden-casino-echtgeld-startguthaben-blos-einzahlung-2026%2F HTTP/1.1" 404 236 "http://alsahibalc.com/2026/02/27/verbunden-casino-echtgeld-startguthaben-blos-einzahlung-2026/" "Mozilla/5.0 AppleWebKit/537.36 (KHTML, like Gecko; compatible; GPTBot/1.3; +https://openai.com/gptbot)"
3.208.156.9 - - [10/Mar/2026:07:41:27 -0700] "GET /2025/11/10/the-impact-of-artificial-intelligence-on-casino-546/ HTTP/1.1" 404 236 "-" "Mozilla/5.0 AppleWebKit/537.36 (KHTML, like Gecko; compatible; Amazonbot/0.1; +https://developer.amazon.com/support/amazonbot) Chrome/119.0.6045.214 Safari/537.36"
44.215.210.112 - - [10/Mar/2026:07:41:34 -0700] "GET /2025/08/06/mastering-the-art-of-survival-on-a-sizzling-path/ HTTP/1.1" 404 236 "-" "Mozilla/5.0 AppleWebKit/537.36 (KHTML, like Gecko; compatible; Amazonbot/0.1; +https://developer.amazon.com/support/amazonbot) Chrome/119.0.6045.214 Safari/537.36"
34.206.212.24 - - [10/Mar/2026:07:41:42 -0700] "GET /2026/02/21/comment-100-online-slot-games-centre-court-percent-free-demonstration/ HTTP/1.1" 404 236 "-" "Mozilla/5.0 AppleWebKit/537.36 (KHTML, like Gecko; compatible; Amazonbot/0.1; +https://developer.amazon.com/support/amazonbot) Chrome/119.0.6045.214 Safari/537.36"
74.7.241.15 - - [10/Mar/2026:07:41:43 -0700] "GET /wp-json/oembed/1.0/embed?url=http%3A%2F%2Falsahibalc.com%2F2025%2F06%2F25%2Finnovazione-nel-gioco-d-azzardo-digitale-l-evoluzione-dei-giochi-con-tematiche-asiatiche-e-l-influenza-del-mobile-gaming%2F HTTP/1.1" 404 236 "http://alsahibalc.com/2025/06/25/innovazione-nel-gioco-d-azzardo-digitale-l-evoluzione-dei-giochi-con-tematiche-asiatiche-e-l-influenza-del-mobile-gaming/" "Mozilla/5.0 AppleWebKit/537.36 (KHTML, like Gecko; compatible; GPTBot/1.3; +https://openai.com/gptbot)"
185.191.171.10 - - [10/Mar/2026:07:41:44 -0700] "GET /2026/02/07/funky-tasty-win-casino-fresh-fruit-condition-chill-good-fresh-fruit-for-the-story-book-5-deposit-net-slot-games/ HTTP/1.1" 404 236 "-" "Mozilla/5.0 (compatible; SemrushBot/7~bl; +http://www.semrush.com/bot.html)"
74.7.241.15 - - [10/Mar/2026:07:41:53 -0700] "GET /wp-json/oembed/1.0/embed?url=http%3A%2F%2Falsahibalc.com%2F2025%2F05%2F20%2Fh1-h2-h3-h4%2F HTTP/1.1" 404 236 "http://alsahibalc.com/2025/05/20/h1-h2-h3-h4/" "Mozilla/5.0 AppleWebKit/537.36 (KHTML, like Gecko; compatible; GPTBot/1.3; +https://openai.com/gptbot)"
98.83.10.183 - - [10/Mar/2026:07:41:58 -0700] "GET /2025/11/28/cascading-rewards-experience-the-thrill-of-a-99/ HTTP/1.1" 404 236 "-" "Mozilla/5.0 AppleWebKit/537.36 (KHTML, like Gecko; compatible; Amazonbot/0.1; +https://developer.amazon.com/support/amazonbot) Chrome/119.0.6045.214 Safari/537.36"
74.7.241.15 - - [10/Mar/2026:07:42:02 -0700] "GET /wp-json/oembed/1.0/embed?url=http%3A%2F%2Falsahibalc.com%2F2026%2F02%2F07%2Ftotally-free-harbors-totally-free-casino-games-online%2F HTTP/1.1" 404 236 "http://alsahibalc.com/2026/02/07/totally-free-harbors-totally-free-casino-games-online/" "Mozilla/5.0 AppleWebKit/537.36 (KHTML, like Gecko; compatible; GPTBot/1.3; +https://openai.com/gptbot)"
51.161.65.183 - - [10/Mar/2026:07:42:13 -0700] "GET /2026/01/22/oficialnyi-sait-pinco-igrat-onlain-zerkalo-i-vxod15823-2/ HTTP/1.1" 404 236 "-" "Mozilla/5.0 (compatible; AhrefsBot/7.0; +http://ahrefs.com/robot/)"
74.7.241.15 - - [10/Mar/2026:07:42:22 -0700] "GET /wp-json/oembed/1.0/embed?url=http%3A%2F%2Falsahibalc.com%2F2026%2F01%2F27%2Fcasino-non-aams-manuale-dettagliato-per-scegliere-2%2F HTTP/1.1" 404 236 "http://alsahibalc.com/2026/01/27/casino-non-aams-manuale-dettagliato-per-scegliere-2/" "Mozilla/5.0 AppleWebKit/537.36 (KHTML, like Gecko; compatible; GPTBot/1.3; +https://openai.com/gptbot)"
85.208.96.212 - - [10/Mar/2026:07:42:33 -0700] "GET /2026/01/29/spinfest-casino-security-and-licensing-is-this-online-casino/ HTTP/1.1" 404 236 "-" "Mozilla/5.0 (compatible; SemrushBot/7~bl; +http://www.semrush.com/bot.html)"
74.7.241.15 - - [10/Mar/2026:07:42:40 -0700] "GET /wp-json/oembed/1.0/embed?format=xml&url=http%3A%2F%2Falsahibalc.com%2F2026%2F02%2F19%2Fif-you-are-competition-inflate-bonuses-to-hide-high-rollovers-sloto-dollars-also-provides-a-market-lowest-25x-playthrough-wild-gambling-enterprise-victories-atlanta-divorce-attorneys-group-in-terms%2F HTTP/1.1" 404 236 "http://alsahibalc.com/2026/02/19/if-you-are-competition-inflate-bonuses-to-hide-high-rollovers-sloto-dollars-also-provides-a-market-lowest-25x-playthrough-wild-gambling-enterprise-victories-atlanta-divorce-attorneys-group-in-terms/" "Mozilla/5.0 AppleWebKit/537.36 (KHTML, like Gecko; compatible; GPTBot/1.3; +https://openai.com/gptbot)"
185.191.171.9 - - [10/Mar/2026:07:42:51 -0700] "GET /2026/02/06/gamble-big-crappy-buffalo-thunderstruck-slot-position-online-mummy-money-casino-game-on-the-web-100-percent-free-spins/ HTTP/1.1" 404 236 "-" "Mozilla/5.0 (compatible; SemrushBot/7~bl; +http://www.semrush.com/bot.html)"
142.44.225.130 - - [10/Mar/2026:07:42:56 -0700] "GET /2025/11/23/pinco-casino-trkiyede-mobil-uygulama-ve-eriim-1449/ HTTP/1.1" 404 236 "-" "Mozilla/5.0 (compatible; AhrefsBot/7.0; +http://ahrefs.com/robot/)"
74.7.241.15 - - [10/Mar/2026:07:42:59 -0700] "GET /wp-json/oembed/1.0/embed?url=http%3A%2F%2Falsahibalc.com%2F2026%2F01%2F23%2Fpin-up-casino-azrbaycanda-onlayn-kazino-pin-up-1403%2F HTTP/1.1" 404 236 "http://alsahibalc.com/2026/01/23/pin-up-casino-azrbaycanda-onlayn-kazino-pin-up-1403/" "Mozilla/5.0 AppleWebKit/537.36 (KHTML, like Gecko; compatible; GPTBot/1.3; +https://openai.com/gptbot)"
74.7.241.15 - - [10/Mar/2026:07:43:08 -0700] "GET /wp-json/oembed/1.0/embed?url=http%3A%2F%2Falsahibalc.com%2F2026%2F01%2F27%2Fpin-up-casino-azrbaycanda-onlayn-kazino-pin-up-2019%2F HTTP/1.1" 404 236 "http://alsahibalc.com/2026/01/27/pin-up-casino-azrbaycanda-onlayn-kazino-pin-up-2019/" "Mozilla/5.0 AppleWebKit/537.36 (KHTML, like Gecko; compatible; GPTBot/1.3; +https://openai.com/gptbot)"
74.7.241.15 - - [10/Mar/2026:07:43:18 -0700] "GET /wp-json/oembed/1.0/embed?url=http%3A%2F%2Falsahibalc.com%2F2026%2F01%2F09%2Fpin-up-casino-azrbaycanda-onlayn-kazino-pin-up-4258%2F HTTP/1.1" 404 236 "http://alsahibalc.com/2026/01/09/pin-up-casino-azrbaycanda-onlayn-kazino-pin-up-4258/" "Mozilla/5.0 AppleWebKit/537.36 (KHTML, like Gecko; compatible; GPTBot/1.3; +https://openai.com/gptbot)"
74.7.241.15 - - [10/Mar/2026:07:43:28 -0700] "GET /wp-json/oembed/1.0/embed?url=http%3A%2F%2Falsahibalc.com%2F2026%2F02%2F18%2Fpin-up-casino-azrbaycanda-onlayn-kazino-pin-up-1020%2F HTTP/1.1" 404 236 "http://alsahibalc.com/2026/02/18/pin-up-casino-azrbaycanda-onlayn-kazino-pin-up-1020/" "Mozilla/5.0 AppleWebKit/537.36 (KHTML, like Gecko; compatible; GPTBot/1.3; +https://openai.com/gptbot)"
74.7.241.15 - - [10/Mar/2026:07:43:46 -0700] "GET /wp-json/oembed/1.0/embed?url=http%3A%2F%2Falsahibalc.com%2F2026%2F01%2F13%2Fpin-up-casino-azrbaycanda-onlayn-kazino-pin-up-2795%2F HTTP/1.1" 404 236 "http://alsahibalc.com/2026/01/13/pin-up-casino-azrbaycanda-onlayn-kazino-pin-up-2795/" "Mozilla/5.0 AppleWebKit/537.36 (KHTML, like Gecko; compatible; GPTBot/1.3; +https://openai.com/gptbot)"
74.7.241.15 - - [10/Mar/2026:07:43:56 -0700] "GET /wp-json/oembed/1.0/embed?url=http%3A%2F%2Falsahibalc.com%2F2026%2F01%2F26%2Fpin-up-casino-azrbaycanda-onlayn-kazino-pin-up-1741%2F HTTP/1.1" 404 236 "http://alsahibalc.com/2026/01/26/pin-up-casino-azrbaycanda-onlayn-kazino-pin-up-1741/" "Mozilla/5.0 AppleWebKit/537.36 (KHTML, like Gecko; compatible; GPTBot/1.3; +https://openai.com/gptbot)"
74.7.241.15 - - [10/Mar/2026:07:44:05 -0700] "GET /wp-json/oembed/1.0/embed?url=http%3A%2F%2Falsahibalc.com%2F2026%2F01%2F28%2Fkazino-oficialnyj-sajt-igrat-v-onlajn-kazino-pin-268%2F HTTP/1.1" 404 236 "http://alsahibalc.com/2026/01/28/kazino-oficialnyj-sajt-igrat-v-onlajn-kazino-pin-268/" "Mozilla/5.0 AppleWebKit/537.36 (KHTML, like Gecko; compatible; GPTBot/1.3; +https://openai.com/gptbot)"
74.7.241.15 - - [10/Mar/2026:07:44:15 -0700] "GET /wp-json/oembed/1.0/embed?url=http%3A%2F%2Falsahibalc.com%2F2026%2F01%2F09%2Fpin-up-casino-azrbaycanda-onlayn-kazino-pin-up-4410%2F HTTP/1.1" 404 236 "http://alsahibalc.com/2026/01/09/pin-up-casino-azrbaycanda-onlayn-kazino-pin-up-4410/" "Mozilla/5.0 AppleWebKit/537.36 (KHTML, like Gecko; compatible; GPTBot/1.3; +https://openai.com/gptbot)"
74.7.241.15 - - [10/Mar/2026:07:44:24 -0700] "GET /wp-json/oembed/1.0/embed?url=http%3A%2F%2Falsahibalc.com%2F2026%2F01%2F14%2Fpin-up-casino-azrbaycanda-onlayn-kazino-pin-up-194%2F HTTP/1.1" 404 236 "http://alsahibalc.com/2026/01/14/pin-up-casino-azrbaycanda-onlayn-kazino-pin-up-194/" "Mozilla/5.0 AppleWebKit/537.36 (KHTML, like Gecko; compatible; GPTBot/1.3; +https://openai.com/gptbot)"
74.7.241.15 - - [10/Mar/2026:07:44:33 -0700] "GET /wp-json/oembed/1.0/embed?url=http%3A%2F%2Falsahibalc.com%2F2026%2F02%2F25%2Fpin-up-casino-azrbaycanda-onlayn-kazino-pin-up-1304%2F HTTP/1.1" 404 236 "http://alsahibalc.com/2026/02/25/pin-up-casino-azrbaycanda-onlayn-kazino-pin-up-1304/" "Mozilla/5.0 AppleWebKit/537.36 (KHTML, like Gecko; compatible; GPTBot/1.3; +https://openai.com/gptbot)"
78.129.209.7 - - [10/Mar/2026:07:44:36 -0700] "POST /xmlrpc.php HTTP/1.1" 406 300 "-" "Mozilla/5.0 (Macintosh; Intel Mac OS X 10_15_7) AppleWebKit/537.36 (KHTML, like Gecko) Chrome/131.0.0.0 Safari/537.36"
78.129.209.7 - - [10/Mar/2026:07:44:36 -0700] "POST /xmlrpc.php HTTP/1.1" 200 434 "-" "Mozilla/5.0 (Macintosh; Intel Mac OS X 10_15_7) AppleWebKit/537.36 (KHTML, like Gecko) Chrome/131.0.0.0 Safari/537.36"
78.129.209.7 - - [10/Mar/2026:07:44:38 -0700] "POST /xmlrpc.php HTTP/1.1" 200 180 "-" "Mozilla/5.0 (Macintosh; Intel Mac OS X 10_15_7) AppleWebKit/537.36 (KHTML, like Gecko) Chrome/131.0.0.0 Safari/537.36"
78.129.209.7 - - [10/Mar/2026:07:44:39 -0700] "POST /xmlrpc.php HTTP/1.1" 200 15022 "-" "Mozilla/5.0 (Macintosh; Intel Mac OS X 10_15_7) AppleWebKit/537.36 (KHTML, like Gecko) Chrome/131.0.0.0 Safari/537.36"
173.247.246.132 - - [10/Mar/2026:07:44:40 -0700] "POST /wp-cron.php?doing_wp_cron=1773153880.4581329822540283203125 HTTP/1.1" 200 - "-" "WordPress/6.6.4; http://alsahibalc.com"
74.7.241.15 - - [10/Mar/2026:07:44:43 -0700] "GET /wp-json/oembed/1.0/embed?url=http%3A%2F%2Falsahibalc.com%2F2026%2F02%2F27%2Fgreatest-paypal-casino-on-the-web-you-february-2026%2F HTTP/1.1" 404 236 "http://alsahibalc.com/2026/02/27/greatest-paypal-casino-on-the-web-you-february-2026/" "Mozilla/5.0 AppleWebKit/537.36 (KHTML, like Gecko; compatible; GPTBot/1.3; +https://openai.com/gptbot)"
74.7.241.15 - - [10/Mar/2026:07:44:52 -0700] "GET /wp-json/oembed/1.0/embed?url=http%3A%2F%2Falsahibalc.com%2F2026%2F02%2F25%2Fpin-up-casino-azrbaycanda-onlayn-kazino-pin-up-526%2F HTTP/1.1" 404 236 "http://alsahibalc.com/2026/02/25/pin-up-casino-azrbaycanda-onlayn-kazino-pin-up-526/" "Mozilla/5.0 AppleWebKit/537.36 (KHTML, like Gecko; compatible; GPTBot/1.3; +https://openai.com/gptbot)"
74.7.241.15 - - [10/Mar/2026:07:45:11 -0700] "GET /wp-json/oembed/1.0/embed?url=http%3A%2F%2Falsahibalc.com%2F2026%2F01%2F24%2Fkazino-oficialnyj-sajt-igrat-v-onlajn-kazino-pin-451%2F HTTP/1.1" 404 236 "http://alsahibalc.com/2026/01/24/kazino-oficialnyj-sajt-igrat-v-onlajn-kazino-pin-451/" "Mozilla/5.0 AppleWebKit/537.36 (KHTML, like Gecko; compatible; GPTBot/1.3; +https://openai.com/gptbot)"
74.7.241.15 - - [10/Mar/2026:07:45:20 -0700] "GET /wp-json/oembed/1.0/embed?url=http%3A%2F%2Falsahibalc.com%2F2026%2F01%2F26%2Fpin-up-casino-azrbaycanda-onlayn-kazino-pin-up-1956%2F HTTP/1.1" 404 236 "http://alsahibalc.com/2026/01/26/pin-up-casino-azrbaycanda-onlayn-kazino-pin-up-1956/" "Mozilla/5.0 AppleWebKit/537.36 (KHTML, like Gecko; compatible; GPTBot/1.3; +https://openai.com/gptbot)"
74.7.241.15 - - [10/Mar/2026:07:45:40 -0700] "GET /wp-json/oembed/1.0/embed?url=http%3A%2F%2Falsahibalc.com%2F2026%2F02%2F25%2Fpin-up-casino-azrbaycanda-onlayn-kazino-pin-up-565%2F HTTP/1.1" 404 236 "http://alsahibalc.com/2026/02/25/pin-up-casino-azrbaycanda-onlayn-kazino-pin-up-565/" "Mozilla/5.0 AppleWebKit/537.36 (KHTML, like Gecko; compatible; GPTBot/1.3; +https://openai.com/gptbot)"
85.208.96.204 - - [10/Mar/2026:07:45:44 -0700] "GET /2026/02/09/chicken-road-286/ HTTP/1.1" 404 236 "-" "Mozilla/5.0 (compatible; SemrushBot/7~bl; +http://www.semrush.com/bot.html)"
74.7.241.15 - - [10/Mar/2026:07:45:50 -0700] "GET /wp-json/oembed/1.0/embed?url=http%3A%2F%2Falsahibalc.com%2F2026%2F02%2F06%2Fcasino-p-natet-utan-svensk-licens-spela-fritt-utan-235%2F HTTP/1.1" 404 236 "http://alsahibalc.com/2026/02/06/casino-p-natet-utan-svensk-licens-spela-fritt-utan-235/" "Mozilla/5.0 AppleWebKit/537.36 (KHTML, like Gecko; compatible; GPTBot/1.3; +https://openai.com/gptbot)"
74.7.241.15 - - [10/Mar/2026:07:45:59 -0700] "GET /wp-json/oembed/1.0/embed?url=http%3A%2F%2Falsahibalc.com%2F2025%2F11%2F23%2Fkazino-oficialnyj-sajt-igrat-v-onlajn-kazino-pin-435%2F HTTP/1.1" 404 236 "http://alsahibalc.com/2025/11/23/kazino-oficialnyj-sajt-igrat-v-onlajn-kazino-pin-435/" "Mozilla/5.0 AppleWebKit/537.36 (KHTML, like Gecko; compatible; GPTBot/1.3; +https://openai.com/gptbot)"
74.7.241.15 - - [10/Mar/2026:07:46:08 -0700] "GET /wp-json/oembed/1.0/embed?url=http%3A%2F%2Falsahibalc.com%2F2026%2F01%2F26%2Fkazino-oficialnyj-sajt-igrat-v-onlajn-kazino-pin-112%2F HTTP/1.1" 404 236 "http://alsahibalc.com/2026/01/26/kazino-oficialnyj-sajt-igrat-v-onlajn-kazino-pin-112/" "Mozilla/5.0 AppleWebKit/537.36 (KHTML, like Gecko; compatible; GPTBot/1.3; +https://openai.com/gptbot)"
52.4.63.204 - - [10/Mar/2026:07:46:11 -0700] "GET / HTTP/1.1" 200 9495 "-" "Mozilla/5.0 (X11; Linux aarch64) AppleWebKit/537.36 (KHTML, like Gecko) HeadlessChrome/120.0.6099.28 Safari/537.36"
74.7.241.15 - - [10/Mar/2026:07:46:18 -0700] "GET /wp-json/oembed/1.0/embed?url=http%3A%2F%2Falsahibalc.com%2F2026%2F02%2F26%2Fpa-casinoer-pr-danmark-som-wild-gambler-bonus-2026%2F HTTP/1.1" 404 236 "http://alsahibalc.com/2026/02/26/pa-casinoer-pr-danmark-som-wild-gambler-bonus-2026/" "Mozilla/5.0 AppleWebKit/537.36 (KHTML, like Gecko; compatible; GPTBot/1.3; +https://openai.com/gptbot)"
74.7.241.15 - - [10/Mar/2026:07:46:27 -0700] "GET /wp-json/oembed/1.0/embed?url=http%3A%2F%2Falsahibalc.com%2F2026%2F01%2F26%2Fpin-up-casino-azrbaycanda-onlayn-kazino-pin-up-1634%2F HTTP/1.1" 404 236 "http://alsahibalc.com/2026/01/26/pin-up-casino-azrbaycanda-onlayn-kazino-pin-up-1634/" "Mozilla/5.0 AppleWebKit/537.36 (KHTML, like Gecko; compatible; GPTBot/1.3; +https://openai.com/gptbot)"
74.7.241.15 - - [10/Mar/2026:07:46:47 -0700] "GET /wp-json/oembed/1.0/embed?url=http%3A%2F%2Falsahibalc.com%2F2026%2F02%2F24%2Fpin-up-casino-azrbaycanda-onlayn-kazino-pin-up-1278%2F HTTP/1.1" 404 236 "http://alsahibalc.com/2026/02/24/pin-up-casino-azrbaycanda-onlayn-kazino-pin-up-1278/" "Mozilla/5.0 AppleWebKit/537.36 (KHTML, like Gecko; compatible; GPTBot/1.3; +https://openai.com/gptbot)"
74.7.241.15 - - [10/Mar/2026:07:46:56 -0700] "GET /wp-json/oembed/1.0/embed?url=http%3A%2F%2Falsahibalc.com%2F2026%2F02%2F26%2Fpin-up-casino-azrbaycanda-onlayn-kazino-pin-up-1464%2F HTTP/1.1" 404 236 "http://alsahibalc.com/2026/02/26/pin-up-casino-azrbaycanda-onlayn-kazino-pin-up-1464/" "Mozilla/5.0 AppleWebKit/537.36 (KHTML, like Gecko; compatible; GPTBot/1.3; +https://openai.com/gptbot)"
74.7.241.15 - - [10/Mar/2026:07:47:06 -0700] "GET /wp-json/oembed/1.0/embed?url=http%3A%2F%2Falsahibalc.com%2F2026%2F01%2F27%2Fpin-up-casino-azrbaycanda-onlayn-kazino-pin-up-1830%2F HTTP/1.1" 404 236 "http://alsahibalc.com/2026/01/27/pin-up-casino-azrbaycanda-onlayn-kazino-pin-up-1830/" "Mozilla/5.0 AppleWebKit/537.36 (KHTML, like Gecko; compatible; GPTBot/1.3; +https://openai.com/gptbot)"
85.208.96.194 - - [10/Mar/2026:07:47:08 -0700] "GET /2026/02/08/1win-azerbaycan-bukmeker-rsmi-veb-sayt-5669/ HTTP/1.1" 404 236 "-" "Mozilla/5.0 (compatible; SemrushBot/7~bl; +http://www.semrush.com/bot.html)"
74.7.241.15 - - [10/Mar/2026:07:47:16 -0700] "GET /wp-json/oembed/1.0/embed?url=http%3A%2F%2Falsahibalc.com%2F2026%2F02%2F18%2Ftop-web-based-casinos-the-real-deal-money-february-2026%2F HTTP/1.1" 404 236 "http://alsahibalc.com/2026/02/18/top-web-based-casinos-the-real-deal-money-february-2026/" "Mozilla/5.0 AppleWebKit/537.36 (KHTML, like Gecko; compatible; GPTBot/1.3; +https://openai.com/gptbot)"
74.7.241.15 - - [10/Mar/2026:07:47:25 -0700] "GET /wp-json/oembed/1.0/embed?url=http%3A%2F%2Falsahibalc.com%2F2026%2F02%2F25%2Fpin-up-casino-azrbaycanda-onlayn-kazino-pin-up-1298%2F HTTP/1.1" 404 236 "http://alsahibalc.com/2026/02/25/pin-up-casino-azrbaycanda-onlayn-kazino-pin-up-1298/" "Mozilla/5.0 AppleWebKit/537.36 (KHTML, like Gecko; compatible; GPTBot/1.3; +https://openai.com/gptbot)"
74.7.241.15 - - [10/Mar/2026:07:47:35 -0700] "GET /wp-json/oembed/1.0/embed?url=http%3A%2F%2Falsahibalc.com%2F2026%2F01%2F24%2Fkazino-oficialnyj-sajt-igrat-v-onlajn-kazino-pin-448%2F HTTP/1.1" 404 236 "http://alsahibalc.com/2026/01/24/kazino-oficialnyj-sajt-igrat-v-onlajn-kazino-pin-448/" "Mozilla/5.0 AppleWebKit/537.36 (KHTML, like Gecko; compatible; GPTBot/1.3; +https://openai.com/gptbot)"
85.208.96.209 - - [10/Mar/2026:07:47:40 -0700] "GET /2026/02/18/casumo-kasino-erfahrungen-2026-sichere-auszahlungen/ HTTP/1.1" 404 236 "-" "Mozilla/5.0 (compatible; SemrushBot/7~bl; +http://www.semrush.com/bot.html)"
74.7.241.15 - - [10/Mar/2026:07:47:44 -0700] "GET /wp-json/oembed/1.0/embed?url=http%3A%2F%2Falsahibalc.com%2F2026%2F02%2F04%2Fonwin-casino-onwin-yeni-giri-adresi-onwin-gncel-1908%2F HTTP/1.1" 404 236 "http://alsahibalc.com/2026/02/04/onwin-casino-onwin-yeni-giri-adresi-onwin-gncel-1908/" "Mozilla/5.0 AppleWebKit/537.36 (KHTML, like Gecko; compatible; GPTBot/1.3; +https://openai.com/gptbot)"
51.222.168.153 - - [10/Mar/2026:07:47:47 -0700] "GET /2025/11/21/oficialnyj-sajt-v-kazahstane-olimp-casino-4397/ HTTP/1.1" 404 236 "-" "Mozilla/5.0 (compatible; AhrefsBot/7.0; +http://ahrefs.com/robot/)"
85.208.96.209 - - [10/Mar/2026:07:47:51 -0700] "GET /2026/02/12/25-tours-gratuits-sans-avoir-i-annales-beneficiez-dans-en-periode-jouer-a-eye-of-ra-emplacement-en-ligne-sans-telechargement-dete-dans-gamblizard/ HTTP/1.1" 404 236 "-" "Mozilla/5.0 (compatible; SemrushBot/7~bl; +http://www.semrush.com/bot.html)"
74.7.241.15 - - [10/Mar/2026:07:47:53 -0700] "GET /wp-json/oembed/1.0/embed?url=http%3A%2F%2Falsahibalc.com%2F2026%2F01%2F08%2Fpin-up-casino-azrbaycanda-onlayn-kazino-pin-up-3833%2F HTTP/1.1" 404 236 "http://alsahibalc.com/2026/01/08/pin-up-casino-azrbaycanda-onlayn-kazino-pin-up-3833/" "Mozilla/5.0 AppleWebKit/537.36 (KHTML, like Gecko; compatible; GPTBot/1.3; +https://openai.com/gptbot)"
74.7.241.15 - - [10/Mar/2026:07:48:03 -0700] "GET /wp-json/oembed/1.0/embed?url=http%3A%2F%2Falsahibalc.com%2F2026%2F02%2F26%2Fpin-up-casino-azrbaycanda-onlayn-kazino-pin-up-799%2F HTTP/1.1" 404 236 "http://alsahibalc.com/2026/02/26/pin-up-casino-azrbaycanda-onlayn-kazino-pin-up-799/" "Mozilla/5.0 AppleWebKit/537.36 (KHTML, like Gecko; compatible; GPTBot/1.3; +https://openai.com/gptbot)"
74.7.241.15 - - [10/Mar/2026:07:48:13 -0700] "GET /wp-json/oembed/1.0/embed?url=http%3A%2F%2Falsahibalc.com%2F2026%2F02%2F06%2Fbetter-real-cash-web-based-casinos-in-the-january-2026%2F HTTP/1.1" 404 236 "http://alsahibalc.com/2026/02/06/better-real-cash-web-based-casinos-in-the-january-2026/" "Mozilla/5.0 AppleWebKit/537.36 (KHTML, like Gecko; compatible; GPTBot/1.3; +https://openai.com/gptbot)"
74.7.241.15 - - [10/Mar/2026:07:48:22 -0700] "GET /wp-json/oembed/1.0/embed?url=http%3A%2F%2Falsahibalc.com%2F2026%2F03%2F02%2Ffinest-a-real-income-ports-on-the-internet-a-real-income-ports-casinos-2026%2F HTTP/1.1" 404 236 "http://alsahibalc.com/2026/03/02/finest-a-real-income-ports-on-the-internet-a-real-income-ports-casinos-2026/" "Mozilla/5.0 AppleWebKit/537.36 (KHTML, like Gecko; compatible; GPTBot/1.3; +https://openai.com/gptbot)"
74.7.241.15 - - [10/Mar/2026:07:48:41 -0700] "GET /wp-json/oembed/1.0/embed?url=http%3A%2F%2Falsahibalc.com%2F2026%2F02%2F25%2Froyal-reels-slots-play-regal-reels-ports-at-no-cost%2F HTTP/1.1" 404 236 "http://alsahibalc.com/2026/02/25/royal-reels-slots-play-regal-reels-ports-at-no-cost/" "Mozilla/5.0 AppleWebKit/537.36 (KHTML, like Gecko; compatible; GPTBot/1.3; +https://openai.com/gptbot)"
74.7.241.15 - - [10/Mar/2026:07:48:50 -0700] "GET /wp-json/oembed/1.0/embed?format=xml&url=http%3A%2F%2Falsahibalc.com%2F2026%2F02%2F11%2Fverbunden-xon-bet-osterreich-login-casinos-qua-wesentlich-schneller-ausschuttung-sofortauszahlung-2026%2F HTTP/1.1" 404 236 "http://alsahibalc.com/2026/02/11/verbunden-xon-bet-osterreich-login-casinos-qua-wesentlich-schneller-ausschuttung-sofortauszahlung-2026/" "Mozilla/5.0 AppleWebKit/537.36 (KHTML, like Gecko; compatible; GPTBot/1.3; +https://openai.com/gptbot)"
54.39.6.212 - - [10/Mar/2026:07:48:51 -0700] "GET /2025/11/21/oficialnyj-sajt-pinco-igrat-onlajn-zerkalo-i-vhod-885-9/ HTTP/1.1" 404 236 "-" "Mozilla/5.0 (compatible; AhrefsBot/7.0; +http://ahrefs.com/robot/)"
85.208.96.208 - - [10/Mar/2026:07:49:44 -0700] "GET /2026/02/13/wer-man-sagt-sie-seien-serioser-link-wir/ HTTP/1.1" 404 236 "-" "Mozilla/5.0 (compatible; SemrushBot/7~bl; +http://www.semrush.com/bot.html)"
15.235.96.88 - - [10/Mar/2026:07:49:48 -0700] "GET /2026/01/13/pinco-online-kazino-2025-yeni-trendlr-v-508/ HTTP/1.1" 404 236 "-" "Mozilla/5.0 (compatible; AhrefsBot/7.0; +http://ahrefs.com/robot/)"
74.7.241.15 - - [10/Mar/2026:07:49:57 -0700] "GET /wp-json/oembed/1.0/embed?url=http%3A%2F%2Falsahibalc.com%2F2026%2F01%2F27%2Fcasino-non-aams-guida-completa-per-scegliere-23%2F HTTP/1.1" 404 236 "http://alsahibalc.com/2026/01/27/casino-non-aams-guida-completa-per-scegliere-23/" "Mozilla/5.0 AppleWebKit/537.36 (KHTML, like Gecko; compatible; GPTBot/1.3; +https://openai.com/gptbot)"
85.208.96.210 - - [10/Mar/2026:07:50:09 -0700] "GET /2026/01/21/vergiss-den-alltag-nv-casino-online-eroffnet-dir/ HTTP/1.1" 404 236 "-" "Mozilla/5.0 (compatible; SemrushBot/7~bl; +http://www.semrush.com/bot.html)"
74.7.241.15 - - [10/Mar/2026:07:50:26 -0700] "GET /wp-json/oembed/1.0/embed?url=http%3A%2F%2Falsahibalc.com%2F2026%2F01%2F12%2Flelixir-de-la-fortune-transformez-vos-mises-en%2F HTTP/1.1" 404 236 "http://alsahibalc.com/2026/01/12/lelixir-de-la-fortune-transformez-vos-mises-en/" "Mozilla/5.0 AppleWebKit/537.36 (KHTML, like Gecko; compatible; GPTBot/1.3; +https://openai.com/gptbot)"
74.7.241.15 - - [10/Mar/2026:07:50:36 -0700] "GET /wp-json/oembed/1.0/embed?url=http%3A%2F%2Falsahibalc.com%2F2026%2F02%2F03%2Fexperimenta-la-emocion-del-juego-en-tu-bolsillo%2F HTTP/1.1" 404 236 "http://alsahibalc.com/2026/02/03/experimenta-la-emocion-del-juego-en-tu-bolsillo/" "Mozilla/5.0 AppleWebKit/537.36 (KHTML, like Gecko; compatible; GPTBot/1.3; +https://openai.com/gptbot)"
54.39.203.46 - - [10/Mar/2026:07:50:36 -0700] "GET /2026/01/13/online-casino-utan-konto-2025-lista-ver-555/ HTTP/1.1" 404 236 "-" "Mozilla/5.0 (compatible; AhrefsBot/7.0; +http://ahrefs.com/robot/)"
74.7.241.15 - - [10/Mar/2026:07:50:55 -0700] "GET /wp-json/oembed/1.0/embed?url=http%3A%2F%2Falsahibalc.com%2F2025%2F03%2F02%2Fhow-to-play-casino-at-online-casinos%2F HTTP/1.1" 404 236 "http://alsahibalc.com/2025/03/02/how-to-play-casino-at-online-casinos/" "Mozilla/5.0 AppleWebKit/537.36 (KHTML, like Gecko; compatible; GPTBot/1.3; +https://openai.com/gptbot)"
74.7.241.15 - - [10/Mar/2026:07:51:04 -0700] "GET /wp-json/oembed/1.0/embed?url=http%3A%2F%2Falsahibalc.com%2F2026%2F03%2F02%2Farvosta-i24slot-app-download-pc-buffaloa-ihmesivustoilla-nettikolikkopelissa-betmgm%2F HTTP/1.1" 404 236 "http://alsahibalc.com/2026/03/02/arvosta-i24slot-app-download-pc-buffaloa-ihmesivustoilla-nettikolikkopelissa-betmgm/" "Mozilla/5.0 AppleWebKit/537.36 (KHTML, like Gecko; compatible; GPTBot/1.3; +https://openai.com/gptbot)"
74.7.241.15 - - [10/Mar/2026:07:51:14 -0700] "GET /2026/02/02/tracing-the-historical-evolution-of-casinos-from/%3Cdiv%20class=%22video-container%22%3E%3Ciframe%20src=%22https:/cdn.pixabay.com/video/2024/11/29/243872_medium.mp4%22%20frameborder=%220%22%20allowfullscreen%3E%3C/iframe%3E%3C/div%3E HTTP/1.1" 406 300 "http://alsahibalc.com/2026/02/02/tracing-the-historical-evolution-of-casinos-from/" "Mozilla/5.0 AppleWebKit/537.36 (KHTML, like Gecko; compatible; GPTBot/1.3; +https://openai.com/gptbot)"
85.208.96.204 - - [10/Mar/2026:07:51:19 -0700] "GET /2026/02/18/prix-de-codes-promotionnels-pour-ice-casino-la-capitale-rendements-dans-reactoonz/ HTTP/1.1" 404 236 "-" "Mozilla/5.0 (compatible; SemrushBot/7~bl; +http://www.semrush.com/bot.html)"
54.39.89.116 - - [10/Mar/2026:07:51:21 -0700] "GET /2025/11/22/up-x-onlajn-kazino-prilozhenie-1196/ HTTP/1.1" 404 236 "-" "Mozilla/5.0 (compatible; AhrefsBot/7.0; +http://ahrefs.com/robot/)"
74.7.241.15 - - [10/Mar/2026:07:51:23 -0700] "GET /2026/02/18/mhur-qumarbalarn-tcrublri-uur-v-flakt-hekaylri/%3Cdiv%20class=%22video-container%22%3E%3Ciframe%20src=%22https:/cdn.pixabay.com/video/2020/11/07/55668-503971686_medium.mp4%22%20frameborder=%220%22%20allowfullscreen%3E%3C/iframe%3E%3C/div%3E HTTP/1.1" 406 300 "http://alsahibalc.com/2026/02/18/mhur-qumarbalarn-tcrublri-uur-v-flakt-hekaylri/" "Mozilla/5.0 AppleWebKit/537.36 (KHTML, like Gecko; compatible; GPTBot/1.3; +https://openai.com/gptbot)"
74.7.241.15 - - [10/Mar/2026:07:51:33 -0700] "GET /2026/01/25/bonusi-ta-akcii-kazino-jak-otrimati-maksimum/%3Cdiv%20class=%22video-container%22%3E%3Ciframe%20src=%22https:/cdn.pixabay.com/video/2018/10/23/18857-297379250_medium.mp4%22%20frameborder=%220%22%20allowfullscreen%3E%3C/iframe%3E%3C/div%3E HTTP/1.1" 406 300 "http://alsahibalc.com/2026/01/25/bonusi-ta-akcii-kazino-jak-otrimati-maksimum/" "Mozilla/5.0 AppleWebKit/537.36 (KHTML, like Gecko; compatible; GPTBot/1.3; +https://openai.com/gptbot)"
74.7.241.15 - - [10/Mar/2026:07:51:43 -0700] "GET /2026/01/16/mastering-casino-etiquette-essential-tips-for-a-4/%3Cdiv%20class=%22video-container%22%3E%3Ciframe%20src=%22https:/cdn.pixabay.com/video/2018/03/04/14721-258543668_medium.mp4%22%20frameborder=%220%22%20allowfullscreen%3E%3C/iframe%3E%3C/div%3E HTTP/1.1" 406 300 "http://alsahibalc.com/2026/01/16/mastering-casino-etiquette-essential-tips-for-a-4/" "Mozilla/5.0 AppleWebKit/537.36 (KHTML, like Gecko; compatible; GPTBot/1.3; +https://openai.com/gptbot)"
74.7.241.15 - - [10/Mar/2026:07:51:53 -0700] "GET /wp-json/oembed/1.0/embed?url=http%3A%2F%2Falsahibalc.com%2F2026%2F02%2F18%2F%25d1%2582%25d0%25be%25d0%25bf-%25d1%2580%25d0%25b5%25d0%25b9%25d1%2582%25d0%25b8%25d0%25bd%25d0%25b3-%25d0%25ba%25d0%25b0%25d0%25b7%25d0%25b8%25d0%25bd%25d0%25be-%25d1%2581-%25d0%25bf%25d1%2580%25d0%25be%25d0%25b2%25d0%25b5%25d1%2580%25d0%25b5%25d0%25bd%25d0%25bd%25d0%25be%25d0%25b9-%25d1%2580%25d0%25b5%25d0%25bf%25d1%2583%2F HTTP/1.1" 404 236 "http://alsahibalc.com/2026/02/18/%d1%82%d0%be%d0%bf-%d1%80%d0%b5%d0%b9%d1%82%d0%b8%d0%bd%d0%b3-%d0%ba%d0%b0%d0%b7%d0%b8%d0%bd%d0%be-%d1%81-%d0%bf%d1%80%d0%be%d0%b2%d0%b5%d1%80%d0%b5%d0%bd%d0%bd%d0%be%d0%b9-%d1%80%d0%b5%d0%bf%d1%83/" "Mozilla/5.0 AppleWebKit/537.36 (KHTML, like Gecko; compatible; GPTBot/1.3; +https://openai.com/gptbot)"
185.191.171.17 - - [10/Mar/2026:07:52:02 -0700] "GET /2025/12/26/a-href-https-luckymister-gb-net-luckymister-casino-a-s-commitment-to-fair-play/ HTTP/1.1" 404 236 "-" "Mozilla/5.0 (compatible; SemrushBot/7~bl; +http://www.semrush.com/bot.html)"
74.7.241.15 - - [10/Mar/2026:07:52:02 -0700] "GET /wp-json/oembed/1.0/embed?url=http%3A%2F%2Falsahibalc.com%2F2026%2F01%2F09%2F%25d0%25b4%25d1%2580%25d0%25be%25d1%2581%25d1%2582%25d0%25b0%25d0%25bd%25d0%25be%25d0%25bb%25d0%25be%25d0%25bd-%25d1%258d%25d0%25bd%25d0%25b0%25d0%25bd%25d1%2582%25d0%25b0%25d1%2582-%25d0%25b2-%25d0%25b1%25d0%25be%25d0%25b4%25d0%25b8%25d0%25b1%25d0%25b8%25d0%25bb%25d0%25b4%25d0%25b8%25d0%25bd%25d0%25b3%25d0%25b5-%25d0%25bf%2F HTTP/1.1" 404 236 "http://alsahibalc.com/2026/01/09/%d0%b4%d1%80%d0%be%d1%81%d1%82%d0%b0%d0%bd%d0%be%d0%bb%d0%be%d0%bd-%d1%8d%d0%bd%d0%b0%d0%bd%d1%82%d0%b0%d1%82-%d0%b2-%d0%b1%d0%be%d0%b4%d0%b8%d0%b1%d0%b8%d0%bb%d0%b4%d0%b8%d0%bd%d0%b3%d0%b5-%d0%bf/" "Mozilla/5.0 AppleWebKit/537.36 (KHTML, like Gecko; compatible; GPTBot/1.3; +https://openai.com/gptbot)"
74.7.241.15 - - [10/Mar/2026:07:52:12 -0700] "GET /wp-json/oembed/1.0/embed?url=http%3A%2F%2Falsahibalc.com%2F2026%2F02%2F10%2F%25d0%25be%25d0%25bf%25d0%25b8%25d1%2581%25d0%25b0%25d0%25bd%25d0%25b8%25d0%25b5-%25d0%25b2%25d1%2581%25d0%25b5%25d1%2585-%25d0%25b2%25d0%25be%25d0%25b7%25d0%25bc%25d0%25be%25d0%25b6%25d0%25bd%25d1%258b%25d1%2585-%25d1%2580%25d0%25b5%25d0%25b6%25d0%25b8%25d0%25bc%25d0%25be%25d0%25b2-%25d0%25b8%25d0%25b3%25d1%2580%25d1%258b%2F HTTP/1.1" 404 236 "http://alsahibalc.com/2026/02/10/%d0%be%d0%bf%d0%b8%d1%81%d0%b0%d0%bd%d0%b8%d0%b5-%d0%b2%d1%81%d0%b5%d1%85-%d0%b2%d0%be%d0%b7%d0%bc%d0%be%d0%b6%d0%bd%d1%8b%d1%85-%d1%80%d0%b5%d0%b6%d0%b8%d0%bc%d0%be%d0%b2-%d0%b8%d0%b3%d1%80%d1%8b/" "Mozilla/5.0 AppleWebKit/537.36 (KHTML, like Gecko; compatible; GPTBot/1.3; +https://openai.com/gptbot)"
74.7.241.15 - - [10/Mar/2026:07:52:22 -0700] "GET /wp-json/oembed/1.0/embed?url=http%3A%2F%2Falsahibalc.com%2F2026%2F02%2F25%2Fkontory-mostbet-3806-2%2F HTTP/1.1" 404 236 "http://alsahibalc.com/2026/02/25/kontory-mostbet-3806-2/" "Mozilla/5.0 AppleWebKit/537.36 (KHTML, like Gecko; compatible; GPTBot/1.3; +https://openai.com/gptbot)"
74.7.241.15 - - [10/Mar/2026:07:52:31 -0700] "GET /wp-json/oembed/1.0/embed?format=xml&url=http%3A%2F%2Falsahibalc.com%2F2026%2F02%2F18%2Fspielsaal-freispiele-abzuglich-einzahlung-2026-freespinsaktuell-inoffizieller-mitarbeiter-feber%2F HTTP/1.1" 404 236 "http://alsahibalc.com/2026/02/18/spielsaal-freispiele-abzuglich-einzahlung-2026-freespinsaktuell-inoffizieller-mitarbeiter-feber/" "Mozilla/5.0 AppleWebKit/537.36 (KHTML, like Gecko; compatible; GPTBot/1.3; +https://openai.com/gptbot)"
74.7.241.15 - - [10/Mar/2026:07:52:41 -0700] "GET /wp-json/oembed/1.0/embed?url=http%3A%2F%2Falsahibalc.com%2F2026%2F02%2F25%2Fsantas-farm-casino-slot-games-comment-and-you-may-100-percent-free-demo-games-and-better-gambling-enterprise-sites-playing%2F HTTP/1.1" 404 236 "http://alsahibalc.com/2026/02/25/santas-farm-casino-slot-games-comment-and-you-may-100-percent-free-demo-games-and-better-gambling-enterprise-sites-playing/" "Mozilla/5.0 AppleWebKit/537.36 (KHTML, like Gecko; compatible; GPTBot/1.3; +https://openai.com/gptbot)"
74.7.241.15 - - [10/Mar/2026:07:53:00 -0700] "GET /wp-json/oembed/1.0/embed?url=http%3A%2F%2Falsahibalc.com%2F2026%2F02%2F25%2Fbest-non-gamstop-casino-sites-uk-casinos-not-on-73%2F HTTP/1.1" 404 236 "http://alsahibalc.com/2026/02/25/best-non-gamstop-casino-sites-uk-casinos-not-on-73/" "Mozilla/5.0 AppleWebKit/537.36 (KHTML, like Gecko; compatible; GPTBot/1.3; +https://openai.com/gptbot)"
74.7.241.15 - - [10/Mar/2026:07:53:09 -0700] "GET /wp-json/oembed/1.0/embed?url=http%3A%2F%2Falsahibalc.com%2F2025%2F04%2F07%2Freal-porn-games-games-with-clips-and-scenes-from-61%2F HTTP/1.1" 404 236 "http://alsahibalc.com/2025/04/07/real-porn-games-games-with-clips-and-scenes-from-61/" "Mozilla/5.0 AppleWebKit/537.36 (KHTML, like Gecko; compatible; GPTBot/1.3; +https://openai.com/gptbot)"
74.7.241.15 - - [10/Mar/2026:07:53:19 -0700] "GET /wp-json/oembed/1.0/embed?url=http%3A%2F%2Falsahibalc.com%2F2026%2F03%2F02%2F10-royalgame-beste-seriose-provider-2026%2F HTTP/1.1" 404 236 "http://alsahibalc.com/2026/03/02/10-royalgame-beste-seriose-provider-2026/" "Mozilla/5.0 AppleWebKit/537.36 (KHTML, like Gecko; compatible; GPTBot/1.3; +https://openai.com/gptbot)"
74.7.241.15 - - [10/Mar/2026:07:53:28 -0700] "GET /wp-json/oembed/1.0/embed?url=http%3A%2F%2Falsahibalc.com%2F2026%2F02%2F27%2Fdelighted-expert-casino-bonus-rules-2026%2F HTTP/1.1" 404 236 "http://alsahibalc.com/2026/02/27/delighted-expert-casino-bonus-rules-2026/" "Mozilla/5.0 AppleWebKit/537.36 (KHTML, like Gecko; compatible; GPTBot/1.3; +https://openai.com/gptbot)"
74.7.241.15 - - [10/Mar/2026:07:53:37 -0700] "GET /wp-json/oembed/1.0/embed?url=http%3A%2F%2Falsahibalc.com%2F2026%2F02%2F25%2F300-casino-bonus-traktandum-provider-2026%2F HTTP/1.1" 404 236 "http://alsahibalc.com/2026/02/25/300-casino-bonus-traktandum-provider-2026/" "Mozilla/5.0 AppleWebKit/537.36 (KHTML, like Gecko; compatible; GPTBot/1.3; +https://openai.com/gptbot)"
85.208.96.195 - - [10/Mar/2026:07:53:44 -0700] "GET /2026/02/16/jetiket-v-kazino-kak-izbegat-nelovkih-situacij-za/ HTTP/1.1" 404 236 "-" "Mozilla/5.0 (compatible; SemrushBot/7~bl; +http://www.semrush.com/bot.html)"
74.7.241.15 - - [10/Mar/2026:07:53:47 -0700] "GET /wp-json/oembed/1.0/embed?url=http%3A%2F%2Falsahibalc.com%2F2026%2F02%2F25%2Fscore-6m-free-coins%2F HTTP/1.1" 404 236 "http://alsahibalc.com/2026/02/25/score-6m-free-coins/" "Mozilla/5.0 AppleWebKit/537.36 (KHTML, like Gecko; compatible; GPTBot/1.3; +https://openai.com/gptbot)"
74.7.241.15 - - [10/Mar/2026:07:54:06 -0700] "GET /wp-json/oembed/1.0/embed?url=http%3A%2F%2Falsahibalc.com%2F2026%2F02%2F27%2Ftraktandum-5-spielotheken-via-wesentlich-schneller-ausschuttung-2026%2F HTTP/1.1" 404 236 "http://alsahibalc.com/2026/02/27/traktandum-5-spielotheken-via-wesentlich-schneller-ausschuttung-2026/" "Mozilla/5.0 AppleWebKit/537.36 (KHTML, like Gecko; compatible; GPTBot/1.3; +https://openai.com/gptbot)"
74.7.241.15 - - [10/Mar/2026:07:54:16 -0700] "GET /wp-json/oembed/1.0/embed?url=http%3A%2F%2Falsahibalc.com%2F2026%2F02%2F06%2F300-fits-extra-around-7000-casino-redbet-casino-45-100-percent-free-spins%2F HTTP/1.1" 404 236 "http://alsahibalc.com/2026/02/06/300-fits-extra-around-7000-casino-redbet-casino-45-100-percent-free-spins/" "Mozilla/5.0 AppleWebKit/537.36 (KHTML, like Gecko; compatible; GPTBot/1.3; +https://openai.com/gptbot)"
185.191.171.17 - - [10/Mar/2026:07:54:21 -0700] "GET /2026/01/21/sajt-vhod-i-registracija-v-onlajn-kazino-pokerdom-73/ HTTP/1.1" 404 236 "-" "Mozilla/5.0 (compatible; SemrushBot/7~bl; +http://www.semrush.com/bot.html)"
51.161.37.44 - - [10/Mar/2026:07:54:24 -0700] "GET /2025/11/23/baywin-casino-guncel-giri-adresi-2025-975/ HTTP/1.1" 404 236 "-" "Mozilla/5.0 (compatible; AhrefsBot/7.0; +http://ahrefs.com/robot/)"
85.208.96.195 - - [10/Mar/2026:07:54:24 -0700] "GET /2026/02/04/c-hi-vang-kham-pha-th-gii-gii-tri-nh-cao-cung-2/ HTTP/1.1" 404 236 "-" "Mozilla/5.0 (compatible; SemrushBot/7~bl; +http://www.semrush.com/bot.html)"
74.7.241.15 - - [10/Mar/2026:07:54:25 -0700] "GET /wp-json/wp/v2/posts/22227 HTTP/1.1" 404 236 "http://alsahibalc.com/2025/05/31/klare-kriterien-fur-die-sichtbarkeit-des-besten-online-casino-testsiegers-fur-einsteiger/" "Mozilla/5.0 AppleWebKit/537.36 (KHTML, like Gecko; compatible; GPTBot/1.3; +https://openai.com/gptbot)"
74.7.241.15 - - [10/Mar/2026:07:54:34 -0700] "GET /wp-json/oembed/1.0/embed?url=http%3A%2F%2Falsahibalc.com%2F2026%2F02%2F07%2Fdragonia-casino-1323%2F HTTP/1.1" 404 236 "http://alsahibalc.com/2026/02/07/dragonia-casino-1323/" "Mozilla/5.0 AppleWebKit/537.36 (KHTML, like Gecko; compatible; GPTBot/1.3; +https://openai.com/gptbot)"
74.7.241.15 - - [10/Mar/2026:07:54:43 -0700] "GET /wp-json/oembed/1.0/embed?url=http%3A%2F%2Falsahibalc.com%2F2026%2F02%2F19%2Fbeste-online-casinos-2026-traktandum-casinos-maklercourtage-freispiele%2F HTTP/1.1" 404 236 "http://alsahibalc.com/2026/02/19/beste-online-casinos-2026-traktandum-casinos-maklercourtage-freispiele/" "Mozilla/5.0 AppleWebKit/537.36 (KHTML, like Gecko; compatible; GPTBot/1.3; +https://openai.com/gptbot)"
74.7.241.15 - - [10/Mar/2026:07:55:01 -0700] "GET /wp-json/oembed/1.0/embed?url=http%3A%2F%2Falsahibalc.com%2F2026%2F02%2F07%2Ffantastic-four-slot-video-game-opinion%2F HTTP/1.1" 404 236 "http://alsahibalc.com/2026/02/07/fantastic-four-slot-video-game-opinion/" "Mozilla/5.0 AppleWebKit/537.36 (KHTML, like Gecko; compatible; GPTBot/1.3; +https://openai.com/gptbot)"
74.7.241.15 - - [10/Mar/2026:07:55:20 -0700] "GET /wp-json/oembed/1.0/embed?url=http%3A%2F%2Falsahibalc.com%2F2023%2F09%2F01%2Fvavada-casino-2%2F HTTP/1.1" 404 236 "http://alsahibalc.com/2023/09/01/vavada-casino-2/" "Mozilla/5.0 AppleWebKit/537.36 (KHTML, like Gecko; compatible; GPTBot/1.3; +https://openai.com/gptbot)"
74.7.241.15 - - [10/Mar/2026:07:55:39 -0700] "GET /wp-json/oembed/1.0/embed?url=http%3A%2F%2Falsahibalc.com%2F2026%2F02%2F03%2Faprende-a-jugar-en-un-casino-guia-para%2F HTTP/1.1" 404 236 "http://alsahibalc.com/2026/02/03/aprende-a-jugar-en-un-casino-guia-para/" "Mozilla/5.0 AppleWebKit/537.36 (KHTML, like Gecko; compatible; GPTBot/1.3; +https://openai.com/gptbot)"
85.208.96.208 - - [10/Mar/2026:07:55:48 -0700] "GET /2026/02/20/casino-non-aams-in-italia-come-scegliere-il-casin-537/ HTTP/1.1" 404 236 "-" "Mozilla/5.0 (compatible; SemrushBot/7~bl; +http://www.semrush.com/bot.html)"
74.7.241.15 - - [10/Mar/2026:07:55:48 -0700] "GET /wp-json/oembed/1.0/embed?url=http%3A%2F%2Falsahibalc.com%2F2026%2F02%2F25%2Framses-book-trial-kostenlos-spielen-echtgeld-extra-sichern%2F HTTP/1.1" 404 236 "http://alsahibalc.com/2026/02/25/ramses-book-trial-kostenlos-spielen-echtgeld-extra-sichern/" "Mozilla/5.0 AppleWebKit/537.36 (KHTML, like Gecko; compatible; GPTBot/1.3; +https://openai.com/gptbot)"
85.208.96.206 - - [10/Mar/2026:07:55:53 -0700] "GET /2025/08/04/rainbet-casino-deposit-methods-a-complete-guide/ HTTP/1.1" 404 236 "-" "Mozilla/5.0 (compatible; SemrushBot/7~bl; +http://www.semrush.com/bot.html)"
74.7.241.15 - - [10/Mar/2026:07:55:58 -0700] "GET /wp-json/oembed/1.0/embed?format=xml&url=http%3A%2F%2Falsahibalc.com%2F2026%2F02%2F07%2Fdr-bet-bet365-casino-play-online-gambling-remark-also-offers-review-incentives%2F HTTP/1.1" 404 236 "http://alsahibalc.com/2026/02/07/dr-bet-bet365-casino-play-online-gambling-remark-also-offers-review-incentives/" "Mozilla/5.0 AppleWebKit/537.36 (KHTML, like Gecko; compatible; GPTBot/1.3; +https://openai.com/gptbot)"
15.235.98.4 - - [10/Mar/2026:07:55:59 -0700] "GET /2026/01/14/chicken-road-online-casino-slot-featuring-chickens-187/ HTTP/1.1" 404 236 "-" "Mozilla/5.0 (compatible; AhrefsBot/7.0; +http://ahrefs.com/robot/)"
85.208.96.211 - - [10/Mar/2026:07:55:59 -0700] "GET /2026/02/07/magius-casino-das-ultimative-gaming-erlebnis-entfe/ HTTP/1.1" 404 236 "-" "Mozilla/5.0 (compatible; SemrushBot/7~bl; +http://www.semrush.com/bot.html)"
