74.7.241.15 - - [10/Mar/2026:06:08:01 -0700] "GET /wp-json/oembed/1.0/embed?url=http%3A%2F%2Falsahibalc.com%2F2026%2F02%2F26%2Fkostenfrei-spiele-fur-nachwuchs-in-kinderspiele-de%2F HTTP/1.1" 404 236 "http://alsahibalc.com/2026/02/26/kostenfrei-spiele-fur-nachwuchs-in-kinderspiele-de/" "Mozilla/5.0 AppleWebKit/537.36 (KHTML, like Gecko; compatible; GPTBot/1.3; +https://openai.com/gptbot)"
74.7.241.15 - - [10/Mar/2026:06:08:20 -0700] "GET /wp-json/oembed/1.0/embed?url=http%3A%2F%2Falsahibalc.com%2F2026%2F01%2F27%2Fadrenalinrausch-garantiert-chicken-road-47%2F HTTP/1.1" 404 236 "http://alsahibalc.com/2026/01/27/adrenalinrausch-garantiert-chicken-road-47/" "Mozilla/5.0 AppleWebKit/537.36 (KHTML, like Gecko; compatible; GPTBot/1.3; +https://openai.com/gptbot)"
85.208.96.203 - - [10/Mar/2026:06:08:28 -0700] "GET /2026/02/23/giochi-online-con-soldi-veri-le-migliori-slot-da-118/ HTTP/1.1" 404 236 "-" "Mozilla/5.0 (compatible; SemrushBot/7~bl; +http://www.semrush.com/bot.html)"
74.7.241.15 - - [10/Mar/2026:06:08:29 -0700] "GET /wp-json/oembed/1.0/embed?url=http%3A%2F%2Falsahibalc.com%2F2026%2F01%2F09%2Fgrandpashabet-canli-casno-bahs-5989%2F HTTP/1.1" 404 236 "http://alsahibalc.com/2026/01/09/grandpashabet-canli-casno-bahs-5989/" "Mozilla/5.0 AppleWebKit/537.36 (KHTML, like Gecko; compatible; GPTBot/1.3; +https://openai.com/gptbot)"
185.191.171.4 - - [10/Mar/2026:06:08:35 -0700] "GET /2026/01/27/casino-non-aams-guida-completa-per-scegliere-23/ HTTP/1.1" 404 236 "-" "Mozilla/5.0 (compatible; SemrushBot/7~bl; +http://www.semrush.com/bot.html)"
45.148.10.247 - - [10/Mar/2026:06:08:39 -0700] "GET /.git/config HTTP/1.1" 404 236 "-" "Mozilla/5.0 (Windows NT 10.0; rv:91.0) Gecko/20100101 Firefox/91.0"
45.148.10.247 - - [10/Mar/2026:06:08:40 -0700] "GET / HTTP/1.1" 406 300 "-" "-"
74.7.241.15 - - [10/Mar/2026:06:08:58 -0700] "GET /wp-json/oembed/1.0/embed?url=http%3A%2F%2Falsahibalc.com%2F2026%2F02%2F11%2Fan-educated-black-jack-gambling-enterprise-sites-in-the-us-2026%2F HTTP/1.1" 404 236 "http://alsahibalc.com/2026/02/11/an-educated-black-jack-gambling-enterprise-sites-in-the-us-2026/" "Mozilla/5.0 AppleWebKit/537.36 (KHTML, like Gecko; compatible; GPTBot/1.3; +https://openai.com/gptbot)"
74.7.241.15 - - [10/Mar/2026:06:09:16 -0700] "GET /wp-json/oembed/1.0/embed?url=http%3A%2F%2Falsahibalc.com%2F2026%2F02%2F07%2Fbest-80-free-revolves-no-deposit-also-offers-to-own-january-2026%2F HTTP/1.1" 404 236 "http://alsahibalc.com/2026/02/07/best-80-free-revolves-no-deposit-also-offers-to-own-january-2026/" "Mozilla/5.0 AppleWebKit/537.36 (KHTML, like Gecko; compatible; GPTBot/1.3; +https://openai.com/gptbot)"
185.191.171.13 - - [10/Mar/2026:06:09:22 -0700] "GET /2026/02/10/liberte-o-tigre-da-sorte-experimente-fortune-tiger-demo-gratis-e/ HTTP/1.1" 404 236 "-" "Mozilla/5.0 (compatible; SemrushBot/7~bl; +http://www.semrush.com/bot.html)"
15.235.96.19 - - [10/Mar/2026:06:09:24 -0700] "GET /category/post/page/36/ HTTP/1.1" 404 236 "-" "Mozilla/5.0 (compatible; AhrefsBot/7.0; +http://ahrefs.com/robot/)"
74.7.241.15 - - [10/Mar/2026:06:09:26 -0700] "GET /wp-json/oembed/1.0/embed?url=http%3A%2F%2Falsahibalc.com%2F2026%2F02%2F25%2Freal-cash-casinos-on-the-internet-greatest-web-sites-to-have-2026%2F HTTP/1.1" 404 236 "http://alsahibalc.com/2026/02/25/real-cash-casinos-on-the-internet-greatest-web-sites-to-have-2026/" "Mozilla/5.0 AppleWebKit/537.36 (KHTML, like Gecko; compatible; GPTBot/1.3; +https://openai.com/gptbot)"
74.7.241.15 - - [10/Mar/2026:06:09:35 -0700] "GET /wp-json/oembed/1.0/embed?url=http%3A%2F%2Falsahibalc.com%2F2026%2F01%2F28%2Fnv-casino-online-spiele-und-boni-1556%2F HTTP/1.1" 404 236 "http://alsahibalc.com/2026/01/28/nv-casino-online-spiele-und-boni-1556/" "Mozilla/5.0 AppleWebKit/537.36 (KHTML, like Gecko; compatible; GPTBot/1.3; +https://openai.com/gptbot)"
74.7.241.15 - - [10/Mar/2026:06:09:45 -0700] "GET /wp-json/oembed/1.0/embed?url=http%3A%2F%2Falsahibalc.com%2F2026%2F02%2F28%2Fvorgukasiinode-voitmisstrateegiate-saladuste-avamine%2F HTTP/1.1" 404 236 "http://alsahibalc.com/2026/02/28/vorgukasiinode-voitmisstrateegiate-saladuste-avamine/" "Mozilla/5.0 AppleWebKit/537.36 (KHTML, like Gecko; compatible; GPTBot/1.3; +https://openai.com/gptbot)"
74.7.241.15 - - [10/Mar/2026:06:09:54 -0700] "GET /wp-json/oembed/1.0/embed?url=http%3A%2F%2Falsahibalc.com%2F2025%2F12%2F29%2Fslots-de-jeu-gratuits-bonus-2%2F HTTP/1.1" 404 236 "http://alsahibalc.com/2025/12/29/slots-de-jeu-gratuits-bonus-2/" "Mozilla/5.0 AppleWebKit/537.36 (KHTML, like Gecko; compatible; GPTBot/1.3; +https://openai.com/gptbot)"
104.244.72.22 - - [10/Mar/2026:06:10:03 -0700] "GET /testsitemap.xml HTTP/1.1" 404 236 "-" "google,yahoo,bot,googlebot"
74.7.241.15 - - [10/Mar/2026:06:10:03 -0700] "GET /wp-json/oembed/1.0/embed?url=http%3A%2F%2Falsahibalc.com%2F2025%2F04%2F28%2Fmaria-casino-no-deposit-bonus-2%2F HTTP/1.1" 404 236 "http://alsahibalc.com/2025/04/28/maria-casino-no-deposit-bonus-2/" "Mozilla/5.0 AppleWebKit/537.36 (KHTML, like Gecko; compatible; GPTBot/1.3; +https://openai.com/gptbot)"
74.7.241.15 - - [10/Mar/2026:06:10:13 -0700] "GET /wp-json/oembed/1.0/embed?url=http%3A%2F%2Falsahibalc.com%2F2026%2F02%2F25%2Fonline-casino-ireland-casino-games-slots%2F HTTP/1.1" 404 236 "http://alsahibalc.com/2026/02/25/online-casino-ireland-casino-games-slots/" "Mozilla/5.0 AppleWebKit/537.36 (KHTML, like Gecko; compatible; GPTBot/1.3; +https://openai.com/gptbot)"
45.192.2.67 - - [10/Mar/2026:06:10:14 -0700] "GET /2026/02/09/quel-est-le-meilleur-casino-en-ligne-au-belgique-3/ HTTP/1.1" 404 236 "http://alsahibalc.com/" "Mozilla/5.0 (X11; Ubuntu; Linux i686; rv:114.0) Gecko/20100101 Firefox/114.0"
45.192.2.70 - - [10/Mar/2026:06:10:14 -0700] "GET / HTTP/1.1" 200 9495 "-" "Mozilla/5.0 (X11; Ubuntu; Linux i686; rv:114.0) Gecko/20100101 Firefox/114.0"
45.192.2.70 - - [10/Mar/2026:06:10:16 -0700] "GET /readme.html HTTP/1.1" 200 7409 "http://alsahibalc.com" "Mozilla/5.0 (X11; Ubuntu; Linux i686; rv:114.0) Gecko/20100101 Firefox/114.0"
51.161.65.220 - - [10/Mar/2026:06:10:18 -0700] "GET /category/post/page/43/ HTTP/1.1" 404 236 "-" "Mozilla/5.0 (compatible; AhrefsBot/7.0; +http://ahrefs.com/robot/)"
74.7.241.15 - - [10/Mar/2026:06:10:22 -0700] "GET /wp-json/oembed/1.0/embed?url=http%3A%2F%2Falsahibalc.com%2F2026%2F02%2F26%2Fonline-casino-ma-bedste-danske-casinoer%2F HTTP/1.1" 404 236 "http://alsahibalc.com/2026/02/26/online-casino-ma-bedste-danske-casinoer/" "Mozilla/5.0 AppleWebKit/537.36 (KHTML, like Gecko; compatible; GPTBot/1.3; +https://openai.com/gptbot)"
74.7.241.15 - - [10/Mar/2026:06:10:32 -0700] "GET /wp-json/oembed/1.0/embed?url=http%3A%2F%2Falsahibalc.com%2F2026%2F01%2F04%2Fwhat-is-the-name-of-the-largest-casino-in-uk-2%2F HTTP/1.1" 404 236 "http://alsahibalc.com/2026/01/04/what-is-the-name-of-the-largest-casino-in-uk-2/" "Mozilla/5.0 AppleWebKit/537.36 (KHTML, like Gecko; compatible; GPTBot/1.3; +https://openai.com/gptbot)"
74.7.241.15 - - [10/Mar/2026:06:10:51 -0700] "GET /wp-json/oembed/1.0/embed?url=http%3A%2F%2Falsahibalc.com%2F2025%2F06%2F17%2Fthe-rise-of-live-dealer-casinos-a-new-era-in-6%2F HTTP/1.1" 404 236 "http://alsahibalc.com/2025/06/17/the-rise-of-live-dealer-casinos-a-new-era-in-6/" "Mozilla/5.0 AppleWebKit/537.36 (KHTML, like Gecko; compatible; GPTBot/1.3; +https://openai.com/gptbot)"
74.7.241.15 - - [10/Mar/2026:06:11:10 -0700] "GET /wp-json/oembed/1.0/embed?url=http%3A%2F%2Falsahibalc.com%2F2026%2F03%2F02%2Fparhaat-step-3-rakastin-tata-minimitalletuskasinot-tammikuussa-2026%2F HTTP/1.1" 404 236 "http://alsahibalc.com/2026/03/02/parhaat-step-3-rakastin-tata-minimitalletuskasinot-tammikuussa-2026/" "Mozilla/5.0 AppleWebKit/537.36 (KHTML, like Gecko; compatible; GPTBot/1.3; +https://openai.com/gptbot)"
74.7.241.15 - - [10/Mar/2026:06:11:20 -0700] "GET /wp-json/oembed/1.0/embed?url=http%3A%2F%2Falsahibalc.com%2F2026%2F02%2F27%2Fbeste-verbunden-casinos-qua-wesentlich-schneller-ausschuttung-2026%2F HTTP/1.1" 404 236 "http://alsahibalc.com/2026/02/27/beste-verbunden-casinos-qua-wesentlich-schneller-ausschuttung-2026/" "Mozilla/5.0 AppleWebKit/537.36 (KHTML, like Gecko; compatible; GPTBot/1.3; +https://openai.com/gptbot)"
74.7.241.15 - - [10/Mar/2026:06:11:29 -0700] "GET /wp-json/oembed/1.0/embed?url=http%3A%2F%2Falsahibalc.com%2F2026%2F02%2F27%2Fspielsaal-freispiele-exklusive-einzahlung-auf-anhieb-verfugbar-2026%2F HTTP/1.1" 404 236 "http://alsahibalc.com/2026/02/27/spielsaal-freispiele-exklusive-einzahlung-auf-anhieb-verfugbar-2026/" "Mozilla/5.0 AppleWebKit/537.36 (KHTML, like Gecko; compatible; GPTBot/1.3; +https://openai.com/gptbot)"
85.208.96.201 - - [10/Mar/2026:06:11:31 -0700] "GET /2026/02/12/casino-online-acerca-de-argentina-clp-ningun008000-referente-vista-a-bonos/ HTTP/1.1" 404 236 "-" "Mozilla/5.0 (compatible; SemrushBot/7~bl; +http://www.semrush.com/bot.html)"
167.114.139.168 - - [10/Mar/2026:06:11:56 -0700] "GET /category/post/page/39/ HTTP/1.1" 404 236 "-" "Mozilla/5.0 (compatible; AhrefsBot/7.0; +http://ahrefs.com/robot/)"
85.208.96.203 - - [10/Mar/2026:06:12:03 -0700] "GET /2025/10/28/the-impact-of-artificial-intelligence-on-casino-289-2/ HTTP/1.1" 404 236 "-" "Mozilla/5.0 (compatible; SemrushBot/7~bl; +http://www.semrush.com/bot.html)"
74.7.241.15 - - [10/Mar/2026:06:12:07 -0700] "GET /wp-json/oembed/1.0/embed?url=http%3A%2F%2Falsahibalc.com%2F2026%2F01%2F29%2Foficialnyj-sajt-onlajn-kazino-pokerdom-118%2F HTTP/1.1" 404 236 "http://alsahibalc.com/2026/01/29/oficialnyj-sajt-onlajn-kazino-pokerdom-118/" "Mozilla/5.0 AppleWebKit/537.36 (KHTML, like Gecko; compatible; GPTBot/1.3; +https://openai.com/gptbot)"
74.7.241.15 - - [10/Mar/2026:06:12:17 -0700] "GET /wp-json/oembed/1.0/embed?url=http%3A%2F%2Falsahibalc.com%2F2026%2F03%2F01%2Fdigital-banking%2F HTTP/1.1" 404 236 "http://alsahibalc.com/2026/03/01/digital-banking/" "Mozilla/5.0 AppleWebKit/537.36 (KHTML, like Gecko; compatible; GPTBot/1.3; +https://openai.com/gptbot)"
74.7.241.15 - - [10/Mar/2026:06:12:26 -0700] "GET /wp-json/oembed/1.0/embed?url=http%3A%2F%2Falsahibalc.com%2F2026%2F02%2F28%2Fbeste-verbunden-casinos-2025-top-dies-sehen-10-casino-sites-fur-jedes-deutschland%2F HTTP/1.1" 404 236 "http://alsahibalc.com/2026/02/28/beste-verbunden-casinos-2025-top-dies-sehen-10-casino-sites-fur-jedes-deutschland/" "Mozilla/5.0 AppleWebKit/537.36 (KHTML, like Gecko; compatible; GPTBot/1.3; +https://openai.com/gptbot)"
123.186.26.174 - - [10/Mar/2026:06:12:31 -0700] "GET /wp-content/themes/betheme-child/functions-set.php HTTP/1.1" 200 12470 "-" "Mozilla/4.0 (compatible; MSIE 7.0; Windows NT 6.1; WOW64; Trident/7.0; SLCC2; .NET CLR 2.0.50727; .NET CLR 3.5.30729; .NET CLR 3.0.30729; Media Center PC 6.0; .NET4.0C; .NET4.0E; .NET CLR 1.1.4322)"
74.7.241.15 - - [10/Mar/2026:06:12:35 -0700] "GET /wp-json/oembed/1.0/embed?url=http%3A%2F%2Falsahibalc.com%2F2026%2F02%2F07%2F50-finest-real-cash-online-casinos-in-aztec-gems-casino-australia-to-possess-january-2026%2F HTTP/1.1" 404 236 "http://alsahibalc.com/2026/02/07/50-finest-real-cash-online-casinos-in-aztec-gems-casino-australia-to-possess-january-2026/" "Mozilla/5.0 AppleWebKit/537.36 (KHTML, like Gecko; compatible; GPTBot/1.3; +https://openai.com/gptbot)"
85.208.96.211 - - [10/Mar/2026:06:12:36 -0700] "GET /2026/02/18/quickwin-casino-la-tua-destinazione-preferita-per/ HTTP/1.1" 404 236 "-" "Mozilla/5.0 (compatible; SemrushBot/7~bl; +http://www.semrush.com/bot.html)"
74.7.241.15 - - [10/Mar/2026:06:12:45 -0700] "GET /wp-json/oembed/1.0/embed?url=http%3A%2F%2Falsahibalc.com%2F2026%2F03%2F02%2Fclaim-totally-free-spins-no-deposit-bonuses-within-the-canada-to-possess-2026%2F HTTP/1.1" 404 236 "http://alsahibalc.com/2026/03/02/claim-totally-free-spins-no-deposit-bonuses-within-the-canada-to-possess-2026/" "Mozilla/5.0 AppleWebKit/537.36 (KHTML, like Gecko; compatible; GPTBot/1.3; +https://openai.com/gptbot)"
123.186.26.174 - - [10/Mar/2026:06:12:48 -0700] "GET /wp-content/themes/betheme-child/functions-set.php HTTP/1.1" 200 12470 "-" "Mozilla/4.0 (compatible; MSIE 7.0; Windows NT 6.1; WOW64; Trident/7.0; SLCC2; .NET CLR 2.0.50727; .NET CLR 3.5.30729; .NET CLR 3.0.30729; Media Center PC 6.0; .NET4.0C; .NET4.0E; .NET CLR 1.1.4322)"
185.191.171.17 - - [10/Mar/2026:06:12:49 -0700] "GET /2026/02/18/luckydays-spielbank-zugangsberechtigung-as-part-of-teutonia-einfacher-zugriff-und-sicheres/ HTTP/1.1" 404 236 "-" "Mozilla/5.0 (compatible; SemrushBot/7~bl; +http://www.semrush.com/bot.html)"
185.191.171.1 - - [10/Mar/2026:06:12:52 -0700] "GET /2026/02/04/could-a-fishermans-fortune-await-with-the-fishin-frenzy-slot-and/ HTTP/1.1" 404 236 "-" "Mozilla/5.0 (compatible; SemrushBot/7~bl; +http://www.semrush.com/bot.html)"
183.216.27.19 - - [10/Mar/2026:06:12:54 -0700] "POST /wp-content/themes/betheme-child/functions-set.php HTTP/1.1" 302 - "-" "Mozilla/5.0 (Windows NT 6.2; ARM; Trident/7.0; Touch; rv:11.0; WPDesktop; NOKIA; Lumia 630) like Gecko"
183.216.27.19 - - [10/Mar/2026:06:12:59 -0700] "GET /wp-content/themes/betheme-child/functions-set.php?p= HTTP/1.1" 200 184060 "-" "Mozilla/5.0 (Windows NT 6.2; ARM; Trident/7.0; Touch; rv:11.0; WPDesktop; NOKIA; Lumia 630) like Gecko"
74.7.241.15 - - [10/Mar/2026:06:13:04 -0700] "GET /wp-json/oembed/1.0/embed?url=http%3A%2F%2Falsahibalc.com%2F2026%2F02%2F28%2Fauthoritative-site-to-have-sports-betting-local-casino-within-the-pakistan-2026%2F HTTP/1.1" 404 236 "http://alsahibalc.com/2026/02/28/authoritative-site-to-have-sports-betting-local-casino-within-the-pakistan-2026/" "Mozilla/5.0 AppleWebKit/537.36 (KHTML, like Gecko; compatible; GPTBot/1.3; +https://openai.com/gptbot)"
183.93.112.162 - - [10/Mar/2026:06:13:23 -0700] "POST /wp-content/themes/betheme-child/functions-set.php HTTP/1.1" 200 52 "-" "Mozilla/5.0 (MSIE 8.0; Windows NT 6.0; Trident/7.0; rv:11.0) like Gecko"
183.216.27.19 - - [10/Mar/2026:06:13:29 -0700] "GET /config-main.php HTTP/1.1" 404 236 "-" "Mozilla/5.0 (X11; CrOS x86_64 10323.67.0) AppleWebKit/537.36 (KHTML, like Gecko) Chrome/65.0.3325.209 Safari/537.36"
51.161.65.5 - - [10/Mar/2026:06:13:30 -0700] "GET /category/post/page/42/ HTTP/1.1" 404 236 "-" "Mozilla/5.0 (compatible; AhrefsBot/7.0; +http://ahrefs.com/robot/)"
74.7.241.15 - - [10/Mar/2026:06:13:32 -0700] "GET /wp-json/oembed/1.0/embed?url=http%3A%2F%2Falsahibalc.com%2F2026%2F02%2F06%2Fcashapillar-slot-bonuses-50-free-spins-wicked-circus-in-the-gamblizard-january-2026%2F HTTP/1.1" 404 236 "http://alsahibalc.com/2026/02/06/cashapillar-slot-bonuses-50-free-spins-wicked-circus-in-the-gamblizard-january-2026/" "Mozilla/5.0 AppleWebKit/537.36 (KHTML, like Gecko; compatible; GPTBot/1.3; +https://openai.com/gptbot)"
85.208.96.201 - - [10/Mar/2026:06:13:39 -0700] "GET /2026/02/06/jackpots-knacken-mit-spinmama-dein-schlussel-zu-142/ HTTP/1.1" 404 236 "-" "Mozilla/5.0 (compatible; SemrushBot/7~bl; +http://www.semrush.com/bot.html)"
74.7.241.15 - - [10/Mar/2026:06:13:50 -0700] "GET /wp-json/oembed/1.0/embed?url=http%3A%2F%2Falsahibalc.com%2F2026%2F02%2F06%2Fgreatest-online-casinos-the-real-deal-currency-games-with-casinoland-2026%2F HTTP/1.1" 404 236 "http://alsahibalc.com/2026/02/06/greatest-online-casinos-the-real-deal-currency-games-with-casinoland-2026/" "Mozilla/5.0 AppleWebKit/537.36 (KHTML, like Gecko; compatible; GPTBot/1.3; +https://openai.com/gptbot)"
74.7.241.15 - - [10/Mar/2026:06:14:00 -0700] "GET /wp-json/oembed/1.0/embed?url=http%3A%2F%2Falsahibalc.com%2F2026%2F02%2F28%2Ftwist-it-secure-confirmed-100-percent-free-spins-bonuses-to-possess-january-2026%2F HTTP/1.1" 404 236 "http://alsahibalc.com/2026/02/28/twist-it-secure-confirmed-100-percent-free-spins-bonuses-to-possess-january-2026/" "Mozilla/5.0 AppleWebKit/537.36 (KHTML, like Gecko; compatible; GPTBot/1.3; +https://openai.com/gptbot)"
74.7.241.15 - - [10/Mar/2026:06:14:10 -0700] "GET /wp-json/oembed/1.0/embed?url=http%3A%2F%2Falsahibalc.com%2F2026%2F02%2F26%2Fsmart-bitcoin-gambling-enterprise-bonuses-usa-real-value-to-possess-jan-2026%2F HTTP/1.1" 404 236 "http://alsahibalc.com/2026/02/26/smart-bitcoin-gambling-enterprise-bonuses-usa-real-value-to-possess-jan-2026/" "Mozilla/5.0 AppleWebKit/537.36 (KHTML, like Gecko; compatible; GPTBot/1.3; +https://openai.com/gptbot)"
51.161.37.16 - - [10/Mar/2026:06:14:14 -0700] "GET /category/post/page/37/ HTTP/1.1" 404 236 "-" "Mozilla/5.0 (compatible; AhrefsBot/7.0; +http://ahrefs.com/robot/)"
185.191.171.7 - - [10/Mar/2026:06:14:21 -0700] "GET /2026/02/17/jogue-poker-online-confiavel-acrescentar-mais-infantilidade-como-cancelar-o-bonus-no-spinsy-20-anos/ HTTP/1.1" 404 236 "-" "Mozilla/5.0 (compatible; SemrushBot/7~bl; +http://www.semrush.com/bot.html)"
74.7.241.15 - - [10/Mar/2026:06:14:29 -0700] "GET /wp-json/oembed/1.0/embed?url=http%3A%2F%2Falsahibalc.com%2F2026%2F02%2F28%2Fwunderino-mr-bet-25-casino-freie-spins-bonus-code-erfahrungen-testbericht-feb-2026%2F HTTP/1.1" 404 236 "http://alsahibalc.com/2026/02/28/wunderino-mr-bet-25-casino-freie-spins-bonus-code-erfahrungen-testbericht-feb-2026/" "Mozilla/5.0 AppleWebKit/537.36 (KHTML, like Gecko; compatible; GPTBot/1.3; +https://openai.com/gptbot)"
74.7.241.15 - - [10/Mar/2026:06:14:38 -0700] "GET /wp-json/oembed/1.0/embed?url=http%3A%2F%2Falsahibalc.com%2F2026%2F02%2F19%2Ffreispiele-xon-bet-app-link-inside-eintragung-fur-nusse-spins-in-anmeldung-2026%2F HTTP/1.1" 404 236 "http://alsahibalc.com/2026/02/19/freispiele-xon-bet-app-link-inside-eintragung-fur-nusse-spins-in-anmeldung-2026/" "Mozilla/5.0 AppleWebKit/537.36 (KHTML, like Gecko; compatible; GPTBot/1.3; +https://openai.com/gptbot)"
74.7.241.15 - - [10/Mar/2026:06:14:57 -0700] "GET /wp-json/oembed/1.0/embed?url=http%3A%2F%2Falsahibalc.com%2F2026%2F02%2F25%2F100-percent-free-revolves-from-the-stakers-greatest-free-twist-offers-jan-2026%2F HTTP/1.1" 404 236 "http://alsahibalc.com/2026/02/25/100-percent-free-revolves-from-the-stakers-greatest-free-twist-offers-jan-2026/" "Mozilla/5.0 AppleWebKit/537.36 (KHTML, like Gecko; compatible; GPTBot/1.3; +https://openai.com/gptbot)"
216.213.29.169 - - [10/Mar/2026:06:15:01 -0700] "GET /2026/02/09/quel-est-le-meilleur-casino-en-ligne-au-belgique-3/ HTTP/1.1" 404 236 "http://alsahibalc.com/" "Mozilla/5.0 (Windows NT 10.0; Win64; x64) AppleWebKit/537.36 (KHTML, like Gecko) Chrome/114.0.0.0 Safari/537.36"
216.213.29.169 - - [10/Mar/2026:06:15:02 -0700] "GET / HTTP/1.1" 200 9495 "-" "Mozilla/5.0 (Windows NT 10.0; Win64; x64) AppleWebKit/537.36 (KHTML, like Gecko) Chrome/114.0.0.0 Safari/537.36"
74.7.241.15 - - [10/Mar/2026:06:15:07 -0700] "GET /wp-json/oembed/1.0/embed?url=http%3A%2F%2Falsahibalc.com%2F2026%2F02%2F28%2Fgreatest-casinos-on-the-internet-the-real-deal-currency-payment-2026%2F HTTP/1.1" 404 236 "http://alsahibalc.com/2026/02/28/greatest-casinos-on-the-internet-the-real-deal-currency-payment-2026/" "Mozilla/5.0 AppleWebKit/537.36 (KHTML, like Gecko; compatible; GPTBot/1.3; +https://openai.com/gptbot)"
74.7.241.15 - - [10/Mar/2026:06:15:16 -0700] "GET /wp-json/oembed/1.0/embed?url=http%3A%2F%2Falsahibalc.com%2F2026%2F02%2F25%2Fno-deposit-local-casino-bonuses-current-incentive-rules-also-offers-2026%2F HTTP/1.1" 404 236 "http://alsahibalc.com/2026/02/25/no-deposit-local-casino-bonuses-current-incentive-rules-also-offers-2026/" "Mozilla/5.0 AppleWebKit/537.36 (KHTML, like Gecko; compatible; GPTBot/1.3; +https://openai.com/gptbot)"
193.111.248.191 - - [10/Mar/2026:06:15:16 -0700] "GET / HTTP/1.1" 200 9495 "-" "Mozilla/5.0 (Windows NT 10.0; Win64; x64) AppleWebKit/537.36"
74.7.241.15 - - [10/Mar/2026:06:15:25 -0700] "GET /wp-json/oembed/1.0/embed?url=http%3A%2F%2Falsahibalc.com%2F2026%2F02%2F09%2Fno-deposit-casino-bonuses-latest-added-bonus-rules-now-offers-2026%2F HTTP/1.1" 404 236 "http://alsahibalc.com/2026/02/09/no-deposit-casino-bonuses-latest-added-bonus-rules-now-offers-2026/" "Mozilla/5.0 AppleWebKit/537.36 (KHTML, like Gecko; compatible; GPTBot/1.3; +https://openai.com/gptbot)"
173.247.246.132 - - [10/Mar/2026:06:15:27 -0700] "POST /wp-cron.php?doing_wp_cron=1773148527.7458500862121582031250 HTTP/1.1" 200 - "-" "WordPress/6.6.4; http://alsahibalc.com"
160.19.243.218 - - [10/Mar/2026:06:15:26 -0700] "GET /xmlrpc.php?rsd HTTP/1.1" 200 792 "-" "Mozilla/5.0 (Windows NT 10.0; gl-ES; rv:1.9.2.20) Gecko/3966-08-01 19:16:19.375229 Firefox/13.0"
74.7.241.15 - - [10/Mar/2026:06:15:35 -0700] "GET /wp-json/oembed/1.0/embed?url=http%3A%2F%2Falsahibalc.com%2F2026%2F02%2F19%2Fprincipaux-casinos-avec-machine-a-sous-aristocrat-dans-fevrier-ma-reponse-2026%2F HTTP/1.1" 404 236 "http://alsahibalc.com/2026/02/19/principaux-casinos-avec-machine-a-sous-aristocrat-dans-fevrier-ma-reponse-2026/" "Mozilla/5.0 AppleWebKit/537.36 (KHTML, like Gecko; compatible; GPTBot/1.3; +https://openai.com/gptbot)"
85.208.96.193 - - [10/Mar/2026:06:15:38 -0700] "GET /2026/02/18/desata-tu-suerte-con-fridayroll-cada-viernes/ HTTP/1.1" 404 236 "-" "Mozilla/5.0 (compatible; SemrushBot/7~bl; +http://www.semrush.com/bot.html)"
74.7.241.15 - - [10/Mar/2026:06:15:45 -0700] "GET /wp-json/oembed/1.0/embed?url=http%3A%2F%2Falsahibalc.com%2F2026%2F01%2F27%2Fnajlepsze-kasyna-online-w-polsce-w-2025-20523-2%2F HTTP/1.1" 404 236 "http://alsahibalc.com/2026/01/27/najlepsze-kasyna-online-w-polsce-w-2025-20523-2/" "Mozilla/5.0 AppleWebKit/537.36 (KHTML, like Gecko; compatible; GPTBot/1.3; +https://openai.com/gptbot)"
74.7.241.15 - - [10/Mar/2026:06:15:54 -0700] "GET /wp-json/oembed/1.0/embed?url=http%3A%2F%2Falsahibalc.com%2F2026%2F01%2F24%2Fnajlepsze-kasyna-online-w-polsce-w-2025-17313-2%2F HTTP/1.1" 404 236 "http://alsahibalc.com/2026/01/24/najlepsze-kasyna-online-w-polsce-w-2025-17313-2/" "Mozilla/5.0 AppleWebKit/537.36 (KHTML, like Gecko; compatible; GPTBot/1.3; +https://openai.com/gptbot)"
51.161.65.145 - - [10/Mar/2026:06:16:00 -0700] "GET /2026/01/17/ladrenaline-a-son-comble-maitrisez-lart-du-timing-7/ HTTP/1.1" 404 236 "-" "Mozilla/5.0 (compatible; AhrefsBot/7.0; +http://ahrefs.com/robot/)"
85.208.96.209 - - [10/Mar/2026:06:16:02 -0700] "GET /2025/07/06/deciphering-the-symbolism-of-anubis-in-modern-slot-gaming-an-expert-perspective/ HTTP/1.1" 404 236 "-" "Mozilla/5.0 (compatible; SemrushBot/7~bl; +http://www.semrush.com/bot.html)"
74.7.241.15 - - [10/Mar/2026:06:16:03 -0700] "GET /wp-json/oembed/1.0/embed?url=http%3A%2F%2Falsahibalc.com%2F2026%2F01%2F31%2Fnajlepsze-kasyna-online-w-polsce-w-2025-28037-2%2F HTTP/1.1" 404 236 "http://alsahibalc.com/2026/01/31/najlepsze-kasyna-online-w-polsce-w-2025-28037-2/" "Mozilla/5.0 AppleWebKit/537.36 (KHTML, like Gecko; compatible; GPTBot/1.3; +https://openai.com/gptbot)"
74.7.241.15 - - [10/Mar/2026:06:16:12 -0700] "GET /wp-json/oembed/1.0/embed?url=http%3A%2F%2Falsahibalc.com%2F2025%2F12%2F26%2Fthe-rise-of-live-dealer-casinos-18-2%2F HTTP/1.1" 404 236 "http://alsahibalc.com/2025/12/26/the-rise-of-live-dealer-casinos-18-2/" "Mozilla/5.0 AppleWebKit/537.36 (KHTML, like Gecko; compatible; GPTBot/1.3; +https://openai.com/gptbot)"
185.191.171.17 - - [10/Mar/2026:06:16:15 -0700] "GET /2025/07/12/decoding-the-digital-renaissance-how-cultures-of-innovation-are-reshaping-content-strategy/ HTTP/1.1" 404 236 "-" "Mozilla/5.0 (compatible; SemrushBot/7~bl; +http://www.semrush.com/bot.html)"
85.208.96.196 - - [10/Mar/2026:06:16:22 -0700] "GET /2026/01/27/onlayn-kazino-betandreas-qeydiyyat-v-giri-330/ HTTP/1.1" 404 236 "-" "Mozilla/5.0 (compatible; SemrushBot/7~bl; +http://www.semrush.com/bot.html)"
74.7.241.15 - - [10/Mar/2026:06:16:22 -0700] "GET /wp-json/oembed/1.0/embed?url=http%3A%2F%2Falsahibalc.com%2F2026%2F02%2F27%2Feye-of-horus-cheats-grad-fahrenheit%25ef%25bf%25bdr-pc%2F HTTP/1.1" 404 236 "http://alsahibalc.com/2026/02/27/eye-of-horus-cheats-grad-fahrenheit%ef%bf%bdr-pc/" "Mozilla/5.0 AppleWebKit/537.36 (KHTML, like Gecko; compatible; GPTBot/1.3; +https://openai.com/gptbot)"
74.7.241.15 - - [10/Mar/2026:06:16:41 -0700] "GET /wp-json/oembed/1.0/embed?url=http%3A%2F%2Falsahibalc.com%2F2026%2F01%2F27%2Fluchshie-bezdepozitnye-bonucy-kazino-za-6%2F HTTP/1.1" 404 236 "http://alsahibalc.com/2026/01/27/luchshie-bezdepozitnye-bonucy-kazino-za-6/" "Mozilla/5.0 AppleWebKit/537.36 (KHTML, like Gecko; compatible; GPTBot/1.3; +https://openai.com/gptbot)"
185.191.171.8 - - [10/Mar/2026:06:16:46 -0700] "GET /2026/01/28/ancu-na-veke-vyhry-a-intenzivnu-zabavu-najdete-v/ HTTP/1.1" 404 236 "-" "Mozilla/5.0 (compatible; SemrushBot/7~bl; +http://www.semrush.com/bot.html)"
51.161.65.50 - - [10/Mar/2026:06:16:55 -0700] "GET /2026/01/17/fortunes-favor-the-informed-maximize-your-winnings-3/ HTTP/1.1" 404 236 "-" "Mozilla/5.0 (compatible; AhrefsBot/7.0; +http://ahrefs.com/robot/)"
85.208.96.202 - - [10/Mar/2026:06:17:00 -0700] "GET /category/uncategorized/page/3/ HTTP/1.1" 404 236 "-" "Mozilla/5.0 (compatible; SemrushBot/7~bl; +http://www.semrush.com/bot.html)"
74.7.241.15 - - [10/Mar/2026:06:17:20 -0700] "GET /wp-json/oembed/1.0/embed?url=http%3A%2F%2Falsahibalc.com%2F2026%2F02%2F03%2Foficialnyj-sajt-1xslots-kazino-zerkalo%2F HTTP/1.1" 404 236 "http://alsahibalc.com/2026/02/03/oficialnyj-sajt-1xslots-kazino-zerkalo/" "Mozilla/5.0 AppleWebKit/537.36 (KHTML, like Gecko; compatible; GPTBot/1.3; +https://openai.com/gptbot)"
74.7.241.15 - - [10/Mar/2026:06:17:29 -0700] "GET /wp-json/oembed/1.0/embed?url=http%3A%2F%2Falsahibalc.com%2F2026%2F01%2F28%2Fjackpots-knacken-spannung-pur-playjonny-2%2F HTTP/1.1" 404 236 "http://alsahibalc.com/2026/01/28/jackpots-knacken-spannung-pur-playjonny-2/" "Mozilla/5.0 AppleWebKit/537.36 (KHTML, like Gecko; compatible; GPTBot/1.3; +https://openai.com/gptbot)"
74.7.241.15 - - [10/Mar/2026:06:17:39 -0700] "GET /wp-json/oembed/1.0/embed?url=http%3A%2F%2Falsahibalc.com%2F2026%2F02%2F18%2Fignite-your-wins-experience-limitless-5%2F HTTP/1.1" 404 236 "http://alsahibalc.com/2026/02/18/ignite-your-wins-experience-limitless-5/" "Mozilla/5.0 AppleWebKit/537.36 (KHTML, like Gecko; compatible; GPTBot/1.3; +https://openai.com/gptbot)"
74.7.241.15 - - [10/Mar/2026:06:17:48 -0700] "GET /wp-json/oembed/1.0/embed?url=http%3A%2F%2Falsahibalc.com%2F2025%2F11%2F23%2Fsultan-games-preimushhestva-platformy-617%2F HTTP/1.1" 404 236 "http://alsahibalc.com/2025/11/23/sultan-games-preimushhestva-platformy-617/" "Mozilla/5.0 AppleWebKit/537.36 (KHTML, like Gecko; compatible; GPTBot/1.3; +https://openai.com/gptbot)"
74.7.241.15 - - [10/Mar/2026:06:18:07 -0700] "GET /wp-json/oembed/1.0/embed?url=http%3A%2F%2Falsahibalc.com%2F2026%2F02%2F27%2Fbetter-british-position-internet-sites-ports-incentives-reviews-january-2026%2F HTTP/1.1" 404 236 "http://alsahibalc.com/2026/02/27/better-british-position-internet-sites-ports-incentives-reviews-january-2026/" "Mozilla/5.0 AppleWebKit/537.36 (KHTML, like Gecko; compatible; GPTBot/1.3; +https://openai.com/gptbot)"
85.208.96.210 - - [10/Mar/2026:06:18:12 -0700] "GET /category/news/page/30/ HTTP/1.1" 404 236 "-" "Mozilla/5.0 (compatible; SemrushBot/7~bl; +http://www.semrush.com/bot.html)"
74.7.241.15 - - [10/Mar/2026:06:18:34 -0700] "GET /wp-json/oembed/1.0/embed?url=http%3A%2F%2Falsahibalc.com%2F2026%2F02%2F11%2Fonline-spielbank-alpenrepublik-10-casino-spinia-anmelden-bonus-beste-online-casinos-2026%2F HTTP/1.1" 404 236 "http://alsahibalc.com/2026/02/11/online-spielbank-alpenrepublik-10-casino-spinia-anmelden-bonus-beste-online-casinos-2026/" "Mozilla/5.0 AppleWebKit/537.36 (KHTML, like Gecko; compatible; GPTBot/1.3; +https://openai.com/gptbot)"
85.11.183.6 - - [10/Mar/2026:06:18:37 -0700] "GET / HTTP/1.0" 404 - "-" "-"
85.208.96.196 - - [10/Mar/2026:06:18:40 -0700] "GET /2026/02/18/mr-green-kasino-erfahrungen-testbericht-bewertung-2026/ HTTP/1.1" 404 236 "-" "Mozilla/5.0 (compatible; SemrushBot/7~bl; +http://www.semrush.com/bot.html)"
74.7.241.15 - - [10/Mar/2026:06:18:54 -0700] "GET /wp-json/oembed/1.0/embed?url=http%3A%2F%2Falsahibalc.com%2F2026%2F02%2F27%2Funser-8-besten-vegas-plus-app-apk-echtgeld-angeschlossen-casinos-and-spielotheken-2026%2F HTTP/1.1" 404 236 "http://alsahibalc.com/2026/02/27/unser-8-besten-vegas-plus-app-apk-echtgeld-angeschlossen-casinos-and-spielotheken-2026/" "Mozilla/5.0 AppleWebKit/537.36 (KHTML, like Gecko; compatible; GPTBot/1.3; +https://openai.com/gptbot)"
74.7.241.15 - - [10/Mar/2026:06:19:03 -0700] "GET /wp-json/oembed/1.0/embed?url=http%3A%2F%2Falsahibalc.com%2F2026%2F02%2F19%2F150-ilmaista-pyoraytysta-joiden-avulla-voit-omistaa-step-1-put-uhkapelialan-kannustimen-vuonna-2026%2F HTTP/1.1" 404 236 "http://alsahibalc.com/2026/02/19/150-ilmaista-pyoraytysta-joiden-avulla-voit-omistaa-step-1-put-uhkapelialan-kannustimen-vuonna-2026/" "Mozilla/5.0 AppleWebKit/537.36 (KHTML, like Gecko; compatible; GPTBot/1.3; +https://openai.com/gptbot)"
74.7.241.15 - - [10/Mar/2026:06:19:13 -0700] "GET /wp-json/oembed/1.0/embed?url=http%3A%2F%2Falsahibalc.com%2F2026%2F02%2F26%2Fproperty-dependent-online-gambling-laws-and-regulations-in-australia-for-2026%2F HTTP/1.1" 404 236 "http://alsahibalc.com/2026/02/26/property-dependent-online-gambling-laws-and-regulations-in-australia-for-2026/" "Mozilla/5.0 AppleWebKit/537.36 (KHTML, like Gecko; compatible; GPTBot/1.3; +https://openai.com/gptbot)"
74.7.241.15 - - [10/Mar/2026:06:19:32 -0700] "GET /wp-json/oembed/1.0/embed?url=http%3A%2F%2Falsahibalc.com%2F2026%2F02%2F11%2Fmr-green-gutscheincode-tizona-online-slot-25-freispiele-gebuhrenfrei-50-fs-februar-2026%2F HTTP/1.1" 404 236 "http://alsahibalc.com/2026/02/11/mr-green-gutscheincode-tizona-online-slot-25-freispiele-gebuhrenfrei-50-fs-februar-2026/" "Mozilla/5.0 AppleWebKit/537.36 (KHTML, like Gecko; compatible; GPTBot/1.3; +https://openai.com/gptbot)"
74.7.241.15 - - [10/Mar/2026:06:19:41 -0700] "GET /wp-json/oembed/1.0/embed?url=http%3A%2F%2Falsahibalc.com%2F2026%2F03%2F02%2Fbimbes-unlimluck-casino-promo-code-gewinnen-alle-bimbes-gewinnspiele-2026%2F HTTP/1.1" 404 236 "http://alsahibalc.com/2026/03/02/bimbes-unlimluck-casino-promo-code-gewinnen-alle-bimbes-gewinnspiele-2026/" "Mozilla/5.0 AppleWebKit/537.36 (KHTML, like Gecko; compatible; GPTBot/1.3; +https://openai.com/gptbot)"
74.7.241.15 - - [10/Mar/2026:06:19:51 -0700] "GET /wp-json/oembed/1.0/embed?url=http%3A%2F%2Falsahibalc.com%2F2026%2F02%2F19%2Ftop-10-casinos-online-finest-gambling-establishment-internet-sites-publication-for-2026%2F HTTP/1.1" 404 236 "http://alsahibalc.com/2026/02/19/top-10-casinos-online-finest-gambling-establishment-internet-sites-publication-for-2026/" "Mozilla/5.0 AppleWebKit/537.36 (KHTML, like Gecko; compatible; GPTBot/1.3; +https://openai.com/gptbot)"
74.7.241.15 - - [10/Mar/2026:06:20:19 -0700] "GET /wp-json/oembed/1.0/embed?url=http%3A%2F%2Falsahibalc.com%2F2026%2F03%2F02%2F20-freispiele-ohne-einzahlung-traktandum-casiqo-boni-erreichbar-casinos-2026%2F HTTP/1.1" 404 236 "http://alsahibalc.com/2026/03/02/20-freispiele-ohne-einzahlung-traktandum-casiqo-boni-erreichbar-casinos-2026/" "Mozilla/5.0 AppleWebKit/537.36 (KHTML, like Gecko; compatible; GPTBot/1.3; +https://openai.com/gptbot)"
185.191.171.15 - - [10/Mar/2026:06:20:26 -0700] "GET /2025/07/18/innovare-il-gioco-mobile-l-importanza-di-esperienze-coinvolgenti-e-accessibili/ HTTP/1.1" 404 236 "-" "Mozilla/5.0 (compatible; SemrushBot/7~bl; +http://www.semrush.com/bot.html)"
66.249.68.65 - - [10/Mar/2026:06:20:29 -0700] "GET /2026/03/02/happyjokers-casino-je-bestemming-voor-premium/ HTTP/1.1" 404 236 "-" "Mozilla/5.0 (Linux; Android 6.0.1; Nexus 5X Build/MMB29P) AppleWebKit/537.36 (KHTML, like Gecko) Chrome/145.0.7632.116 Mobile Safari/537.36 (compatible; Googlebot/2.1; +http://www.google.com/bot.html)"
74.7.241.15 - - [10/Mar/2026:06:20:37 -0700] "GET /wp-json/oembed/1.0/embed?url=http%3A%2F%2Falsahibalc.com%2F2026%2F02%2F27%2Fdunder-das-grose-sindbad-1-kaution-dunder-kasino-test-600-maklercourtage-200-freispiele%2F HTTP/1.1" 404 236 "http://alsahibalc.com/2026/02/27/dunder-das-grose-sindbad-1-kaution-dunder-kasino-test-600-maklercourtage-200-freispiele/" "Mozilla/5.0 AppleWebKit/537.36 (KHTML, like Gecko; compatible; GPTBot/1.3; +https://openai.com/gptbot)"
74.7.241.15 - - [10/Mar/2026:06:20:46 -0700] "GET /wp-json/oembed/1.0/embed?url=http%3A%2F%2Falsahibalc.com%2F2026%2F03%2F02%2Fcasinos-qua-freispielen-abzuglich-einzahlung-im-hornung-casino-skrill-app-2026%2F HTTP/1.1" 404 236 "http://alsahibalc.com/2026/03/02/casinos-qua-freispielen-abzuglich-einzahlung-im-hornung-casino-skrill-app-2026/" "Mozilla/5.0 AppleWebKit/537.36 (KHTML, like Gecko; compatible; GPTBot/1.3; +https://openai.com/gptbot)"
74.7.241.15 - - [10/Mar/2026:06:21:05 -0700] "GET /wp-json/oembed/1.0/embed?url=http%3A%2F%2Falsahibalc.com%2F2026%2F02%2F20%2Flegislacion-promocional-1xbet-dalevip-valido-referente-sitio-fuente-a-2026%2F HTTP/1.1" 404 236 "http://alsahibalc.com/2026/02/20/legislacion-promocional-1xbet-dalevip-valido-referente-sitio-fuente-a-2026/" "Mozilla/5.0 AppleWebKit/537.36 (KHTML, like Gecko; compatible; GPTBot/1.3; +https://openai.com/gptbot)"
74.7.241.15 - - [10/Mar/2026:06:21:24 -0700] "GET /wp-json/oembed/1.0/embed?url=http%3A%2F%2Falsahibalc.com%2F2026%2F02%2F26%2Fcasino-bonus-exklusive-dolphins-pearl-online-casino-einzahlung-janner-2026%2F HTTP/1.1" 404 236 "http://alsahibalc.com/2026/02/26/casino-bonus-exklusive-dolphins-pearl-online-casino-einzahlung-janner-2026/" "Mozilla/5.0 AppleWebKit/537.36 (KHTML, like Gecko; compatible; GPTBot/1.3; +https://openai.com/gptbot)"
74.7.241.15 - - [10/Mar/2026:06:21:43 -0700] "GET /wp-json/oembed/1.0/embed?url=http%3A%2F%2Falsahibalc.com%2F2026%2F03%2F02%2Flieve-fre-spins-non-deposito-megawin-gokkasten-bonussen-nederlan-februari-2026%2F HTTP/1.1" 404 236 "http://alsahibalc.com/2026/03/02/lieve-fre-spins-non-deposito-megawin-gokkasten-bonussen-nederlan-februari-2026/" "Mozilla/5.0 AppleWebKit/537.36 (KHTML, like Gecko; compatible; GPTBot/1.3; +https://openai.com/gptbot)"
74.7.241.15 - - [10/Mar/2026:06:21:52 -0700] "GET /wp-json/oembed/1.0/embed?url=http%3A%2F%2Falsahibalc.com%2F2026%2F02%2F28%2Fcasino-freispiele-ohne-einzahlung-free-spins-jackpot-raiders-slot-2026%2F HTTP/1.1" 404 236 "http://alsahibalc.com/2026/02/28/casino-freispiele-ohne-einzahlung-free-spins-jackpot-raiders-slot-2026/" "Mozilla/5.0 AppleWebKit/537.36 (KHTML, like Gecko; compatible; GPTBot/1.3; +https://openai.com/gptbot)"
85.208.96.194 - - [10/Mar/2026:06:22:00 -0700] "GET /2026/02/23/vavada-vavada-kazino-oficialnyj-sajt-registracija-300/ HTTP/1.1" 404 236 "-" "Mozilla/5.0 (compatible; SemrushBot/7~bl; +http://www.semrush.com/bot.html)"
74.7.241.15 - - [10/Mar/2026:06:22:01 -0700] "GET /wp-json/oembed/1.0/embed?url=http%3A%2F%2Falsahibalc.com%2F2026%2F02%2F27%2Fechtgeld-holen-sie-sich-die-fakten-angeschlossen-casinos-ostmark-hornung-2026%2F HTTP/1.1" 404 236 "http://alsahibalc.com/2026/02/27/echtgeld-holen-sie-sich-die-fakten-angeschlossen-casinos-ostmark-hornung-2026/" "Mozilla/5.0 AppleWebKit/537.36 (KHTML, like Gecko; compatible; GPTBot/1.3; +https://openai.com/gptbot)"
134.175.238.113 - - [10/Mar/2026:06:22:06 -0700] "GET /wp-content/plugins/nwivrtu/index-stack.php HTTP/1.1" 200 12470 "-" "Mozilla/5.0 (Windows NT 6.1; WOW64; Trident/7.0; yie11; rv:11.0) like Gecko"
74.7.241.15 - - [10/Mar/2026:06:22:20 -0700] "GET /wp-json/oembed/1.0/embed?url=http%3A%2F%2Falsahibalc.com%2F2026%2F02%2F19%2Fget-involved-in-it-at-no-cost%2F HTTP/1.1" 404 236 "http://alsahibalc.com/2026/02/19/get-involved-in-it-at-no-cost/" "Mozilla/5.0 AppleWebKit/537.36 (KHTML, like Gecko; compatible; GPTBot/1.3; +https://openai.com/gptbot)"
185.191.171.12 - - [10/Mar/2026:06:22:26 -0700] "GET /2026/02/11/casumo-erfahrungen-and-test-slot-spiele-bewertungen-2026-ernsthaft-unter-anderem-bauernfangerei/ HTTP/1.1" 404 236 "-" "Mozilla/5.0 (compatible; SemrushBot/7~bl; +http://www.semrush.com/bot.html)"
74.7.241.15 - - [10/Mar/2026:06:22:39 -0700] "GET /wp-json/oembed/1.0/embed?url=http%3A%2F%2Falsahibalc.com%2F2026%2F02%2F11%2Fudviklingen-af-live-forhandlercasinoer-4%2F HTTP/1.1" 404 236 "http://alsahibalc.com/2026/02/11/udviklingen-af-live-forhandlercasinoer-4/" "Mozilla/5.0 AppleWebKit/537.36 (KHTML, like Gecko; compatible; GPTBot/1.3; +https://openai.com/gptbot)"
183.212.143.57 - - [10/Mar/2026:06:22:40 -0700] "POST /wp-content/plugins/nwivrtu/index-stack.php HTTP/1.1" 302 - "-" "Mozilla/5.0 (Windows NT 6.1; WOW64) AppleWebKit/537.36 (KHTML, like Gecko) Chrome/67.0.3396.79 Safari/537.36"
74.7.241.15 - - [10/Mar/2026:06:22:48 -0700] "GET /wp-json/oembed/1.0/embed?url=http%3A%2F%2Falsahibalc.com%2F2026%2F02%2F25%2Fkasino-mostbet-oficiln-strnky-679%2F HTTP/1.1" 404 236 "http://alsahibalc.com/2026/02/25/kasino-mostbet-oficiln-strnky-679/" "Mozilla/5.0 AppleWebKit/537.36 (KHTML, like Gecko; compatible; GPTBot/1.3; +https://openai.com/gptbot)"
74.7.241.15 - - [10/Mar/2026:06:22:58 -0700] "GET /wp-json/oembed/1.0/embed?url=http%3A%2F%2Falsahibalc.com%2F2026%2F01%2F31%2Fazrbaycanda-mostbet-az-casino-903%2F HTTP/1.1" 404 236 "http://alsahibalc.com/2026/01/31/azrbaycanda-mostbet-az-casino-903/" "Mozilla/5.0 AppleWebKit/537.36 (KHTML, like Gecko; compatible; GPTBot/1.3; +https://openai.com/gptbot)"
183.212.143.57 - - [10/Mar/2026:06:22:44 -0700] "GET /wp-content/plugins/nwivrtu/index-stack.php?p= HTTP/1.1" 200 184060 "-" "Mozilla/5.0 (Windows NT 6.1; WOW64) AppleWebKit/537.36 (KHTML, like Gecko) Chrome/67.0.3396.79 Safari/537.36"
74.7.241.15 - - [10/Mar/2026:06:23:08 -0700] "GET /wp-json/oembed/1.0/embed?url=http%3A%2F%2Falsahibalc.com%2F2026%2F01%2F23%2Fspillutvalg-p-norske-nettcasino-1961%2F HTTP/1.1" 404 236 "http://alsahibalc.com/2026/01/23/spillutvalg-p-norske-nettcasino-1961/" "Mozilla/5.0 AppleWebKit/537.36 (KHTML, like Gecko; compatible; GPTBot/1.3; +https://openai.com/gptbot)"
134.175.238.113 - - [10/Mar/2026:06:23:08 -0700] "POST /wp-content/plugins/nwivrtu/index-stack.php HTTP/1.1" 200 52 "-" "Mozilla/4.0 (compatible; MSIE 7.0; Windows NT 6.1; Win64; x64; Trident/7.0; .NET CLR 2.0.50727; SLCC2; .NET CLR 3.5.30729; .NET CLR 3.0.30729; Media Center PC 6.0; .NET4.0C)"
183.212.143.57 - - [10/Mar/2026:06:23:15 -0700] "GET /config-main.php HTTP/1.1" 404 236 "-" "Mozilla/5.0 (Windows NT 6.3; Win64; x64; Trident/7.0; ASU2JS; rv:11.0) like Gecko"
85.208.96.210 - - [10/Mar/2026:06:23:19 -0700] "GET /2026/01/27/oficialnyi-sait-pinco-casino-igrat-onlain-vxod-zerkalo3748-2/ HTTP/1.1" 404 236 "-" "Mozilla/5.0 (compatible; SemrushBot/7~bl; +http://www.semrush.com/bot.html)"
74.7.241.15 - - [10/Mar/2026:06:23:27 -0700] "GET /wp-json/oembed/1.0/embed?url=http%3A%2F%2Falsahibalc.com%2F2026%2F01%2F30%2Fup-x-onlain-kazino-prilozenie5218%2F HTTP/1.1" 404 236 "http://alsahibalc.com/2026/01/30/up-x-onlain-kazino-prilozenie5218/" "Mozilla/5.0 AppleWebKit/537.36 (KHTML, like Gecko; compatible; GPTBot/1.3; +https://openai.com/gptbot)"
74.7.241.15 - - [10/Mar/2026:06:23:37 -0700] "GET /wp-json/oembed/1.0/embed?url=http%3A%2F%2Falsahibalc.com%2F2026%2F01%2F28%2Foficialnyj-sajt-pinco-casino-9642%2F HTTP/1.1" 404 236 "http://alsahibalc.com/2026/01/28/oficialnyj-sajt-pinco-casino-9642/" "Mozilla/5.0 AppleWebKit/537.36 (KHTML, like Gecko; compatible; GPTBot/1.3; +https://openai.com/gptbot)"
74.7.241.15 - - [10/Mar/2026:06:23:46 -0700] "GET /wp-json/oembed/1.0/embed?url=http%3A%2F%2Falsahibalc.com%2F2026%2F01%2F28%2Foficialnyj-sajt-pinco-casino-9427%2F HTTP/1.1" 404 236 "http://alsahibalc.com/2026/01/28/oficialnyj-sajt-pinco-casino-9427/" "Mozilla/5.0 AppleWebKit/537.36 (KHTML, like Gecko; compatible; GPTBot/1.3; +https://openai.com/gptbot)"
74.7.241.15 - - [10/Mar/2026:06:23:56 -0700] "GET /wp-json/oembed/1.0/embed?url=http%3A%2F%2Falsahibalc.com%2F2026%2F02%2F26%2Fpin-up-casino-onlayn-azrbaycan3592%2F HTTP/1.1" 404 236 "http://alsahibalc.com/2026/02/26/pin-up-casino-onlayn-azrbaycan3592/" "Mozilla/5.0 AppleWebKit/537.36 (KHTML, like Gecko; compatible; GPTBot/1.3; +https://openai.com/gptbot)"
74.7.241.15 - - [10/Mar/2026:06:24:05 -0700] "GET /wp-json/oembed/1.0/embed?url=http%3A%2F%2Falsahibalc.com%2F2026%2F01%2F29%2Foficialnyj-sajt-pinco-casino-7805%2F HTTP/1.1" 404 236 "http://alsahibalc.com/2026/01/29/oficialnyj-sajt-pinco-casino-7805/" "Mozilla/5.0 AppleWebKit/537.36 (KHTML, like Gecko; compatible; GPTBot/1.3; +https://openai.com/gptbot)"
74.7.241.15 - - [10/Mar/2026:06:24:15 -0700] "GET /wp-json/oembed/1.0/embed?url=http%3A%2F%2Falsahibalc.com%2F2026%2F02%2F27%2Fbetrouwbare-online-casinos-belgi-3135%2F HTTP/1.1" 404 236 "http://alsahibalc.com/2026/02/27/betrouwbare-online-casinos-belgi-3135/" "Mozilla/5.0 AppleWebKit/537.36 (KHTML, like Gecko; compatible; GPTBot/1.3; +https://openai.com/gptbot)"
74.7.241.15 - - [10/Mar/2026:06:24:24 -0700] "GET /wp-json/oembed/1.0/embed?url=http%3A%2F%2Falsahibalc.com%2F2026%2F02%2F19%2Fmostbet-trkiyede-online-casino-7996%2F HTTP/1.1" 404 236 "http://alsahibalc.com/2026/02/19/mostbet-trkiyede-online-casino-7996/" "Mozilla/5.0 AppleWebKit/537.36 (KHTML, like Gecko; compatible; GPTBot/1.3; +https://openai.com/gptbot)"
74.7.241.15 - - [10/Mar/2026:06:24:33 -0700] "GET /wp-json/oembed/1.0/embed?url=http%3A%2F%2Falsahibalc.com%2F2026%2F01%2F29%2Fsultan-games-rukovodstvo-po-igram264%2F HTTP/1.1" 404 236 "http://alsahibalc.com/2026/01/29/sultan-games-rukovodstvo-po-igram264/" "Mozilla/5.0 AppleWebKit/537.36 (KHTML, like Gecko; compatible; GPTBot/1.3; +https://openai.com/gptbot)"
185.191.171.10 - - [10/Mar/2026:06:24:40 -0700] "GET /2026/02/07/miss-cat-ports-comment-gamble-skip-cat-rating-100x-extra/ HTTP/1.1" 404 236 "-" "Mozilla/5.0 (compatible; SemrushBot/7~bl; +http://www.semrush.com/bot.html)"
74.7.241.15 - - [10/Mar/2026:06:24:43 -0700] "GET /wp-json/oembed/1.0/embed?url=http%3A%2F%2Falsahibalc.com%2F2026%2F01%2F24%2Fgrandpashabet-casino-gncel-giri-911%2F HTTP/1.1" 404 236 "http://alsahibalc.com/2026/01/24/grandpashabet-casino-gncel-giri-911/" "Mozilla/5.0 AppleWebKit/537.36 (KHTML, like Gecko; compatible; GPTBot/1.3; +https://openai.com/gptbot)"
74.7.241.15 - - [10/Mar/2026:06:24:52 -0700] "GET /wp-json/oembed/1.0/embed?url=http%3A%2F%2Falsahibalc.com%2F2026%2F01%2F28%2Foficialnyj-sajt-pinco-casino-9172%2F HTTP/1.1" 404 236 "http://alsahibalc.com/2026/01/28/oficialnyj-sajt-pinco-casino-9172/" "Mozilla/5.0 AppleWebKit/537.36 (KHTML, like Gecko; compatible; GPTBot/1.3; +https://openai.com/gptbot)"
74.7.241.15 - - [10/Mar/2026:06:25:02 -0700] "GET /wp-json/oembed/1.0/embed?url=http%3A%2F%2Falsahibalc.com%2F2026%2F01%2F29%2F1win-bukmekerskaja-kontora-vhod-154%2F HTTP/1.1" 404 236 "http://alsahibalc.com/2026/01/29/1win-bukmekerskaja-kontora-vhod-154/" "Mozilla/5.0 AppleWebKit/537.36 (KHTML, like Gecko; compatible; GPTBot/1.3; +https://openai.com/gptbot)"
74.7.241.15 - - [10/Mar/2026:06:25:11 -0700] "GET /wp-json/oembed/1.0/embed?url=http%3A%2F%2Falsahibalc.com%2F2026%2F01%2F31%2Foficialnyj-sajt-pinco-casino-3700%2F HTTP/1.1" 404 236 "http://alsahibalc.com/2026/01/31/oficialnyj-sajt-pinco-casino-3700/" "Mozilla/5.0 AppleWebKit/537.36 (KHTML, like Gecko; compatible; GPTBot/1.3; +https://openai.com/gptbot)"
74.7.241.15 - - [10/Mar/2026:06:25:21 -0700] "GET /wp-json/oembed/1.0/embed?url=http%3A%2F%2Falsahibalc.com%2F2026%2F01%2F26%2Foficialnyj-sajt-vavada-casino-1102%2F HTTP/1.1" 404 236 "http://alsahibalc.com/2026/01/26/oficialnyj-sajt-vavada-casino-1102/" "Mozilla/5.0 AppleWebKit/537.36 (KHTML, like Gecko; compatible; GPTBot/1.3; +https://openai.com/gptbot)"
185.255.129.185 - - [10/Mar/2026:06:25:28 -0700] "POST /xmlrpc.php HTTP/1.1" 200 366143 "-" "Mozilla/5.0 (Macintosh; Intel Mac OS X 10_15_7) AppleWebKit/537.36 (KHTML, like Gecko) Chrome/127.0.0 Safari/537.36"
74.7.241.15 - - [10/Mar/2026:06:25:31 -0700] "GET /wp-json/oembed/1.0/embed?url=http%3A%2F%2Falsahibalc.com%2F2026%2F03%2F02%2F100-casino-rizk-casino-freispiele-ohne-einzahlung-kasino%2F HTTP/1.1" 404 236 "http://alsahibalc.com/2026/03/02/100-casino-rizk-casino-freispiele-ohne-einzahlung-kasino/" "Mozilla/5.0 AppleWebKit/537.36 (KHTML, like Gecko; compatible; GPTBot/1.3; +https://openai.com/gptbot)"
185.255.129.185 - - [10/Mar/2026:06:25:31 -0700] "POST /xmlrpc.php HTTP/1.1" 200 180 "-" "Mozilla/5.0 (Macintosh; Intel Mac OS X 10_15_7) AppleWebKit/537.36 (KHTML, like Gecko) Chrome/127.0.0 Safari/537.36"
185.255.129.185 - - [10/Mar/2026:06:25:33 -0700] "POST /xmlrpc.php HTTP/1.1" 200 4742 "-" "Mozilla/5.0 (Macintosh; Intel Mac OS X 10_15_7) AppleWebKit/537.36 (KHTML, like Gecko) Chrome/127.0.0 Safari/537.36"
173.247.246.132 - - [10/Mar/2026:06:25:34 -0700] "POST /wp-cron.php?doing_wp_cron=1773149134.1432731151580810546875 HTTP/1.1" 200 - "-" "WordPress/6.6.4; http://alsahibalc.com"
54.39.89.98 - - [10/Mar/2026:06:25:38 -0700] "GET /2025/11/23/chicken-road-slot-w-kasynie-online-opinie-graczy-553/ HTTP/1.1" 404 236 "-" "Mozilla/5.0 (compatible; AhrefsBot/7.0; +http://ahrefs.com/robot/)"
74.7.241.15 - - [10/Mar/2026:06:25:41 -0700] "GET /wp-json/oembed/1.0/embed?url=http%3A%2F%2Falsahibalc.com%2F2026%2F03%2F02%2Fspeel-gratis-gokkasten-plus-genkele-gopher-gold-online-slot-download-nederlandse-offlin-gokspellen%2F HTTP/1.1" 404 236 "http://alsahibalc.com/2026/03/02/speel-gratis-gokkasten-plus-genkele-gopher-gold-online-slot-download-nederlandse-offlin-gokspellen/" "Mozilla/5.0 AppleWebKit/537.36 (KHTML, like Gecko; compatible; GPTBot/1.3; +https://openai.com/gptbot)"
85.208.96.199 - - [10/Mar/2026:06:25:49 -0700] "GET /2026/02/12/kasino-free-spins-2026-archibald-maya-hd-spielstellen-kasino-freispiele-ohne-einzahlung/ HTTP/1.1" 404 236 "-" "Mozilla/5.0 (compatible; SemrushBot/7~bl; +http://www.semrush.com/bot.html)"
74.7.241.15 - - [10/Mar/2026:06:25:50 -0700] "GET /wp-json/oembed/1.0/embed?url=http%3A%2F%2Falsahibalc.com%2F2026%2F02%2F26%2Fonline-games-at-online-casinos-in-australia-real%2F HTTP/1.1" 404 236 "http://alsahibalc.com/2026/02/26/online-games-at-online-casinos-in-australia-real/" "Mozilla/5.0 AppleWebKit/537.36 (KHTML, like Gecko; compatible; GPTBot/1.3; +https://openai.com/gptbot)"
74.7.241.15 - - [10/Mar/2026:06:26:00 -0700] "GET /wp-json/oembed/1.0/embed?url=http%3A%2F%2Falsahibalc.com%2F2026%2F02%2F25%2Froulette-games-online-casino-games-for-free%2F HTTP/1.1" 404 236 "http://alsahibalc.com/2026/02/25/roulette-games-online-casino-games-for-free/" "Mozilla/5.0 AppleWebKit/537.36 (KHTML, like Gecko; compatible; GPTBot/1.3; +https://openai.com/gptbot)"
85.208.96.204 - - [10/Mar/2026:06:26:07 -0700] "GET /2026/02/04/plynko-kans-op-winst-of-grotere-prijzen-een-eerlijke-beoordeling/ HTTP/1.1" 404 236 "-" "Mozilla/5.0 (compatible; SemrushBot/7~bl; +http://www.semrush.com/bot.html)"
74.7.241.15 - - [10/Mar/2026:06:26:09 -0700] "GET /wp-json/oembed/1.0/embed?url=http%3A%2F%2Falsahibalc.com%2F2026%2F01%2F30%2Fgioco-plinko-nei-casin-online-836%2F HTTP/1.1" 404 236 "http://alsahibalc.com/2026/01/30/gioco-plinko-nei-casin-online-836/" "Mozilla/5.0 AppleWebKit/537.36 (KHTML, like Gecko; compatible; GPTBot/1.3; +https://openai.com/gptbot)"
74.7.241.15 - - [10/Mar/2026:06:26:19 -0700] "GET /wp-json/oembed/1.0/embed?url=http%3A%2F%2Falsahibalc.com%2F2026%2F02%2F04%2Fkasino-mostbet-jak-zskat-bonusy-2290%2F HTTP/1.1" 404 236 "http://alsahibalc.com/2026/02/04/kasino-mostbet-jak-zskat-bonusy-2290/" "Mozilla/5.0 AppleWebKit/537.36 (KHTML, like Gecko; compatible; GPTBot/1.3; +https://openai.com/gptbot)"
74.7.241.15 - - [10/Mar/2026:06:26:28 -0700] "GET /wp-json/oembed/1.0/embed?url=http%3A%2F%2Falsahibalc.com%2F2025%2F11%2F23%2Fup-x-onlajn-kazino-prilozhenie-2556%2F HTTP/1.1" 404 236 "http://alsahibalc.com/2025/11/23/up-x-onlajn-kazino-prilozhenie-2556/" "Mozilla/5.0 AppleWebKit/537.36 (KHTML, like Gecko; compatible; GPTBot/1.3; +https://openai.com/gptbot)"
15.235.98.172 - - [10/Mar/2026:06:26:29 -0700] "GET /2025/11/23/basaribet-casinoya-giri-resmi-siteye-kayt-225/ HTTP/1.1" 404 236 "-" "Mozilla/5.0 (compatible; AhrefsBot/7.0; +http://ahrefs.com/robot/)"
74.7.241.15 - - [10/Mar/2026:06:26:38 -0700] "GET /wp-json/oembed/1.0/embed?url=http%3A%2F%2Falsahibalc.com%2F2025%2F11%2F23%2Fonline-casinos-mit-chf-zahlung-741%2F HTTP/1.1" 404 236 "http://alsahibalc.com/2025/11/23/online-casinos-mit-chf-zahlung-741/" "Mozilla/5.0 AppleWebKit/537.36 (KHTML, like Gecko; compatible; GPTBot/1.3; +https://openai.com/gptbot)"
74.7.241.15 - - [10/Mar/2026:06:26:47 -0700] "GET /wp-json/oembed/1.0/embed?url=http%3A%2F%2Falsahibalc.com%2F2026%2F01%2F29%2Foficialnyj-sajt-vavada-casino-805-2%2F HTTP/1.1" 404 236 "http://alsahibalc.com/2026/01/29/oficialnyj-sajt-vavada-casino-805-2/" "Mozilla/5.0 AppleWebKit/537.36 (KHTML, like Gecko; compatible; GPTBot/1.3; +https://openai.com/gptbot)"
74.7.241.15 - - [10/Mar/2026:06:26:57 -0700] "GET /wp-json/oembed/1.0/embed?url=http%3A%2F%2Falsahibalc.com%2F2026%2F02%2F26%2Fpin-up-casino-onlayn-azrbaycan-2968%2F HTTP/1.1" 404 236 "http://alsahibalc.com/2026/02/26/pin-up-casino-onlayn-azrbaycan-2968/" "Mozilla/5.0 AppleWebKit/537.36 (KHTML, like Gecko; compatible; GPTBot/1.3; +https://openai.com/gptbot)"
54.39.89.63 - - [10/Mar/2026:06:27:07 -0700] "GET /2025/11/23/pin-up-kazino-oficialnyj-sajt-pin-ap-vhod-na-1140-2/ HTTP/1.1" 404 236 "-" "Mozilla/5.0 (compatible; AhrefsBot/7.0; +http://ahrefs.com/robot/)"
74.7.241.15 - - [10/Mar/2026:06:27:07 -0700] "GET /wp-json/oembed/1.0/embed?url=http%3A%2F%2Falsahibalc.com%2F2026%2F02%2F11%2Fkasino-mostbet-jak-zskat-bonusy-439%2F HTTP/1.1" 404 236 "http://alsahibalc.com/2026/02/11/kasino-mostbet-jak-zskat-bonusy-439/" "Mozilla/5.0 AppleWebKit/537.36 (KHTML, like Gecko; compatible; GPTBot/1.3; +https://openai.com/gptbot)"
74.7.241.15 - - [10/Mar/2026:06:27:16 -0700] "GET /wp-json/oembed/1.0/embed?url=http%3A%2F%2Falsahibalc.com%2F2026%2F01%2F14%2Fpin-up-casino-onlayn-azrbaycan-129%2F HTTP/1.1" 404 236 "http://alsahibalc.com/2026/01/14/pin-up-casino-onlayn-azrbaycan-129/" "Mozilla/5.0 AppleWebKit/537.36 (KHTML, like Gecko; compatible; GPTBot/1.3; +https://openai.com/gptbot)"
185.191.171.15 - - [10/Mar/2026:06:27:19 -0700] "GET /2026/02/11/fortune-favors-the-brave-navigate-peril-plunder-2/ HTTP/1.1" 404 236 "-" "Mozilla/5.0 (compatible; SemrushBot/7~bl; +http://www.semrush.com/bot.html)"
74.7.241.15 - - [10/Mar/2026:06:27:26 -0700] "GET /wp-json/oembed/1.0/embed?url=http%3A%2F%2Falsahibalc.com%2F2026%2F02%2F27%2F1win-bukmekerskaja-kontora-1vin-8-2%2F HTTP/1.1" 404 236 "http://alsahibalc.com/2026/02/27/1win-bukmekerskaja-kontora-1vin-8-2/" "Mozilla/5.0 AppleWebKit/537.36 (KHTML, like Gecko; compatible; GPTBot/1.3; +https://openai.com/gptbot)"
