74.7.241.15 - - [10/Mar/2026:05:53:18 -0700] "GET /wp-json/oembed/1.0/embed?url=http%3A%2F%2Falsahibalc.com%2F2026%2F01%2F29%2Foficialnyj-sajt-pinco-casino-8894-2%2F HTTP/1.1" 404 236 "http://alsahibalc.com/2026/01/29/oficialnyj-sajt-pinco-casino-8894-2/" "Mozilla/5.0 AppleWebKit/537.36 (KHTML, like Gecko; compatible; GPTBot/1.3; +https://openai.com/gptbot)"
74.7.241.15 - - [10/Mar/2026:05:53:27 -0700] "GET /wp-json/oembed/1.0/embed?url=http%3A%2F%2Falsahibalc.com%2F2026%2F01%2F24%2Foficialnyj-sajt-pinco-casino-8043-2%2F HTTP/1.1" 404 236 "http://alsahibalc.com/2026/01/24/oficialnyj-sajt-pinco-casino-8043-2/" "Mozilla/5.0 AppleWebKit/537.36 (KHTML, like Gecko; compatible; GPTBot/1.3; +https://openai.com/gptbot)"
74.7.241.15 - - [10/Mar/2026:05:53:31 -0700] "GET /wp-json/oembed/1.0/embed?url=http%3A%2F%2Falsahibalc.com%2F2026%2F01%2F26%2Fgates-of-olympus-slot-trkiye-14462%2F HTTP/1.1" 404 236 "http://alsahibalc.com/2026/01/26/gates-of-olympus-slot-trkiye-14462/" "Mozilla/5.0 AppleWebKit/537.36 (KHTML, like Gecko; compatible; GPTBot/1.3; +https://openai.com/gptbot)"
74.7.241.15 - - [10/Mar/2026:05:53:34 -0700] "GET /wp-json/oembed/1.0/embed?url=http%3A%2F%2Falsahibalc.com%2F2026%2F02%2F19%2Foficialnyj-sajt-pinco-casino-6921-2%2F HTTP/1.1" 404 236 "http://alsahibalc.com/2026/02/19/oficialnyj-sajt-pinco-casino-6921-2/" "Mozilla/5.0 AppleWebKit/537.36 (KHTML, like Gecko; compatible; GPTBot/1.3; +https://openai.com/gptbot)"
74.7.241.15 - - [10/Mar/2026:05:53:40 -0700] "GET /wp-json/oembed/1.0/embed?url=http%3A%2F%2Falsahibalc.com%2F2026%2F01%2F28%2Foficialnyj-sajt-pinco-casino-4483-2%2F HTTP/1.1" 404 236 "http://alsahibalc.com/2026/01/28/oficialnyj-sajt-pinco-casino-4483-2/" "Mozilla/5.0 AppleWebKit/537.36 (KHTML, like Gecko; compatible; GPTBot/1.3; +https://openai.com/gptbot)"
74.7.241.15 - - [10/Mar/2026:05:53:43 -0700] "GET /wp-json/oembed/1.0/embed?url=http%3A%2F%2Falsahibalc.com%2F2026%2F01%2F28%2Foficialnyj-sajt-pinco-casino-9947-2%2F HTTP/1.1" 404 236 "http://alsahibalc.com/2026/01/28/oficialnyj-sajt-pinco-casino-9947-2/" "Mozilla/5.0 AppleWebKit/537.36 (KHTML, like Gecko; compatible; GPTBot/1.3; +https://openai.com/gptbot)"
74.7.241.15 - - [10/Mar/2026:05:53:49 -0700] "GET /wp-json/oembed/1.0/embed?url=http%3A%2F%2Falsahibalc.com%2F2026%2F02%2F26%2Fgates-of-olympus-slot-trkiye3298-3%2F HTTP/1.1" 404 236 "http://alsahibalc.com/2026/02/26/gates-of-olympus-slot-trkiye3298-3/" "Mozilla/5.0 AppleWebKit/537.36 (KHTML, like Gecko; compatible; GPTBot/1.3; +https://openai.com/gptbot)"
74.7.241.15 - - [10/Mar/2026:05:53:53 -0700] "GET /wp-json/oembed/1.0/embed?url=http%3A%2F%2Falsahibalc.com%2F2026%2F01%2F26%2Foficialnyj-sajt-pinco-casino-5525-2%2F HTTP/1.1" 404 236 "http://alsahibalc.com/2026/01/26/oficialnyj-sajt-pinco-casino-5525-2/" "Mozilla/5.0 AppleWebKit/537.36 (KHTML, like Gecko; compatible; GPTBot/1.3; +https://openai.com/gptbot)"
74.7.241.15 - - [10/Mar/2026:05:53:59 -0700] "GET /wp-json/oembed/1.0/embed?url=http%3A%2F%2Falsahibalc.com%2F2026%2F01%2F29%2Foficialnyj-sajt-pinco-casino-8879-2%2F HTTP/1.1" 404 236 "http://alsahibalc.com/2026/01/29/oficialnyj-sajt-pinco-casino-8879-2/" "Mozilla/5.0 AppleWebKit/537.36 (KHTML, like Gecko; compatible; GPTBot/1.3; +https://openai.com/gptbot)"
74.7.241.15 - - [10/Mar/2026:05:54:02 -0700] "GET /wp-json/oembed/1.0/embed?url=http%3A%2F%2Falsahibalc.com%2F2026%2F01%2F22%2Fonlajn-gama-casino-online-7582%2F HTTP/1.1" 404 236 "http://alsahibalc.com/2026/01/22/onlajn-gama-casino-online-7582/" "Mozilla/5.0 AppleWebKit/537.36 (KHTML, like Gecko; compatible; GPTBot/1.3; +https://openai.com/gptbot)"
74.7.241.15 - - [10/Mar/2026:05:54:09 -0700] "GET /wp-json/oembed/1.0/embed?url=http%3A%2F%2Falsahibalc.com%2F2026%2F01%2F21%2Fonlajn-gama-casino-online-8191%2F HTTP/1.1" 404 236 "http://alsahibalc.com/2026/01/21/onlajn-gama-casino-online-8191/" "Mozilla/5.0 AppleWebKit/537.36 (KHTML, like Gecko; compatible; GPTBot/1.3; +https://openai.com/gptbot)"
74.7.241.15 - - [10/Mar/2026:05:54:12 -0700] "GET /wp-json/oembed/1.0/embed?url=http%3A%2F%2Falsahibalc.com%2F2026%2F01%2F21%2Fonlajn-gama-casino-online-3382%2F HTTP/1.1" 404 236 "http://alsahibalc.com/2026/01/21/onlajn-gama-casino-online-3382/" "Mozilla/5.0 AppleWebKit/537.36 (KHTML, like Gecko; compatible; GPTBot/1.3; +https://openai.com/gptbot)"
74.7.241.15 - - [10/Mar/2026:05:54:15 -0700] "GET /wp-json/oembed/1.0/embed?url=http%3A%2F%2Falsahibalc.com%2F2026%2F01%2F21%2Fonlajn-gama-casino-online-4992%2F HTTP/1.1" 404 236 "http://alsahibalc.com/2026/01/21/onlajn-gama-casino-online-4992/" "Mozilla/5.0 AppleWebKit/537.36 (KHTML, like Gecko; compatible; GPTBot/1.3; +https://openai.com/gptbot)"
74.7.241.15 - - [10/Mar/2026:05:54:18 -0700] "GET /wp-json/oembed/1.0/embed?url=http%3A%2F%2Falsahibalc.com%2F2026%2F01%2F21%2Fonlajn-gama-casino-online-5325%2F HTTP/1.1" 404 236 "http://alsahibalc.com/2026/01/21/onlajn-gama-casino-online-5325/" "Mozilla/5.0 AppleWebKit/537.36 (KHTML, like Gecko; compatible; GPTBot/1.3; +https://openai.com/gptbot)"
185.191.171.14 - - [10/Mar/2026:05:54:21 -0700] "GET /2026/02/19/slot-777-ganhe-o-madame-destiny-megaways-150-rodadas-gratis-mega-jackpot-como-ate-250-rodadas-football-streak-aparelho-criancice-slot-por-bagarote-dado/ HTTP/1.1" 404 236 "-" "Mozilla/5.0 (compatible; SemrushBot/7~bl; +http://www.semrush.com/bot.html)"
74.7.241.15 - - [10/Mar/2026:05:54:28 -0700] "GET /wp-json/oembed/1.0/embed?url=http%3A%2F%2Falsahibalc.com%2F2025%2F02%2F02%2Fhow-to-play-baccarat-at-online-casinos%2F HTTP/1.1" 404 236 "http://alsahibalc.com/2025/02/02/how-to-play-baccarat-at-online-casinos/" "Mozilla/5.0 AppleWebKit/537.36 (KHTML, like Gecko; compatible; GPTBot/1.3; +https://openai.com/gptbot)"
74.7.241.15 - - [10/Mar/2026:05:54:34 -0700] "GET /wp-json/oembed/1.0/embed?format=xml&url=http%3A%2F%2Falsahibalc.com%2F2026%2F02%2F28%2Fkurznachricht-golden-quest-casino-spielsaal-einzahlung-teutonia-2025-retournieren-per-handyrechnung%2F HTTP/1.1" 404 236 "http://alsahibalc.com/2026/02/28/kurznachricht-golden-quest-casino-spielsaal-einzahlung-teutonia-2025-retournieren-per-handyrechnung/" "Mozilla/5.0 AppleWebKit/537.36 (KHTML, like Gecko; compatible; GPTBot/1.3; +https://openai.com/gptbot)"
74.7.241.15 - - [10/Mar/2026:05:54:37 -0700] "GET /wp-json/oembed/1.0/embed?url=http%3A%2F%2Falsahibalc.com%2F2026%2F02%2F19%2F100-casino-hot-seven-kr-gratis-casino-uten-gave-inne-i-norge%2F HTTP/1.1" 404 236 "http://alsahibalc.com/2026/02/19/100-casino-hot-seven-kr-gratis-casino-uten-gave-inne-i-norge/" "Mozilla/5.0 AppleWebKit/537.36 (KHTML, like Gecko; compatible; GPTBot/1.3; +https://openai.com/gptbot)"
74.7.241.15 - - [10/Mar/2026:05:54:44 -0700] "GET /wp-json/oembed/1.0/embed?url=http%3A%2F%2Falsahibalc.com%2F2026%2F02%2F11%2Fdunder-kasino-blackjack-erfahrungen-unlimluck-schweiz-app-groser-testbericht-2026%2F HTTP/1.1" 404 236 "http://alsahibalc.com/2026/02/11/dunder-kasino-blackjack-erfahrungen-unlimluck-schweiz-app-groser-testbericht-2026/" "Mozilla/5.0 AppleWebKit/537.36 (KHTML, like Gecko; compatible; GPTBot/1.3; +https://openai.com/gptbot)"
74.7.241.15 - - [10/Mar/2026:05:54:50 -0700] "GET /wp-json/oembed/1.0/embed?url=http%3A%2F%2Falsahibalc.com%2F2026%2F02%2F27%2Fdas-beste-angeschlossen-spielsaal-pramie-exklusive-einzahlung-katmandu-gold-gewinn-2026%2F HTTP/1.1" 404 236 "http://alsahibalc.com/2026/02/27/das-beste-angeschlossen-spielsaal-pramie-exklusive-einzahlung-katmandu-gold-gewinn-2026/" "Mozilla/5.0 AppleWebKit/537.36 (KHTML, like Gecko; compatible; GPTBot/1.3; +https://openai.com/gptbot)"
74.7.241.15 - - [10/Mar/2026:05:54:53 -0700] "GET /wp-json/oembed/1.0/embed?url=http%3A%2F%2Falsahibalc.com%2F2026%2F02%2F26%2Fpaypal-kasino-verkettete-liste-2026-traktandum-verbunden-casinos-uber-paypal-einzahlung%2F HTTP/1.1" 404 236 "http://alsahibalc.com/2026/02/26/paypal-kasino-verkettete-liste-2026-traktandum-verbunden-casinos-uber-paypal-einzahlung/" "Mozilla/5.0 AppleWebKit/537.36 (KHTML, like Gecko; compatible; GPTBot/1.3; +https://openai.com/gptbot)"
74.7.241.15 - - [10/Mar/2026:05:55:03 -0700] "GET /wp-json/oembed/1.0/embed?url=http%3A%2F%2Falsahibalc.com%2F2025%2F11%2F23%2Fbasaribet-casinoya-giri-resmi-siteye-kayt-225%2F HTTP/1.1" 404 236 "http://alsahibalc.com/2025/11/23/basaribet-casinoya-giri-resmi-siteye-kayt-225/" "Mozilla/5.0 AppleWebKit/537.36 (KHTML, like Gecko; compatible; GPTBot/1.3; +https://openai.com/gptbot)"
74.7.241.15 - - [10/Mar/2026:05:55:06 -0700] "GET /wp-json/oembed/1.0/embed?url=http%3A%2F%2Falsahibalc.com%2F2026%2F02%2F24%2Fcommon-beginner-mistakes-in-online-gambling-281%2F HTTP/1.1" 404 236 "http://alsahibalc.com/2026/02/24/common-beginner-mistakes-in-online-gambling-281/" "Mozilla/5.0 AppleWebKit/537.36 (KHTML, like Gecko; compatible; GPTBot/1.3; +https://openai.com/gptbot)"
221.111.209.1 - - [10/Mar/2026:05:55:07 -0700] "GET /wp-content/uploads/2018/02/corpor.png HTTP/1.1" 200 2933 "-" "Python/3.13 aiohttp/3.13.1"
221.110.152.1 - - [10/Mar/2026:05:55:07 -0700] "GET /wp-content/uploads/2018/02/civil.png HTTP/1.1" 200 1070 "-" "Python/3.13 aiohttp/3.13.1"
221.111.209.1 - - [10/Mar/2026:05:55:07 -0700] "GET /wp-content/uploads/2018/02/transaction.png HTTP/1.1" 200 1808 "-" "Python/3.13 aiohttp/3.13.1"
221.110.152.1 - - [10/Mar/2026:05:55:07 -0700] "GET /wp-content/uploads/2018/02/market.png HTTP/1.1" 200 1753 "-" "Python/3.13 aiohttp/3.13.1"
221.111.209.1 - - [10/Mar/2026:05:55:07 -0700] "GET /wp-content/uploads/2018/02/bank.png HTTP/1.1" 200 2477 "-" "Python/3.13 aiohttp/3.13.1"
221.110.152.1 - - [10/Mar/2026:05:55:07 -0700] "GET /wp-content/uploads/2018/02/property.png HTTP/1.1" 200 2553 "-" "Python/3.13 aiohttp/3.13.1"
221.111.209.1 - - [10/Mar/2026:05:55:08 -0700] "GET /wp-content/uploads/2018/02/tax.png HTTP/1.1" 200 3827 "-" "Python/3.13 aiohttp/3.13.1"
74.7.241.15 - - [10/Mar/2026:05:55:09 -0700] "GET /wp-json/oembed/1.0/embed?url=http%3A%2F%2Falsahibalc.com%2F2026%2F01%2F31%2Fonline-pokies-australia-a-selection-slots-825%2F HTTP/1.1" 404 236 "http://alsahibalc.com/2026/01/31/online-pokies-australia-a-selection-slots-825/" "Mozilla/5.0 AppleWebKit/537.36 (KHTML, like Gecko; compatible; GPTBot/1.3; +https://openai.com/gptbot)"
85.208.96.205 - - [10/Mar/2026:05:55:10 -0700] "GET /2026/01/25/5gringos/ HTTP/1.1" 404 236 "-" "Mozilla/5.0 (compatible; SemrushBot/7~bl; +http://www.semrush.com/bot.html)"
74.7.241.15 - - [10/Mar/2026:05:55:13 -0700] "GET /wp-json/oembed/1.0/embed?url=http%3A%2F%2Falsahibalc.com%2F2025%2F11%2F22%2Fwinspirit-online-casino-australia-bonuses-and-624%2F HTTP/1.1" 404 236 "http://alsahibalc.com/2025/11/22/winspirit-online-casino-australia-bonuses-and-624/" "Mozilla/5.0 AppleWebKit/537.36 (KHTML, like Gecko; compatible; GPTBot/1.3; +https://openai.com/gptbot)"
74.7.241.15 - - [10/Mar/2026:05:55:22 -0700] "GET /wp-json/oembed/1.0/embed?url=http%3A%2F%2Falsahibalc.com%2F2026%2F02%2F25%2Ffinest-real-money-slots-on-the-internet-usa-greatest-online-slots-to-have-2026%2F HTTP/1.1" 404 236 "http://alsahibalc.com/2026/02/25/finest-real-money-slots-on-the-internet-usa-greatest-online-slots-to-have-2026/" "Mozilla/5.0 AppleWebKit/537.36 (KHTML, like Gecko; compatible; GPTBot/1.3; +https://openai.com/gptbot)"
74.7.241.15 - - [10/Mar/2026:05:55:25 -0700] "GET /wp-json/oembed/1.0/embed?url=http%3A%2F%2Falsahibalc.com%2F2026%2F02%2F25%2Fgreatest-a-real-income-on-line-pokies-to-own-aussies-inside-the-january-2026%2F HTTP/1.1" 404 236 "http://alsahibalc.com/2026/02/25/greatest-a-real-income-on-line-pokies-to-own-aussies-inside-the-january-2026/" "Mozilla/5.0 AppleWebKit/537.36 (KHTML, like Gecko; compatible; GPTBot/1.3; +https://openai.com/gptbot)"
74.7.241.15 - - [10/Mar/2026:05:55:28 -0700] "GET /wp-json/oembed/1.0/embed?url=http%3A%2F%2Falsahibalc.com%2F2026%2F02%2F18%2Ffinest-all-of-us-internet-casino-bonuses-finest-now-offers-for-2026%2F HTTP/1.1" 404 236 "http://alsahibalc.com/2026/02/18/finest-all-of-us-internet-casino-bonuses-finest-now-offers-for-2026/" "Mozilla/5.0 AppleWebKit/537.36 (KHTML, like Gecko; compatible; GPTBot/1.3; +https://openai.com/gptbot)"
74.7.241.15 - - [10/Mar/2026:05:55:31 -0700] "GET /wp-json/oembed/1.0/embed?url=http%3A%2F%2Falsahibalc.com%2F2026%2F02%2F07%2Fbest-a-real-income-web-based-casinos-and-gambling-websites-inside-the-2026%2F HTTP/1.1" 404 236 "http://alsahibalc.com/2026/02/07/best-a-real-income-web-based-casinos-and-gambling-websites-inside-the-2026/" "Mozilla/5.0 AppleWebKit/537.36 (KHTML, like Gecko; compatible; GPTBot/1.3; +https://openai.com/gptbot)"
185.191.171.15 - - [10/Mar/2026:05:55:32 -0700] "GET /2026/02/12/desata-la-adrenalina-y-la-fortuna-tu-proxima/ HTTP/1.1" 404 236 "-" "Mozilla/5.0 (compatible; SemrushBot/7~bl; +http://www.semrush.com/bot.html)"
74.7.241.15 - - [10/Mar/2026:05:55:35 -0700] "GET /wp-json/oembed/1.0/embed?url=http%3A%2F%2Falsahibalc.com%2F2026%2F02%2F19%2F20-greatest-online-casinos-in-australia-the-real-deal-cash-in-2026%2F HTTP/1.1" 404 236 "http://alsahibalc.com/2026/02/19/20-greatest-online-casinos-in-australia-the-real-deal-cash-in-2026/" "Mozilla/5.0 AppleWebKit/537.36 (KHTML, like Gecko; compatible; GPTBot/1.3; +https://openai.com/gptbot)"
74.7.241.15 - - [10/Mar/2026:05:55:38 -0700] "GET /wp-json/oembed/1.0/embed?url=http%3A%2F%2Falsahibalc.com%2F2026%2F02%2F10%2Fdead-or-live-2-slot-remark-enjoy-totally-slots-online-win-real-money-free-trial-2026%2F HTTP/1.1" 404 236 "http://alsahibalc.com/2026/02/10/dead-or-live-2-slot-remark-enjoy-totally-slots-online-win-real-money-free-trial-2026/" "Mozilla/5.0 AppleWebKit/537.36 (KHTML, like Gecko; compatible; GPTBot/1.3; +https://openai.com/gptbot)"
74.7.241.15 - - [10/Mar/2026:05:55:41 -0700] "GET /wp-json/oembed/1.0/embed?url=http%3A%2F%2Falsahibalc.com%2F2026%2F02%2F27%2Fthe-newest-no-deposit-added-bonus-allege-fresh-casino-also-offers-step-1-2026%2F HTTP/1.1" 404 236 "http://alsahibalc.com/2026/02/27/the-newest-no-deposit-added-bonus-allege-fresh-casino-also-offers-step-1-2026/" "Mozilla/5.0 AppleWebKit/537.36 (KHTML, like Gecko; compatible; GPTBot/1.3; +https://openai.com/gptbot)"
74.7.241.15 - - [10/Mar/2026:05:55:44 -0700] "GET /wp-json/oembed/1.0/embed?url=http%3A%2F%2Falsahibalc.com%2F2026%2F02%2F07%2Fbest-online-casinos-for-real-money-in-the-newest-you-s-inside-the-january-2026%2F HTTP/1.1" 404 236 "http://alsahibalc.com/2026/02/07/best-online-casinos-for-real-money-in-the-newest-you-s-inside-the-january-2026/" "Mozilla/5.0 AppleWebKit/537.36 (KHTML, like Gecko; compatible; GPTBot/1.3; +https://openai.com/gptbot)"
74.7.241.15 - - [10/Mar/2026:05:55:47 -0700] "GET /wp-json/oembed/1.0/embed?format=xml&url=http%3A%2F%2Falsahibalc.com%2F2026%2F02%2F06%2Fdr-wager-reviews-read-customer-support-recommendations-of-dr-choice-2-out-of-pixies-of-the-forest-ii-22%2F HTTP/1.1" 404 236 "http://alsahibalc.com/2026/02/06/dr-wager-reviews-read-customer-support-recommendations-of-dr-choice-2-out-of-pixies-of-the-forest-ii-22/" "Mozilla/5.0 AppleWebKit/537.36 (KHTML, like Gecko; compatible; GPTBot/1.3; +https://openai.com/gptbot)"
74.7.241.15 - - [10/Mar/2026:05:55:53 -0700] "GET /wp-json/oembed/1.0/embed?url=http%3A%2F%2Falsahibalc.com%2F2026%2F02%2F27%2Fobjective-aztec-gold-appreciate-slot-video-game-remark-to-have-on-the-internet-professionals%2F HTTP/1.1" 404 236 "http://alsahibalc.com/2026/02/27/objective-aztec-gold-appreciate-slot-video-game-remark-to-have-on-the-internet-professionals/" "Mozilla/5.0 AppleWebKit/537.36 (KHTML, like Gecko; compatible; GPTBot/1.3; +https://openai.com/gptbot)"
74.7.241.15 - - [10/Mar/2026:05:55:56 -0700] "GET /wp-json/oembed/1.0/embed?url=http%3A%2F%2Falsahibalc.com%2F2026%2F02%2F09%2Futlandska-casino-med-bankid-och-snabba-53%2F HTTP/1.1" 404 236 "http://alsahibalc.com/2026/02/09/utlandska-casino-med-bankid-och-snabba-53/" "Mozilla/5.0 AppleWebKit/537.36 (KHTML, like Gecko; compatible; GPTBot/1.3; +https://openai.com/gptbot)"
74.7.241.15 - - [10/Mar/2026:05:56:00 -0700] "GET /wp-json/oembed/1.0/embed?url=http%3A%2F%2Falsahibalc.com%2F2026%2F01%2F30%2Fup-x-onlain-kazino-registraciia-i-vxod39%2F HTTP/1.1" 404 236 "http://alsahibalc.com/2026/01/30/up-x-onlain-kazino-registraciia-i-vxod39/" "Mozilla/5.0 AppleWebKit/537.36 (KHTML, like Gecko; compatible; GPTBot/1.3; +https://openai.com/gptbot)"
74.7.241.15 - - [10/Mar/2026:05:56:03 -0700] "GET /wp-json/oembed/1.0/embed?url=http%3A%2F%2Falsahibalc.com%2F2026%2F02%2F18%2Fmega-casino-your-premier-online-gaming-6%2F HTTP/1.1" 404 236 "http://alsahibalc.com/2026/02/18/mega-casino-your-premier-online-gaming-6/" "Mozilla/5.0 AppleWebKit/537.36 (KHTML, like Gecko; compatible; GPTBot/1.3; +https://openai.com/gptbot)"
185.191.171.1 - - [10/Mar/2026:05:56:04 -0700] "GET /2026/01/19/przewodnik-po-wyplatach-w-skyrainbet-casino-krok-po-kroku/ HTTP/1.1" 404 236 "-" "Mozilla/5.0 (compatible; SemrushBot/7~bl; +http://www.semrush.com/bot.html)"
74.7.241.15 - - [10/Mar/2026:05:56:06 -0700] "GET /wp-json/oembed/1.0/embed?url=http%3A%2F%2Falsahibalc.com%2F2026%2F01%2F30%2Ftop-rejting-kazino-s-obektivnoj-ocenkoj-65%2F HTTP/1.1" 404 236 "http://alsahibalc.com/2026/01/30/top-rejting-kazino-s-obektivnoj-ocenkoj-65/" "Mozilla/5.0 AppleWebKit/537.36 (KHTML, like Gecko; compatible; GPTBot/1.3; +https://openai.com/gptbot)"
74.7.241.15 - - [10/Mar/2026:05:56:09 -0700] "GET /wp-json/oembed/1.0/embed?url=http%3A%2F%2Falsahibalc.com%2F2026%2F02%2F07%2Felevate-your-play-experience-top-tier-5%2F HTTP/1.1" 404 236 "http://alsahibalc.com/2026/02/07/elevate-your-play-experience-top-tier-5/" "Mozilla/5.0 AppleWebKit/537.36 (KHTML, like Gecko; compatible; GPTBot/1.3; +https://openai.com/gptbot)"
74.7.241.15 - - [10/Mar/2026:05:56:13 -0700] "GET /wp-json/oembed/1.0/embed?url=http%3A%2F%2Falsahibalc.com%2F2026%2F03%2F02%2F7k-kazino-oficialnyj-sajt-dostup-k-bonusam%2F HTTP/1.1" 404 236 "http://alsahibalc.com/2026/03/02/7k-kazino-oficialnyj-sajt-dostup-k-bonusam/" "Mozilla/5.0 AppleWebKit/537.36 (KHTML, like Gecko; compatible; GPTBot/1.3; +https://openai.com/gptbot)"
74.7.241.15 - - [10/Mar/2026:05:56:16 -0700] "GET /wp-json/oembed/1.0/embed?url=http%3A%2F%2Falsahibalc.com%2F2026%2F02%2F25%2Flaki-world-kazino-vhod-rabochie-sposoby-17%2F HTTP/1.1" 404 236 "http://alsahibalc.com/2026/02/25/laki-world-kazino-vhod-rabochie-sposoby-17/" "Mozilla/5.0 AppleWebKit/537.36 (KHTML, like Gecko; compatible; GPTBot/1.3; +https://openai.com/gptbot)"
74.7.241.15 - - [10/Mar/2026:05:56:22 -0700] "GET /wp-json/oembed/1.0/embed?url=http%3A%2F%2Falsahibalc.com%2F2026%2F01%2F29%2Fvodka-casino-rabochee-zerkalo-segodnja-s-2%2F HTTP/1.1" 404 236 "http://alsahibalc.com/2026/01/29/vodka-casino-rabochee-zerkalo-segodnja-s-2/" "Mozilla/5.0 AppleWebKit/537.36 (KHTML, like Gecko; compatible; GPTBot/1.3; +https://openai.com/gptbot)"
74.7.241.15 - - [10/Mar/2026:05:56:28 -0700] "GET /wp-json/oembed/1.0/embed?url=http%3A%2F%2Falsahibalc.com%2F2026%2F01%2F22%2Ferezd-az-adrenalint-a-chicken-road-2-kaszinojatek%2F HTTP/1.1" 404 236 "http://alsahibalc.com/2026/01/22/erezd-az-adrenalint-a-chicken-road-2-kaszinojatek/" "Mozilla/5.0 AppleWebKit/537.36 (KHTML, like Gecko; compatible; GPTBot/1.3; +https://openai.com/gptbot)"
74.7.241.15 - - [10/Mar/2026:05:56:32 -0700] "GET /wp-json/oembed/1.0/embed?url=http%3A%2F%2Falsahibalc.com%2F2026%2F01%2F26%2Fadrenalin-pur-beim-huhnerlauf-chicken-road-dein-2%2F HTTP/1.1" 404 236 "http://alsahibalc.com/2026/01/26/adrenalin-pur-beim-huhnerlauf-chicken-road-dein-2/" "Mozilla/5.0 AppleWebKit/537.36 (KHTML, like Gecko; compatible; GPTBot/1.3; +https://openai.com/gptbot)"
74.7.241.15 - - [10/Mar/2026:05:56:35 -0700] "GET /wp-json/oembed/1.0/embed?url=http%3A%2F%2Falsahibalc.com%2F2026%2F01%2F26%2Fmastering-financial-management-in-gambling-5%2F HTTP/1.1" 404 236 "http://alsahibalc.com/2026/01/26/mastering-financial-management-in-gambling-5/" "Mozilla/5.0 AppleWebKit/537.36 (KHTML, like Gecko; compatible; GPTBot/1.3; +https://openai.com/gptbot)"
185.191.171.17 - - [10/Mar/2026:05:56:37 -0700] "GET /2025/09/25/tryst-hyperlink-usa-discover-independent-escorts-19705/ HTTP/1.1" 404 236 "-" "Mozilla/5.0 (compatible; SemrushBot/7~bl; +http://www.semrush.com/bot.html)"
74.7.241.15 - - [10/Mar/2026:05:56:41 -0700] "GET /wp-json/oembed/1.0/embed?url=http%3A%2F%2Falsahibalc.com%2F2026%2F02%2F11%2Fstigningen-i-mobil-spil-i-casinoindustrien-11%2F HTTP/1.1" 404 236 "http://alsahibalc.com/2026/02/11/stigningen-i-mobil-spil-i-casinoindustrien-11/" "Mozilla/5.0 AppleWebKit/537.36 (KHTML, like Gecko; compatible; GPTBot/1.3; +https://openai.com/gptbot)"
74.7.241.15 - - [10/Mar/2026:05:56:44 -0700] "GET /wp-json/oembed/1.0/embed?url=http%3A%2F%2Falsahibalc.com%2F2026%2F02%2F24%2Fpara-yatrmadan-deneme-bonusu-veren-sitelerle-73%2F HTTP/1.1" 404 236 "http://alsahibalc.com/2026/02/24/para-yatrmadan-deneme-bonusu-veren-sitelerle-73/" "Mozilla/5.0 AppleWebKit/537.36 (KHTML, like Gecko; compatible; GPTBot/1.3; +https://openai.com/gptbot)"
74.7.241.15 - - [10/Mar/2026:05:56:53 -0700] "GET /wp-json/oembed/1.0/embed?url=http%3A%2F%2Falsahibalc.com%2F2025%2F07%2F08%2Fspielerlebnisse-neu-definiert-nine-casino-5-als%2F HTTP/1.1" 429 17 "http://alsahibalc.com/2025/07/08/spielerlebnisse-neu-definiert-nine-casino-5-als/" "Mozilla/5.0 AppleWebKit/537.36 (KHTML, like Gecko; compatible; GPTBot/1.3; +https://openai.com/gptbot)"
173.247.246.132 - - [10/Mar/2026:05:57:07 -0700] "POST /wp-cron.php?doing_wp_cron=1773147427.2024409770965576171875 HTTP/1.1" 200 - "-" "WordPress/6.6.4; http://alsahibalc.com"
46.151.198.15 - - [10/Mar/2026:05:57:06 -0700] "POST /xmlrpc.php HTTP/1.1" 200 365446 "-" "Mozilla/5.0 (Windows NT 10.0; Win64; x64) AppleWebKit/537.36 (KHTML, like Gecko) Chrome/140.0.0.0 Safari/537.36"
46.151.198.15 - - [10/Mar/2026:05:57:10 -0700] "POST /xmlrpc.php HTTP/1.1" 200 180 "-" "Mozilla/5.0 (Windows NT 10.0; Win64; x64) AppleWebKit/537.36 (KHTML, like Gecko) Chrome/140.0.0.0 Safari/537.36"
46.151.198.15 - - [10/Mar/2026:05:57:12 -0700] "POST /xmlrpc.php HTTP/1.1" 200 10445 "-" "Mozilla/5.0 (Windows NT 10.0; Win64; x64) AppleWebKit/537.36 (KHTML, like Gecko) Chrome/140.0.0.0 Safari/537.36"
173.247.246.132 - - [10/Mar/2026:05:57:13 -0700] "POST /wp-cron.php?doing_wp_cron=1773147433.1025049686431884765625 HTTP/1.1" 200 - "-" "WordPress/6.6.4; http://alsahibalc.com"
74.7.241.15 - - [10/Mar/2026:05:57:16 -0700] "GET /wp-json/oembed/1.0/embed?url=http%3A%2F%2Falsahibalc.com%2F2026%2F01%2F16%2Falternativen-zu-chatroulette-die-three-besten-13%2F HTTP/1.1" 404 236 "http://alsahibalc.com/2026/01/16/alternativen-zu-chatroulette-die-three-besten-13/" "Mozilla/5.0 AppleWebKit/537.36 (KHTML, like Gecko; compatible; GPTBot/1.3; +https://openai.com/gptbot)"
85.208.96.209 - - [10/Mar/2026:05:57:24 -0700] "GET /2026/01/30/chicken-road-online-casino-slot-where-chickens-180/ HTTP/1.1" 404 236 "-" "Mozilla/5.0 (compatible; SemrushBot/7~bl; +http://www.semrush.com/bot.html)"
74.7.241.15 - - [10/Mar/2026:05:57:25 -0700] "GET /wp-json/oembed/1.0/embed?url=http%3A%2F%2Falsahibalc.com%2F2026%2F01%2F22%2Fchatroulette-omegle-bazoocam-il-check-delle-24%2F HTTP/1.1" 404 236 "http://alsahibalc.com/2026/01/22/chatroulette-omegle-bazoocam-il-check-delle-24/" "Mozilla/5.0 AppleWebKit/537.36 (KHTML, like Gecko; compatible; GPTBot/1.3; +https://openai.com/gptbot)"
185.191.171.13 - - [10/Mar/2026:05:57:28 -0700] "GET /2026/02/08/kody-bonusowe-w-polskich-kasynach-nasze-panstwo-propozycja-przy-2025/ HTTP/1.1" 404 236 "-" "Mozilla/5.0 (compatible; SemrushBot/7~bl; +http://www.semrush.com/bot.html)"
74.7.241.15 - - [10/Mar/2026:05:57:35 -0700] "GET /wp-json/oembed/1.0/embed?url=http%3A%2F%2Falsahibalc.com%2F2026%2F02%2F11%2Fslotbey-sitesi-hesap-acma-rehberi-guncel-balant-3%2F HTTP/1.1" 404 236 "http://alsahibalc.com/2026/02/11/slotbey-sitesi-hesap-acma-rehberi-guncel-balant-3/" "Mozilla/5.0 AppleWebKit/537.36 (KHTML, like Gecko; compatible; GPTBot/1.3; +https://openai.com/gptbot)"
74.7.241.15 - - [10/Mar/2026:05:57:44 -0700] "GET /wp-json/oembed/1.0/embed?url=http%3A%2F%2Falsahibalc.com%2F2026%2F01%2F28%2Fgoldene-chancen-winken-spinogambino-casino-2%2F HTTP/1.1" 404 236 "http://alsahibalc.com/2026/01/28/goldene-chancen-winken-spinogambino-casino-2/" "Mozilla/5.0 AppleWebKit/537.36 (KHTML, like Gecko; compatible; GPTBot/1.3; +https://openai.com/gptbot)"
85.208.96.212 - - [10/Mar/2026:05:57:45 -0700] "GET /2026/01/04/diepaphe-khreste-sto-duckysino-casino-mia-sugkrise-me-antagonistes/ HTTP/1.1" 404 236 "-" "Mozilla/5.0 (compatible; SemrushBot/7~bl; +http://www.semrush.com/bot.html)"
51.161.37.217 - - [10/Mar/2026:05:57:48 -0700] "GET /author/user/page/79/ HTTP/1.1" 404 236 "-" "Mozilla/5.0 (compatible; AhrefsBot/7.0; +http://ahrefs.com/robot/)"
191.102.178.171 - - [10/Mar/2026:05:57:52 -0700] "GET /2026/02/09/quel-est-le-meilleur-casino-en-ligne-au-belgique-3/ HTTP/1.1" 404 236 "http://alsahibalc.com/" "Mozilla/5.0 (Windows NT 10.0) AppleWebKit/537.36 (KHTML, like Gecko) Chrome/114.0.0.0 Safari/537.36"
191.102.178.171 - - [10/Mar/2026:05:57:52 -0700] "GET / HTTP/1.1" 200 9495 "-" "Mozilla/5.0 (Windows NT 10.0) AppleWebKit/537.36 (KHTML, like Gecko) Chrome/114.0.0.0 Safari/537.36"
191.102.178.171 - - [10/Mar/2026:05:57:57 -0700] "GET /readme.html HTTP/1.1" 200 7409 "http://alsahibalc.com" "Mozilla/5.0 (Windows NT 10.0) AppleWebKit/537.36 (KHTML, like Gecko) Chrome/114.0.0.0 Safari/537.36"
74.7.241.15 - - [10/Mar/2026:05:58:03 -0700] "GET /wp-json/oembed/1.0/embed?url=http%3A%2F%2Falsahibalc.com%2F2026%2F01%2F21%2Flart-de-parier-reinvente-explorez-lunivers-2%2F HTTP/1.1" 404 236 "http://alsahibalc.com/2026/01/21/lart-de-parier-reinvente-explorez-lunivers-2/" "Mozilla/5.0 AppleWebKit/537.36 (KHTML, like Gecko; compatible; GPTBot/1.3; +https://openai.com/gptbot)"
74.7.241.15 - - [10/Mar/2026:05:58:13 -0700] "GET /wp-json/oembed/1.0/embed?url=http%3A%2F%2Falsahibalc.com%2F2026%2F01%2F28%2Felegance-ludique-et-gains-instantanes-avec-2%2F HTTP/1.1" 404 236 "http://alsahibalc.com/2026/01/28/elegance-ludique-et-gains-instantanes-avec-2/" "Mozilla/5.0 AppleWebKit/537.36 (KHTML, like Gecko; compatible; GPTBot/1.3; +https://openai.com/gptbot)"
74.7.241.15 - - [10/Mar/2026:05:58:22 -0700] "GET /wp-json/oembed/1.0/embed?url=http%3A%2F%2Falsahibalc.com%2F2026%2F02%2F11%2Fgouden-kansen-wachten-navigeer-de-spannende-3%2F HTTP/1.1" 404 236 "http://alsahibalc.com/2026/02/11/gouden-kansen-wachten-navigeer-de-spannende-3/" "Mozilla/5.0 AppleWebKit/537.36 (KHTML, like Gecko; compatible; GPTBot/1.3; +https://openai.com/gptbot)"
85.208.96.198 - - [10/Mar/2026:05:58:31 -0700] "GET /2026/01/28/grijp-eur500-welkomstbonus-jouw-toegang-tot-spannende/ HTTP/1.1" 404 236 "-" "Mozilla/5.0 (compatible; SemrushBot/7~bl; +http://www.semrush.com/bot.html)"
74.7.241.15 - - [10/Mar/2026:05:58:51 -0700] "GET /wp-json/oembed/1.0/embed?url=http%3A%2F%2Falsahibalc.com%2F2026%2F02%2F11%2Fcasinos-internacionales-online-ranking-segn-186%2F HTTP/1.1" 404 236 "http://alsahibalc.com/2026/02/11/casinos-internacionales-online-ranking-segn-186/" "Mozilla/5.0 AppleWebKit/537.36 (KHTML, like Gecko; compatible; GPTBot/1.3; +https://openai.com/gptbot)"
107.178.192.193 - - [10/Mar/2026:05:59:05 -0700] "GET /2026/03/10/oficialnyj-sajt-kazino-dzhetton-jetton-skachat/ HTTP/1.1" 404 236 "-" "Mozilla/5.0 (compatible; Google-Apps-Script; beanserver; +https://script.google.com; id: UAEmdDd_hso_N0cab8keDJrVQVD5oVyqwYWY)"
74.7.241.15 - - [10/Mar/2026:05:59:09 -0700] "GET /wp-json/oembed/1.0/embed?url=http%3A%2F%2Falsahibalc.com%2F2026%2F01%2F14%2Funderstanding-trenbolone-acetate-100-dosage%2F HTTP/1.1" 404 236 "http://alsahibalc.com/2026/01/14/understanding-trenbolone-acetate-100-dosage/" "Mozilla/5.0 AppleWebKit/537.36 (KHTML, like Gecko; compatible; GPTBot/1.3; +https://openai.com/gptbot)"
85.208.96.212 - - [10/Mar/2026:05:59:19 -0700] "GET /2026/02/19/vse-kazino-onlajn-s-licenziej-proverennoj-16/ HTTP/1.1" 404 236 "-" "Mozilla/5.0 (compatible; SemrushBot/7~bl; +http://www.semrush.com/bot.html)"
74.7.241.15 - - [10/Mar/2026:05:59:19 -0700] "GET /wp-json/oembed/1.0/embed?url=http%3A%2F%2Falsahibalc.com%2F2026%2F02%2F11%2Fiwin-vit-nam-nn-tng-gii-tr-trc-tuyn-1538-2%2F HTTP/1.1" 404 236 "http://alsahibalc.com/2026/02/11/iwin-vit-nam-nn-tng-gii-tr-trc-tuyn-1538-2/" "Mozilla/5.0 AppleWebKit/537.36 (KHTML, like Gecko; compatible; GPTBot/1.3; +https://openai.com/gptbot)"
85.208.96.200 - - [10/Mar/2026:05:59:31 -0700] "GET /2026/01/27/spelen-met-echt-geld-bij-bigpirate-casino/ HTTP/1.1" 404 236 "-" "Mozilla/5.0 (compatible; SemrushBot/7~bl; +http://www.semrush.com/bot.html)"
74.7.241.15 - - [10/Mar/2026:05:59:39 -0700] "GET /wp-json/oembed/1.0/embed?url=http%3A%2F%2Falsahibalc.com%2F2026%2F01%2F28%2Fsensaciones-vibrantes-y-premios-instantaneos-2%2F HTTP/1.1" 404 236 "http://alsahibalc.com/2026/01/28/sensaciones-vibrantes-y-premios-instantaneos-2/" "Mozilla/5.0 AppleWebKit/537.36 (KHTML, like Gecko; compatible; GPTBot/1.3; +https://openai.com/gptbot)"
74.7.241.15 - - [10/Mar/2026:05:59:48 -0700] "GET /wp-json/oembed/1.0/embed?url=http%3A%2F%2Falsahibalc.com%2F2026%2F02%2F10%2Fmastering-financial-management-strategies-in-2%2F HTTP/1.1" 404 236 "http://alsahibalc.com/2026/02/10/mastering-financial-management-strategies-in-2/" "Mozilla/5.0 AppleWebKit/537.36 (KHTML, like Gecko; compatible; GPTBot/1.3; +https://openai.com/gptbot)"
74.7.241.15 - - [10/Mar/2026:05:59:58 -0700] "GET /wp-json/oembed/1.0/embed?url=http%3A%2F%2Falsahibalc.com%2F2026%2F02%2F18%2F82-casinos-probados-joviales-dinero-conveniente%2F HTTP/1.1" 404 236 "http://alsahibalc.com/2026/02/18/82-casinos-probados-joviales-dinero-conveniente/" "Mozilla/5.0 AppleWebKit/537.36 (KHTML, like Gecko; compatible; GPTBot/1.3; +https://openai.com/gptbot)"
74.7.241.15 - - [10/Mar/2026:06:00:17 -0700] "GET /wp-json/oembed/1.0/embed?url=http%3A%2F%2Falsahibalc.com%2F2026%2F01%2F21%2Fgairahkan-permainanmu-rasakan-kegembiraan-tanpa-2%2F HTTP/1.1" 404 236 "http://alsahibalc.com/2026/01/21/gairahkan-permainanmu-rasakan-kegembiraan-tanpa-2/" "Mozilla/5.0 AppleWebKit/537.36 (KHTML, like Gecko; compatible; GPTBot/1.3; +https://openai.com/gptbot)"
85.208.96.195 - - [10/Mar/2026:06:00:20 -0700] "GET /2026/02/11/casinos-unter-einsatz-von-freispielen-exklusive-einzahlung-inoffizieller-mitarbeiter-erster-monat-des-supernova-1-kaution-jahres-2026/ HTTP/1.1" 404 236 "-" "Mozilla/5.0 (compatible; SemrushBot/7~bl; +http://www.semrush.com/bot.html)"
185.191.171.4 - - [10/Mar/2026:06:00:23 -0700] "GET /2026/02/12/atenie-pasionatilor-de-senzaii-tari-gsete/ HTTP/1.1" 404 236 "-" "Mozilla/5.0 (compatible; SemrushBot/7~bl; +http://www.semrush.com/bot.html)"
74.7.241.15 - - [10/Mar/2026:06:00:26 -0700] "GET /wp-json/oembed/1.0/embed?url=http%3A%2F%2Falsahibalc.com%2F2026%2F02%2F07%2Fknow-how-to-enjoy-5-dragons-super%2F HTTP/1.1" 404 236 "http://alsahibalc.com/2026/02/07/know-how-to-enjoy-5-dragons-super/" "Mozilla/5.0 AppleWebKit/537.36 (KHTML, like Gecko; compatible; GPTBot/1.3; +https://openai.com/gptbot)"
142.44.220.41 - - [10/Mar/2026:06:00:30 -0700] "GET /category/post/page/34/ HTTP/1.1" 404 236 "-" "Mozilla/5.0 (compatible; AhrefsBot/7.0; +http://ahrefs.com/robot/)"
74.7.241.15 - - [10/Mar/2026:06:00:46 -0700] "GET /wp-json/oembed/1.0/embed?url=http%3A%2F%2Falsahibalc.com%2F2026%2F01%2F23%2Ffair-go-casino-50-free-spins%2F HTTP/1.1" 404 236 "http://alsahibalc.com/2026/01/23/fair-go-casino-50-free-spins/" "Mozilla/5.0 AppleWebKit/537.36 (KHTML, like Gecko; compatible; GPTBot/1.3; +https://openai.com/gptbot)"
74.7.241.15 - - [10/Mar/2026:06:01:14 -0700] "GET /wp-json/oembed/1.0/embed?url=http%3A%2F%2Falsahibalc.com%2F2026%2F03%2F02%2Fbonus-putaran-gratis-100-persen-terbaik-2026-tanpa-bonus-playfortuna-deposit-perusahaan-perjudian-inggris%2F HTTP/1.1" 404 236 "http://alsahibalc.com/2026/03/02/bonus-putaran-gratis-100-persen-terbaik-2026-tanpa-bonus-playfortuna-deposit-perusahaan-perjudian-inggris/" "Mozilla/5.0 AppleWebKit/537.36 (KHTML, like Gecko; compatible; GPTBot/1.3; +https://openai.com/gptbot)"
74.7.241.15 - - [10/Mar/2026:06:01:24 -0700] "GET /wp-json/oembed/1.0/embed?url=http%3A%2F%2Falsahibalc.com%2F2026%2F02%2F27%2Fno-deposit-gambling-enterprise-bonuses-newest-incentive-requirements-offers-2026%2F HTTP/1.1" 404 236 "http://alsahibalc.com/2026/02/27/no-deposit-gambling-enterprise-bonuses-newest-incentive-requirements-offers-2026/" "Mozilla/5.0 AppleWebKit/537.36 (KHTML, like Gecko; compatible; GPTBot/1.3; +https://openai.com/gptbot)"
142.44.220.71 - - [10/Mar/2026:06:01:25 -0700] "GET /category/post/page/2/ HTTP/1.1" 404 236 "-" "Mozilla/5.0 (compatible; AhrefsBot/7.0; +http://ahrefs.com/robot/)"
74.7.241.15 - - [10/Mar/2026:06:01:33 -0700] "GET /wp-json/oembed/1.0/embed?url=http%3A%2F%2Falsahibalc.com%2F2026%2F02%2F10%2Fa-emocao-do-tigre-ao-seu-alcance-experimente-a-12%2F HTTP/1.1" 404 236 "http://alsahibalc.com/2026/02/10/a-emocao-do-tigre-ao-seu-alcance-experimente-a-12/" "Mozilla/5.0 AppleWebKit/537.36 (KHTML, like Gecko; compatible; GPTBot/1.3; +https://openai.com/gptbot)"
74.7.241.15 - - [10/Mar/2026:06:01:42 -0700] "GET /2026/02/26/exploring-the-benefits-of-online-vs-offline/%3Cdiv%20class=%22video-container%22%3E%3Ciframe%20src=%22https:/cdn.pixabay.com/video/2018/05/20/16314-271033539_medium.mp4%22%20frameborder=%220%22%20allowfullscreen%3E%3C/iframe%3E%3C/div%3E HTTP/1.1" 406 300 "http://alsahibalc.com/2026/02/26/exploring-the-benefits-of-online-vs-offline/" "Mozilla/5.0 AppleWebKit/537.36 (KHTML, like Gecko; compatible; GPTBot/1.3; +https://openai.com/gptbot)"
74.7.241.15 - - [10/Mar/2026:06:01:52 -0700] "GET /wp-json/oembed/1.0/embed?url=http%3A%2F%2Falsahibalc.com%2F2026%2F02%2F09%2Fwolf-focus-on-ports%2F HTTP/1.1" 404 236 "http://alsahibalc.com/2026/02/09/wolf-focus-on-ports/" "Mozilla/5.0 AppleWebKit/537.36 (KHTML, like Gecko; compatible; GPTBot/1.3; +https://openai.com/gptbot)"
74.7.241.15 - - [10/Mar/2026:06:02:01 -0700] "GET /wp-json/oembed/1.0/embed?url=http%3A%2F%2Falsahibalc.com%2F2025%2F12%2F10%2Fprostitutki-vladivostoka-ponimanie-intimnogo%2F HTTP/1.1" 404 236 "http://alsahibalc.com/2025/12/10/prostitutki-vladivostoka-ponimanie-intimnogo/" "Mozilla/5.0 AppleWebKit/537.36 (KHTML, like Gecko; compatible; GPTBot/1.3; +https://openai.com/gptbot)"
74.7.241.15 - - [10/Mar/2026:06:02:10 -0700] "GET /wp-json/oembed/1.0/embed?url=http%3A%2F%2Falsahibalc.com%2F2026%2F02%2F25%2Fcomedy-slots-the-newest-6-weirdest-on-line-slots-ever-produced%2F HTTP/1.1" 404 236 "http://alsahibalc.com/2026/02/25/comedy-slots-the-newest-6-weirdest-on-line-slots-ever-produced/" "Mozilla/5.0 AppleWebKit/537.36 (KHTML, like Gecko; compatible; GPTBot/1.3; +https://openai.com/gptbot)"
85.208.96.197 - - [10/Mar/2026:06:02:15 -0700] "GET /2025/07/05/mundo-slots-monedas-infinitas-2026/ HTTP/1.1" 404 236 "-" "Mozilla/5.0 (compatible; SemrushBot/7~bl; +http://www.semrush.com/bot.html)"
85.208.96.201 - - [10/Mar/2026:06:02:20 -0700] "GET /2026/02/07/gamebookers-gambling-enterprise-app-inside-the-united-kingdom-lucky-coin-slot-is-actually-punctual-mobile-gamble/ HTTP/1.1" 404 236 "-" "Mozilla/5.0 (compatible; SemrushBot/7~bl; +http://www.semrush.com/bot.html)"
51.161.65.56 - - [10/Mar/2026:06:02:34 -0700] "GET /category/post/page/32/ HTTP/1.1" 404 236 "-" "Mozilla/5.0 (compatible; AhrefsBot/7.0; +http://ahrefs.com/robot/)"
74.7.241.15 - - [10/Mar/2026:06:02:48 -0700] "GET /wp-json/oembed/1.0/embed?url=http%3A%2F%2Falsahibalc.com%2F2026%2F02%2F06%2Ffinest-on-line-pokies-australian-continent-for-real-money-january-diamond-dare-online-2026%2F HTTP/1.1" 404 236 "http://alsahibalc.com/2026/02/06/finest-on-line-pokies-australian-continent-for-real-money-january-diamond-dare-online-2026/" "Mozilla/5.0 AppleWebKit/537.36 (KHTML, like Gecko; compatible; GPTBot/1.3; +https://openai.com/gptbot)"
74.7.241.15 - - [10/Mar/2026:06:02:57 -0700] "GET /wp-json/oembed/1.0/embed?url=http%3A%2F%2Falsahibalc.com%2F2026%2F02%2F18%2Fcanl-casino-siteleri-2025-gvenilir-siteler-347%2F HTTP/1.1" 404 236 "http://alsahibalc.com/2026/02/18/canl-casino-siteleri-2025-gvenilir-siteler-347/" "Mozilla/5.0 AppleWebKit/537.36 (KHTML, like Gecko; compatible; GPTBot/1.3; +https://openai.com/gptbot)"
74.7.241.15 - - [10/Mar/2026:06:03:06 -0700] "GET /wp-json/oembed/1.0/embed?url=http%3A%2F%2Falsahibalc.com%2F2026%2F01%2F31%2Fcasinozer-casino-france-connexion-casino-1736%2F HTTP/1.1" 404 236 "http://alsahibalc.com/2026/01/31/casinozer-casino-france-connexion-casino-1736/" "Mozilla/5.0 AppleWebKit/537.36 (KHTML, like Gecko; compatible; GPTBot/1.3; +https://openai.com/gptbot)"
85.208.96.202 - - [10/Mar/2026:06:03:15 -0700] "GET /2026/02/16/mostbet-apk-android-ucun-rahat-v-surtli-oyun/ HTTP/1.1" 404 236 "-" "Mozilla/5.0 (compatible; SemrushBot/7~bl; +http://www.semrush.com/bot.html)"
74.7.241.15 - - [10/Mar/2026:06:03:15 -0700] "GET /wp-json/oembed/1.0/embed?url=http%3A%2F%2Falsahibalc.com%2F2026%2F01%2F27%2Ftipobet-casino-tipobet-giri-adresi-tipobet365-603%2F HTTP/1.1" 404 236 "http://alsahibalc.com/2026/01/27/tipobet-casino-tipobet-giri-adresi-tipobet365-603/" "Mozilla/5.0 AppleWebKit/537.36 (KHTML, like Gecko; compatible; GPTBot/1.3; +https://openai.com/gptbot)"
74.7.241.15 - - [10/Mar/2026:06:03:25 -0700] "GET /wp-json/oembed/1.0/embed?url=http%3A%2F%2Falsahibalc.com%2F2026%2F02%2F25%2Fbasaribet-casino-giri-canl-casino-oyunlar-4867%2F HTTP/1.1" 404 236 "http://alsahibalc.com/2026/02/25/basaribet-casino-giri-canl-casino-oyunlar-4867/" "Mozilla/5.0 AppleWebKit/537.36 (KHTML, like Gecko; compatible; GPTBot/1.3; +https://openai.com/gptbot)"
74.7.241.15 - - [10/Mar/2026:06:03:35 -0700] "GET /wp-json/oembed/1.0/embed?url=http%3A%2F%2Falsahibalc.com%2F2026%2F02%2F02%2Fpinco-casino-trkiyede-hesap-dorulama-sreci-2703%2F HTTP/1.1" 404 236 "http://alsahibalc.com/2026/02/02/pinco-casino-trkiyede-hesap-dorulama-sreci-2703/" "Mozilla/5.0 AppleWebKit/537.36 (KHTML, like Gecko; compatible; GPTBot/1.3; +https://openai.com/gptbot)"
148.113.128.244 - - [10/Mar/2026:06:03:36 -0700] "GET /category/post/page/33/ HTTP/1.1" 404 236 "-" "Mozilla/5.0 (compatible; AhrefsBot/7.0; +http://ahrefs.com/robot/)"
74.7.241.15 - - [10/Mar/2026:06:03:44 -0700] "GET /wp-json/oembed/1.0/embed?url=http%3A%2F%2Falsahibalc.com%2F2026%2F01%2F29%2F7slots-casino-gvenilir-bir-online-casino-1046%2F HTTP/1.1" 404 236 "http://alsahibalc.com/2026/01/29/7slots-casino-gvenilir-bir-online-casino-1046/" "Mozilla/5.0 AppleWebKit/537.36 (KHTML, like Gecko; compatible; GPTBot/1.3; +https://openai.com/gptbot)"
74.7.241.15 - - [10/Mar/2026:06:03:53 -0700] "GET /wp-json/oembed/1.0/embed?url=http%3A%2F%2Falsahibalc.com%2F2026%2F02%2F06%2Fnuts-english-next-meaning%2F HTTP/1.1" 404 236 "http://alsahibalc.com/2026/02/06/nuts-english-next-meaning/" "Mozilla/5.0 AppleWebKit/537.36 (KHTML, like Gecko; compatible; GPTBot/1.3; +https://openai.com/gptbot)"
74.7.241.15 - - [10/Mar/2026:06:04:03 -0700] "GET /wp-json/oembed/1.0/embed?url=http%3A%2F%2Falsahibalc.com%2F2026%2F01%2F14%2Fa-aventura-emplumada-que-vale-ouro-avance-com-a-3%2F HTTP/1.1" 404 236 "http://alsahibalc.com/2026/01/14/a-aventura-emplumada-que-vale-ouro-avance-com-a-3/" "Mozilla/5.0 AppleWebKit/537.36 (KHTML, like Gecko; compatible; GPTBot/1.3; +https://openai.com/gptbot)"
74.7.241.15 - - [10/Mar/2026:06:04:12 -0700] "GET /wp-json/oembed/1.0/embed?url=http%3A%2F%2Falsahibalc.com%2F2026%2F01%2F31%2Fchicken-road-slot-di-casin-online-con-galline-che-208%2F HTTP/1.1" 404 236 "http://alsahibalc.com/2026/01/31/chicken-road-slot-di-casin-online-con-galline-che-208/" "Mozilla/5.0 AppleWebKit/537.36 (KHTML, like Gecko; compatible; GPTBot/1.3; +https://openai.com/gptbot)"
74.7.241.15 - - [10/Mar/2026:06:04:21 -0700] "GET /wp-json/oembed/1.0/embed?url=http%3A%2F%2Falsahibalc.com%2F2025%2F07%2F11%2Fj88-ti-vit-nam-tin-thng-va-khuyn-mai-360-2%2F HTTP/1.1" 404 236 "http://alsahibalc.com/2025/07/11/j88-ti-vit-nam-tin-thng-va-khuyn-mai-360-2/" "Mozilla/5.0 AppleWebKit/537.36 (KHTML, like Gecko; compatible; GPTBot/1.3; +https://openai.com/gptbot)"
185.191.171.2 - - [10/Mar/2026:06:04:29 -0700] "GET /2026/01/13/pinco-online-kazino-2025-yeni-trendlr-v-508/ HTTP/1.1" 404 236 "-" "Mozilla/5.0 (compatible; SemrushBot/7~bl; +http://www.semrush.com/bot.html)"
74.7.241.15 - - [10/Mar/2026:06:04:31 -0700] "GET /wp-json/oembed/1.0/embed?url=http%3A%2F%2Falsahibalc.com%2F2025%2F07%2F12%2Ffun88-vit-nam-phng-thc-np-va-rut-tin-160-2%2F HTTP/1.1" 404 236 "http://alsahibalc.com/2025/07/12/fun88-vit-nam-phng-thc-np-va-rut-tin-160-2/" "Mozilla/5.0 AppleWebKit/537.36 (KHTML, like Gecko; compatible; GPTBot/1.3; +https://openai.com/gptbot)"
74.7.241.15 - - [10/Mar/2026:06:04:40 -0700] "GET /wp-json/oembed/1.0/embed?url=http%3A%2F%2Falsahibalc.com%2F2026%2F02%2F06%2Ftotally-free-video-clips-slots-game-play-6936-well-known-source-site-slots-game-free-of-charge-or-a-real-income%2F HTTP/1.1" 404 236 "http://alsahibalc.com/2026/02/06/totally-free-video-clips-slots-game-play-6936-well-known-source-site-slots-game-free-of-charge-or-a-real-income/" "Mozilla/5.0 AppleWebKit/537.36 (KHTML, like Gecko; compatible; GPTBot/1.3; +https://openai.com/gptbot)"
74.7.241.15 - - [10/Mar/2026:06:04:50 -0700] "GET /wp-json/oembed/1.0/embed?url=http%3A%2F%2Falsahibalc.com%2F2026%2F01%2F07%2Fdragon-money-dragon-mani-kak-nachat-igrat-2428%2F HTTP/1.1" 404 236 "http://alsahibalc.com/2026/01/07/dragon-money-dragon-mani-kak-nachat-igrat-2428/" "Mozilla/5.0 AppleWebKit/537.36 (KHTML, like Gecko; compatible; GPTBot/1.3; +https://openai.com/gptbot)"
74.7.241.15 - - [10/Mar/2026:06:04:59 -0700] "GET /wp-json/oembed/1.0/embed?url=http%3A%2F%2Falsahibalc.com%2F2026%2F02%2F06%2Fmenu-keks-casino%2F HTTP/1.1" 404 236 "http://alsahibalc.com/2026/02/06/menu-keks-casino/" "Mozilla/5.0 AppleWebKit/537.36 (KHTML, like Gecko; compatible; GPTBot/1.3; +https://openai.com/gptbot)"
144.31.91.13 - - [10/Mar/2026:06:05:11 -0700] "GET /wp-includes/l10n/class-wp-translation-file-interpreter.php?call=my-db.com/md HTTP/1.1" 404 236 "-" "Mozilla/5.0 (X11; Linux x86_64) AppleWebKit/537.36 (KHTML, like Gecko) Chrome/143.0.0.0 Safari/537.36"
193.233.86.197 - - [10/Mar/2026:06:05:11 -0700] "GET /wp-admin/network/plugin-editor-ajax.php?call=my-db.com/md HTTP/1.1" 404 236 "-" "Mozilla/5.0 (X11; Linux x86_64) AppleWebKit/537.36 (KHTML, like Gecko) Chrome/143.0.0.0 Safari/537.36"
217.216.41.171 - - [10/Mar/2026:06:05:11 -0700] "GET /wp-admin/options-reading-library.php?url=my-db.com/md HTTP/1.1" 200 - "-" "Mozilla/5.0 (X11; Linux x86_64) AppleWebKit/537.36 (KHTML, like Gecko) Chrome/143.0.0.0 Safari/537.36"
156.244.33.216 - - [10/Mar/2026:06:05:12 -0700] "GET /wp-admin/network/privacy-integer.php HTTP/1.1" 404 236 "-" "Mozilla/5.0 (X11; Linux x86_64) AppleWebKit/537.36 (KHTML, like Gecko) Chrome/143.0.0.0 Safari/537.36"
158.160.227.117 - - [10/Mar/2026:06:05:12 -0700] "GET /wp-includes/class-wp-block-list-stream.php HTTP/1.1" 200 - "-" "Mozilla/5.0 (X11; Linux x86_64) AppleWebKit/537.36 (KHTML, like Gecko) Chrome/143.0.0.0 Safari/537.36"
109.248.77.69 - - [10/Mar/2026:06:05:12 -0700] "GET /wp-content/plugins/unlimited-elements-for-elementor-premium/includes-library.php HTTP/1.1" 404 236 "-" "Mozilla/5.0 (X11; Linux x86_64) AppleWebKit/537.36 (KHTML, like Gecko) Chrome/143.0.0.0 Safari/537.36"
8.220.187.120 - - [10/Mar/2026:06:05:12 -0700] "GET /wp-content/plugins/wp-responsive-images/SBMobileDetect-decryption.php HTTP/1.1" 404 236 "-" "Mozilla/5.0 (X11; Linux x86_64) AppleWebKit/537.36 (KHTML, like Gecko) Chrome/143.0.0.0 Safari/537.36"
171.43.65.84 - - [10/Mar/2026:06:05:12 -0700] "GET /wp-content/plugins/nwivrtu/index-stack.php HTTP/1.1" 200 12470 "-" "Mozilla/5.0 (X11; Linux x86_64) AppleWebKit/537.36 (KHTML, like Gecko) Chrome/143.0.0.0 Safari/537.36"
34.176.140.244 - - [10/Mar/2026:06:05:12 -0700] "GET /wp-content/themes/betheme-child/functions-set.php HTTP/1.1" 200 12470 "-" "Mozilla/5.0 (X11; Linux x86_64) AppleWebKit/537.36 (KHTML, like Gecko) Chrome/143.0.0.0 Safari/537.36"
20.57.134.61 - - [10/Mar/2026:06:05:12 -0700] "GET /wp-config-sample.php?corevkcgog HTTP/1.1" 500 2412 "-" "Mozilla/5.0 (X11; Linux x86_64) AppleWebKit/537.36 (KHTML, like Gecko) Chrome/143.0.0.0 Safari/537.36"
85.208.96.211 - - [10/Mar/2026:06:05:13 -0700] "GET /2026/02/06/finest-on-line-pokies-australian-continent-for-real-money-january-diamond-dare-online-2026/ HTTP/1.1" 404 236 "-" "Mozilla/5.0 (compatible; SemrushBot/7~bl; +http://www.semrush.com/bot.html)"
154.12.30.173 - - [10/Mar/2026:06:05:14 -0700] "GET /wp-content/themes/betheme/comments-method.php HTTP/1.1" 404 236 "-" "Mozilla/5.0 (X11; Linux x86_64) AppleWebKit/537.36 (KHTML, like Gecko) Chrome/143.0.0.0 Safari/537.36"
54.206.20.150 - - [10/Mar/2026:06:05:16 -0700] "GET /wp-includes/ID3/module.audio.dts-all.php?url=my-db.com/md HTTP/1.1" 200 - "-" "Mozilla/5.0 (X11; Linux x86_64) AppleWebKit/537.36 (KHTML, like Gecko) Chrome/143.0.0.0 Safari/537.36"
74.7.241.15 - - [10/Mar/2026:06:05:18 -0700] "GET /wp-json/oembed/1.0/embed?url=http%3A%2F%2Falsahibalc.com%2F2026%2F01%2F15%2Fel-impacto-de-la-tecnologia-movil-en-los-juegos-de-2%2F HTTP/1.1" 404 236 "http://alsahibalc.com/2026/01/15/el-impacto-de-la-tecnologia-movil-en-los-juegos-de-2/" "Mozilla/5.0 AppleWebKit/537.36 (KHTML, like Gecko; compatible; GPTBot/1.3; +https://openai.com/gptbot)"
154.12.30.173 - - [10/Mar/2026:06:05:27 -0700] "GET /wp-content/themes/config-1754759459/404-get.php HTTP/1.1" 404 236 "-" "Mozilla/5.0 (X11; Linux x86_64) AppleWebKit/537.36 (KHTML, like Gecko) Chrome/143.0.0.0 Safari/537.36"
74.7.241.15 - - [10/Mar/2026:06:05:28 -0700] "GET /wp-json/oembed/1.0/embed?url=http%3A%2F%2Falsahibalc.com%2F2026%2F02%2F24%2Fbest-payid-casinos-australian-continent-no-deposit-bonuses-punctual-costs-february-2026%2F HTTP/1.1" 404 236 "http://alsahibalc.com/2026/02/24/best-payid-casinos-australian-continent-no-deposit-bonuses-punctual-costs-february-2026/" "Mozilla/5.0 AppleWebKit/537.36 (KHTML, like Gecko; compatible; GPTBot/1.3; +https://openai.com/gptbot)"
148.113.128.90 - - [10/Mar/2026:06:05:37 -0700] "GET /category/blog/feed/ HTTP/1.1" 404 236 "-" "Mozilla/5.0 (compatible; AhrefsBot/7.0; +http://ahrefs.com/robot/)"
74.7.241.15 - - [10/Mar/2026:06:05:47 -0700] "GET /wp-json/oembed/1.0/embed?url=http%3A%2F%2Falsahibalc.com%2F2026%2F02%2F09%2Fgreatest-no-deposit-bonuses-during-the-sweeps-gambling-establishment-in-the-2026%2F HTTP/1.1" 404 236 "http://alsahibalc.com/2026/02/09/greatest-no-deposit-bonuses-during-the-sweeps-gambling-establishment-in-the-2026/" "Mozilla/5.0 AppleWebKit/537.36 (KHTML, like Gecko; compatible; GPTBot/1.3; +https://openai.com/gptbot)"
85.208.96.200 - - [10/Mar/2026:06:05:48 -0700] "GET /2026/01/23/canl-casino-siteleri-gvenilir-liste-2025-1652/ HTTP/1.1" 404 236 "-" "Mozilla/5.0 (compatible; SemrushBot/7~bl; +http://www.semrush.com/bot.html)"
74.7.241.15 - - [10/Mar/2026:06:05:56 -0700] "GET /wp-json/oembed/1.0/embed?url=http%3A%2F%2Falsahibalc.com%2F2026%2F02%2F20%2Fseriose-verbunden-casinos-trinocasino-app-herunterladen-im-test-unser-8-testsieger-2026%2F HTTP/1.1" 404 236 "http://alsahibalc.com/2026/02/20/seriose-verbunden-casinos-trinocasino-app-herunterladen-im-test-unser-8-testsieger-2026/" "Mozilla/5.0 AppleWebKit/537.36 (KHTML, like Gecko; compatible; GPTBot/1.3; +https://openai.com/gptbot)"
74.7.241.15 - - [10/Mar/2026:06:06:06 -0700] "GET /wp-json/oembed/1.0/embed?url=http%3A%2F%2Falsahibalc.com%2F2026%2F02%2F27%2Ftrip-dc-tribute%2F HTTP/1.1" 404 236 "http://alsahibalc.com/2026/02/27/trip-dc-tribute/" "Mozilla/5.0 AppleWebKit/537.36 (KHTML, like Gecko; compatible; GPTBot/1.3; +https://openai.com/gptbot)"
74.7.241.15 - - [10/Mar/2026:06:06:44 -0700] "GET /wp-json/oembed/1.0/embed?url=http%3A%2F%2Falsahibalc.com%2F2026%2F03%2F02%2Fkosteloos-gokkasten-performen-gratis-africa-gokkasten-geen-downloads-met-bonusrondes-%25ef%25b8%258f-ontdek-de-leukste-gokautomaten-vanuit-2026%2F HTTP/1.1" 404 236 "http://alsahibalc.com/2026/03/02/kosteloos-gokkasten-performen-gratis-africa-gokkasten-geen-downloads-met-bonusrondes-%ef%b8%8f-ontdek-de-leukste-gokautomaten-vanuit-2026/" "Mozilla/5.0 AppleWebKit/537.36 (KHTML, like Gecko; compatible; GPTBot/1.3; +https://openai.com/gptbot)"
74.7.241.15 - - [10/Mar/2026:06:06:54 -0700] "GET /wp-json/wp/v2/posts/444 HTTP/1.1" 404 236 "http://alsahibalc.com/2025/07/12/mostbet-trkiye-casino-1277/" "Mozilla/5.0 AppleWebKit/537.36 (KHTML, like Gecko; compatible; GPTBot/1.3; +https://openai.com/gptbot)"
74.7.241.15 - - [10/Mar/2026:06:07:13 -0700] "GET /wp-json/oembed/1.0/embed?url=http%3A%2F%2Falsahibalc.com%2F2026%2F01%2F27%2Fatemberaubende-multiplikatoren-nervenkitzel-dein%2F HTTP/1.1" 404 236 "http://alsahibalc.com/2026/01/27/atemberaubende-multiplikatoren-nervenkitzel-dein/" "Mozilla/5.0 AppleWebKit/537.36 (KHTML, like Gecko; compatible; GPTBot/1.3; +https://openai.com/gptbot)"
66.249.68.64 - - [10/Mar/2026:06:07:28 -0700] "GET /2026/02/25/gira-y-gana-en-grande-instantaneamente-hoy/ HTTP/1.1" 404 236 "-" "Mozilla/5.0 (Linux; Android 6.0.1; Nexus 5X Build/MMB29P) AppleWebKit/537.36 (KHTML, like Gecko) Chrome/145.0.7632.116 Mobile Safari/537.36 (compatible; Googlebot/2.1; +http://www.google.com/bot.html)"
74.7.241.15 - - [10/Mar/2026:06:07:41 -0700] "GET /wp-json/oembed/1.0/embed?url=http%3A%2F%2Falsahibalc.com%2F2026%2F02%2F10%2Fwie-steroide-die-muskelproteinsynthese-beschleunigen%2F HTTP/1.1" 404 236 "http://alsahibalc.com/2026/02/10/wie-steroide-die-muskelproteinsynthese-beschleunigen/" "Mozilla/5.0 AppleWebKit/537.36 (KHTML, like Gecko; compatible; GPTBot/1.3; +https://openai.com/gptbot)"
54.39.210.143 - - [10/Mar/2026:06:07:46 -0700] "GET /category/post/page/35/ HTTP/1.1" 404 236 "-" "Mozilla/5.0 (compatible; AhrefsBot/7.0; +http://ahrefs.com/robot/)"
74.7.241.15 - - [10/Mar/2026:06:07:51 -0700] "GET /wp-json/oembed/1.0/embed?url=http%3A%2F%2Falsahibalc.com%2F2026%2F02%2F04%2Fstate-by-state-2026-aca-books%2F HTTP/1.1" 404 236 "http://alsahibalc.com/2026/02/04/state-by-state-2026-aca-books/" "Mozilla/5.0 AppleWebKit/537.36 (KHTML, like Gecko; compatible; GPTBot/1.3; +https://openai.com/gptbot)"
