74.7.241.15 - - [10/Mar/2026:05:46:06 -0700] "GET /wp-json/oembed/1.0/embed?url=http%3A%2F%2Falsahibalc.com%2F2026%2F02%2F03%2Fthe-rise-of-online-casinos-trends-and-insights-19%2F HTTP/1.1" 200 - "http://alsahibalc.com/2026/02/03/the-rise-of-online-casinos-trends-and-insights-19/" "Mozilla/5.0 AppleWebKit/537.36 (KHTML, like Gecko; compatible; GPTBot/1.3; +https://openai.com/gptbot)"
103.131.18.116 - - [10/Mar/2026:05:46:06 -0700] "GET /wp-admin/plugins.php HTTP/1.1" 200 439211 "http://alsahibalc.com/wp-admin/plugins.php" "Mozilla/4.0 (compatible; MSIE 7.0; Windows NT 6.1; Trident/7.0; SLCC2; .NET CLR 2.0.50727; .NET CLR 3.5.30729; .NET CLR 3.0.30729; .NET4.0C; .NET4.0E; Media Center PC 6.0; InfoPath.3; BRI/2)"
74.7.241.15 - - [10/Mar/2026:05:46:09 -0700] "GET /wp-json/oembed/1.0/embed?url=http%3A%2F%2Falsahibalc.com%2F2026%2F02%2F10%2Flaventure-doree-chicken-road-2-menez-votre-poule%2F HTTP/1.1" 200 - "http://alsahibalc.com/2026/02/10/laventure-doree-chicken-road-2-menez-votre-poule/" "Mozilla/5.0 AppleWebKit/537.36 (KHTML, like Gecko; compatible; GPTBot/1.3; +https://openai.com/gptbot)"
74.7.241.15 - - [10/Mar/2026:05:46:13 -0700] "GET /wp-json/oembed/1.0/embed?url=http%3A%2F%2Falsahibalc.com%2F2026%2F02%2F10%2Fanglers-paradise-awaits-land-a-fortune-with-big-2%2F HTTP/1.1" 200 - "http://alsahibalc.com/2026/02/10/anglers-paradise-awaits-land-a-fortune-with-big-2/" "Mozilla/5.0 AppleWebKit/537.36 (KHTML, like Gecko; compatible; GPTBot/1.3; +https://openai.com/gptbot)"
74.7.241.15 - - [10/Mar/2026:05:46:19 -0700] "GET /wp-json/oembed/1.0/embed?url=http%3A%2F%2Falsahibalc.com%2F2026%2F01%2F29%2Ftop-5-luchshih-onlajn-kazino-na-dengi-proverennye%2F HTTP/1.1" 200 - "http://alsahibalc.com/2026/01/29/top-5-luchshih-onlajn-kazino-na-dengi-proverennye/" "Mozilla/5.0 AppleWebKit/537.36 (KHTML, like Gecko; compatible; GPTBot/1.3; +https://openai.com/gptbot)"
103.131.18.116 - - [10/Mar/2026:05:46:19 -0700] "GET /wp-admin/admin.php?page=wp_file_manager HTTP/1.1" 200 112147 "http://alsahibalc.com/wp-admin/admin.php?page=wp_file_manager" "Mozilla/4.0 (compatible; MSIE 7.0; Windows NT 6.1; Trident/7.0; SLCC2; .NET CLR 2.0.50727; .NET CLR 3.5.30729; .NET CLR 3.0.30729; .NET4.0C; .NET4.0E; Media Center PC 6.0; InfoPath.3; BRI/2)"
74.7.241.15 - - [10/Mar/2026:05:46:22 -0700] "GET /wp-json/oembed/1.0/embed?url=http%3A%2F%2Falsahibalc.com%2F2026%2F02%2F06%2Fcasinos-con-100-giros-gratuito-rtg-tragamonedas-de-juego-sin-tanque-argentina-2026%2F HTTP/1.1" 200 - "http://alsahibalc.com/2026/02/06/casinos-con-100-giros-gratuito-rtg-tragamonedas-de-juego-sin-tanque-argentina-2026/" "Mozilla/5.0 AppleWebKit/537.36 (KHTML, like Gecko; compatible; GPTBot/1.3; +https://openai.com/gptbot)"
103.131.18.116 - - [10/Mar/2026:05:46:23 -0700] "POST /wp-admin/admin-ajax.php HTTP/1.1" 200 473 "http://alsahibalc.com/wp-admin/admin.php?page=wp_file_manager" "Mozilla/4.0 (compatible; MSIE 7.0; Windows NT 6.1; Trident/7.0; SLCC2; .NET CLR 2.0.50727; .NET CLR 3.5.30729; .NET CLR 3.0.30729; .NET4.0C; .NET4.0E; Media Center PC 6.0; InfoPath.3; BRI/2)"
74.7.241.15 - - [10/Mar/2026:05:46:25 -0700] "GET /wp-json/oembed/1.0/embed?url=http%3A%2F%2Falsahibalc.com%2F2026%2F02%2F18%2Fgiros-gratuito-desprovisto-tanque-top-casinos-con-tiradas-de-balde-2026%2F HTTP/1.1" 200 - "http://alsahibalc.com/2026/02/18/giros-gratuito-desprovisto-tanque-top-casinos-con-tiradas-de-balde-2026/" "Mozilla/5.0 AppleWebKit/537.36 (KHTML, like Gecko; compatible; GPTBot/1.3; +https://openai.com/gptbot)"
103.131.18.116 - - [10/Mar/2026:05:46:25 -0700] "GET /wp-admin/plugins.php HTTP/1.1" 200 439211 "http://alsahibalc.com/wp-admin/plugins.php" "Mozilla/4.0 (compatible; MSIE 7.0; Windows NT 6.1; Trident/7.0; SLCC2; .NET CLR 2.0.50727; .NET CLR 3.5.30729; .NET CLR 3.0.30729; .NET4.0C; .NET4.0E; Media Center PC 6.0; InfoPath.3; BRI/2)"
74.7.241.15 - - [10/Mar/2026:05:46:28 -0700] "GET /wp-json/oembed/1.0/embed?url=http%3A%2F%2Falsahibalc.com%2F2026%2F02%2F27%2Fdiscover-the-secrets-to-winning-big-at-casinos-today%2F HTTP/1.1" 200 - "http://alsahibalc.com/2026/02/27/discover-the-secrets-to-winning-big-at-casinos-today/" "Mozilla/5.0 AppleWebKit/537.36 (KHTML, like Gecko; compatible; GPTBot/1.3; +https://openai.com/gptbot)"
74.7.241.15 - - [10/Mar/2026:05:46:35 -0700] "GET /wp-json/oembed/1.0/embed?url=http%3A%2F%2Falsahibalc.com%2F2026%2F02%2F18%2Fforest-meaning-meaning%2F HTTP/1.1" 404 236 "http://alsahibalc.com/2026/02/18/forest-meaning-meaning/" "Mozilla/5.0 AppleWebKit/537.36 (KHTML, like Gecko; compatible; GPTBot/1.3; +https://openai.com/gptbot)"
74.7.241.15 - - [10/Mar/2026:05:46:38 -0700] "GET /wp-json/oembed/1.0/embed?url=http%3A%2F%2Falsahibalc.com%2F2026%2F03%2F02%2Fsignificant-millions-asemalausunto-2026-nauti-parhaista-nettikasinoista%2F HTTP/1.1" 404 236 "http://alsahibalc.com/2026/03/02/significant-millions-asemalausunto-2026-nauti-parhaista-nettikasinoista/" "Mozilla/5.0 AppleWebKit/537.36 (KHTML, like Gecko; compatible; GPTBot/1.3; +https://openai.com/gptbot)"
103.131.18.116 - - [10/Mar/2026:05:46:37 -0700] "GET /wp-admin/admin.php?page=wp_file_manager HTTP/1.1" 200 112147 "http://alsahibalc.com/wp-admin/admin.php?page=wp_file_manager" "Mozilla/4.0 (compatible; MSIE 7.0; Windows NT 6.1; Trident/7.0; SLCC2; .NET CLR 2.0.50727; .NET CLR 3.5.30729; .NET CLR 3.0.30729; .NET4.0C; .NET4.0E; Media Center PC 6.0; InfoPath.3; BRI/2)"
74.7.241.15 - - [10/Mar/2026:05:46:41 -0700] "GET /wp-json/oembed/1.0/embed?format=xml&url=http%3A%2F%2Falsahibalc.com%2F2026%2F01%2F16%2Fleveil-du-jeu-en-ligne-strategies-gagnantes-et-opportunites-exceptionnelles-sur-httpsstakesites-fr%2F HTTP/1.1" 404 236 "http://alsahibalc.com/2026/01/16/leveil-du-jeu-en-ligne-strategies-gagnantes-et-opportunites-exceptionnelles-sur-httpsstakesites-fr/" "Mozilla/5.0 AppleWebKit/537.36 (KHTML, like Gecko; compatible; GPTBot/1.3; +https://openai.com/gptbot)"
103.131.18.116 - - [10/Mar/2026:05:46:40 -0700] "POST /wp-admin/admin-ajax.php HTTP/1.1" 200 503 "http://alsahibalc.com/wp-admin/admin.php?page=wp_file_manager" "Mozilla/4.0 (compatible; MSIE 7.0; Windows NT 6.1; Trident/7.0; SLCC2; .NET CLR 2.0.50727; .NET CLR 3.5.30729; .NET CLR 3.0.30729; .NET4.0C; .NET4.0E; Media Center PC 6.0; InfoPath.3; BRI/2)"
51.222.95.71 - - [10/Mar/2026:05:46:43 -0700] "GET /wp-includes/js/tinymce/plugins/?C=S;O=A HTTP/1.1" 200 4601 "-" "Mozilla/5.0 (compatible; AhrefsBot/7.0; +http://ahrefs.com/robot/)"
103.131.18.116 - - [10/Mar/2026:05:46:42 -0700] "GET /wp-admin/plugins.php HTTP/1.1" 200 439211 "http://alsahibalc.com/wp-admin/plugins.php" "Mozilla/4.0 (compatible; MSIE 7.0; Windows NT 6.1; Trident/7.0; SLCC2; .NET CLR 2.0.50727; .NET CLR 3.5.30729; .NET CLR 3.0.30729; .NET4.0C; .NET4.0E; Media Center PC 6.0; InfoPath.3; BRI/2)"
74.7.241.15 - - [10/Mar/2026:05:46:44 -0700] "GET /wp-json/oembed/1.0/embed?url=http%3A%2F%2Falsahibalc.com%2F2026%2F03%2F02%2Fodkrywanie-tajemnic-skutecznych-strategii-kasynowych%2F HTTP/1.1" 404 236 "http://alsahibalc.com/2026/03/02/odkrywanie-tajemnic-skutecznych-strategii-kasynowych/" "Mozilla/5.0 AppleWebKit/537.36 (KHTML, like Gecko; compatible; GPTBot/1.3; +https://openai.com/gptbot)"
74.7.241.15 - - [10/Mar/2026:05:46:48 -0700] "GET /wp-json/oembed/1.0/embed?url=http%3A%2F%2Falsahibalc.com%2F2026%2F02%2F06%2F22bet-review-55%2F HTTP/1.1" 404 236 "http://alsahibalc.com/2026/02/06/22bet-review-55/" "Mozilla/5.0 AppleWebKit/537.36 (KHTML, like Gecko; compatible; GPTBot/1.3; +https://openai.com/gptbot)"
85.208.96.203 - - [10/Mar/2026:05:46:52 -0700] "GET /2026/02/11/casumo-blackjack-spielautomat-review/ HTTP/1.1" 404 236 "-" "Mozilla/5.0 (compatible; SemrushBot/7~bl; +http://www.semrush.com/bot.html)"
74.7.241.15 - - [10/Mar/2026:05:46:54 -0700] "GET /wp-json/oembed/1.0/embed?url=http%3A%2F%2Falsahibalc.com%2F2025%2F07%2F07%2Fil-ruolo-di-chicken-road-2-nel-panorama-dei-giochi-mobile-analisi-strategica-e-impatto-sul-settore%2F HTTP/1.1" 404 236 "http://alsahibalc.com/2025/07/07/il-ruolo-di-chicken-road-2-nel-panorama-dei-giochi-mobile-analisi-strategica-e-impatto-sul-settore/" "Mozilla/5.0 AppleWebKit/537.36 (KHTML, like Gecko; compatible; GPTBot/1.3; +https://openai.com/gptbot)"
173.247.246.132 - - [10/Mar/2026:05:46:55 -0700] "POST /wp-cron.php?doing_wp_cron=1773146815.4048709869384765625000 HTTP/1.1" 200 - "-" "WordPress/6.6.4; http://alsahibalc.com"
103.131.18.116 - - [10/Mar/2026:05:46:54 -0700] "GET /wp-admin/admin.php?page=wp_file_manager HTTP/1.1" 200 112147 "http://alsahibalc.com/wp-admin/admin.php?page=wp_file_manager" "Mozilla/4.0 (compatible; MSIE 7.0; Windows NT 6.1; Trident/7.0; SLCC2; .NET CLR 2.0.50727; .NET CLR 3.5.30729; .NET CLR 3.0.30729; .NET4.0C; .NET4.0E; Media Center PC 6.0; InfoPath.3; BRI/2)"
74.7.241.15 - - [10/Mar/2026:05:46:57 -0700] "GET /wp-json/oembed/1.0/embed?url=http%3A%2F%2Falsahibalc.com%2F2026%2F02%2F19%2Fmr-bet-spielsaal-eye-of-horus-original-slot-spiel-offizielle-blog-maklercourtage-1500%2F HTTP/1.1" 404 236 "http://alsahibalc.com/2026/02/19/mr-bet-spielsaal-eye-of-horus-original-slot-spiel-offizielle-blog-maklercourtage-1500/" "Mozilla/5.0 AppleWebKit/537.36 (KHTML, like Gecko; compatible; GPTBot/1.3; +https://openai.com/gptbot)"
103.131.18.116 - - [10/Mar/2026:05:46:58 -0700] "POST /wp-admin/admin-ajax.php HTTP/1.1" 200 495 "http://alsahibalc.com/wp-admin/admin.php?page=wp_file_manager" "Mozilla/4.0 (compatible; MSIE 7.0; Windows NT 6.1; Trident/7.0; SLCC2; .NET CLR 2.0.50727; .NET CLR 3.5.30729; .NET CLR 3.0.30729; .NET4.0C; .NET4.0E; Media Center PC 6.0; InfoPath.3; BRI/2)"
74.7.241.15 - - [10/Mar/2026:05:47:00 -0700] "GET /wp-json/oembed/1.0/embed?url=http%3A%2F%2Falsahibalc.com%2F2026%2F02%2F19%2Fa-emocao-aumenta-explore-o-casino-20bet-e%2F HTTP/1.1" 404 236 "http://alsahibalc.com/2026/02/19/a-emocao-aumenta-explore-o-casino-20bet-e/" "Mozilla/5.0 AppleWebKit/537.36 (KHTML, like Gecko; compatible; GPTBot/1.3; +https://openai.com/gptbot)"
103.131.18.116 - - [10/Mar/2026:05:47:00 -0700] "GET /wp-admin/plugins.php HTTP/1.1" 200 439211 "http://alsahibalc.com/wp-admin/plugins.php" "Mozilla/4.0 (compatible; MSIE 7.0; Windows NT 6.1; Trident/7.0; SLCC2; .NET CLR 2.0.50727; .NET CLR 3.5.30729; .NET CLR 3.0.30729; .NET4.0C; .NET4.0E; Media Center PC 6.0; InfoPath.3; BRI/2)"
74.7.241.15 - - [10/Mar/2026:05:47:03 -0700] "GET /wp-json/oembed/1.0/embed?url=http%3A%2F%2Falsahibalc.com%2F2026%2F02%2F27%2Fthe-rise-of-esports-betting-in-casinos-20%2F HTTP/1.1" 404 236 "http://alsahibalc.com/2026/02/27/the-rise-of-esports-betting-in-casinos-20/" "Mozilla/5.0 AppleWebKit/537.36 (KHTML, like Gecko; compatible; GPTBot/1.3; +https://openai.com/gptbot)"
74.7.241.15 - - [10/Mar/2026:05:47:07 -0700] "GET /wp-json/oembed/1.0/embed?url=http%3A%2F%2Falsahibalc.com%2F2026%2F01%2F21%2Ff7-casino-s-payment-options-pros-and-cons%2F HTTP/1.1" 404 236 "http://alsahibalc.com/2026/01/21/f7-casino-s-payment-options-pros-and-cons/" "Mozilla/5.0 AppleWebKit/537.36 (KHTML, like Gecko; compatible; GPTBot/1.3; +https://openai.com/gptbot)"
74.7.241.15 - - [10/Mar/2026:05:47:10 -0700] "GET /wp-json/oembed/1.0/embed?url=http%3A%2F%2Falsahibalc.com%2F2025%2F02%2F21%2Fhow-to-play-baccarat-at-online-casinos-2%2F HTTP/1.1" 404 236 "http://alsahibalc.com/2025/02/21/how-to-play-baccarat-at-online-casinos-2/" "Mozilla/5.0 AppleWebKit/537.36 (KHTML, like Gecko; compatible; GPTBot/1.3; +https://openai.com/gptbot)"
103.131.18.116 - - [10/Mar/2026:05:47:13 -0700] "GET /wp-admin/admin.php?page=wp_file_manager HTTP/1.1" 200 112147 "http://alsahibalc.com/wp-admin/admin.php?page=wp_file_manager" "Mozilla/4.0 (compatible; MSIE 7.0; Windows NT 6.1; Trident/7.0; SLCC2; .NET CLR 2.0.50727; .NET CLR 3.5.30729; .NET CLR 3.0.30729; .NET4.0C; .NET4.0E; Media Center PC 6.0; InfoPath.3; BRI/2)"
74.7.241.15 - - [10/Mar/2026:05:47:16 -0700] "GET /wp-json/oembed/1.0/embed?url=http%3A%2F%2Falsahibalc.com%2F2025%2F06%2F03%2Fthe-future-of-online-casinos-trends-and-10%2F HTTP/1.1" 404 236 "http://alsahibalc.com/2025/06/03/the-future-of-online-casinos-trends-and-10/" "Mozilla/5.0 AppleWebKit/537.36 (KHTML, like Gecko; compatible; GPTBot/1.3; +https://openai.com/gptbot)"
103.131.18.116 - - [10/Mar/2026:05:47:17 -0700] "POST /wp-admin/admin-ajax.php HTTP/1.1" 200 482 "http://alsahibalc.com/wp-admin/admin.php?page=wp_file_manager" "Mozilla/4.0 (compatible; MSIE 7.0; Windows NT 6.1; Trident/7.0; SLCC2; .NET CLR 2.0.50727; .NET CLR 3.5.30729; .NET CLR 3.0.30729; .NET4.0C; .NET4.0E; Media Center PC 6.0; InfoPath.3; BRI/2)"
74.7.241.15 - - [10/Mar/2026:05:47:19 -0700] "GET /wp-json/oembed/1.0/embed?url=http%3A%2F%2Falsahibalc.com%2F2026%2F01%2F21%2Fvzletaj-k-vyigrysham-kazino-starda-put-k-2%2F HTTP/1.1" 404 236 "http://alsahibalc.com/2026/01/21/vzletaj-k-vyigrysham-kazino-starda-put-k-2/" "Mozilla/5.0 AppleWebKit/537.36 (KHTML, like Gecko; compatible; GPTBot/1.3; +https://openai.com/gptbot)"
103.131.18.116 - - [10/Mar/2026:05:47:19 -0700] "GET /wp-admin/plugins.php HTTP/1.1" 200 439211 "http://alsahibalc.com/wp-admin/plugins.php" "Mozilla/4.0 (compatible; MSIE 7.0; Windows NT 6.1; Trident/7.0; SLCC2; .NET CLR 2.0.50727; .NET CLR 3.5.30729; .NET CLR 3.0.30729; .NET4.0C; .NET4.0E; Media Center PC 6.0; InfoPath.3; BRI/2)"
74.7.241.15 - - [10/Mar/2026:05:47:26 -0700] "GET /wp-json/oembed/1.0/embed?url=http%3A%2F%2Falsahibalc.com%2F2026%2F02%2F19%2F21-000-jogos-criancice-cassino-online-acessivel-afinar-brasil-top-2026%2F HTTP/1.1" 404 236 "http://alsahibalc.com/2026/02/19/21-000-jogos-criancice-cassino-online-acessivel-afinar-brasil-top-2026/" "Mozilla/5.0 AppleWebKit/537.36 (KHTML, like Gecko; compatible; GPTBot/1.3; +https://openai.com/gptbot)"
74.7.241.15 - - [10/Mar/2026:05:47:32 -0700] "GET /wp-json/oembed/1.0/embed?url=http%3A%2F%2Falsahibalc.com%2F2025%2F06%2F18%2Fthe-future-of-live-dealer-casinos-22%2F HTTP/1.1" 404 236 "http://alsahibalc.com/2025/06/18/the-future-of-live-dealer-casinos-22/" "Mozilla/5.0 AppleWebKit/537.36 (KHTML, like Gecko; compatible; GPTBot/1.3; +https://openai.com/gptbot)"
103.131.18.116 - - [10/Mar/2026:05:47:31 -0700] "GET /wp-admin/admin.php?page=wp_file_manager HTTP/1.1" 200 112147 "http://alsahibalc.com/wp-admin/admin.php?page=wp_file_manager" "Mozilla/4.0 (compatible; MSIE 7.0; Windows NT 6.1; Trident/7.0; SLCC2; .NET CLR 2.0.50727; .NET CLR 3.5.30729; .NET CLR 3.0.30729; .NET4.0C; .NET4.0E; Media Center PC 6.0; InfoPath.3; BRI/2)"
74.7.241.15 - - [10/Mar/2026:05:47:35 -0700] "GET /wp-json/oembed/1.0/embed?url=http%3A%2F%2Falsahibalc.com%2F2025%2F12%2F02%2Fthe-future-of-live-dealer-casinos-53%2F HTTP/1.1" 404 236 "http://alsahibalc.com/2025/12/02/the-future-of-live-dealer-casinos-53/" "Mozilla/5.0 AppleWebKit/537.36 (KHTML, like Gecko; compatible; GPTBot/1.3; +https://openai.com/gptbot)"
103.131.18.116 - - [10/Mar/2026:05:47:35 -0700] "POST /wp-admin/admin-ajax.php HTTP/1.1" 200 483 "http://alsahibalc.com/wp-admin/admin.php?page=wp_file_manager" "Mozilla/4.0 (compatible; MSIE 7.0; Windows NT 6.1; Trident/7.0; SLCC2; .NET CLR 2.0.50727; .NET CLR 3.5.30729; .NET CLR 3.0.30729; .NET4.0C; .NET4.0E; Media Center PC 6.0; InfoPath.3; BRI/2)"
74.7.241.15 - - [10/Mar/2026:05:47:38 -0700] "GET /wp-json/oembed/1.0/embed?url=http%3A%2F%2Falsahibalc.com%2F2025%2F12%2F31%2Fthe-future-of-live-dealer-casinos-88%2F HTTP/1.1" 404 236 "http://alsahibalc.com/2025/12/31/the-future-of-live-dealer-casinos-88/" "Mozilla/5.0 AppleWebKit/537.36 (KHTML, like Gecko; compatible; GPTBot/1.3; +https://openai.com/gptbot)"
74.7.241.15 - - [10/Mar/2026:05:47:44 -0700] "GET /wp-json/oembed/1.0/embed?url=http%3A%2F%2Falsahibalc.com%2F2026%2F02%2F19%2Fthe-rise-of-live-dealer-casinos-18%2F HTTP/1.1" 404 236 "http://alsahibalc.com/2026/02/19/the-rise-of-live-dealer-casinos-18/" "Mozilla/5.0 AppleWebKit/537.36 (KHTML, like Gecko; compatible; GPTBot/1.3; +https://openai.com/gptbot)"
54.39.136.189 - - [10/Mar/2026:05:47:45 -0700] "GET /wp-includes/js/tinymce/plugins/?C=M;O=A HTTP/1.1" 200 4601 "-" "Mozilla/5.0 (compatible; AhrefsBot/7.0; +http://ahrefs.com/robot/)"
74.7.241.15 - - [10/Mar/2026:05:47:47 -0700] "GET /wp-json/oembed/1.0/embed?url=http%3A%2F%2Falsahibalc.com%2F2025%2F12%2F01%2Fgrand-win-casino-50-free-spins%2F HTTP/1.1" 404 236 "http://alsahibalc.com/2025/12/01/grand-win-casino-50-free-spins/" "Mozilla/5.0 AppleWebKit/537.36 (KHTML, like Gecko; compatible; GPTBot/1.3; +https://openai.com/gptbot)"
74.7.241.15 - - [10/Mar/2026:05:47:50 -0700] "GET /wp-json/oembed/1.0/embed?url=http%3A%2F%2Falsahibalc.com%2F2026%2F02%2F03%2Fi-migliori-casino-online-con-offerte-di-benvenuto-65%2F HTTP/1.1" 404 236 "http://alsahibalc.com/2026/02/03/i-migliori-casino-online-con-offerte-di-benvenuto-65/" "Mozilla/5.0 AppleWebKit/537.36 (KHTML, like Gecko; compatible; GPTBot/1.3; +https://openai.com/gptbot)"
74.7.241.15 - - [10/Mar/2026:05:48:00 -0700] "GET /wp-json/oembed/1.0/embed?url=http%3A%2F%2Falsahibalc.com%2F2025%2F06%2F17%2Fthe-rise-of-live-dealer-casinos-26-2%2F HTTP/1.1" 404 236 "http://alsahibalc.com/2025/06/17/the-rise-of-live-dealer-casinos-26-2/" "Mozilla/5.0 AppleWebKit/537.36 (KHTML, like Gecko; compatible; GPTBot/1.3; +https://openai.com/gptbot)"
85.208.96.194 - - [10/Mar/2026:05:48:04 -0700] "GET /2026/02/05/1win-207-7/ HTTP/1.1" 404 236 "-" "Mozilla/5.0 (compatible; SemrushBot/7~bl; +http://www.semrush.com/bot.html)"
74.7.241.15 - - [10/Mar/2026:05:48:06 -0700] "GET /wp-json/oembed/1.0/embed?url=http%3A%2F%2Falsahibalc.com%2F2026%2F02%2F25%2Fbest-ten-real-cash-web-based-casinos-gaming-web-sites-united-states-of-america-2026%2F HTTP/1.1" 404 236 "http://alsahibalc.com/2026/02/25/best-ten-real-cash-web-based-casinos-gaming-web-sites-united-states-of-america-2026/" "Mozilla/5.0 AppleWebKit/537.36 (KHTML, like Gecko; compatible; GPTBot/1.3; +https://openai.com/gptbot)"
74.7.241.15 - - [10/Mar/2026:05:48:09 -0700] "GET /wp-json/oembed/1.0/embed?url=http%3A%2F%2Falsahibalc.com%2F2026%2F02%2F07%2Fbetter-pet-master-free-spins-only-australian-on-the-internet-pokies-for-real-cash-in-2026%2F HTTP/1.1" 404 236 "http://alsahibalc.com/2026/02/07/better-pet-master-free-spins-only-australian-on-the-internet-pokies-for-real-cash-in-2026/" "Mozilla/5.0 AppleWebKit/537.36 (KHTML, like Gecko; compatible; GPTBot/1.3; +https://openai.com/gptbot)"
74.7.241.15 - - [10/Mar/2026:05:48:13 -0700] "GET /wp-json/oembed/1.0/embed?url=http%3A%2F%2Falsahibalc.com%2F2026%2F03%2F02%2Ffinest-slots-to-your-metawin-to-possess-2026-all-the-metawin-game-checklist%2F HTTP/1.1" 404 236 "http://alsahibalc.com/2026/03/02/finest-slots-to-your-metawin-to-possess-2026-all-the-metawin-game-checklist/" "Mozilla/5.0 AppleWebKit/537.36 (KHTML, like Gecko; compatible; GPTBot/1.3; +https://openai.com/gptbot)"
74.7.241.15 - - [10/Mar/2026:05:48:19 -0700] "GET /wp-json/oembed/1.0/embed?url=http%3A%2F%2Falsahibalc.com%2F2026%2F02%2F24%2Fmay-danh-bac-buffalo%2F HTTP/1.1" 404 236 "http://alsahibalc.com/2026/02/24/may-danh-bac-buffalo/" "Mozilla/5.0 AppleWebKit/537.36 (KHTML, like Gecko; compatible; GPTBot/1.3; +https://openai.com/gptbot)"
74.7.241.15 - - [10/Mar/2026:05:48:22 -0700] "GET /wp-json/oembed/1.0/embed?url=http%3A%2F%2Falsahibalc.com%2F2025%2F07%2F14%2Fgrandpashabet-canli-casno-bahs-10428%2F HTTP/1.1" 404 236 "http://alsahibalc.com/2025/07/14/grandpashabet-canli-casno-bahs-10428/" "Mozilla/5.0 AppleWebKit/537.36 (KHTML, like Gecko; compatible; GPTBot/1.3; +https://openai.com/gptbot)"
74.7.241.15 - - [10/Mar/2026:05:48:25 -0700] "GET /wp-json/oembed/1.0/embed?url=http%3A%2F%2Falsahibalc.com%2F2025%2F06%2F17%2Fthe-rise-of-live-casino-gaming-6%2F HTTP/1.1" 404 236 "http://alsahibalc.com/2025/06/17/the-rise-of-live-casino-gaming-6/" "Mozilla/5.0 AppleWebKit/537.36 (KHTML, like Gecko; compatible; GPTBot/1.3; +https://openai.com/gptbot)"
74.7.241.15 - - [10/Mar/2026:05:48:31 -0700] "GET /wp-json/oembed/1.0/embed?format=xml&url=http%3A%2F%2Falsahibalc.com%2F2026%2F02%2F06%2Fgonzos-trip-megaways-zeus-slot-free-spins-netent-harbors-review%2F HTTP/1.1" 404 236 "http://alsahibalc.com/2026/02/06/gonzos-trip-megaways-zeus-slot-free-spins-netent-harbors-review/" "Mozilla/5.0 AppleWebKit/537.36 (KHTML, like Gecko; compatible; GPTBot/1.3; +https://openai.com/gptbot)"
74.7.241.15 - - [10/Mar/2026:05:48:35 -0700] "GET /wp-json/oembed/1.0/embed?url=http%3A%2F%2Falsahibalc.com%2F2026%2F01%2F27%2Fpin-up-casino-onlayn-azrbaycan-8861-2%2F HTTP/1.1" 404 236 "http://alsahibalc.com/2026/01/27/pin-up-casino-onlayn-azrbaycan-8861-2/" "Mozilla/5.0 AppleWebKit/537.36 (KHTML, like Gecko; compatible; GPTBot/1.3; +https://openai.com/gptbot)"
74.7.241.15 - - [10/Mar/2026:05:48:41 -0700] "GET /wp-json/oembed/1.0/embed?url=http%3A%2F%2Falsahibalc.com%2F2026%2F01%2F17%2Fbet-on-red-casino-sportsbook-172%2F HTTP/1.1" 404 236 "http://alsahibalc.com/2026/01/17/bet-on-red-casino-sportsbook-172/" "Mozilla/5.0 AppleWebKit/537.36 (KHTML, like Gecko; compatible; GPTBot/1.3; +https://openai.com/gptbot)"
74.7.241.15 - - [10/Mar/2026:05:48:48 -0700] "GET /wp-json/oembed/1.0/embed?url=http%3A%2F%2Falsahibalc.com%2F2026%2F02%2F06%2Frondalla-especial-con-12-giros-gratuito-casino-en-linea-tragamonedas-gratis-acerca-de-release-the-kraken%2F HTTP/1.1" 404 236 "http://alsahibalc.com/2026/02/06/rondalla-especial-con-12-giros-gratuito-casino-en-linea-tragamonedas-gratis-acerca-de-release-the-kraken/" "Mozilla/5.0 AppleWebKit/537.36 (KHTML, like Gecko; compatible; GPTBot/1.3; +https://openai.com/gptbot)"
74.7.241.15 - - [10/Mar/2026:05:48:54 -0700] "GET /wp-json/oembed/1.0/embed?url=http%3A%2F%2Falsahibalc.com%2F2026%2F02%2F19%2Flepsi-kasina-bez-vkladu-extra-now-nabizeji-bonusova-registrace-prihlaseni-gate777-pravidla-pro-rok-2026%2F HTTP/1.1" 404 236 "http://alsahibalc.com/2026/02/19/lepsi-kasina-bez-vkladu-extra-now-nabizeji-bonusova-registrace-prihlaseni-gate777-pravidla-pro-rok-2026/" "Mozilla/5.0 AppleWebKit/537.36 (KHTML, like Gecko; compatible; GPTBot/1.3; +https://openai.com/gptbot)"
74.7.241.15 - - [10/Mar/2026:05:48:57 -0700] "GET /wp-json/oembed/1.0/embed?url=http%3A%2F%2Falsahibalc.com%2F2026%2F02%2F11%2Fpaypal-casinos-with-minimum-frankierung-starts-from-1-casino-euro-kostenloser-chip-dollar-75000%2F HTTP/1.1" 404 236 "http://alsahibalc.com/2026/02/11/paypal-casinos-with-minimum-frankierung-starts-from-1-casino-euro-kostenloser-chip-dollar-75000/" "Mozilla/5.0 AppleWebKit/537.36 (KHTML, like Gecko; compatible; GPTBot/1.3; +https://openai.com/gptbot)"
85.208.96.210 - - [10/Mar/2026:05:48:57 -0700] "GET /2026/02/18/forge-your-winning-streak-experience-seamless-betting-superior/ HTTP/1.1" 404 236 "-" "Mozilla/5.0 (compatible; SemrushBot/7~bl; +http://www.semrush.com/bot.html)"
74.7.241.15 - - [10/Mar/2026:05:49:03 -0700] "GET /wp-json/oembed/1.0/embed?url=http%3A%2F%2Falsahibalc.com%2F2026%2F02%2F19%2Fonline-spielbank-probe-2026-%25ef%25b8%258f-casino-neteller-100-kostenlose-spins-215-seriose-casinos-im-abmachung%2F HTTP/1.1" 404 236 "http://alsahibalc.com/2026/02/19/online-spielbank-probe-2026-%ef%b8%8f-casino-neteller-100-kostenlose-spins-215-seriose-casinos-im-abmachung/" "Mozilla/5.0 AppleWebKit/537.36 (KHTML, like Gecko; compatible; GPTBot/1.3; +https://openai.com/gptbot)"
74.7.241.15 - - [10/Mar/2026:05:49:10 -0700] "GET /wp-json/oembed/1.0/embed?url=http%3A%2F%2Falsahibalc.com%2F2026%2F02%2F26%2Fthe-evolution-of-casino-loyalty-programs-3%2F HTTP/1.1" 404 236 "http://alsahibalc.com/2026/02/26/the-evolution-of-casino-loyalty-programs-3/" "Mozilla/5.0 AppleWebKit/537.36 (KHTML, like Gecko; compatible; GPTBot/1.3; +https://openai.com/gptbot)"
74.7.241.15 - - [10/Mar/2026:05:49:13 -0700] "GET /wp-json/oembed/1.0/embed?url=http%3A%2F%2Falsahibalc.com%2F2025%2F04%2F10%2Fpoker-strategies-and-tips-for-success-2%2F HTTP/1.1" 404 236 "http://alsahibalc.com/2025/04/10/poker-strategies-and-tips-for-success-2/" "Mozilla/5.0 AppleWebKit/537.36 (KHTML, like Gecko; compatible; GPTBot/1.3; +https://openai.com/gptbot)"
74.7.241.15 - - [10/Mar/2026:05:49:16 -0700] "GET /wp-json/oembed/1.0/embed?url=http%3A%2F%2Falsahibalc.com%2F2026%2F02%2F10%2F50-machines-a-sous-gratuites-au-belgique%2F HTTP/1.1" 404 236 "http://alsahibalc.com/2026/02/10/50-machines-a-sous-gratuites-au-belgique/" "Mozilla/5.0 AppleWebKit/537.36 (KHTML, like Gecko; compatible; GPTBot/1.3; +https://openai.com/gptbot)"
74.7.241.15 - - [10/Mar/2026:05:49:19 -0700] "GET /wp-json/oembed/1.0/embed?url=http%3A%2F%2Falsahibalc.com%2F2026%2F02%2F19%2Fthe-evolution-of-live-dealer-casinos-3%2F HTTP/1.1" 404 236 "http://alsahibalc.com/2026/02/19/the-evolution-of-live-dealer-casinos-3/" "Mozilla/5.0 AppleWebKit/537.36 (KHTML, like Gecko; compatible; GPTBot/1.3; +https://openai.com/gptbot)"
74.7.241.15 - - [10/Mar/2026:05:49:22 -0700] "GET /wp-json/oembed/1.0/embed?url=http%3A%2F%2Falsahibalc.com%2F2026%2F02%2F24%2Fmkslg-intelekta-ietekme-uz-kazino-darbbu-2%2F HTTP/1.1" 404 236 "http://alsahibalc.com/2026/02/24/mkslg-intelekta-ietekme-uz-kazino-darbbu-2/" "Mozilla/5.0 AppleWebKit/537.36 (KHTML, like Gecko; compatible; GPTBot/1.3; +https://openai.com/gptbot)"
173.247.246.132 - - [10/Mar/2026:05:49:22 -0700] "POST /wp-cron.php?doing_wp_cron=1773146962.9323410987854003906250 HTTP/1.1" 200 - "-" "WordPress/6.6.4; http://alsahibalc.com"
91.187.65.211 - - [10/Mar/2026:05:49:22 -0700] "POST /xmlrpc.php HTTP/1.1" 200 648 "-" "Mozilla/5.0 (Windows NT 10.0; Win64; x64) AppleWebKit/537.36 (KHTML, like Gecko) Chrome/78.0.3904.108 Safari/537.36"
51.222.168.122 - - [10/Mar/2026:05:49:25 -0700] "GET /author/user/page/76/ HTTP/1.1" 404 236 "-" "Mozilla/5.0 (compatible; AhrefsBot/7.0; +http://ahrefs.com/robot/)"
74.7.241.15 - - [10/Mar/2026:05:49:26 -0700] "GET /wp-json/oembed/1.0/embed?url=http%3A%2F%2Falsahibalc.com%2F2026%2F01%2F26%2Fignite-your-winnings-experience-non-stop-2%2F HTTP/1.1" 404 236 "http://alsahibalc.com/2026/01/26/ignite-your-winnings-experience-non-stop-2/" "Mozilla/5.0 AppleWebKit/537.36 (KHTML, like Gecko; compatible; GPTBot/1.3; +https://openai.com/gptbot)"
74.7.241.15 - - [10/Mar/2026:05:49:32 -0700] "GET /wp-json/oembed/1.0/embed?url=http%3A%2F%2Falsahibalc.com%2F2025%2F02%2F24%2Funlocking-the-best-bonuses-at-1red-casino%2F HTTP/1.1" 404 236 "http://alsahibalc.com/2025/02/24/unlocking-the-best-bonuses-at-1red-casino/" "Mozilla/5.0 AppleWebKit/537.36 (KHTML, like Gecko; compatible; GPTBot/1.3; +https://openai.com/gptbot)"
74.7.241.15 - - [10/Mar/2026:05:49:38 -0700] "GET /wp-json/oembed/1.0/embed?url=http%3A%2F%2Falsahibalc.com%2F2026%2F03%2F02%2Ffree-spins-2024-kosteloos-spins-zonder-storten-no-gokkast-india-deposit%2F HTTP/1.1" 404 236 "http://alsahibalc.com/2026/03/02/free-spins-2024-kosteloos-spins-zonder-storten-no-gokkast-india-deposit/" "Mozilla/5.0 AppleWebKit/537.36 (KHTML, like Gecko; compatible; GPTBot/1.3; +https://openai.com/gptbot)"
74.7.241.15 - - [10/Mar/2026:05:49:45 -0700] "GET /wp-json/oembed/1.0/embed?url=http%3A%2F%2Falsahibalc.com%2F2026%2F02%2F19%2Fbonus-sem-entreposto-sobre-cassinos-online-giros-como-creditos-2026%2F HTTP/1.1" 404 236 "http://alsahibalc.com/2026/02/19/bonus-sem-entreposto-sobre-cassinos-online-giros-como-creditos-2026/" "Mozilla/5.0 AppleWebKit/537.36 (KHTML, like Gecko; compatible; GPTBot/1.3; +https://openai.com/gptbot)"
74.7.241.15 - - [10/Mar/2026:05:49:48 -0700] "GET /wp-json/oembed/1.0/embed?url=http%3A%2F%2Falsahibalc.com%2F2026%2F02%2F07%2Fenjoy-thunderstruck-online-slot-in-britain-150-chances-gentleman-thief-hd-2026%2F HTTP/1.1" 404 236 "http://alsahibalc.com/2026/02/07/enjoy-thunderstruck-online-slot-in-britain-150-chances-gentleman-thief-hd-2026/" "Mozilla/5.0 AppleWebKit/537.36 (KHTML, like Gecko; compatible; GPTBot/1.3; +https://openai.com/gptbot)"
74.7.241.15 - - [10/Mar/2026:05:49:51 -0700] "GET /wp-json/oembed/1.0/embed?url=http%3A%2F%2Falsahibalc.com%2F2026%2F02%2F07%2Fone-hundred-totally-free-spins-no-deposit-southern-area-africa-2026%2F HTTP/1.1" 404 236 "http://alsahibalc.com/2026/02/07/one-hundred-totally-free-spins-no-deposit-southern-area-africa-2026/" "Mozilla/5.0 AppleWebKit/537.36 (KHTML, like Gecko; compatible; GPTBot/1.3; +https://openai.com/gptbot)"
74.7.241.15 - - [10/Mar/2026:05:49:54 -0700] "GET /wp-json/oembed/1.0/embed?url=http%3A%2F%2Falsahibalc.com%2F2026%2F02%2F28%2Ftagesordnungspunkt-8-queens-day-tilt-1-kaution-echtgeld-casinos-in-2026%2F HTTP/1.1" 404 236 "http://alsahibalc.com/2026/02/28/tagesordnungspunkt-8-queens-day-tilt-1-kaution-echtgeld-casinos-in-2026/" "Mozilla/5.0 AppleWebKit/537.36 (KHTML, like Gecko; compatible; GPTBot/1.3; +https://openai.com/gptbot)"
74.7.241.15 - - [10/Mar/2026:05:49:57 -0700] "GET /wp-json/oembed/1.0/embed?url=http%3A%2F%2Falsahibalc.com%2F2026%2F02%2F27%2Ffree-spins-crypto-casinos-2026-no-abschlagzahlung-spins-on-bitcoin-slots%2F HTTP/1.1" 404 236 "http://alsahibalc.com/2026/02/27/free-spins-crypto-casinos-2026-no-abschlagzahlung-spins-on-bitcoin-slots/" "Mozilla/5.0 AppleWebKit/537.36 (KHTML, like Gecko; compatible; GPTBot/1.3; +https://openai.com/gptbot)"
74.7.241.15 - - [10/Mar/2026:05:50:00 -0700] "GET /wp-json/oembed/1.0/embed?url=http%3A%2F%2Falsahibalc.com%2F2026%2F02%2F28%2Fbetter-ten-deposit-low-gamstop-gambling-enterprises-to-have-uk-people-2026%2F HTTP/1.1" 404 236 "http://alsahibalc.com/2026/02/28/better-ten-deposit-low-gamstop-gambling-enterprises-to-have-uk-people-2026/" "Mozilla/5.0 AppleWebKit/537.36 (KHTML, like Gecko; compatible; GPTBot/1.3; +https://openai.com/gptbot)"
74.7.241.15 - - [10/Mar/2026:05:50:04 -0700] "GET /wp-json/oembed/1.0/embed?url=http%3A%2F%2Falsahibalc.com%2F2026%2F02%2F25%2Fno-deposit-totally-free-spins-the-fresh-checklist-for-january-2026%2F HTTP/1.1" 404 236 "http://alsahibalc.com/2026/02/25/no-deposit-totally-free-spins-the-fresh-checklist-for-january-2026/" "Mozilla/5.0 AppleWebKit/537.36 (KHTML, like Gecko; compatible; GPTBot/1.3; +https://openai.com/gptbot)"
74.7.241.15 - - [10/Mar/2026:05:50:10 -0700] "GET /wp-json/oembed/1.0/embed?url=http%3A%2F%2Falsahibalc.com%2F2026%2F03%2F02%2Fhrajte-thunderstruck-ii-v-nejlepsich-portech-od-microgamingu-pro-rok-2026%2F HTTP/1.1" 404 236 "http://alsahibalc.com/2026/03/02/hrajte-thunderstruck-ii-v-nejlepsich-portech-od-microgamingu-pro-rok-2026/" "Mozilla/5.0 AppleWebKit/537.36 (KHTML, like Gecko; compatible; GPTBot/1.3; +https://openai.com/gptbot)"
54.39.203.157 - - [10/Mar/2026:05:50:13 -0700] "GET /author/user/page/67/ HTTP/1.1" 404 236 "-" "Mozilla/5.0 (compatible; AhrefsBot/7.0; +http://ahrefs.com/robot/)"
74.7.241.15 - - [10/Mar/2026:05:50:13 -0700] "GET /wp-json/oembed/1.0/embed?url=http%3A%2F%2Falsahibalc.com%2F2026%2F02%2F07%2Fhouse-away-from-enjoyable-totally-free-gold-coins-and-spins-january-2026%2F HTTP/1.1" 404 236 "http://alsahibalc.com/2026/02/07/house-away-from-enjoyable-totally-free-gold-coins-and-spins-january-2026/" "Mozilla/5.0 AppleWebKit/537.36 (KHTML, like Gecko; compatible; GPTBot/1.3; +https://openai.com/gptbot)"
74.7.241.15 - - [10/Mar/2026:05:50:16 -0700] "GET /wp-json/oembed/1.0/embed?url=http%3A%2F%2Falsahibalc.com%2F2026%2F03%2F02%2Fmaria-kasino-recension-foran-danske-spillere-slot-gladiator-som-2026%2F HTTP/1.1" 404 236 "http://alsahibalc.com/2026/03/02/maria-kasino-recension-foran-danske-spillere-slot-gladiator-som-2026/" "Mozilla/5.0 AppleWebKit/537.36 (KHTML, like Gecko; compatible; GPTBot/1.3; +https://openai.com/gptbot)"
74.7.241.15 - - [10/Mar/2026:05:50:19 -0700] "GET /wp-json/oembed/1.0/embed?url=http%3A%2F%2Falsahibalc.com%2F2026%2F02%2F25%2Fdino-gambling-enterprise-one-hundred-totally-free-spins-bonus-2026%2F HTTP/1.1" 404 236 "http://alsahibalc.com/2026/02/25/dino-gambling-enterprise-one-hundred-totally-free-spins-bonus-2026/" "Mozilla/5.0 AppleWebKit/537.36 (KHTML, like Gecko; compatible; GPTBot/1.3; +https://openai.com/gptbot)"
74.7.241.15 - - [10/Mar/2026:05:50:23 -0700] "GET /wp-json/oembed/1.0/embed?url=http%3A%2F%2Falsahibalc.com%2F2026%2F02%2F25%2Fan-informed-casinos-which-have-fifty-no-deposit-free-revolves-2026%2F HTTP/1.1" 404 236 "http://alsahibalc.com/2026/02/25/an-informed-casinos-which-have-fifty-no-deposit-free-revolves-2026/" "Mozilla/5.0 AppleWebKit/537.36 (KHTML, like Gecko; compatible; GPTBot/1.3; +https://openai.com/gptbot)"
74.7.241.15 - - [10/Mar/2026:05:50:26 -0700] "GET /wp-json/oembed/1.0/embed?url=http%3A%2F%2Falsahibalc.com%2F2026%2F02%2F27%2F100-light-racers-casino-freispiele-ohne-einzahlung-top-angebote-2026%2F HTTP/1.1" 404 236 "http://alsahibalc.com/2026/02/27/100-light-racers-casino-freispiele-ohne-einzahlung-top-angebote-2026/" "Mozilla/5.0 AppleWebKit/537.36 (KHTML, like Gecko; compatible; GPTBot/1.3; +https://openai.com/gptbot)"
74.7.241.15 - - [10/Mar/2026:05:50:32 -0700] "GET /wp-json/oembed/1.0/embed?url=http%3A%2F%2Falsahibalc.com%2F2026%2F02%2F19%2Fbeste-norske-online-last-ned-hitnspin-app-for-android-casino-igang-2026%2F HTTP/1.1" 404 236 "http://alsahibalc.com/2026/02/19/beste-norske-online-last-ned-hitnspin-app-for-android-casino-igang-2026/" "Mozilla/5.0 AppleWebKit/537.36 (KHTML, like Gecko; compatible; GPTBot/1.3; +https://openai.com/gptbot)"
74.7.241.15 - - [10/Mar/2026:05:50:35 -0700] "GET /wp-json/oembed/1.0/embed?url=http%3A%2F%2Falsahibalc.com%2F2026%2F03%2F02%2Fno-deposit-added-bonus-codes-free-gambling-enterprise-also-offers-2026%2F HTTP/1.1" 404 236 "http://alsahibalc.com/2026/03/02/no-deposit-added-bonus-codes-free-gambling-enterprise-also-offers-2026/" "Mozilla/5.0 AppleWebKit/537.36 (KHTML, like Gecko; compatible; GPTBot/1.3; +https://openai.com/gptbot)"
85.208.96.206 - - [10/Mar/2026:05:50:36 -0700] "GET /2026/02/06/lehmen-veiculos-revenda-em-casino-777-venancio-aires-rs/ HTTP/1.1" 404 236 "-" "Mozilla/5.0 (compatible; SemrushBot/7~bl; +http://www.semrush.com/bot.html)"
74.7.241.15 - - [10/Mar/2026:05:50:38 -0700] "GET /wp-json/oembed/1.0/embed?url=http%3A%2F%2Falsahibalc.com%2F2026%2F02%2F01%2Fmalina-automati-bolji-online-kasina-vi-azurni-broj-za-sijecanj-2026%2F HTTP/1.1" 404 236 "http://alsahibalc.com/2026/02/01/malina-automati-bolji-online-kasina-vi-azurni-broj-za-sijecanj-2026/" "Mozilla/5.0 AppleWebKit/537.36 (KHTML, like Gecko; compatible; GPTBot/1.3; +https://openai.com/gptbot)"
74.7.241.15 - - [10/Mar/2026:05:50:42 -0700] "GET /wp-json/oembed/1.0/embed?url=http%3A%2F%2Falsahibalc.com%2F2026%2F03%2F01%2Fone-hundred-100-percent-free-spins-no-deposit-southern-area-africa-2026%2F HTTP/1.1" 404 236 "http://alsahibalc.com/2026/03/01/one-hundred-100-percent-free-spins-no-deposit-southern-area-africa-2026/" "Mozilla/5.0 AppleWebKit/537.36 (KHTML, like Gecko; compatible; GPTBot/1.3; +https://openai.com/gptbot)"
74.7.241.15 - - [10/Mar/2026:05:50:45 -0700] "GET /wp-json/oembed/1.0/embed?url=http%3A%2F%2Falsahibalc.com%2F2026%2F02%2F07%2Fgreatest-casino-casinomeister-no-deposit-incentives-jan-2026-50-free%2F HTTP/1.1" 404 236 "http://alsahibalc.com/2026/02/07/greatest-casino-casinomeister-no-deposit-incentives-jan-2026-50-free/" "Mozilla/5.0 AppleWebKit/537.36 (KHTML, like Gecko; compatible; GPTBot/1.3; +https://openai.com/gptbot)"
74.7.241.15 - - [10/Mar/2026:05:50:48 -0700] "GET /wp-json/oembed/1.0/embed?url=http%3A%2F%2Falsahibalc.com%2F2026%2F02%2F24%2Fenjoy-united-states-100-percent-free-spins-no-deposit-online-slots-2026%2F HTTP/1.1" 404 236 "http://alsahibalc.com/2026/02/24/enjoy-united-states-100-percent-free-spins-no-deposit-online-slots-2026/" "Mozilla/5.0 AppleWebKit/537.36 (KHTML, like Gecko; compatible; GPTBot/1.3; +https://openai.com/gptbot)"
74.7.241.15 - - [10/Mar/2026:05:50:51 -0700] "GET /wp-json/oembed/1.0/embed?url=http%3A%2F%2Falsahibalc.com%2F2026%2F02%2F19%2Fa-knowledgeable-cellular-gambling-enterprises-and-you-can-software-out-of-2026%2F HTTP/1.1" 404 236 "http://alsahibalc.com/2026/02/19/a-knowledgeable-cellular-gambling-enterprises-and-you-can-software-out-of-2026/" "Mozilla/5.0 AppleWebKit/537.36 (KHTML, like Gecko; compatible; GPTBot/1.3; +https://openai.com/gptbot)"
74.7.241.15 - - [10/Mar/2026:05:50:54 -0700] "GET /wp-json/oembed/1.0/embed?url=http%3A%2F%2Falsahibalc.com%2F2026%2F02%2F27%2Fbetter-web-based-casinos-around-australia-%25ef%25b8%258f-ranked-because-of-the-pros-2026%2F HTTP/1.1" 404 236 "http://alsahibalc.com/2026/02/27/better-web-based-casinos-around-australia-%ef%b8%8f-ranked-because-of-the-pros-2026/" "Mozilla/5.0 AppleWebKit/537.36 (KHTML, like Gecko; compatible; GPTBot/1.3; +https://openai.com/gptbot)"
74.7.241.15 - - [10/Mar/2026:05:50:57 -0700] "GET /wp-json/oembed/1.0/embed?url=http%3A%2F%2Falsahibalc.com%2F2026%2F02%2F10%2Fmichigan-%25e1%2590%2588-gambling-on-line-laws-and-regulations-laws-inside-7-rows-on-slot-machines-2026%2F HTTP/1.1" 404 236 "http://alsahibalc.com/2026/02/10/michigan-%e1%90%88-gambling-on-line-laws-and-regulations-laws-inside-7-rows-on-slot-machines-2026/" "Mozilla/5.0 AppleWebKit/537.36 (KHTML, like Gecko; compatible; GPTBot/1.3; +https://openai.com/gptbot)"
74.7.241.15 - - [10/Mar/2026:05:51:04 -0700] "GET /wp-json/oembed/1.0/embed?url=http%3A%2F%2Falsahibalc.com%2F2026%2F03%2F02%2Fonline-kasino-echtgeld-pramie-2026-unter-einsatz-von-blos-spinfest-app-apk-download-einzahlung%2F HTTP/1.1" 404 236 "http://alsahibalc.com/2026/03/02/online-kasino-echtgeld-pramie-2026-unter-einsatz-von-blos-spinfest-app-apk-download-einzahlung/" "Mozilla/5.0 AppleWebKit/537.36 (KHTML, like Gecko; compatible; GPTBot/1.3; +https://openai.com/gptbot)"
74.7.241.15 - - [10/Mar/2026:05:51:07 -0700] "GET /wp-json/oembed/1.0/embed?url=http%3A%2F%2Falsahibalc.com%2F2026%2F01%2F30%2Fmeritking-canl-casino-resmi-giri-3117%2F HTTP/1.1" 404 236 "http://alsahibalc.com/2026/01/30/meritking-canl-casino-resmi-giri-3117/" "Mozilla/5.0 AppleWebKit/537.36 (KHTML, like Gecko; compatible; GPTBot/1.3; +https://openai.com/gptbot)"
142.44.225.4 - - [10/Mar/2026:05:51:09 -0700] "GET /author/user/page/66/ HTTP/1.1" 404 236 "-" "Mozilla/5.0 (compatible; AhrefsBot/7.0; +http://ahrefs.com/robot/)"
185.191.171.17 - - [10/Mar/2026:05:51:18 -0700] "GET /2025/11/26/the-evolution-of-live-dealer-games-in-online-55/ HTTP/1.1" 404 236 "-" "Mozilla/5.0 (compatible; SemrushBot/7~bl; +http://www.semrush.com/bot.html)"
74.7.241.15 - - [10/Mar/2026:05:51:19 -0700] "GET /wp-json/oembed/1.0/embed?url=http%3A%2F%2Falsahibalc.com%2F2026%2F02%2F27%2Fbeste-echtgeld-erreichbar-casinos-ganz-in-dieser-spielsaal-register2026%2F HTTP/1.1" 404 236 "http://alsahibalc.com/2026/02/27/beste-echtgeld-erreichbar-casinos-ganz-in-dieser-spielsaal-register2026/" "Mozilla/5.0 AppleWebKit/537.36 (KHTML, like Gecko; compatible; GPTBot/1.3; +https://openai.com/gptbot)"
74.7.241.15 - - [10/Mar/2026:05:51:25 -0700] "GET /wp-json/oembed/1.0/embed?url=http%3A%2F%2Falsahibalc.com%2F2026%2F02%2F27%2Ffinest-casino-application-selections-to-have-cellular-people-january-2026%2F HTTP/1.1" 404 236 "http://alsahibalc.com/2026/02/27/finest-casino-application-selections-to-have-cellular-people-january-2026/" "Mozilla/5.0 AppleWebKit/537.36 (KHTML, like Gecko; compatible; GPTBot/1.3; +https://openai.com/gptbot)"
74.7.241.15 - - [10/Mar/2026:05:51:28 -0700] "GET /wp-json/oembed/1.0/embed?url=http%3A%2F%2Falsahibalc.com%2F2026%2F02%2F26%2Fnachfolgende-10-besten-echtgeld-casinos-echtes-bares-erlangen-2026%2F HTTP/1.1" 404 236 "http://alsahibalc.com/2026/02/26/nachfolgende-10-besten-echtgeld-casinos-echtes-bares-erlangen-2026/" "Mozilla/5.0 AppleWebKit/537.36 (KHTML, like Gecko; compatible; GPTBot/1.3; +https://openai.com/gptbot)"
74.7.241.15 - - [10/Mar/2026:05:51:31 -0700] "GET /wp-json/oembed/1.0/embed?url=http%3A%2F%2Falsahibalc.com%2F2026%2F02%2F19%2Finstantaneous-play-gambling-enterprises-greatest-zero-obtain-sites-2026%2F HTTP/1.1" 404 236 "http://alsahibalc.com/2026/02/19/instantaneous-play-gambling-enterprises-greatest-zero-obtain-sites-2026/" "Mozilla/5.0 AppleWebKit/537.36 (KHTML, like Gecko; compatible; GPTBot/1.3; +https://openai.com/gptbot)"
74.7.241.15 - - [10/Mar/2026:05:51:38 -0700] "GET /wp-json/oembed/1.0/embed?url=http%3A%2F%2Falsahibalc.com%2F2026%2F02%2F07%2Fbetter-no-deposit-bonuses-totally-free-revolves-gambling-enterprises-2026%2F HTTP/1.1" 404 236 "http://alsahibalc.com/2026/02/07/better-no-deposit-bonuses-totally-free-revolves-gambling-enterprises-2026/" "Mozilla/5.0 AppleWebKit/537.36 (KHTML, like Gecko; compatible; GPTBot/1.3; +https://openai.com/gptbot)"
74.7.241.15 - - [10/Mar/2026:05:51:41 -0700] "GET /wp-json/oembed/1.0/embed?url=http%3A%2F%2Falsahibalc.com%2F2026%2F02%2F19%2Fkittycat-gambling-establishment-added-bonus-codes-current-january-2026%2F HTTP/1.1" 404 236 "http://alsahibalc.com/2026/02/19/kittycat-gambling-establishment-added-bonus-codes-current-january-2026/" "Mozilla/5.0 AppleWebKit/537.36 (KHTML, like Gecko; compatible; GPTBot/1.3; +https://openai.com/gptbot)"
74.7.241.15 - - [10/Mar/2026:05:51:47 -0700] "GET /wp-json/oembed/1.0/embed?url=http%3A%2F%2Falsahibalc.com%2F2026%2F02%2F20%2F100-freispiele-exklusive-einzahlung-sofortig-casino-spin-verfugbar-2026%2F HTTP/1.1" 404 236 "http://alsahibalc.com/2026/02/20/100-freispiele-exklusive-einzahlung-sofortig-casino-spin-verfugbar-2026/" "Mozilla/5.0 AppleWebKit/537.36 (KHTML, like Gecko; compatible; GPTBot/1.3; +https://openai.com/gptbot)"
74.7.241.15 - - [10/Mar/2026:05:51:50 -0700] "GET /wp-json/oembed/1.0/embed?url=http%3A%2F%2Falsahibalc.com%2F2026%2F02%2F19%2Fbestu-hagnyt-hlekkur-vefsidur-netkasina-fyrir-raunverulega-peninga-arid-2026%2F HTTP/1.1" 404 236 "http://alsahibalc.com/2026/02/19/bestu-hagnyt-hlekkur-vefsidur-netkasina-fyrir-raunverulega-peninga-arid-2026/" "Mozilla/5.0 AppleWebKit/537.36 (KHTML, like Gecko; compatible; GPTBot/1.3; +https://openai.com/gptbot)"
74.7.241.15 - - [10/Mar/2026:05:51:53 -0700] "GET /wp-json/oembed/1.0/embed?url=http%3A%2F%2Falsahibalc.com%2F2026%2F02%2F25%2Fpa-online-casinos-2026-greatest-pennsylvania-local-casino-software%2F HTTP/1.1" 404 236 "http://alsahibalc.com/2026/02/25/pa-online-casinos-2026-greatest-pennsylvania-local-casino-software/" "Mozilla/5.0 AppleWebKit/537.36 (KHTML, like Gecko; compatible; GPTBot/1.3; +https://openai.com/gptbot)"
74.7.241.15 - - [10/Mar/2026:05:51:56 -0700] "GET /wp-json/oembed/1.0/embed?url=http%3A%2F%2Falsahibalc.com%2F2026%2F02%2F09%2Fno-deposit-bonus-requirements-personal-totally-free-offers-inside-2026%2F HTTP/1.1" 404 236 "http://alsahibalc.com/2026/02/09/no-deposit-bonus-requirements-personal-totally-free-offers-inside-2026/" "Mozilla/5.0 AppleWebKit/537.36 (KHTML, like Gecko; compatible; GPTBot/1.3; +https://openai.com/gptbot)"
85.208.96.198 - - [10/Mar/2026:05:51:57 -0700] "GET /2026/02/05/najlepsze-kasyna-online-w-polsce-w-2025-11541/ HTTP/1.1" 404 236 "-" "Mozilla/5.0 (compatible; SemrushBot/7~bl; +http://www.semrush.com/bot.html)"
74.7.241.15 - - [10/Mar/2026:05:52:03 -0700] "GET /wp-json/oembed/1.0/embed?url=http%3A%2F%2Falsahibalc.com%2F2026%2F02%2F27%2Fbeste-echtgeld-erreichbar-casinos-ganz-in-der-spielsaal-verkettete-liste2026%2F HTTP/1.1" 404 236 "http://alsahibalc.com/2026/02/27/beste-echtgeld-erreichbar-casinos-ganz-in-der-spielsaal-verkettete-liste2026/" "Mozilla/5.0 AppleWebKit/537.36 (KHTML, like Gecko; compatible; GPTBot/1.3; +https://openai.com/gptbot)"
54.39.89.12 - - [10/Mar/2026:05:52:08 -0700] "GET /feed/ HTTP/1.1" 404 236 "-" "Mozilla/5.0 (compatible; AhrefsBot/7.0; +http://ahrefs.com/robot/)"
74.7.241.15 - - [10/Mar/2026:05:52:09 -0700] "GET /wp-json/oembed/1.0/embed?url=http%3A%2F%2Falsahibalc.com%2F2026%2F01%2F29%2F1win-bukmekerskaja-kontora-vhod-12071%2F HTTP/1.1" 404 236 "http://alsahibalc.com/2026/01/29/1win-bukmekerskaja-kontora-vhod-12071/" "Mozilla/5.0 AppleWebKit/537.36 (KHTML, like Gecko; compatible; GPTBot/1.3; +https://openai.com/gptbot)"
74.7.241.15 - - [10/Mar/2026:05:52:12 -0700] "GET /wp-json/oembed/1.0/embed?url=http%3A%2F%2Falsahibalc.com%2F2026%2F01%2F29%2F1win-bukmekerskaja-kontora-vhod-11093%2F HTTP/1.1" 404 236 "http://alsahibalc.com/2026/01/29/1win-bukmekerskaja-kontora-vhod-11093/" "Mozilla/5.0 AppleWebKit/537.36 (KHTML, like Gecko; compatible; GPTBot/1.3; +https://openai.com/gptbot)"
74.7.241.15 - - [10/Mar/2026:05:52:15 -0700] "GET /wp-json/oembed/1.0/embed?url=http%3A%2F%2Falsahibalc.com%2F2026%2F01%2F30%2F1win-bukmekerskaja-kontora-vhod-7136%2F HTTP/1.1" 404 236 "http://alsahibalc.com/2026/01/30/1win-bukmekerskaja-kontora-vhod-7136/" "Mozilla/5.0 AppleWebKit/537.36 (KHTML, like Gecko; compatible; GPTBot/1.3; +https://openai.com/gptbot)"
74.7.241.15 - - [10/Mar/2026:05:52:19 -0700] "GET /wp-json/oembed/1.0/embed?url=http%3A%2F%2Falsahibalc.com%2F2025%2F11%2F23%2F1win-bukmekerskaja-kontora-vhod-4393%2F HTTP/1.1" 404 236 "http://alsahibalc.com/2025/11/23/1win-bukmekerskaja-kontora-vhod-4393/" "Mozilla/5.0 AppleWebKit/537.36 (KHTML, like Gecko; compatible; GPTBot/1.3; +https://openai.com/gptbot)"
185.191.171.5 - - [10/Mar/2026:05:52:21 -0700] "GET /robots.txt HTTP/1.1" 200 79 "-" "Mozilla/5.0 (compatible; SemrushBot/7~bl; +http://www.semrush.com/bot.html)"
85.208.96.207 - - [10/Mar/2026:05:52:21 -0700] "GET /2026/02/05/polnyj-obzor-kazino-chto-nuzhno-znat-o-mostbet/ HTTP/1.1" 404 236 "-" "Mozilla/5.0 (compatible; SemrushBot/7~bl; +http://www.semrush.com/bot.html)"
74.7.241.15 - - [10/Mar/2026:05:52:22 -0700] "GET /wp-json/oembed/1.0/embed?url=http%3A%2F%2Falsahibalc.com%2F2025%2F11%2F24%2F1win-bukmekerskaja-kontora-1vin-1692%2F HTTP/1.1" 404 236 "http://alsahibalc.com/2025/11/24/1win-bukmekerskaja-kontora-1vin-1692/" "Mozilla/5.0 AppleWebKit/537.36 (KHTML, like Gecko; compatible; GPTBot/1.3; +https://openai.com/gptbot)"
74.7.241.15 - - [10/Mar/2026:05:52:25 -0700] "GET /wp-json/oembed/1.0/embed?url=http%3A%2F%2Falsahibalc.com%2F2026%2F01%2F30%2F1win-bukmekerskaja-kontora-vhod-2129%2F HTTP/1.1" 404 236 "http://alsahibalc.com/2026/01/30/1win-bukmekerskaja-kontora-vhod-2129/" "Mozilla/5.0 AppleWebKit/537.36 (KHTML, like Gecko; compatible; GPTBot/1.3; +https://openai.com/gptbot)"
74.7.241.15 - - [10/Mar/2026:05:52:28 -0700] "GET /wp-json/oembed/1.0/embed?url=http%3A%2F%2Falsahibalc.com%2F2025%2F11%2F23%2F1win-bukmekerskaja-kontora-1vin-1462%2F HTTP/1.1" 404 236 "http://alsahibalc.com/2025/11/23/1win-bukmekerskaja-kontora-1vin-1462/" "Mozilla/5.0 AppleWebKit/537.36 (KHTML, like Gecko; compatible; GPTBot/1.3; +https://openai.com/gptbot)"
74.7.241.15 - - [10/Mar/2026:05:52:31 -0700] "GET /wp-json/oembed/1.0/embed?url=http%3A%2F%2Falsahibalc.com%2F2026%2F02%2F18%2F1win-bukmekerskaja-kontora-1vin-5137%2F HTTP/1.1" 404 236 "http://alsahibalc.com/2026/02/18/1win-bukmekerskaja-kontora-1vin-5137/" "Mozilla/5.0 AppleWebKit/537.36 (KHTML, like Gecko; compatible; GPTBot/1.3; +https://openai.com/gptbot)"
74.7.241.15 - - [10/Mar/2026:05:52:35 -0700] "GET /wp-json/oembed/1.0/embed?url=http%3A%2F%2Falsahibalc.com%2F2026%2F01%2F27%2Fgrandpashabet-casino-gncel-giri-11692%2F HTTP/1.1" 404 236 "http://alsahibalc.com/2026/01/27/grandpashabet-casino-gncel-giri-11692/" "Mozilla/5.0 AppleWebKit/537.36 (KHTML, like Gecko; compatible; GPTBot/1.3; +https://openai.com/gptbot)"
74.7.241.15 - - [10/Mar/2026:05:52:41 -0700] "GET /wp-json/oembed/1.0/embed?url=http%3A%2F%2Falsahibalc.com%2F2026%2F01%2F28%2Foficialnyj-sajt-pinco-casino-10641%2F HTTP/1.1" 404 236 "http://alsahibalc.com/2026/01/28/oficialnyj-sajt-pinco-casino-10641/" "Mozilla/5.0 AppleWebKit/537.36 (KHTML, like Gecko; compatible; GPTBot/1.3; +https://openai.com/gptbot)"
74.7.241.15 - - [10/Mar/2026:05:52:44 -0700] "GET /wp-json/oembed/1.0/embed?url=http%3A%2F%2Falsahibalc.com%2F2026%2F02%2F18%2Fbookmaker-company-betshop-13433-3%2F HTTP/1.1" 404 236 "http://alsahibalc.com/2026/02/18/bookmaker-company-betshop-13433-3/" "Mozilla/5.0 AppleWebKit/537.36 (KHTML, like Gecko; compatible; GPTBot/1.3; +https://openai.com/gptbot)"
74.7.241.15 - - [10/Mar/2026:05:52:47 -0700] "GET /wp-json/oembed/1.0/embed?url=http%3A%2F%2Falsahibalc.com%2F2026%2F01%2F29%2F1win-bukmekerskaja-kontora-vhod-1569%2F HTTP/1.1" 404 236 "http://alsahibalc.com/2026/01/29/1win-bukmekerskaja-kontora-vhod-1569/" "Mozilla/5.0 AppleWebKit/537.36 (KHTML, like Gecko; compatible; GPTBot/1.3; +https://openai.com/gptbot)"
74.7.241.15 - - [10/Mar/2026:05:52:50 -0700] "GET /wp-json/oembed/1.0/embed?url=http%3A%2F%2Falsahibalc.com%2F2026%2F02%2F18%2F1win-bukmekerskaja-kontora-vhod-7073%2F HTTP/1.1" 404 236 "http://alsahibalc.com/2026/02/18/1win-bukmekerskaja-kontora-vhod-7073/" "Mozilla/5.0 AppleWebKit/537.36 (KHTML, like Gecko; compatible; GPTBot/1.3; +https://openai.com/gptbot)"
74.7.241.15 - - [10/Mar/2026:05:52:56 -0700] "GET /wp-json/oembed/1.0/embed?url=http%3A%2F%2Falsahibalc.com%2F2026%2F02%2F11%2Fbillionairespin-casino-113%2F HTTP/1.1" 404 236 "http://alsahibalc.com/2026/02/11/billionairespin-casino-113/" "Mozilla/5.0 AppleWebKit/537.36 (KHTML, like Gecko; compatible; GPTBot/1.3; +https://openai.com/gptbot)"
74.7.241.15 - - [10/Mar/2026:05:53:03 -0700] "GET /wp-json/oembed/1.0/embed?url=http%3A%2F%2Falsahibalc.com%2F2026%2F02%2F25%2Fmostbet-casino-pakistan-2093%2F HTTP/1.1" 404 236 "http://alsahibalc.com/2026/02/25/mostbet-casino-pakistan-2093/" "Mozilla/5.0 AppleWebKit/537.36 (KHTML, like Gecko; compatible; GPTBot/1.3; +https://openai.com/gptbot)"
74.7.241.15 - - [10/Mar/2026:05:53:06 -0700] "GET /wp-json/oembed/1.0/embed?url=http%3A%2F%2Falsahibalc.com%2F2026%2F02%2F18%2Ffitness-expert-pavia%2F HTTP/1.1" 404 236 "http://alsahibalc.com/2026/02/18/fitness-expert-pavia/" "Mozilla/5.0 AppleWebKit/537.36 (KHTML, like Gecko; compatible; GPTBot/1.3; +https://openai.com/gptbot)"
74.7.241.15 - - [10/Mar/2026:05:53:09 -0700] "GET /wp-json/oembed/1.0/embed?url=http%3A%2F%2Falsahibalc.com%2F2026%2F02%2F18%2Fembarque-numa-aventura-glacial-5-estrategias-para%2F HTTP/1.1" 404 236 "http://alsahibalc.com/2026/02/18/embarque-numa-aventura-glacial-5-estrategias-para/" "Mozilla/5.0 AppleWebKit/537.36 (KHTML, like Gecko; compatible; GPTBot/1.3; +https://openai.com/gptbot)"
74.7.241.15 - - [10/Mar/2026:05:53:15 -0700] "GET /wp-json/oembed/1.0/embed?url=http%3A%2F%2Falsahibalc.com%2F2026%2F01%2F22%2Foficialnyj-sajt-pinco-casino-10667-2%2F HTTP/1.1" 404 236 "http://alsahibalc.com/2026/01/22/oficialnyj-sajt-pinco-casino-10667-2/" "Mozilla/5.0 AppleWebKit/537.36 (KHTML, like Gecko; compatible; GPTBot/1.3; +https://openai.com/gptbot)"
185.191.171.11 - - [10/Mar/2026:05:53:17 -0700] "GET /2026/02/10/ice-fishing-live-casino-game-by-evolution-how-to-378/ HTTP/1.1" 404 236 "-" "Mozilla/5.0 (compatible; SemrushBot/7~bl; +http://www.semrush.com/bot.html)"
