57.141.0.61 - - [10/Mar/2026:08:14:11 -0700] "GET /wp-json/oembed/1.0/embed?url=http%3A%2F%2Falsahibalc.com%2F2026%2F02%2F27%2Fdie-besten-verbunden-casinos-inside-teutonia-2026%2F HTTP/1.1" 404 236 "-" "meta-externalagent/1.1 (+https://developers.facebook.com/docs/sharing/webmasters/crawler)"
74.7.241.15 - - [10/Mar/2026:08:14:28 -0700] "GET /wp-json/oembed/1.0/embed?url=http%3A%2F%2Falsahibalc.com%2F2026%2F02%2F27%2Fdie-besten-verbunden-casinos-inside-teutonia-2026%2F HTTP/1.1" 404 236 "http://alsahibalc.com/2026/02/27/die-besten-verbunden-casinos-inside-teutonia-2026/" "Mozilla/5.0 AppleWebKit/537.36 (KHTML, like Gecko; compatible; GPTBot/1.3; +https://openai.com/gptbot)"
85.208.96.206 - - [10/Mar/2026:08:14:30 -0700] "GET /2026/02/10/mobile-casino-iw-bonus-ports-2026-have-fun-with-the-better-mobile-position-game-online/ HTTP/1.1" 404 236 "-" "Mozilla/5.0 (compatible; SemrushBot/7~bl; +http://www.semrush.com/bot.html)"
74.7.241.15 - - [10/Mar/2026:08:14:38 -0700] "GET /wp-json/oembed/1.0/embed?url=http%3A%2F%2Falsahibalc.com%2F2025%2F06%2F06%2Fstrategie-di-successo-e-trucchi-per-dominarechicken-road-2%2F HTTP/1.1" 404 236 "http://alsahibalc.com/2025/06/06/strategie-di-successo-e-trucchi-per-dominarechicken-road-2/" "Mozilla/5.0 AppleWebKit/537.36 (KHTML, like Gecko; compatible; GPTBot/1.3; +https://openai.com/gptbot)"
85.208.96.193 - - [10/Mar/2026:08:14:48 -0700] "GET /2025/07/31/could-a-fun-filled-journey-to-prizes-begin-with-a-2/ HTTP/1.1" 404 236 "-" "Mozilla/5.0 (compatible; SemrushBot/7~bl; +http://www.semrush.com/bot.html)"
85.208.96.209 - - [10/Mar/2026:08:14:52 -0700] "GET /2026/02/15/casumo-500-provision-kode-abzuglich-einzahlung-100-free-spins/ HTTP/1.1" 404 236 "-" "Mozilla/5.0 (compatible; SemrushBot/7~bl; +http://www.semrush.com/bot.html)"
173.247.246.132 - - [10/Mar/2026:08:14:54 -0700] "POST /wp-cron.php?doing_wp_cron=1773155694.6804330348968505859375 HTTP/1.1" 200 - "-" "WordPress/6.6.4; http://alsahibalc.com"
152.233.20.155 - - [10/Mar/2026:08:14:53 -0700] "POST /xmlrpc.php HTTP/1.1" 200 366840 "-" "Mozilla/5.0 (Windows NT 10.0; Win64; x64) AppleWebKit/537.36 (KHTML, like Gecko) Chrome/79.0.3945.130 Safari/537.36 OPR/66.0.3515.115"
74.7.241.15 - - [10/Mar/2026:08:14:56 -0700] "GET /wp-json/oembed/1.0/embed?url=http%3A%2F%2Falsahibalc.com%2F2026%2F01%2F28%2F1win-kazino-i-bk-3560%2F HTTP/1.1" 404 236 "http://alsahibalc.com/2026/01/28/1win-kazino-i-bk-3560/" "Mozilla/5.0 AppleWebKit/537.36 (KHTML, like Gecko; compatible; GPTBot/1.3; +https://openai.com/gptbot)"
152.233.20.155 - - [10/Mar/2026:08:14:57 -0700] "POST /xmlrpc.php HTTP/1.1" 200 180 "-" "Mozilla/5.0 (Windows NT 10.0; Win64; x64) AppleWebKit/537.36 (KHTML, like Gecko) Chrome/79.0.3945.130 Safari/537.36 OPR/66.0.3515.115"
152.233.20.155 - - [10/Mar/2026:08:14:59 -0700] "POST /xmlrpc.php HTTP/1.1" 200 13790 "-" "Mozilla/5.0 (Windows NT 10.0; Win64; x64) AppleWebKit/537.36 (KHTML, like Gecko) Chrome/79.0.3945.130 Safari/537.36 OPR/66.0.3515.115"
173.247.246.132 - - [10/Mar/2026:08:15:00 -0700] "POST /wp-cron.php?doing_wp_cron=1773155700.0449719429016113281250 HTTP/1.1" 200 - "-" "WordPress/6.6.4; http://alsahibalc.com"
51.222.168.78 - - [10/Mar/2026:08:15:05 -0700] "GET /2025/11/21/oficialnyj-sajt-pinco-igrat-onlajn-zerkalo-i-vhod-885-10/ HTTP/1.1" 404 236 "-" "Mozilla/5.0 (compatible; AhrefsBot/7.0; +http://ahrefs.com/robot/)"
74.7.241.15 - - [10/Mar/2026:08:15:06 -0700] "GET /wp-json/oembed/1.0/embed?format=xml&url=http%3A%2F%2Falsahibalc.com%2F2026%2F02%2F10%2Ffreebet-fr-vaeddemal-risikofrie-vaeddemal-tilslutte-booi-app-gennemgang-sport%2F HTTP/1.1" 404 236 "http://alsahibalc.com/2026/02/10/freebet-fr-vaeddemal-risikofrie-vaeddemal-tilslutte-booi-app-gennemgang-sport/" "Mozilla/5.0 AppleWebKit/537.36 (KHTML, like Gecko; compatible; GPTBot/1.3; +https://openai.com/gptbot)"
74.7.241.15 - - [10/Mar/2026:08:15:15 -0700] "GET /wp-json/oembed/1.0/embed?url=http%3A%2F%2Falsahibalc.com%2F2026%2F03%2F02%2Fparhaat-nettikasinot-oikealla-rahalla-vuonna-2026%2F HTTP/1.1" 404 236 "http://alsahibalc.com/2026/03/02/parhaat-nettikasinot-oikealla-rahalla-vuonna-2026/" "Mozilla/5.0 AppleWebKit/537.36 (KHTML, like Gecko; compatible; GPTBot/1.3; +https://openai.com/gptbot)"
85.208.96.206 - - [10/Mar/2026:08:15:19 -0700] "GET /2026/02/07/spinogambino-1380/ HTTP/1.1" 404 236 "-" "Mozilla/5.0 (compatible; SemrushBot/7~bl; +http://www.semrush.com/bot.html)"
74.7.241.15 - - [10/Mar/2026:08:15:24 -0700] "GET /wp-json/oembed/1.0/embed?url=http%3A%2F%2Falsahibalc.com%2F2026%2F02%2F18%2Fbellagio-b-l-we%2F HTTP/1.1" 404 236 "http://alsahibalc.com/2026/02/18/bellagio-b-l-we/" "Mozilla/5.0 AppleWebKit/537.36 (KHTML, like Gecko; compatible; GPTBot/1.3; +https://openai.com/gptbot)"
74.7.241.15 - - [10/Mar/2026:08:15:34 -0700] "GET /wp-json/oembed/1.0/embed?url=http%3A%2F%2Falsahibalc.com%2F2026%2F03%2F02%2Fsvenska-spelsajter-samt-casinosajter-2025-uppdaterad-fortecknin%2F HTTP/1.1" 404 236 "http://alsahibalc.com/2026/03/02/svenska-spelsajter-samt-casinosajter-2025-uppdaterad-fortecknin/" "Mozilla/5.0 AppleWebKit/537.36 (KHTML, like Gecko; compatible; GPTBot/1.3; +https://openai.com/gptbot)"
74.7.241.15 - - [10/Mar/2026:08:15:43 -0700] "GET /wp-json/oembed/1.0/embed?url=http%3A%2F%2Falsahibalc.com%2F2026%2F01%2F20%2F%25d0%25ba%25d0%25b0%25d0%25b7%25d0%25b8%25d0%25bd%25d0%25be-%25d0%25be%25d1%2584%25d0%25b8%25d1%2586%25d0%25b8%25d0%25b0%25d0%25bb%25d1%258c%25d0%25bd%25d1%258b%25d0%25b9-%25d1%2581%25d0%25b0%25d0%25b9%25d1%2582-pin-up-casino-%25d0%25b2%25d1%2585%25d0%25be%25d0%25b4%25d0%25b8-%25d0%25b8-%25d0%25b8%25d0%25b3-3%2F HTTP/1.1" 404 236 "http://alsahibalc.com/2026/01/20/%d0%ba%d0%b0%d0%b7%d0%b8%d0%bd%d0%be-%d0%be%d1%84%d0%b8%d1%86%d0%b8%d0%b0%d0%bb%d1%8c%d0%bd%d1%8b%d0%b9-%d1%81%d0%b0%d0%b9%d1%82-pin-up-casino-%d0%b2%d1%85%d0%be%d0%b4%d0%b8-%d0%b8-%d0%b8%d0%b3-3/" "Mozilla/5.0 AppleWebKit/537.36 (KHTML, like Gecko; compatible; GPTBot/1.3; +https://openai.com/gptbot)"
74.7.241.15 - - [10/Mar/2026:08:15:53 -0700] "GET /wp-json/oembed/1.0/embed?url=http%3A%2F%2Falsahibalc.com%2F2026%2F01%2F20%2F%25d0%25ba%25d0%25b0%25d0%25b7%25d0%25b8%25d0%25bd%25d0%25be-%25d0%25be%25d1%2584%25d0%25b8%25d1%2586%25d0%25b8%25d0%25b0%25d0%25bb%25d1%258c%25d0%25bd%25d1%258b%25d0%25b9-%25d1%2581%25d0%25b0%25d0%25b9%25d1%2582-pin-up-casino-%25d0%25b2%25d1%2585%25d0%25be%25d0%25b4%25d0%25b8-%25d0%25b8-%25d0%25b8%25d0%25b3%2F HTTP/1.1" 404 236 "http://alsahibalc.com/2026/01/20/%d0%ba%d0%b0%d0%b7%d0%b8%d0%bd%d0%be-%d0%be%d1%84%d0%b8%d1%86%d0%b8%d0%b0%d0%bb%d1%8c%d0%bd%d1%8b%d0%b9-%d1%81%d0%b0%d0%b9%d1%82-pin-up-casino-%d0%b2%d1%85%d0%be%d0%b4%d0%b8-%d0%b8-%d0%b8%d0%b3/" "Mozilla/5.0 AppleWebKit/537.36 (KHTML, like Gecko; compatible; GPTBot/1.3; +https://openai.com/gptbot)"
74.7.241.15 - - [10/Mar/2026:08:16:03 -0700] "GET /wp-json/oembed/1.0/embed?url=http%3A%2F%2Falsahibalc.com%2F2026%2F01%2F22%2F%25d0%25ba%25d0%25b0%25d0%25b7%25d0%25b8%25d0%25bd%25d0%25be-%25d0%25be%25d1%2584%25d0%25b8%25d1%2586%25d0%25b8%25d0%25b0%25d0%25bb%25d1%258c%25d0%25bd%25d1%258b%25d0%25b9-%25d1%2581%25d0%25b0%25d0%25b9%25d1%2582-pin-up-casino-%25d0%25b2%25d1%2585%25d0%25be%25d0%25b4%25d0%25b8-%25d0%25b8-%25d0%25b8%25d0%25b3-6%2F HTTP/1.1" 404 236 "http://alsahibalc.com/2026/01/22/%d0%ba%d0%b0%d0%b7%d0%b8%d0%bd%d0%be-%d0%be%d1%84%d0%b8%d1%86%d0%b8%d0%b0%d0%bb%d1%8c%d0%bd%d1%8b%d0%b9-%d1%81%d0%b0%d0%b9%d1%82-pin-up-casino-%d0%b2%d1%85%d0%be%d0%b4%d0%b8-%d0%b8-%d0%b8%d0%b3-6/" "Mozilla/5.0 AppleWebKit/537.36 (KHTML, like Gecko; compatible; GPTBot/1.3; +https://openai.com/gptbot)"
74.7.241.15 - - [10/Mar/2026:08:16:12 -0700] "GET /wp-json/oembed/1.0/embed?url=http%3A%2F%2Falsahibalc.com%2F2026%2F01%2F20%2F%25d0%25ba%25d0%25b0%25d0%25b7%25d0%25b8%25d0%25bd%25d0%25be-%25d0%25be%25d1%2584%25d0%25b8%25d1%2586%25d0%25b8%25d0%25b0%25d0%25bb%25d1%258c%25d0%25bd%25d1%258b%25d0%25b9-%25d1%2581%25d0%25b0%25d0%25b9%25d1%2582-pin-up-casino-%25d0%25b2%25d1%2585%25d0%25be%25d0%25b4%25d0%25b8-%25d0%25b8-%25d0%25b8%25d0%25b3-2%2F HTTP/1.1" 404 236 "http://alsahibalc.com/2026/01/20/%d0%ba%d0%b0%d0%b7%d0%b8%d0%bd%d0%be-%d0%be%d1%84%d0%b8%d1%86%d0%b8%d0%b0%d0%bb%d1%8c%d0%bd%d1%8b%d0%b9-%d1%81%d0%b0%d0%b9%d1%82-pin-up-casino-%d0%b2%d1%85%d0%be%d0%b4%d0%b8-%d0%b8-%d0%b8%d0%b3-2/" "Mozilla/5.0 AppleWebKit/537.36 (KHTML, like Gecko; compatible; GPTBot/1.3; +https://openai.com/gptbot)"
85.208.96.199 - - [10/Mar/2026:08:16:16 -0700] "GET /2021/09/13/professional-real-estate-bookkeeping-strengthening-6/ HTTP/1.1" 404 236 "-" "Mozilla/5.0 (compatible; SemrushBot/7~bl; +http://www.semrush.com/bot.html)"
74.7.241.15 - - [10/Mar/2026:08:16:21 -0700] "GET /wp-json/oembed/1.0/embed?url=http%3A%2F%2Falsahibalc.com%2F2026%2F01%2F20%2F%25d0%25ba%25d0%25b0%25d0%25b7%25d0%25b8%25d0%25bd%25d0%25be-%25d0%25be%25d1%2584%25d0%25b8%25d1%2586%25d0%25b8%25d0%25b0%25d0%25bb%25d1%258c%25d0%25bd%25d1%258b%25d0%25b9-%25d1%2581%25d0%25b0%25d0%25b9%25d1%2582-pin-up-casino-%25d0%25b2%25d1%2585%25d0%25be%25d0%25b4%25d0%25b8-%25d0%25b8-%25d0%25b8%25d0%25b3-4%2F HTTP/1.1" 404 236 "http://alsahibalc.com/2026/01/20/%d0%ba%d0%b0%d0%b7%d0%b8%d0%bd%d0%be-%d0%be%d1%84%d0%b8%d1%86%d0%b8%d0%b0%d0%bb%d1%8c%d0%bd%d1%8b%d0%b9-%d1%81%d0%b0%d0%b9%d1%82-pin-up-casino-%d0%b2%d1%85%d0%be%d0%b4%d0%b8-%d0%b8-%d0%b8%d0%b3-4/" "Mozilla/5.0 AppleWebKit/537.36 (KHTML, like Gecko; compatible; GPTBot/1.3; +https://openai.com/gptbot)"
74.7.241.15 - - [10/Mar/2026:08:16:31 -0700] "GET /wp-json/oembed/1.0/embed?url=http%3A%2F%2Falsahibalc.com%2F2026%2F01%2F22%2F%25d0%25ba%25d0%25b0%25d0%25b7%25d0%25b8%25d0%25bd%25d0%25be-%25d0%25be%25d1%2584%25d0%25b8%25d1%2586%25d0%25b8%25d0%25b0%25d0%25bb%25d1%258c%25d0%25bd%25d1%258b%25d0%25b9-%25d1%2581%25d0%25b0%25d0%25b9%25d1%2582-pin-up-casino-%25d0%25b2%25d1%2585%25d0%25be%25d0%25b4%25d0%25b8-%25d0%25b8-%25d0%25b8%25d0%25b3-5%2F HTTP/1.1" 404 236 "http://alsahibalc.com/2026/01/22/%d0%ba%d0%b0%d0%b7%d0%b8%d0%bd%d0%be-%d0%be%d1%84%d0%b8%d1%86%d0%b8%d0%b0%d0%bb%d1%8c%d0%bd%d1%8b%d0%b9-%d1%81%d0%b0%d0%b9%d1%82-pin-up-casino-%d0%b2%d1%85%d0%be%d0%b4%d0%b8-%d0%b8-%d0%b8%d0%b3-5/" "Mozilla/5.0 AppleWebKit/537.36 (KHTML, like Gecko; compatible; GPTBot/1.3; +https://openai.com/gptbot)"
74.7.241.15 - - [10/Mar/2026:08:16:41 -0700] "GET /2026/01/24/understanding-game-odds-in-casinos-a-comprehensive/%3Cdiv%20class=%22video-container%22%3E%3Ciframe%20src=%22https:/cdn.pixabay.com/video/2020/07/19/45065-441212861_medium.mp4%22%20frameborder=%220%22%20allowfullscreen%3E%3C/iframe%3E%3C/div%3E HTTP/1.1" 406 300 "http://alsahibalc.com/2026/01/24/understanding-game-odds-in-casinos-a-comprehensive/" "Mozilla/5.0 AppleWebKit/537.36 (KHTML, like Gecko; compatible; GPTBot/1.3; +https://openai.com/gptbot)"
15.235.98.209 - - [10/Mar/2026:08:16:50 -0700] "GET /2025/11/19/pin-up-casino-azrbaycan-2768/ HTTP/1.1" 404 236 "-" "Mozilla/5.0 (compatible; AhrefsBot/7.0; +http://ahrefs.com/robot/)"
74.7.241.15 - - [10/Mar/2026:08:16:50 -0700] "GET /wp-json/oembed/1.0/embed?url=http%3A%2F%2Falsahibalc.com%2F2026%2F02%2F27%2Fregulaciones-legales-en-los-casinos-que-debes%2F HTTP/1.1" 404 236 "http://alsahibalc.com/2026/02/27/regulaciones-legales-en-los-casinos-que-debes/" "Mozilla/5.0 AppleWebKit/537.36 (KHTML, like Gecko; compatible; GPTBot/1.3; +https://openai.com/gptbot)"
74.7.241.15 - - [10/Mar/2026:08:16:59 -0700] "GET /wp-json/oembed/1.0/embed?format=xml&url=http%3A%2F%2Falsahibalc.com%2F2026%2F03%2F02%2Fbetter-gambling-enterprisen-tervehdysbonukset-2026-vaitetaan-korkeasta-liittymiskannustimesta%2F HTTP/1.1" 404 236 "http://alsahibalc.com/2026/03/02/better-gambling-enterprisen-tervehdysbonukset-2026-vaitetaan-korkeasta-liittymiskannustimesta/" "Mozilla/5.0 AppleWebKit/537.36 (KHTML, like Gecko; compatible; GPTBot/1.3; +https://openai.com/gptbot)"
74.7.241.15 - - [10/Mar/2026:08:17:09 -0700] "GET /wp-json/oembed/1.0/embed?url=http%3A%2F%2Falsahibalc.com%2F2025%2F05%2F21%2Fpupalupa-casino-bonus-codes-unlock-exclusive-rewards%2F HTTP/1.1" 404 236 "http://alsahibalc.com/2025/05/21/pupalupa-casino-bonus-codes-unlock-exclusive-rewards/" "Mozilla/5.0 AppleWebKit/537.36 (KHTML, like Gecko; compatible; GPTBot/1.3; +https://openai.com/gptbot)"
74.7.241.15 - - [10/Mar/2026:08:17:18 -0700] "GET /wp-json/oembed/1.0/embed?url=http%3A%2F%2Falsahibalc.com%2F2026%2F02%2F18%2Fozwin-casino-australia-registration-and-start-72%2F HTTP/1.1" 404 236 "http://alsahibalc.com/2026/02/18/ozwin-casino-australia-registration-and-start-72/" "Mozilla/5.0 AppleWebKit/537.36 (KHTML, like Gecko; compatible; GPTBot/1.3; +https://openai.com/gptbot)"
173.247.246.132 - - [10/Mar/2026:08:17:20 -0700] "POST /wp-cron.php?doing_wp_cron=1773155840.4186999797821044921875 HTTP/1.1" 200 - "-" "WordPress/6.6.4; http://alsahibalc.com"
185.255.129.185 - - [10/Mar/2026:08:17:19 -0700] "POST /xmlrpc.php HTTP/1.1" 200 366840 "-" "Mozilla/5.0 (Windows NT 10.0; Win64; x64) AppleWebKit/537.36 (KHTML, like Gecko) Chrome/120.0.0.0 Safari/537.36"
185.255.129.185 - - [10/Mar/2026:08:17:23 -0700] "POST /xmlrpc.php HTTP/1.1" 200 180 "-" "Mozilla/5.0 (Windows NT 10.0; Win64; x64) AppleWebKit/537.36 (KHTML, like Gecko) Chrome/120.0.0.0 Safari/537.36"
173.247.246.132 - - [10/Mar/2026:08:17:26 -0700] "POST /wp-cron.php?doing_wp_cron=1773155846.0308699607849121093750 HTTP/1.1" 200 - "-" "WordPress/6.6.4; http://alsahibalc.com"
185.255.129.185 - - [10/Mar/2026:08:17:25 -0700] "POST /xmlrpc.php HTTP/1.1" 200 5003 "-" "Mozilla/5.0 (Windows NT 10.0; Win64; x64) AppleWebKit/537.36 (KHTML, like Gecko) Chrome/120.0.0.0 Safari/537.36"
74.7.241.15 - - [10/Mar/2026:08:17:28 -0700] "GET /wp-json/oembed/1.0/embed?url=http%3A%2F%2Falsahibalc.com%2F2026%2F02%2F02%2Fbetify-casino-avis-bonus-exclusif-2025-19645-3%2F HTTP/1.1" 404 236 "http://alsahibalc.com/2026/02/02/betify-casino-avis-bonus-exclusif-2025-19645-3/" "Mozilla/5.0 AppleWebKit/537.36 (KHTML, like Gecko; compatible; GPTBot/1.3; +https://openai.com/gptbot)"
185.255.129.185 - - [10/Mar/2026:08:17:27 -0700] "POST /xmlrpc.php HTTP/1.1" 200 180 "-" "Mozilla/5.0 (Windows NT 10.0; Win64; x64) AppleWebKit/537.36 (KHTML, like Gecko) Chrome/120.0.0.0 Safari/537.36"
185.255.129.185 - - [10/Mar/2026:08:17:29 -0700] "POST /xmlrpc.php HTTP/1.1" 200 5390 "-" "Mozilla/5.0 (Windows NT 10.0; Win64; x64) AppleWebKit/537.36 (KHTML, like Gecko) Chrome/120.0.0.0 Safari/537.36"
173.247.246.132 - - [10/Mar/2026:08:17:30 -0700] "POST /wp-cron.php?doing_wp_cron=1773155850.3347549438476562500000 HTTP/1.1" 200 - "-" "WordPress/6.6.4; http://alsahibalc.com"
74.7.241.15 - - [10/Mar/2026:08:17:37 -0700] "GET /wp-json/oembed/1.0/embed?url=http%3A%2F%2Falsahibalc.com%2F2026%2F02%2F10%2Freal-money-angel-princess-rtp-real-money-online-slots%2F HTTP/1.1" 404 236 "http://alsahibalc.com/2026/02/10/real-money-angel-princess-rtp-real-money-online-slots/" "Mozilla/5.0 AppleWebKit/537.36 (KHTML, like Gecko; compatible; GPTBot/1.3; +https://openai.com/gptbot)"
15.235.98.132 - - [10/Mar/2026:08:17:42 -0700] "GET /2026/01/15/mastering-the-art-of-chicken-road-the-ultimate-cra/ HTTP/1.1" 404 236 "-" "Mozilla/5.0 (compatible; AhrefsBot/7.0; +http://ahrefs.com/robot/)"
74.7.241.15 - - [10/Mar/2026:08:17:46 -0700] "GET /wp-json/oembed/1.0/embed?url=http%3A%2F%2Falsahibalc.com%2F2026%2F02%2F10%2Fsugar-rush-%25d1%2581%25d0%25bb%25d0%25be%25d1%2582-2024-%25d0%25b8%25d0%25b3%25d1%2580%25d0%25b0%25d1%2582%25d1%258c-%25d0%25b1%25d0%25b5%25d1%2581%25d0%25bf%25d0%25bb%25d0%25b0%25d1%2582%25d0%25bd%25d0%25be-%25d0%25be%25d0%25bd%25d0%25bb%25d0%25b0%25d0%25b9%25d0%25bd-%25d0%25b4%25d0%25b5%25d0%25bc%25d0%25be%2F HTTP/1.1" 404 236 "http://alsahibalc.com/2026/02/10/sugar-rush-%d1%81%d0%bb%d0%be%d1%82-2024-%d0%b8%d0%b3%d1%80%d0%b0%d1%82%d1%8c-%d0%b1%d0%b5%d1%81%d0%bf%d0%bb%d0%b0%d1%82%d0%bd%d0%be-%d0%be%d0%bd%d0%bb%d0%b0%d0%b9%d0%bd-%d0%b4%d0%b5%d0%bc%d0%be/" "Mozilla/5.0 AppleWebKit/537.36 (KHTML, like Gecko; compatible; GPTBot/1.3; +https://openai.com/gptbot)"
185.191.171.11 - - [10/Mar/2026:08:17:51 -0700] "GET /2026/02/12/numeri-a-cascata-e-possibilita-di-vincita-plinko-e/ HTTP/1.1" 404 236 "-" "Mozilla/5.0 (compatible; SemrushBot/7~bl; +http://www.semrush.com/bot.html)"
185.191.171.2 - - [10/Mar/2026:08:17:55 -0700] "GET /category/blog/page/27/ HTTP/1.1" 404 236 "-" "Mozilla/5.0 (compatible; SemrushBot/7~bl; +http://www.semrush.com/bot.html)"
74.7.241.15 - - [10/Mar/2026:08:17:55 -0700] "GET /wp-json/oembed/1.0/embed?format=xml&url=http%3A%2F%2Falsahibalc.com%2F2026%2F02%2F28%2Fcasino-maklercourtage-exklusive-einzahlung-gesamtschau-alle-willkommensbonus-angebote-je-erreichbar-casinos-abzuglich-einzahlung-im-februar-2026-sofort-jack-hammer-slot-durchsteigen%2F HTTP/1.1" 404 236 "http://alsahibalc.com/2026/02/28/casino-maklercourtage-exklusive-einzahlung-gesamtschau-alle-willkommensbonus-angebote-je-erreichbar-casinos-abzuglich-einzahlung-im-februar-2026-sofort-jack-hammer-slot-durchsteigen/" "Mozilla/5.0 AppleWebKit/537.36 (KHTML, like Gecko; compatible; GPTBot/1.3; +https://openai.com/gptbot)"
74.7.241.15 - - [10/Mar/2026:08:18:05 -0700] "GET /wp-json/oembed/1.0/embed?url=http%3A%2F%2Falsahibalc.com%2F2026%2F02%2F19%2Fthunderstruck-2%2F HTTP/1.1" 404 236 "http://alsahibalc.com/2026/02/19/thunderstruck-2/" "Mozilla/5.0 AppleWebKit/537.36 (KHTML, like Gecko; compatible; GPTBot/1.3; +https://openai.com/gptbot)"
74.7.241.15 - - [10/Mar/2026:08:18:14 -0700] "GET /wp-json/oembed/1.0/embed?url=http%3A%2F%2Falsahibalc.com%2F2026%2F02%2F07%2Fideas-on-how-to-winnings-for-the-slots-professional-position-resources-tips-2025-book%2F HTTP/1.1" 404 236 "http://alsahibalc.com/2026/02/07/ideas-on-how-to-winnings-for-the-slots-professional-position-resources-tips-2025-book/" "Mozilla/5.0 AppleWebKit/537.36 (KHTML, like Gecko; compatible; GPTBot/1.3; +https://openai.com/gptbot)"
74.7.241.15 - - [10/Mar/2026:08:18:24 -0700] "GET /wp-json/oembed/1.0/embed?url=http%3A%2F%2Falsahibalc.com%2F2026%2F02%2F25%2Fjaguar-mist-pokie-enjoy-free-online-slot-from-the-aristocrat-no-download%2F HTTP/1.1" 404 236 "http://alsahibalc.com/2026/02/25/jaguar-mist-pokie-enjoy-free-online-slot-from-the-aristocrat-no-download/" "Mozilla/5.0 AppleWebKit/537.36 (KHTML, like Gecko; compatible; GPTBot/1.3; +https://openai.com/gptbot)"
54.39.136.171 - - [10/Mar/2026:08:18:33 -0700] "GET /2025/11/21/mostbet-az-bukmeker-ve-kazino-mostbet-giri-rsmi-885-3/ HTTP/1.1" 404 236 "-" "Mozilla/5.0 (compatible; AhrefsBot/7.0; +http://ahrefs.com/robot/)"
74.7.241.15 - - [10/Mar/2026:08:18:33 -0700] "GET /wp-json/oembed/1.0/embed?url=http%3A%2F%2Falsahibalc.com%2F2026%2F02%2F25%2Fgreatest-charge-casinos-2026-online-casinos-one-to-deal-with-visa%2F HTTP/1.1" 404 236 "http://alsahibalc.com/2026/02/25/greatest-charge-casinos-2026-online-casinos-one-to-deal-with-visa/" "Mozilla/5.0 AppleWebKit/537.36 (KHTML, like Gecko; compatible; GPTBot/1.3; +https://openai.com/gptbot)"
74.7.241.15 - - [10/Mar/2026:08:18:42 -0700] "GET /wp-json/oembed/1.0/embed?url=http%3A%2F%2Falsahibalc.com%2F2026%2F02%2F25%2Ftotally-free-pokies-australian-continent-enjoy-online-pokies-enjoyment-and-no-download%2F HTTP/1.1" 404 236 "http://alsahibalc.com/2026/02/25/totally-free-pokies-australian-continent-enjoy-online-pokies-enjoyment-and-no-download/" "Mozilla/5.0 AppleWebKit/537.36 (KHTML, like Gecko; compatible; GPTBot/1.3; +https://openai.com/gptbot)"
74.7.241.15 - - [10/Mar/2026:08:19:01 -0700] "GET /wp-json/oembed/1.0/embed?url=http%3A%2F%2Falsahibalc.com%2F2026%2F02%2F24%2Fsimple-tips-to-enhance-no-voice-to-the-youtube-youtube-let%2F HTTP/1.1" 404 236 "http://alsahibalc.com/2026/02/24/simple-tips-to-enhance-no-voice-to-the-youtube-youtube-let/" "Mozilla/5.0 AppleWebKit/537.36 (KHTML, like Gecko; compatible; GPTBot/1.3; +https://openai.com/gptbot)"
74.7.241.15 - - [10/Mar/2026:08:19:11 -0700] "GET /wp-json/oembed/1.0/embed?format=xml&url=http%3A%2F%2Falsahibalc.com%2F2026%2F03%2F01%2Fjeuxbingo-com-allez-sur-le-connexion-partenaire-spinbetter-amusement-avec-arlequin-offert-un-brin%2F HTTP/1.1" 404 236 "http://alsahibalc.com/2026/03/01/jeuxbingo-com-allez-sur-le-connexion-partenaire-spinbetter-amusement-avec-arlequin-offert-un-brin/" "Mozilla/5.0 AppleWebKit/537.36 (KHTML, like Gecko; compatible; GPTBot/1.3; +https://openai.com/gptbot)"
74.7.241.15 - - [10/Mar/2026:08:19:20 -0700] "GET /wp-json/oembed/1.0/embed?url=http%3A%2F%2Falsahibalc.com%2F2026%2F02%2F27%2Fangeschlossen-spielbank-via-echtgeld-2026-beste-echtgeld-casinos%2F HTTP/1.1" 404 236 "http://alsahibalc.com/2026/02/27/angeschlossen-spielbank-via-echtgeld-2026-beste-echtgeld-casinos/" "Mozilla/5.0 AppleWebKit/537.36 (KHTML, like Gecko; compatible; GPTBot/1.3; +https://openai.com/gptbot)"
51.222.95.37 - - [10/Mar/2026:08:19:47 -0700] "GET /2025/11/21/casinoin-greece-casino-1109-2/ HTTP/1.1" 404 236 "-" "Mozilla/5.0 (compatible; AhrefsBot/7.0; +http://ahrefs.com/robot/)"
74.7.241.15 - - [10/Mar/2026:08:19:49 -0700] "GET /wp-json/wp/v2/posts/23222 HTTP/1.1" 404 236 "http://alsahibalc.com/2026/02/19/ghostbusters-pokie-because-of-the-igt-play-for-100-percent-free/" "Mozilla/5.0 AppleWebKit/537.36 (KHTML, like Gecko; compatible; GPTBot/1.3; +https://openai.com/gptbot)"
74.7.241.15 - - [10/Mar/2026:08:19:58 -0700] "GET /wp-json/wp/v2/posts/21222 HTTP/1.1" 404 236 "http://alsahibalc.com/2025/06/17/the-rise-of-live-dealer-games-in-online-casinos-97/" "Mozilla/5.0 AppleWebKit/537.36 (KHTML, like Gecko; compatible; GPTBot/1.3; +https://openai.com/gptbot)"
74.7.241.15 - - [10/Mar/2026:08:20:07 -0700] "GET /wp-json/oembed/1.0/embed?url=http%3A%2F%2Falsahibalc.com%2F2026%2F02%2F19%2Fprize-wheel%2F HTTP/1.1" 404 236 "http://alsahibalc.com/2026/02/19/prize-wheel/" "Mozilla/5.0 AppleWebKit/537.36 (KHTML, like Gecko; compatible; GPTBot/1.3; +https://openai.com/gptbot)"
74.7.241.15 - - [10/Mar/2026:08:20:16 -0700] "GET /wp-json/oembed/1.0/embed?url=http%3A%2F%2Falsahibalc.com%2F2026%2F02%2F25%2F%25ce%25ba%25ce%25b1%25cf%2585%25cf%2584%25cf%258c-%25cf%2583%25cf%2584%25ce%25bf%25ce%25af%25cf%2587%25ce%25b7%25ce%25bc%25ce%25b1-%25cf%2583%25ce%25b5-%25ce%25ba%25ce%25bf%25cf%2585%25ce%25bb%25ce%25bf%25cf%2587%25ce%25ad%25cf%2581%25ce%25b7%25ce%25b4%25ce%25b5%25cf%2582-online-%25cf%2587%25cf%2589%25cf%2581%25ce%25af%2F HTTP/1.1" 404 236 "http://alsahibalc.com/2026/02/25/%ce%ba%ce%b1%cf%85%cf%84%cf%8c-%cf%83%cf%84%ce%bf%ce%af%cf%87%ce%b7%ce%bc%ce%b1-%cf%83%ce%b5-%ce%ba%ce%bf%cf%85%ce%bb%ce%bf%cf%87%ce%ad%cf%81%ce%b7%ce%b4%ce%b5%cf%82-online-%cf%87%cf%89%cf%81%ce%af/" "Mozilla/5.0 AppleWebKit/537.36 (KHTML, like Gecko; compatible; GPTBot/1.3; +https://openai.com/gptbot)"
185.191.171.17 - - [10/Mar/2026:08:20:25 -0700] "GET /2025/09/18/the-evolution-of-themed-slot-games-from-classic-reels-to-innovative-genres/ HTTP/1.1" 404 236 "-" "Mozilla/5.0 (compatible; SemrushBot/7~bl; +http://www.semrush.com/bot.html)"
74.7.241.15 - - [10/Mar/2026:08:20:26 -0700] "GET /wp-json/oembed/1.0/embed?url=http%3A%2F%2Falsahibalc.com%2F2026%2F03%2F02%2F%25ce%25b1%25ce%25be%25ce%25b9%25ce%25bf%25ce%25bb%25cf%258c%25ce%25b3%25ce%25b7%25cf%2583%25ce%25b7-%25ce%25ba%25ce%25b1%25cf%2584%25ce%25ac%25cf%2583%25cf%2584%25ce%25b1%25cf%2583%25ce%25b7%25cf%2582-%25ce%25b4%25ce%25b7%25ce%25bc%25ce%25bf%25cf%2583%25ce%25af%25ce%25b5%25cf%2585%25cf%2583%25ce%25b7%25cf%2582-ramses%2F HTTP/1.1" 404 236 "http://alsahibalc.com/2026/03/02/%ce%b1%ce%be%ce%b9%ce%bf%ce%bb%cf%8c%ce%b3%ce%b7%cf%83%ce%b7-%ce%ba%ce%b1%cf%84%ce%ac%cf%83%cf%84%ce%b1%cf%83%ce%b7%cf%82-%ce%b4%ce%b7%ce%bc%ce%bf%cf%83%ce%af%ce%b5%cf%85%cf%83%ce%b7%cf%82-ramses/" "Mozilla/5.0 AppleWebKit/537.36 (KHTML, like Gecko; compatible; GPTBot/1.3; +https://openai.com/gptbot)"
74.7.241.15 - - [10/Mar/2026:08:20:35 -0700] "GET /wp-json/oembed/1.0/embed?url=http%3A%2F%2Falsahibalc.com%2F2026%2F01%2F29%2Ftpobet-canli-casno-gncel-gr-2025-1458%2F HTTP/1.1" 404 236 "http://alsahibalc.com/2026/01/29/tpobet-canli-casno-gncel-gr-2025-1458/" "Mozilla/5.0 AppleWebKit/537.36 (KHTML, like Gecko; compatible; GPTBot/1.3; +https://openai.com/gptbot)"
74.7.241.15 - - [10/Mar/2026:08:20:45 -0700] "GET /wp-json/oembed/1.0/embed?url=http%3A%2F%2Falsahibalc.com%2F2026%2F02%2F27%2Ferreichbar-casinos-uber-startguthaben-ohne-einzahlung-80-kostenlose-spins-no-einzahlung-2026-2026%2F HTTP/1.1" 404 236 "http://alsahibalc.com/2026/02/27/erreichbar-casinos-uber-startguthaben-ohne-einzahlung-80-kostenlose-spins-no-einzahlung-2026-2026/" "Mozilla/5.0 AppleWebKit/537.36 (KHTML, like Gecko; compatible; GPTBot/1.3; +https://openai.com/gptbot)"
74.7.241.15 - - [10/Mar/2026:08:20:54 -0700] "GET /wp-json/oembed/1.0/embed?url=http%3A%2F%2Falsahibalc.com%2F2026%2F02%2F25%2Fplay-on-line-pokies-2026%2F HTTP/1.1" 404 236 "http://alsahibalc.com/2026/02/25/play-on-line-pokies-2026/" "Mozilla/5.0 AppleWebKit/537.36 (KHTML, like Gecko; compatible; GPTBot/1.3; +https://openai.com/gptbot)"
74.7.241.15 - - [10/Mar/2026:08:21:03 -0700] "GET /wp-json/oembed/1.0/embed?url=http%3A%2F%2Falsahibalc.com%2F2025%2F04%2F19%2Fle-cowboy-guide-silencieux-entre-etoiles-et-reperes%2F HTTP/1.1" 404 236 "http://alsahibalc.com/2025/04/19/le-cowboy-guide-silencieux-entre-etoiles-et-reperes/" "Mozilla/5.0 AppleWebKit/537.36 (KHTML, like Gecko; compatible; GPTBot/1.3; +https://openai.com/gptbot)"
74.7.241.15 - - [10/Mar/2026:08:21:13 -0700] "GET /wp-json/oembed/1.0/embed?url=http%3A%2F%2Falsahibalc.com%2F2026%2F02%2F19%2Fbeste-online-casino-inne-i-norge-casino-piggy-riches-2024%2F HTTP/1.1" 404 236 "http://alsahibalc.com/2026/02/19/beste-online-casino-inne-i-norge-casino-piggy-riches-2024/" "Mozilla/5.0 AppleWebKit/537.36 (KHTML, like Gecko; compatible; GPTBot/1.3; +https://openai.com/gptbot)"
51.77.216.36 - - [10/Mar/2026:08:21:25 -0700] "GET /robots.txt HTTP/1.1" 200 79 "-" "Mozilla/5.0 (compatible; MJ12bot/v1.4.8; http://mj12bot.com/)"
51.77.216.36 - - [10/Mar/2026:08:21:28 -0700] "GET /2024/11/20/oblako-dlja-bol%D1%8Cshih-fajlov-kak-zagruzit%D1%8C-i-5/ HTTP/1.1" 404 236 "-" "Mozilla/5.0 (compatible; MJ12bot/v1.4.8; http://mj12bot.com/)"
51.77.216.36 - - [10/Mar/2026:08:21:32 -0700] "GET /2026/02/18/%D1%82%D0%BE%D0%BF-%D1%80%D0%B5%D0%B9%D1%82%D0%B8%D0%BD%D0%B3-%D0%BA%D0%B0%D0%B7%D0%B8%D0%BD%D0%BE-%D1%81-%D0%BF%D1%80%D0%BE%D0%B2%D0%B5%D1%80%D0%B5%D0%BD%D0%BD%D0%BE%D0%B9-%D1%80%D0%B5%D0%BF%D1%83/feed/ HTTP/1.1" 404 236 "-" "Mozilla/5.0 (compatible; MJ12bot/v1.4.8; http://mj12bot.com/)"
74.7.241.15 - - [10/Mar/2026:08:21:32 -0700] "GET /wp-json/oembed/1.0/embed?url=http%3A%2F%2Falsahibalc.com%2F2026%2F02%2F19%2Fbeyond-the-bets-your-guide-to-sports-live-games%2F HTTP/1.1" 404 236 "http://alsahibalc.com/2026/02/19/beyond-the-bets-your-guide-to-sports-live-games/" "Mozilla/5.0 AppleWebKit/537.36 (KHTML, like Gecko; compatible; GPTBot/1.3; +https://openai.com/gptbot)"
51.77.216.36 - - [10/Mar/2026:08:21:36 -0700] "GET /2026/02/18/%D8%A3%D9%83%D8%A8%D8%B1-%D8%AF%D9%84%D9%8A%D9%84-%D9%84%D9%84%D9%85%D8%B3%D8%A7%D8%B9%D8%AF%D8%A9-%D8%A7%D9%84%D8%B0%D8%A7%D8%AA%D9%8A%D8%A9-%D9%84%D8%AA%D8%B7%D8%A8%D9%8A%D9%82%D8%A7%D8%AA-%D9%85/ HTTP/1.1" 404 236 "-" "Mozilla/5.0 (compatible; MJ12bot/v1.4.8; http://mj12bot.com/)"
51.77.216.36 - - [10/Mar/2026:08:21:40 -0700] "GET /2026/02/18/%D8%A3%D9%83%D8%A8%D8%B1-%D8%AF%D9%84%D9%8A%D9%84-%D9%84%D9%84%D9%85%D8%B3%D8%A7%D8%B9%D8%AF%D8%A9-%D8%A7%D9%84%D8%B0%D8%A7%D8%AA%D9%8A%D8%A9-%D9%84%D8%AA%D8%B7%D8%A8%D9%8A%D9%82%D8%A7%D8%AA-%D9%85/feed/ HTTP/1.1" 404 236 "-" "Mozilla/5.0 (compatible; MJ12bot/v1.4.8; http://mj12bot.com/)"
51.77.216.36 - - [10/Mar/2026:08:21:43 -0700] "GET /2026/02/18/%D8%A7%D9%83%D8%AA%D8%B4%D9%81-%D8%A7%D9%84%D8%A2%D9%86-%D8%B1%D9%85%D9%88%D8%B2-%D8%A7%D9%84%D9%85%D9%83%D8%A7%D9%81%D8%A2%D8%AA-%D8%A8%D8%AF%D9%88%D9%86-%D8%A5%D9%8A%D8%AF%D8%A7%D8%B9-%D9%81%D9%8A/feed/ HTTP/1.1" 404 236 "-" "Mozilla/5.0 (compatible; MJ12bot/v1.4.8; http://mj12bot.com/)"
51.77.216.36 - - [10/Mar/2026:08:21:47 -0700] "GET /2026/02/18/%D8%A7%D9%86%D8%BA%D9%85%D8%B3-%D9%81%D9%8A-%D8%A7%D9%84%D8%A8%D8%AD%D8%B1-%D9%84%D8%AA%D9%83%D8%AA%D8%B4%D9%81-%D8%A3%D8%B3%D8%B1%D8%A7%D8%B1-%D8%A3%D9%84%D8%B9%D8%A7%D8%A8-%D8%B3%D9%84%D9%88%D8%AA/ HTTP/1.1" 404 236 "-" "Mozilla/5.0 (compatible; MJ12bot/v1.4.8; http://mj12bot.com/)"
51.77.216.36 - - [10/Mar/2026:08:21:50 -0700] "GET /2026/02/18/%D8%A7%D9%86%D8%BA%D9%85%D8%B3-%D9%81%D9%8A-%D8%A7%D9%84%D8%A8%D8%AD%D8%B1-%D9%84%D8%AA%D9%83%D8%AA%D8%B4%D9%81-%D8%A3%D8%B3%D8%B1%D8%A7%D8%B1-%D8%A3%D9%84%D8%B9%D8%A7%D8%A8-%D8%B3%D9%84%D9%88%D8%AA/feed/ HTTP/1.1" 404 236 "-" "Mozilla/5.0 (compatible; MJ12bot/v1.4.8; http://mj12bot.com/)"
51.77.216.36 - - [10/Mar/2026:08:21:54 -0700] "GET /2026/02/18/%D9%84%D8%B9%D8%A8%D8%A9-%D8%A7%D9%84%D8%A8%D9%88%D9%83%D9%8A-%D8%A7%D9%84%D9%87%D9%86%D8%AF%D9%8A%D8%A9-%D8%B1%D8%A7%D9%87%D9%86-%D8%B9%D9%84%D9%89-%D9%84%D8%B9%D8%A8%D8%A9-%D9%85%D9%85%D9%8A%D8%B2/ HTTP/1.1" 404 236 "-" "Mozilla/5.0 (compatible; MJ12bot/v1.4.8; http://mj12bot.com/)"
51.77.216.36 - - [10/Mar/2026:08:21:58 -0700] "GET /2026/02/18/%D9%85%D8%B1%D8%A7%D8%AC%D8%B9%D8%A9-%D9%84%D8%B9%D8%A8%D8%A9-king-of-ones-nile-%D9%84%D8%B9%D8%A8%D8%A9-%D9%85%D8%AC%D8%A7%D9%86%D9%8A%D8%A9-%D8%A8%D8%A7%D9%84%D9%83%D8%A7%D9%85%D9%84-%D8%B1/ HTTP/1.1" 404 236 "-" "Mozilla/5.0 (compatible; MJ12bot/v1.4.8; http://mj12bot.com/)"
51.77.216.36 - - [10/Mar/2026:08:22:01 -0700] "GET /2026/02/18/%D9%85%D8%B1%D8%A7%D8%AC%D8%B9%D8%A9-%D9%84%D8%B9%D8%A8%D8%A9-king-of-ones-nile-%D9%84%D8%B9%D8%A8%D8%A9-%D9%85%D8%AC%D8%A7%D9%86%D9%8A%D8%A9-%D8%A8%D8%A7%D9%84%D9%83%D8%A7%D9%85%D9%84-%D8%B1/feed/ HTTP/1.1" 404 236 "-" "Mozilla/5.0 (compatible; MJ12bot/v1.4.8; http://mj12bot.com/)"
74.7.241.15 - - [10/Mar/2026:08:22:02 -0700] "GET /wp-json/oembed/1.0/embed?url=http%3A%2F%2Falsahibalc.com%2F2026%2F02%2F07%2Ffunky-tasty-win-casino-fresh-fruit-condition-chill-good-fresh-fruit-for-the-story-book-5-deposit-net-slot-games%2F HTTP/1.1" 404 236 "http://alsahibalc.com/2026/02/07/funky-tasty-win-casino-fresh-fruit-condition-chill-good-fresh-fruit-for-the-story-book-5-deposit-net-slot-games/" "Mozilla/5.0 AppleWebKit/537.36 (KHTML, like Gecko; compatible; GPTBot/1.3; +https://openai.com/gptbot)"
51.77.216.36 - - [10/Mar/2026:08:22:05 -0700] "GET /2026/02/18/casinos-con-el-pasar-del-tiempo-blackjack-online-fiables-%EF%B8%8F-top-5-acerca-de-de-cualquier-parte-del-mundo-2026/feed/ HTTP/1.1" 404 236 "-" "Mozilla/5.0 (compatible; MJ12bot/v1.4.8; http://mj12bot.com/)"
54.39.203.188 - - [10/Mar/2026:08:22:06 -0700] "GET /2025/11/23/pinco-casino-trkiyede-mobil-uygulama-ve-eriim-1113/ HTTP/1.1" 404 236 "-" "Mozilla/5.0 (compatible; AhrefsBot/7.0; +http://ahrefs.com/robot/)"
51.77.216.36 - - [10/Mar/2026:08:22:09 -0700] "GET /2026/02/18/casinos-con-el-pasar-del-tiempo-blackjack-online-fiables-%EF%B8%8F-top-5-acerca-de-de-cualquier-parte-del-mundo-2026/ HTTP/1.1" 404 236 "-" "Mozilla/5.0 (compatible; MJ12bot/v1.4.8; http://mj12bot.com/)"
85.208.96.207 - - [10/Mar/2026:08:22:12 -0700] "GET /2026/02/12/best-casino-bonuses-to-have-quick-hits-bonus-game-2026-optimize-your-wins-now/ HTTP/1.1" 404 236 "-" "Mozilla/5.0 (compatible; SemrushBot/7~bl; +http://www.semrush.com/bot.html)"
51.77.216.36 - - [10/Mar/2026:08:22:12 -0700] "GET /2026/02/18/jetton-%D0%B2%D1%8B%D0%B2%D0%BE%D0%B4-%D0%B0%D0%BD%D0%B0%D0%BB%D0%B8%D0%B7-%D1%81%D0%BA%D0%BE%D1%80%D0%BE%D1%81%D1%82%D0%B8-%D0%B2%D1%8B%D0%BF%D0%BB%D0%B0%D1%82-%D0%B4%D0%BE%D1%81%D1%82/feed/ HTTP/1.1" 404 236 "-" "Mozilla/5.0 (compatible; MJ12bot/v1.4.8; http://mj12bot.com/)"
51.77.216.36 - - [10/Mar/2026:08:22:16 -0700] "GET /2026/02/18/jetton-%D0%B2%D1%8B%D0%B2%D0%BE%D0%B4-%D0%B0%D0%BD%D0%B0%D0%BB%D0%B8%D0%B7-%D1%81%D0%BA%D0%BE%D1%80%D0%BE%D1%81%D1%82%D0%B8-%D0%B2%D1%8B%D0%BF%D0%BB%D0%B0%D1%82-%D0%B4%D0%BE%D1%81%D1%82/ HTTP/1.1" 404 236 "-" "Mozilla/5.0 (compatible; MJ12bot/v1.4.8; http://mj12bot.com/)"
51.77.216.36 - - [10/Mar/2026:08:22:20 -0700] "GET /2026/02/18/leovegas-osterreich-ausfullen-die-leser-einander-as-part-of-leovegas-schnalz-%E2%AC%85/feed/ HTTP/1.1" 404 236 "-" "Mozilla/5.0 (compatible; MJ12bot/v1.4.8; http://mj12bot.com/)"
74.7.241.15 - - [10/Mar/2026:08:22:20 -0700] "GET /wp-json/oembed/1.0/embed?url=http%3A%2F%2Falsahibalc.com%2F2026%2F01%2F28%2Fspanningende-plinko-app-win-groots-met-elke-val-en-verken%2F HTTP/1.1" 404 236 "http://alsahibalc.com/2026/01/28/spanningende-plinko-app-win-groots-met-elke-val-en-verken/" "Mozilla/5.0 AppleWebKit/537.36 (KHTML, like Gecko; compatible; GPTBot/1.3; +https://openai.com/gptbot)"
51.77.216.36 - - [10/Mar/2026:08:22:24 -0700] "GET /2026/02/18/leovegas-osterreich-ausfullen-die-leser-einander-as-part-of-leovegas-schnalz-%E2%AC%85/ HTTP/1.1" 404 236 "-" "Mozilla/5.0 (compatible; MJ12bot/v1.4.8; http://mj12bot.com/)"
51.77.216.36 - - [10/Mar/2026:08:22:27 -0700] "GET /2026/02/19/%CE%BF%CE%B9-%CE%BC%CE%B5%CE%B3%CE%B1%CE%BB%CF%8D%CF%84%CE%B5%CF%81%CE%B5%CF%82-%CE%B5%CF%80%CE%B9%CF%87%CE%B5%CE%B9%CF%81%CE%AE%CF%83%CE%B5%CE%B9%CF%82-%CF%84%CF%85%CF%87%CE%B5%CF%81%CF%8E%CE%BD/ HTTP/1.1" 404 236 "-" "Mozilla/5.0 (compatible; MJ12bot/v1.4.8; http://mj12bot.com/)"
74.7.241.15 - - [10/Mar/2026:08:22:30 -0700] "GET /wp-json/oembed/1.0/embed?url=http%3A%2F%2Falsahibalc.com%2F2026%2F02%2F18%2Fspanning-sensatie-beleef-de-magie-van-napoleon-games-en-win%2F HTTP/1.1" 404 236 "http://alsahibalc.com/2026/02/18/spanning-sensatie-beleef-de-magie-van-napoleon-games-en-win/" "Mozilla/5.0 AppleWebKit/537.36 (KHTML, like Gecko; compatible; GPTBot/1.3; +https://openai.com/gptbot)"
51.77.216.36 - - [10/Mar/2026:08:22:31 -0700] "GET /2026/02/19/%D1%80%D0%B5%D0%B0%D0%BB%D1%8C%D0%BD%D0%BE%D0%B5-%D0%BA%D0%B0%D0%B7%D0%B8%D0%BD%D0%BE-%D0%BE%D0%BD%D0%BB%D0%B0%D0%B9%D0%BD-%D1%81-%D1%87%D0%B5%D1%81%D1%82%D0%BD%D1%8B%D0%BC%D0%B8-%D0%B2%D1%8B%D0%BF/feed/ HTTP/1.1" 404 236 "-" "Mozilla/5.0 (compatible; MJ12bot/v1.4.8; http://mj12bot.com/)"
51.77.216.36 - - [10/Mar/2026:08:22:35 -0700] "GET /2026/02/19/%E0%A4%95%E0%A5%88%E0%A4%B8%E0%A5%80%E0%A4%A8%E0%A5%8B-%E0%A4%97%E0%A5%87%E0%A4%AE-%E0%A4%96%E0%A5%87%E0%A4%B2%E0%A5%87%E0%A4%82-%E0%A4%94%E0%A4%B0-%E0%A4%85%E0%A4%B8%E0%A4%B2%E0%A5%80-%E0%A4%AA/feed/ HTTP/1.1" 404 236 "-" "Mozilla/5.0 (compatible; MJ12bot/v1.4.8; http://mj12bot.com/)"
74.7.241.15 - - [10/Mar/2026:08:22:40 -0700] "GET /wp-json/oembed/1.0/embed?url=http%3A%2F%2Falsahibalc.com%2F2026%2F03%2F02%2Fhell-spin-casino-bonusy-gniazdo-book-of-dead-jak-i-rowniez-promocje-opinie-2025%2F HTTP/1.1" 404 236 "http://alsahibalc.com/2026/03/02/hell-spin-casino-bonusy-gniazdo-book-of-dead-jak-i-rowniez-promocje-opinie-2025/" "Mozilla/5.0 AppleWebKit/537.36 (KHTML, like Gecko; compatible; GPTBot/1.3; +https://openai.com/gptbot)"
51.77.216.36 - - [10/Mar/2026:08:22:46 -0700] "GET /2026/02/19/%E0%B9%81%E0%B8%AD%E0%B8%9B%E0%B8%9E%E0%B8%A5%E0%B8%B4%E0%B9%80%E0%B8%84%E0%B8%8A%E0%B8%B1%E0%B8%99%E0%B8%84%E0%B8%B2%E0%B8%AA%E0%B8%B4%E0%B9%82%E0%B8%99%E0%B8%97%E0%B8%B5%E0%B9%88%E0%B8%94%E0%B8%B5/feed/ HTTP/1.1" 404 236 "-" "Mozilla/5.0 (compatible; MJ12bot/v1.4.8; http://mj12bot.com/)"
74.7.241.15 - - [10/Mar/2026:08:22:49 -0700] "GET /wp-json/oembed/1.0/embed?url=http%3A%2F%2Falsahibalc.com%2F2026%2F03%2F02%2Fcellular-ports-2026-%25cf%2580%25ce%25b1%25ce%25af%25ce%25be%25cf%2584%25ce%25b5-%25cf%2584%25ce%25b1-%25ce%25ba%25ce%25b1%25ce%25bb%25cf%258d%25cf%2584%25ce%25b5%25cf%2581%25ce%25b1-%25ce%25ba%25ce%25bf%25cf%2585%25ce%25bb%25ce%25bf%25cf%2587%25ce%25ad%25cf%2581%25ce%25b7-%25ce%25b3%25ce%25b9%25ce%25b1-%25ce%25ba%2F HTTP/1.1" 404 236 "http://alsahibalc.com/2026/03/02/cellular-ports-2026-%cf%80%ce%b1%ce%af%ce%be%cf%84%ce%b5-%cf%84%ce%b1-%ce%ba%ce%b1%ce%bb%cf%8d%cf%84%ce%b5%cf%81%ce%b1-%ce%ba%ce%bf%cf%85%ce%bb%ce%bf%cf%87%ce%ad%cf%81%ce%b7-%ce%b3%ce%b9%ce%b1-%ce%ba/" "Mozilla/5.0 AppleWebKit/537.36 (KHTML, like Gecko; compatible; GPTBot/1.3; +https://openai.com/gptbot)"
51.77.216.36 - - [10/Mar/2026:08:22:49 -0700] "GET /2026/02/19/%E0%B9%81%E0%B8%AD%E0%B8%9B%E0%B8%AA%E0%B8%A5%E0%B9%87%E0%B8%AD%E0%B8%95%E0%B9%80%E0%B8%9E%E0%B8%8A%E0%B8%A3-9-%E0%B9%80%E0%B8%AA%E0%B9%89%E0%B8%99%E0%B8%AB%E0%B8%A5%E0%B8%B2%E0%B8%A2%E0%B9%81/feed/ HTTP/1.1" 404 236 "-" "Mozilla/5.0 (compatible; MJ12bot/v1.4.8; http://mj12bot.com/)"
51.77.216.36 - - [10/Mar/2026:08:22:53 -0700] "GET /2026/02/19/%E1%97%8E-beste-online-casino-sider-indre-sett-norge-topp-norske-casinoer-2026-bestemann-quickspin-casinospill-online/ HTTP/1.1" 404 236 "-" "Mozilla/5.0 (compatible; MJ12bot/v1.4.8; http://mj12bot.com/)"
51.77.216.36 - - [10/Mar/2026:08:22:57 -0700] "GET /2026/02/20/the-fresh-hands-taken-place-7-passed-from-the-finally-table-of-your-2015-wsop-fundamental-skills/ HTTP/1.1" 404 236 "-" "Mozilla/5.0 (compatible; MJ12bot/v1.4.8; http://mj12bot.com/)"
74.7.241.15 - - [10/Mar/2026:08:22:59 -0700] "GET /wp-json/oembed/1.0/embed?url=http%3A%2F%2Falsahibalc.com%2F2026%2F03%2F02%2F%25ce%25b1%25cf%2580%25ce%25bf%25ce%25bb%25ce%25b1%25cf%258d%25cf%2583%25cf%2584%25ce%25b5-%25cf%2584%25ce%25bf%25ce%25bd-%25ce%25ba%25ce%25bf%25cf%2585%25ce%25bb%25ce%25bf%25cf%2587%25ce%25ad%25cf%2581%25ce%25b7-thunderstruck-dos-%25ce%25b4%25cf%2589%25cf%2581%25ce%25b5%25ce%25ac%25ce%25bd-%25ce%25ae-%25cf%2580%2F HTTP/1.1" 404 236 "http://alsahibalc.com/2026/03/02/%ce%b1%cf%80%ce%bf%ce%bb%ce%b1%cf%8d%cf%83%cf%84%ce%b5-%cf%84%ce%bf%ce%bd-%ce%ba%ce%bf%cf%85%ce%bb%ce%bf%cf%87%ce%ad%cf%81%ce%b7-thunderstruck-dos-%ce%b4%cf%89%cf%81%ce%b5%ce%ac%ce%bd-%ce%ae-%cf%80/" "Mozilla/5.0 AppleWebKit/537.36 (KHTML, like Gecko; compatible; GPTBot/1.3; +https://openai.com/gptbot)"
51.77.216.36 - - [10/Mar/2026:08:23:01 -0700] "GET /search/openai%E9%AA%8C%E8%AF%81%E7%A0%81%2C%E3%80%90%E8%AE%BF%E9%97%AE+Sig8.com%E3%80%91chatgpt%E6%BF%80%E6%B4%BB%2CChatGPT%E5%AE%9A%E5%88%B6%E5%B8%90%E5%8F%B7%2CChatGPT%E5%AE%9A%E5%88%B6%E8%B4%A6%E5%8F%B7%2CChatGPT%E9%AA%8C%E8%AF%81%2Cchat+gpt%E6%80%8E%E4%B9%88%E5%AE%89%E8%A3%85%2CChatGPT%E5%B8%90%E5%8F%B7%E6%89%B9%E5%8F%91%2CChatGPT%E6%B3%A8%E5%86%8C%2Copenai%E4%BB%98%E8%B4%B9%E8%AE%A2%E9%98%85%2CChatGPT%E5%85%8D%E8%B4%B9%E8%B4%A6%E5%8F%B7%2CChatGPT%E7%9F%AD%E4%BF%A1%E6%B3%A8%E5%86%8C%2C....ac19/feed/rss2/ HTTP/1.1" 404 236 "-" "Mozilla/5.0 (compatible; MJ12bot/v1.4.8; http://mj12bot.com/)"
185.191.171.13 - - [10/Mar/2026:08:23:03 -0700] "GET /2026/01/27/volle-spannung-voraus-chicken-road-erfahrungen-7/ HTTP/1.1" 404 236 "-" "Mozilla/5.0 (compatible; SemrushBot/7~bl; +http://www.semrush.com/bot.html)"
85.208.96.204 - - [10/Mar/2026:08:23:07 -0700] "GET /2026/02/05/nov-esk-online-casino-top-kasina-podle-nabdky-a-564/ HTTP/1.1" 404 236 "-" "Mozilla/5.0 (compatible; SemrushBot/7~bl; +http://www.semrush.com/bot.html)"
74.7.241.15 - - [10/Mar/2026:08:23:18 -0700] "GET /wp-json/oembed/1.0/embed?url=http%3A%2F%2Falsahibalc.com%2F2026%2F03%2F01%2Fplay-yahtzee-online-at-no-cost-zero-download-only-move-the-brand-new-dice%2F HTTP/1.1" 404 236 "http://alsahibalc.com/2026/03/01/play-yahtzee-online-at-no-cost-zero-download-only-move-the-brand-new-dice/" "Mozilla/5.0 AppleWebKit/537.36 (KHTML, like Gecko; compatible; GPTBot/1.3; +https://openai.com/gptbot)"
74.7.241.15 - - [10/Mar/2026:08:23:46 -0700] "GET /wp-json/oembed/1.0/embed?format=xml&url=http%3A%2F%2Falsahibalc.com%2F2025%2F06%2F22%2Fimplementazione-tecnica-avanzata-di-un-sistema-di-validazione-semantica-automatica-per-contenuti-multilingue-tier-3-dal-tier-2-all-automazione-dinamica%2F HTTP/1.1" 404 236 "http://alsahibalc.com/2025/06/22/implementazione-tecnica-avanzata-di-un-sistema-di-validazione-semantica-automatica-per-contenuti-multilingue-tier-3-dal-tier-2-all-automazione-dinamica/" "Mozilla/5.0 AppleWebKit/537.36 (KHTML, like Gecko; compatible; GPTBot/1.3; +https://openai.com/gptbot)"
74.7.241.15 - - [10/Mar/2026:08:23:56 -0700] "GET /wp-json/oembed/1.0/embed?url=http%3A%2F%2Falsahibalc.com%2F2026%2F02%2F26%2Ftilslutte-casino-danmarks-bedste-casino-hos-danske-spil%2F HTTP/1.1" 404 236 "http://alsahibalc.com/2026/02/26/tilslutte-casino-danmarks-bedste-casino-hos-danske-spil/" "Mozilla/5.0 AppleWebKit/537.36 (KHTML, like Gecko; compatible; GPTBot/1.3; +https://openai.com/gptbot)"
15.235.96.213 - - [10/Mar/2026:08:24:00 -0700] "GET /category/public/ HTTP/1.1" 404 236 "-" "Mozilla/5.0 (compatible; AhrefsBot/7.0; +http://ahrefs.com/robot/)"
74.7.241.15 - - [10/Mar/2026:08:24:15 -0700] "GET /wp-json/oembed/1.0/embed?url=http%3A%2F%2Falsahibalc.com%2F2026%2F02%2F20%2Fburning-slots-oasis-mobile-live-casino-attention-slots-243-means-free-revolves-enjoy-element%2F HTTP/1.1" 404 236 "http://alsahibalc.com/2026/02/20/burning-slots-oasis-mobile-live-casino-attention-slots-243-means-free-revolves-enjoy-element/" "Mozilla/5.0 AppleWebKit/537.36 (KHTML, like Gecko; compatible; GPTBot/1.3; +https://openai.com/gptbot)"
74.7.241.15 - - [10/Mar/2026:08:24:24 -0700] "GET /wp-json/oembed/1.0/embed?url=http%3A%2F%2Falsahibalc.com%2F2026%2F02%2F27%2Fkasino-free-spins-2026-casino-freispiele-exklusive-einzahlung%2F HTTP/1.1" 404 236 "http://alsahibalc.com/2026/02/27/kasino-free-spins-2026-casino-freispiele-exklusive-einzahlung/" "Mozilla/5.0 AppleWebKit/537.36 (KHTML, like Gecko; compatible; GPTBot/1.3; +https://openai.com/gptbot)"
85.208.96.208 - - [10/Mar/2026:08:24:25 -0700] "GET /2025/06/17/the-impact-of-artificial-intelligence-on-casino-327/ HTTP/1.1" 404 236 "-" "Mozilla/5.0 (compatible; SemrushBot/7~bl; +http://www.semrush.com/bot.html)"
74.7.241.15 - - [10/Mar/2026:08:24:34 -0700] "GET /wp-json/oembed/1.0/embed?url=http%3A%2F%2Falsahibalc.com%2F2026%2F02%2F19%2Facao-puerilidade-rodadas-acostumado-rodadas-sem-armazem-2026%2F HTTP/1.1" 404 236 "http://alsahibalc.com/2026/02/19/acao-puerilidade-rodadas-acostumado-rodadas-sem-armazem-2026/" "Mozilla/5.0 AppleWebKit/537.36 (KHTML, like Gecko; compatible; GPTBot/1.3; +https://openai.com/gptbot)"
74.7.241.15 - - [10/Mar/2026:08:24:43 -0700] "GET /wp-json/oembed/1.0/embed?format=xml&url=http%3A%2F%2Falsahibalc.com%2F2026%2F02%2F27%2Fcenter-legal-position-because-of-the-microgaming-opinion-enjoy-on-the-internet-100percent-free%2F HTTP/1.1" 404 236 "http://alsahibalc.com/2026/02/27/center-legal-position-because-of-the-microgaming-opinion-enjoy-on-the-internet-100percent-free/" "Mozilla/5.0 AppleWebKit/537.36 (KHTML, like Gecko; compatible; GPTBot/1.3; +https://openai.com/gptbot)"
74.7.241.15 - - [10/Mar/2026:08:24:53 -0700] "GET /wp-json/oembed/1.0/embed?url=http%3A%2F%2Falsahibalc.com%2F2026%2F01%2F28%2Fjackpots-knacken-spa-haben-dein-guide-zu-den%2F HTTP/1.1" 404 236 "http://alsahibalc.com/2026/01/28/jackpots-knacken-spa-haben-dein-guide-zu-den/" "Mozilla/5.0 AppleWebKit/537.36 (KHTML, like Gecko; compatible; GPTBot/1.3; +https://openai.com/gptbot)"
74.7.241.15 - - [10/Mar/2026:08:25:11 -0700] "GET /wp-json/oembed/1.0/embed?url=http%3A%2F%2Falsahibalc.com%2F2026%2F01%2F15%2Fbeginner-s-guide-to-understanding-the-basics-of%2F HTTP/1.1" 404 236 "http://alsahibalc.com/2026/01/15/beginner-s-guide-to-understanding-the-basics-of/" "Mozilla/5.0 AppleWebKit/537.36 (KHTML, like Gecko; compatible; GPTBot/1.3; +https://openai.com/gptbot)"
85.208.96.212 - - [10/Mar/2026:08:25:14 -0700] "GET /2026/02/11/goldene-federn-und-hohe-gewinne-chicken-road-4/ HTTP/1.1" 404 236 "-" "Mozilla/5.0 (compatible; SemrushBot/7~bl; +http://www.semrush.com/bot.html)"
74.7.241.15 - - [10/Mar/2026:08:25:20 -0700] "GET /wp-json/oembed/1.0/embed?url=http%3A%2F%2Falsahibalc.com%2F2026%2F02%2F06%2Ffeathers-fly-fortunes-await-can-you-guide-your%2F HTTP/1.1" 404 236 "http://alsahibalc.com/2026/02/06/feathers-fly-fortunes-await-can-you-guide-your/" "Mozilla/5.0 AppleWebKit/537.36 (KHTML, like Gecko; compatible; GPTBot/1.3; +https://openai.com/gptbot)"
74.7.241.15 - - [10/Mar/2026:08:25:29 -0700] "GET /wp-json/oembed/1.0/embed?format=xml&url=http%3A%2F%2Falsahibalc.com%2F2026%2F03%2F02%2Fvirallinen-verkkosivusto-kolikkopelien-ulkopuolella-kiireellinen-hyperlinkki-nettikasinon-aikana%2F HTTP/1.1" 404 236 "http://alsahibalc.com/2026/03/02/virallinen-verkkosivusto-kolikkopelien-ulkopuolella-kiireellinen-hyperlinkki-nettikasinon-aikana/" "Mozilla/5.0 AppleWebKit/537.36 (KHTML, like Gecko; compatible; GPTBot/1.3; +https://openai.com/gptbot)"
74.7.241.15 - - [10/Mar/2026:08:25:39 -0700] "GET /wp-json/oembed/1.0/embed?url=http%3A%2F%2Falsahibalc.com%2F2023%2F08%2F25%2Fvavada-casino-3%2F HTTP/1.1" 404 236 "http://alsahibalc.com/2023/08/25/vavada-casino-3/" "Mozilla/5.0 AppleWebKit/537.36 (KHTML, like Gecko; compatible; GPTBot/1.3; +https://openai.com/gptbot)"
94.20.222.244 - - [10/Mar/2026:08:25:39 -0700] "POST /xmlrpc.php HTTP/1.1" 200 366840 "-" "Mozilla/5.0 (Windows NT 10.0; Win64; x64) AppleWebKit/537.36 (KHTML, like Gecko) Chrome/76.0.3809.100 Safari/537.36"
94.20.222.244 - - [10/Mar/2026:08:25:43 -0700] "POST /xmlrpc.php HTTP/1.1" 200 180 "-" "Mozilla/5.0 (Windows NT 10.0; Win64; x64) AppleWebKit/537.36 (KHTML, like Gecko) Chrome/76.0.3809.100 Safari/537.36"
94.20.222.244 - - [10/Mar/2026:08:25:45 -0700] "POST /xmlrpc.php HTTP/1.1" 200 13876 "-" "Mozilla/5.0 (Windows NT 10.0; Win64; x64) AppleWebKit/537.36 (KHTML, like Gecko) Chrome/76.0.3809.100 Safari/537.36"
74.7.241.15 - - [10/Mar/2026:08:25:48 -0700] "GET /wp-json/oembed/1.0/embed?format=xml&url=http%3A%2F%2Falsahibalc.com%2F2026%2F02%2F07%2Ftonybet-casino-register-added-bonus-canada-january-2026-score-a-thousand-champions-of-rome-slot-100-100-percent-free-spins%2F HTTP/1.1" 404 236 "http://alsahibalc.com/2026/02/07/tonybet-casino-register-added-bonus-canada-january-2026-score-a-thousand-champions-of-rome-slot-100-100-percent-free-spins/" "Mozilla/5.0 AppleWebKit/537.36 (KHTML, like Gecko; compatible; GPTBot/1.3; +https://openai.com/gptbot)"
173.247.246.132 - - [10/Mar/2026:08:25:46 -0700] "POST /wp-cron.php?doing_wp_cron=1773156346.0305249691009521484375 HTTP/1.1" 200 - "-" "WordPress/6.6.4; http://alsahibalc.com"
142.44.225.76 - - [10/Mar/2026:08:25:55 -0700] "GET /category/post/page/50/ HTTP/1.1" 404 236 "-" "Mozilla/5.0 (compatible; AhrefsBot/7.0; +http://ahrefs.com/robot/)"
74.7.241.15 - - [10/Mar/2026:08:25:58 -0700] "GET /wp-json/oembed/1.0/embed?url=http%3A%2F%2Falsahibalc.com%2F2026%2F02%2F20%2Fthunderstruck-2-status-best-mind-guide-slot-irish-eyes-2-to-victory-2025-keller-williams%2F HTTP/1.1" 404 236 "http://alsahibalc.com/2026/02/20/thunderstruck-2-status-best-mind-guide-slot-irish-eyes-2-to-victory-2025-keller-williams/" "Mozilla/5.0 AppleWebKit/537.36 (KHTML, like Gecko; compatible; GPTBot/1.3; +https://openai.com/gptbot)"
74.7.241.15 - - [10/Mar/2026:08:26:07 -0700] "GET /wp-json/oembed/1.0/embed?url=http%3A%2F%2Falsahibalc.com%2F2026%2F01%2F13%2Fno-account-casino-online-vad-man-br-veta-innan-man-201%2F HTTP/1.1" 404 236 "http://alsahibalc.com/2026/01/13/no-account-casino-online-vad-man-br-veta-innan-man-201/" "Mozilla/5.0 AppleWebKit/537.36 (KHTML, like Gecko; compatible; GPTBot/1.3; +https://openai.com/gptbot)"
85.208.96.211 - - [10/Mar/2026:08:26:12 -0700] "GET /2026/02/17/plus-redoutables-salle-de-jeu-en-compagnie-de-reglement-avec-smartphone-letranger/ HTTP/1.1" 404 236 "-" "Mozilla/5.0 (compatible; SemrushBot/7~bl; +http://www.semrush.com/bot.html)"
74.7.241.15 - - [10/Mar/2026:08:26:17 -0700] "GET /wp-json/oembed/1.0/embed?format=xml&url=http%3A%2F%2Falsahibalc.com%2F2026%2F02%2F06%2Fchicken-road-2-%25e1%2590%2589-gagner-de-largent-reel-avec-le-jeu-de-casino-site-officiel%2F HTTP/1.1" 404 236 "http://alsahibalc.com/2026/02/06/chicken-road-2-%e1%90%89-gagner-de-largent-reel-avec-le-jeu-de-casino-site-officiel/" "Mozilla/5.0 AppleWebKit/537.36 (KHTML, like Gecko; compatible; GPTBot/1.3; +https://openai.com/gptbot)"
185.191.171.8 - - [10/Mar/2026:08:26:18 -0700] "GET /2026/02/06/zwiksz-swoje-szanse-na-wygran-ekskluzywny-vavada-3/ HTTP/1.1" 404 236 "-" "Mozilla/5.0 (compatible; SemrushBot/7~bl; +http://www.semrush.com/bot.html)"
74.7.241.15 - - [10/Mar/2026:08:26:26 -0700] "GET /wp-json/oembed/1.0/embed?url=http%3A%2F%2Falsahibalc.com%2F2026%2F02%2F25%2Fbetano-argentina-registro-en-el-casino-%25ef%25b8%258f-haz-clic-%25e2%25ac%2585%25ef%25b8%258f%2F HTTP/1.1" 404 236 "http://alsahibalc.com/2026/02/25/betano-argentina-registro-en-el-casino-%ef%b8%8f-haz-clic-%e2%ac%85%ef%b8%8f/" "Mozilla/5.0 AppleWebKit/537.36 (KHTML, like Gecko; compatible; GPTBot/1.3; +https://openai.com/gptbot)"
15.235.98.122 - - [10/Mar/2026:08:26:34 -0700] "GET /2026/01/28/goldrausch-im-netz-mit-rolldorado-zum-groen-gewinn/ HTTP/1.1" 404 236 "-" "Mozilla/5.0 (compatible; AhrefsBot/7.0; +http://ahrefs.com/robot/)"
74.7.241.15 - - [10/Mar/2026:08:26:35 -0700] "GET /wp-json/oembed/1.0/embed?format=xml&url=http%3A%2F%2Falsahibalc.com%2F2026%2F02%2F26%2Fzachety-bez-depozytu-na-play-bison-przedsiebiorstwa-hazardowe-%25ef%25bf%25bd-co-warte-zachodu-uczyc-sie%2F HTTP/1.1" 404 236 "http://alsahibalc.com/2026/02/26/zachety-bez-depozytu-na-play-bison-przedsiebiorstwa-hazardowe-%ef%bf%bd-co-warte-zachodu-uczyc-sie/" "Mozilla/5.0 AppleWebKit/537.36 (KHTML, like Gecko; compatible; GPTBot/1.3; +https://openai.com/gptbot)"
74.7.241.15 - - [10/Mar/2026:08:26:44 -0700] "GET /wp-json/oembed/1.0/embed?format=xml&url=http%3A%2F%2Falsahibalc.com%2F2024%2F12%2F06%2Fa-la-pointe-du-divertissement-numerique-avec-betify-casino-qui-vous-offre-un-catalogue-de-milliers-de-jeux-et-de-paris-sportifs-jusqua-20-de-cashback-hebdomadaire-et-des-retraits-instantanes-et-securi%2F HTTP/1.1" 404 236 "http://alsahibalc.com/2024/12/06/a-la-pointe-du-divertissement-numerique-avec-betify-casino-qui-vous-offre-un-catalogue-de-milliers-de-jeux-et-de-paris-sportifs-jusqua-20-de-cashback-hebdomadaire-et-des-retraits-instantanes-et-securi/" "Mozilla/5.0 AppleWebKit/537.36 (KHTML, like Gecko; compatible; GPTBot/1.3; +https://openai.com/gptbot)"
74.7.241.15 - - [10/Mar/2026:08:26:54 -0700] "GET /wp-json/oembed/1.0/embed?url=http%3A%2F%2Falsahibalc.com%2F2026%2F02%2F04%2Fbaywin-casino-gncel-giri-2024-5105%2F HTTP/1.1" 404 236 "http://alsahibalc.com/2026/02/04/baywin-casino-gncel-giri-2024-5105/" "Mozilla/5.0 AppleWebKit/537.36 (KHTML, like Gecko; compatible; GPTBot/1.3; +https://openai.com/gptbot)"
74.7.241.15 - - [10/Mar/2026:08:27:03 -0700] "GET /wp-json/oembed/1.0/embed?url=http%3A%2F%2Falsahibalc.com%2F2026%2F01%2F28%2Fa16z-generative-ai%2F HTTP/1.1" 404 236 "http://alsahibalc.com/2026/01/28/a16z-generative-ai/" "Mozilla/5.0 AppleWebKit/537.36 (KHTML, like Gecko; compatible; GPTBot/1.3; +https://openai.com/gptbot)"
