74.7.241.15 - - [10/Mar/2026:07:20:01 -0700] "GET /wp-json/oembed/1.0/embed?url=http%3A%2F%2Falsahibalc.com%2F2026%2F02%2F25%2Fbest-50-free-spins-no-deposit-bonus-within-the-2026%2F HTTP/1.1" 404 236 "http://alsahibalc.com/2026/02/25/best-50-free-spins-no-deposit-bonus-within-the-2026/" "Mozilla/5.0 AppleWebKit/537.36 (KHTML, like Gecko; compatible; GPTBot/1.3; +https://openai.com/gptbot)"
74.7.241.15 - - [10/Mar/2026:07:20:11 -0700] "GET /wp-json/oembed/1.0/embed?url=http%3A%2F%2Falsahibalc.com%2F2026%2F02%2F07%2Fthe-brand-new-no-put-bonuses-number-january-11-2026%2F HTTP/1.1" 404 236 "http://alsahibalc.com/2026/02/07/the-brand-new-no-put-bonuses-number-january-11-2026/" "Mozilla/5.0 AppleWebKit/537.36 (KHTML, like Gecko; compatible; GPTBot/1.3; +https://openai.com/gptbot)"
74.7.241.15 - - [10/Mar/2026:07:20:29 -0700] "GET /wp-json/oembed/1.0/embed?url=http%3A%2F%2Falsahibalc.com%2F2026%2F02%2F19%2Framses-%25ec%25b6%259c%25ed%258c%2590-%25ec%258a%25ac%25eb%25a1%25af-%25ea%25b2%258c%25ec%259e%2584-%25ed%258f%2589%25ea%25b0%2580%25ed%258c%2590-%25ed%2594%258c%25eb%25a0%2588%25ec%259d%25b4-%25eb%25b0%258f-%25eb%25ac%25b4%25eb%25a3%258c-%25ec%258a%25a4%25ed%2595%2580%2F HTTP/1.1" 404 236 "http://alsahibalc.com/2026/02/19/ramses-%ec%b6%9c%ed%8c%90-%ec%8a%ac%eb%a1%af-%ea%b2%8c%ec%9e%84-%ed%8f%89%ea%b0%80%ed%8c%90-%ed%94%8c%eb%a0%88%ec%9d%b4-%eb%b0%8f-%eb%ac%b4%eb%a3%8c-%ec%8a%a4%ed%95%80/" "Mozilla/5.0 AppleWebKit/537.36 (KHTML, like Gecko; compatible; GPTBot/1.3; +https://openai.com/gptbot)"
74.7.241.15 - - [10/Mar/2026:07:20:38 -0700] "GET /wp-json/oembed/1.0/embed?url=http%3A%2F%2Falsahibalc.com%2F2026%2F02%2F10%2Fmother-your-children-are-like-birds-2%2F HTTP/1.1" 404 236 "http://alsahibalc.com/2026/02/10/mother-your-children-are-like-birds-2/" "Mozilla/5.0 AppleWebKit/537.36 (KHTML, like Gecko; compatible; GPTBot/1.3; +https://openai.com/gptbot)"
74.7.241.15 - - [10/Mar/2026:07:20:48 -0700] "GET /wp-json/oembed/1.0/embed?url=http%3A%2F%2Falsahibalc.com%2F2026%2F02%2F09%2Flieve-offlin-poke-sites-van-nederland-te-play-boom-24-online-casino-2025-legitiem-offlin-pokeren%2F HTTP/1.1" 404 236 "http://alsahibalc.com/2026/02/09/lieve-offlin-poke-sites-van-nederland-te-play-boom-24-online-casino-2025-legitiem-offlin-pokeren/" "Mozilla/5.0 AppleWebKit/537.36 (KHTML, like Gecko; compatible; GPTBot/1.3; +https://openai.com/gptbot)"
74.7.241.15 - - [10/Mar/2026:07:21:06 -0700] "GET /wp-json/oembed/1.0/embed?url=http%3A%2F%2Falsahibalc.com%2F2024%2F11%2F08%2Fkurs-expert-otzyvy-forum-kriptovaljut-forum-o-352%2F HTTP/1.1" 404 236 "http://alsahibalc.com/2024/11/08/kurs-expert-otzyvy-forum-kriptovaljut-forum-o-352/" "Mozilla/5.0 AppleWebKit/537.36 (KHTML, like Gecko; compatible; GPTBot/1.3; +https://openai.com/gptbot)"
79.127.138.82 - - [10/Mar/2026:07:21:05 -0700] "POST /xmlrpc.php HTTP/1.1" 200 366840 "-" "Mozilla/5.0 (Windows NT 6.1; Win64; x64) AppleWebKit/537.36 (KHTML, like Gecko) Chrome/80.0.3987.149 Safari/537.36"
185.191.171.8 - - [10/Mar/2026:07:21:07 -0700] "GET /2026/02/09/guida-essenziale-al-gioco-d-x27-azzardo-per-2/ HTTP/1.1" 404 236 "-" "Mozilla/5.0 (compatible; SemrushBot/7~bl; +http://www.semrush.com/bot.html)"
54.39.89.95 - - [10/Mar/2026:07:21:07 -0700] "GET /2026/01/13/kazino-oficialnyj-sajt-pin-up-casino-igrat-onlajn-1192/ HTTP/1.1" 404 236 "-" "Mozilla/5.0 (compatible; AhrefsBot/7.0; +http://ahrefs.com/robot/)"
79.127.138.82 - - [10/Mar/2026:07:21:08 -0700] "POST /xmlrpc.php HTTP/1.1" 200 180 "-" "Mozilla/5.0 (Windows NT 6.1; Win64; x64) AppleWebKit/537.36 (KHTML, like Gecko) Chrome/80.0.3987.149 Safari/537.36"
173.247.246.132 - - [10/Mar/2026:07:21:10 -0700] "POST /wp-cron.php?doing_wp_cron=1773152470.8002009391784667968750 HTTP/1.1" 200 - "-" "WordPress/6.6.4; http://alsahibalc.com"
79.127.138.82 - - [10/Mar/2026:07:21:09 -0700] "POST /xmlrpc.php HTTP/1.1" 200 11359 "-" "Mozilla/5.0 (Windows NT 6.1; Win64; x64) AppleWebKit/537.36 (KHTML, like Gecko) Chrome/80.0.3987.149 Safari/537.36"
74.7.241.15 - - [10/Mar/2026:07:21:16 -0700] "GET /wp-json/wp/v2/posts/22622 HTTP/1.1" 404 236 "http://alsahibalc.com/2026/02/18/participants-must-also-seek-ssl-security-which-will-keep-personal-and-you-can-banking-info-safer/" "Mozilla/5.0 AppleWebKit/537.36 (KHTML, like Gecko; compatible; GPTBot/1.3; +https://openai.com/gptbot)"
85.208.96.198 - - [10/Mar/2026:07:21:22 -0700] "GET /2026/02/06/beyond-the-bets-find-your-thrill-with-top-tier/ HTTP/1.1" 404 236 "-" "Mozilla/5.0 (compatible; SemrushBot/7~bl; +http://www.semrush.com/bot.html)"
185.191.171.13 - - [10/Mar/2026:07:21:29 -0700] "GET /2025/12/23/over-the-past-decade-online-slot-gaming-has-undergone-a-profound-transformation-shifting-from-basi/ HTTP/1.1" 404 236 "-" "Mozilla/5.0 (compatible; SemrushBot/7~bl; +http://www.semrush.com/bot.html)"
85.208.96.198 - - [10/Mar/2026:07:21:33 -0700] "GET /2025/12/23/the-gambling-industry-in-the-united-kingdom-has-a-storied-history-continuously-evolving-in-tandem-w/ HTTP/1.1" 404 236 "-" "Mozilla/5.0 (compatible; SemrushBot/7~bl; +http://www.semrush.com/bot.html)"
74.7.241.15 - - [10/Mar/2026:07:21:35 -0700] "GET /wp-json/oembed/1.0/embed?url=http%3A%2F%2Falsahibalc.com%2F2026%2F02%2F07%2Fno-deposit-incentives-2026-slot-medusa-2-finest-free-gambling-establishment-incentives%2F HTTP/1.1" 404 236 "http://alsahibalc.com/2026/02/07/no-deposit-incentives-2026-slot-medusa-2-finest-free-gambling-establishment-incentives/" "Mozilla/5.0 AppleWebKit/537.36 (KHTML, like Gecko; compatible; GPTBot/1.3; +https://openai.com/gptbot)"
85.208.96.210 - - [10/Mar/2026:07:21:36 -0700] "GET /2026/02/06/online-harbors-play-5000-free-1-credit-card-deposit-casino-position-games-instantly/ HTTP/1.1" 404 236 "-" "Mozilla/5.0 (compatible; SemrushBot/7~bl; +http://www.semrush.com/bot.html)"
74.7.241.15 - - [10/Mar/2026:07:21:54 -0700] "GET /wp-json/oembed/1.0/embed?url=http%3A%2F%2Falsahibalc.com%2F2026%2F02%2F11%2Fbillionairespin-777%2F HTTP/1.1" 404 236 "http://alsahibalc.com/2026/02/11/billionairespin-777/" "Mozilla/5.0 AppleWebKit/537.36 (KHTML, like Gecko; compatible; GPTBot/1.3; +https://openai.com/gptbot)"
185.191.171.10 - - [10/Mar/2026:07:21:57 -0700] "GET /2026/02/18/deneme-bonusu-veren-siteler-2025-gvenilir-en-iyi-331/ HTTP/1.1" 404 236 "-" "Mozilla/5.0 (compatible; SemrushBot/7~bl; +http://www.semrush.com/bot.html)"
185.191.171.15 - - [10/Mar/2026:07:22:03 -0700] "GET /2026/02/12/beyond-gravitys-pull-master-the-art-of-chance-and-2/ HTTP/1.1" 404 236 "-" "Mozilla/5.0 (compatible; SemrushBot/7~bl; +http://www.semrush.com/bot.html)"
74.7.241.15 - - [10/Mar/2026:07:22:04 -0700] "GET /wp-json/oembed/1.0/embed?url=http%3A%2F%2Falsahibalc.com%2F2026%2F02%2F02%2Fmejores-casinos-online-sin-limite-de-retiro-3-2%2F HTTP/1.1" 404 236 "http://alsahibalc.com/2026/02/02/mejores-casinos-online-sin-limite-de-retiro-3-2/" "Mozilla/5.0 AppleWebKit/537.36 (KHTML, like Gecko; compatible; GPTBot/1.3; +https://openai.com/gptbot)"
74.7.241.15 - - [10/Mar/2026:07:22:13 -0700] "GET /wp-json/oembed/1.0/embed?url=http%3A%2F%2Falsahibalc.com%2F2026%2F02%2F19%2Ftren-e-200-schema-posologico-e-considerazioni-per-atleti%2F HTTP/1.1" 404 236 "http://alsahibalc.com/2026/02/19/tren-e-200-schema-posologico-e-considerazioni-per-atleti/" "Mozilla/5.0 AppleWebKit/537.36 (KHTML, like Gecko; compatible; GPTBot/1.3; +https://openai.com/gptbot)"
74.7.241.15 - - [10/Mar/2026:07:22:23 -0700] "GET /wp-json/oembed/1.0/embed?url=http%3A%2F%2Falsahibalc.com%2F2026%2F02%2F11%2Fdragon-money-dragon-mani-rukovodstvo-po-35%2F HTTP/1.1" 404 236 "http://alsahibalc.com/2026/02/11/dragon-money-dragon-mani-rukovodstvo-po-35/" "Mozilla/5.0 AppleWebKit/537.36 (KHTML, like Gecko; compatible; GPTBot/1.3; +https://openai.com/gptbot)"
85.208.96.203 - - [10/Mar/2026:07:22:30 -0700] "GET /2025/09/30/the-impact-of-graphics-and-sound-on-bonus-round-engagement-and-excitement/ HTTP/1.1" 404 236 "-" "Mozilla/5.0 (compatible; SemrushBot/7~bl; +http://www.semrush.com/bot.html)"
74.7.241.15 - - [10/Mar/2026:07:22:33 -0700] "GET /wp-json/oembed/1.0/embed?format=xml&url=http%3A%2F%2Falsahibalc.com%2F2026%2F02%2F25%2Fwizard-away-from-oz-slots-zynga-technical-support-and-help-center%2F HTTP/1.1" 404 236 "http://alsahibalc.com/2026/02/25/wizard-away-from-oz-slots-zynga-technical-support-and-help-center/" "Mozilla/5.0 AppleWebKit/537.36 (KHTML, like Gecko; compatible; GPTBot/1.3; +https://openai.com/gptbot)"
74.7.241.15 - - [10/Mar/2026:07:22:42 -0700] "GET /wp-json/oembed/1.0/embed?format=xml&url=http%3A%2F%2Falsahibalc.com%2F2025%2F05%2F16%2Fsince-its-launch-eye-of-horushas-distinguished-itself-through-its-captivating-theme-rooted-in-egypti%2F HTTP/1.1" 404 236 "http://alsahibalc.com/2025/05/16/since-its-launch-eye-of-horushas-distinguished-itself-through-its-captivating-theme-rooted-in-egypti/" "Mozilla/5.0 AppleWebKit/537.36 (KHTML, like Gecko; compatible; GPTBot/1.3; +https://openai.com/gptbot)"
85.208.96.206 - - [10/Mar/2026:07:22:46 -0700] "GET /2026/02/10/paypal-play-alaskan-fishing-online-for-real-money-casinos-2026-greatest-online-casinos-acknowledging-paypal/ HTTP/1.1" 404 236 "-" "Mozilla/5.0 (compatible; SemrushBot/7~bl; +http://www.semrush.com/bot.html)"
74.7.241.15 - - [10/Mar/2026:07:22:51 -0700] "GET /wp-json/oembed/1.0/embed?url=http%3A%2F%2Falsahibalc.com%2F2026%2F02%2F03%2Fque-es-omegle-para-chatear-como-funciona-riesgos-y-35%2F HTTP/1.1" 404 236 "http://alsahibalc.com/2026/02/03/que-es-omegle-para-chatear-como-funciona-riesgos-y-35/" "Mozilla/5.0 AppleWebKit/537.36 (KHTML, like Gecko; compatible; GPTBot/1.3; +https://openai.com/gptbot)"
74.7.241.15 - - [10/Mar/2026:07:23:00 -0700] "GET /wp-json/oembed/1.0/embed?url=http%3A%2F%2Falsahibalc.com%2F2026%2F02%2F03%2Fque-es-omegle-para-chatear-como-funciona-riesgos-y-70%2F HTTP/1.1" 404 236 "http://alsahibalc.com/2026/02/03/que-es-omegle-para-chatear-como-funciona-riesgos-y-70/" "Mozilla/5.0 AppleWebKit/537.36 (KHTML, like Gecko; compatible; GPTBot/1.3; +https://openai.com/gptbot)"
74.7.241.15 - - [10/Mar/2026:07:23:10 -0700] "GET /wp-json/oembed/1.0/embed?url=http%3A%2F%2Falsahibalc.com%2F2026%2F01%2F27%2Frolldorado-casino-no-deposit-bonus-53%2F HTTP/1.1" 404 236 "http://alsahibalc.com/2026/01/27/rolldorado-casino-no-deposit-bonus-53/" "Mozilla/5.0 AppleWebKit/537.36 (KHTML, like Gecko; compatible; GPTBot/1.3; +https://openai.com/gptbot)"
79.117.242.73 - - [10/Mar/2026:07:23:13 -0700] "GET /2026/02/09/quel-est-le-meilleur-casino-en-ligne-au-belgique-3/ HTTP/1.1" 404 236 "http://alsahibalc.com/" "Mozilla/5.0 (Windows NT 10.0; Win64; x64) AppleWebKit/537.36 (KHTML, like Gecko) Chrome/114.0.0.0 Safari/537.36"
152.59.204.102 - - [10/Mar/2026:07:23:14 -0700] "GET / HTTP/1.1" 200 9495 "-" "Mozilla/5.0 (Windows NT 10.0; Win64; x64) AppleWebKit/537.36 (KHTML, like Gecko) Chrome/114.0.0.0 Safari/537.36"
181.140.208.145 - - [10/Mar/2026:07:23:15 -0700] "GET /readme.html HTTP/1.1" 200 7409 "http://alsahibalc.com" "Mozilla/5.0 (Windows NT 10.0; Win64; x64) AppleWebKit/537.36 (KHTML, like Gecko) Chrome/114.0.0.0 Safari/537.36"
74.7.241.15 - - [10/Mar/2026:07:23:19 -0700] "GET /wp-json/oembed/1.0/embed?url=http%3A%2F%2Falsahibalc.com%2F2026%2F02%2F07%2Fbest-on-line-5-deposit-casinos-casino-gaming-sites-in-the-usa%2F HTTP/1.1" 404 236 "http://alsahibalc.com/2026/02/07/best-on-line-5-deposit-casinos-casino-gaming-sites-in-the-usa/" "Mozilla/5.0 AppleWebKit/537.36 (KHTML, like Gecko; compatible; GPTBot/1.3; +https://openai.com/gptbot)"
74.7.241.15 - - [10/Mar/2026:07:23:29 -0700] "GET /wp-json/oembed/1.0/embed?url=http%3A%2F%2Falsahibalc.com%2F2025%2F04%2F30%2Fthe-artistic-revival-of-indie-video-games-craftsmanship-themes-and-audience-engagement%2F HTTP/1.1" 404 236 "http://alsahibalc.com/2025/04/30/the-artistic-revival-of-indie-video-games-craftsmanship-themes-and-audience-engagement/" "Mozilla/5.0 AppleWebKit/537.36 (KHTML, like Gecko; compatible; GPTBot/1.3; +https://openai.com/gptbot)"
74.7.241.15 - - [10/Mar/2026:07:23:39 -0700] "GET /wp-json/oembed/1.0/embed?url=http%3A%2F%2Falsahibalc.com%2F2026%2F02%2F27%2Fsloty-novomatic-graj-bezplatnie-po-automatach-od-novomatic%2F HTTP/1.1" 404 236 "http://alsahibalc.com/2026/02/27/sloty-novomatic-graj-bezplatnie-po-automatach-od-novomatic/" "Mozilla/5.0 AppleWebKit/537.36 (KHTML, like Gecko; compatible; GPTBot/1.3; +https://openai.com/gptbot)"
74.7.241.15 - - [10/Mar/2026:07:23:57 -0700] "GET /wp-json/oembed/1.0/embed?url=http%3A%2F%2Falsahibalc.com%2F2026%2F01%2F29%2Fsveliamo-i-segreti-di-spingranny-recensioni-la%2F HTTP/1.1" 404 236 "http://alsahibalc.com/2026/01/29/sveliamo-i-segreti-di-spingranny-recensioni-la/" "Mozilla/5.0 AppleWebKit/537.36 (KHTML, like Gecko; compatible; GPTBot/1.3; +https://openai.com/gptbot)"
185.191.171.17 - - [10/Mar/2026:07:24:06 -0700] "GET /2026/02/02/jetton-games-chto-jeto-objasnenie-suti-platformy-4/ HTTP/1.1" 404 236 "-" "Mozilla/5.0 (compatible; SemrushBot/7~bl; +http://www.semrush.com/bot.html)"
74.7.241.15 - - [10/Mar/2026:07:24:07 -0700] "GET /wp-json/oembed/1.0/embed?url=http%3A%2F%2Falsahibalc.com%2F2026%2F02%2F26%2Fexpertenbewertungen-2%2F HTTP/1.1" 404 236 "http://alsahibalc.com/2026/02/26/expertenbewertungen-2/" "Mozilla/5.0 AppleWebKit/537.36 (KHTML, like Gecko; compatible; GPTBot/1.3; +https://openai.com/gptbot)"
74.7.241.15 - - [10/Mar/2026:07:24:16 -0700] "GET /wp-json/oembed/1.0/embed?url=http%3A%2F%2Falsahibalc.com%2F2026%2F02%2F19%2Ffinest-a-real-income-online-casinos-inside-the-january-2026%2F HTTP/1.1" 404 236 "http://alsahibalc.com/2026/02/19/finest-a-real-income-online-casinos-inside-the-january-2026/" "Mozilla/5.0 AppleWebKit/537.36 (KHTML, like Gecko; compatible; GPTBot/1.3; +https://openai.com/gptbot)"
148.113.130.28 - - [10/Mar/2026:07:24:24 -0700] "GET /category/post/page/48/ HTTP/1.1" 404 236 "-" "Mozilla/5.0 (compatible; AhrefsBot/7.0; +http://ahrefs.com/robot/)"
74.7.241.15 - - [10/Mar/2026:07:24:25 -0700] "GET /wp-json/oembed/1.0/embed?url=http%3A%2F%2Falsahibalc.com%2F2026%2F02%2F07%2Fgreatest-5-you-buckin-broncos-slot-rtp-charge-casinos-2026%2F HTTP/1.1" 404 236 "http://alsahibalc.com/2026/02/07/greatest-5-you-buckin-broncos-slot-rtp-charge-casinos-2026/" "Mozilla/5.0 AppleWebKit/537.36 (KHTML, like Gecko; compatible; GPTBot/1.3; +https://openai.com/gptbot)"
74.7.241.15 - - [10/Mar/2026:07:24:35 -0700] "GET /wp-json/oembed/1.0/embed?url=http%3A%2F%2Falsahibalc.com%2F2026%2F02%2F10%2Ftilslutte-casinoer-som-danmark-xon-bet-bet-inden-for-2026%2F HTTP/1.1" 404 236 "http://alsahibalc.com/2026/02/10/tilslutte-casinoer-som-danmark-xon-bet-bet-inden-for-2026/" "Mozilla/5.0 AppleWebKit/537.36 (KHTML, like Gecko; compatible; GPTBot/1.3; +https://openai.com/gptbot)"
161.97.178.240 - - [10/Mar/2026:07:24:37 -0700] "GET /2026/03/10/yuksk-riskli-strategiyalar-kazino-oyunlarnda/ HTTP/1.1" 404 236 "-" "Mozilla/5.0 (Windows NT 10.0; Win64; x64) AppleWebKit/537.36 (KHTML, like Gecko) Chrome/120.0.0.0 Safari/537.36"
161.97.178.240 - - [10/Mar/2026:07:24:37 -0700] "GET /favicon.ico HTTP/1.1" 404 236 "http://alsahibalc.com/2026/03/10/yuksk-riskli-strategiyalar-kazino-oyunlarnda/" "Mozilla/5.0 (Windows NT 10.0; Win64; x64) AppleWebKit/537.36 (KHTML, like Gecko) Chrome/120.0.0.0 Safari/537.36"
74.7.241.15 - - [10/Mar/2026:07:24:54 -0700] "GET /wp-json/oembed/1.0/embed?url=http%3A%2F%2Falsahibalc.com%2F2026%2F02%2F28%2Fbest-ten-deposit-incentive-uk-now-offers-for-january-2026%2F HTTP/1.1" 404 236 "http://alsahibalc.com/2026/02/28/best-ten-deposit-incentive-uk-now-offers-for-january-2026/" "Mozilla/5.0 AppleWebKit/537.36 (KHTML, like Gecko; compatible; GPTBot/1.3; +https://openai.com/gptbot)"
74.7.241.15 - - [10/Mar/2026:07:25:03 -0700] "GET /wp-json/oembed/1.0/embed?url=http%3A%2F%2Falsahibalc.com%2F2026%2F01%2F20%2Fpin-up-%25d0%25ba%25d0%25b0%25d0%25b7%25d0%25b8%25d0%25bd%25d0%25be-%25d0%25be%25d1%2584%25d0%25b8%25d1%2586%25d0%25b8%25d0%25b0%25d0%25bb%25d1%258c%25d0%25bd%25d1%258b%25d0%25b9-%25d1%2581%25d0%25b0%25d0%25b9%25d1%2582-%25d0%25bf%25d0%25b8%25d0%25bd-%25d0%25b0%25d0%25bf-%25d0%25b2%25d1%2585%25d0%25be%25d0%25b4%2F HTTP/1.1" 404 236 "http://alsahibalc.com/2026/01/20/pin-up-%d0%ba%d0%b0%d0%b7%d0%b8%d0%bd%d0%be-%d0%be%d1%84%d0%b8%d1%86%d0%b8%d0%b0%d0%bb%d1%8c%d0%bd%d1%8b%d0%b9-%d1%81%d0%b0%d0%b9%d1%82-%d0%bf%d0%b8%d0%bd-%d0%b0%d0%bf-%d0%b2%d1%85%d0%be%d0%b4/" "Mozilla/5.0 AppleWebKit/537.36 (KHTML, like Gecko; compatible; GPTBot/1.3; +https://openai.com/gptbot)"
74.7.241.15 - - [10/Mar/2026:07:25:13 -0700] "GET /wp-json/oembed/1.0/embed?url=http%3A%2F%2Falsahibalc.com%2F2026%2F01%2F20%2Fpin-up-%25d0%25ba%25d0%25b0%25d0%25b7%25d0%25b8%25d0%25bd%25d0%25be-%25d0%25be%25d1%2584%25d0%25b8%25d1%2586%25d0%25b8%25d0%25b0%25d0%25bb%25d1%258c%25d0%25bd%25d1%258b%25d0%25b9-%25d1%2581%25d0%25b0%25d0%25b9%25d1%2582-%25d0%25bf%25d0%25b8%25d0%25bd-%25d0%25b0%25d0%25bf-%25d0%25b2%25d1%2585%25d0%25be%25d0%25b4-2%2F HTTP/1.1" 404 236 "http://alsahibalc.com/2026/01/20/pin-up-%d0%ba%d0%b0%d0%b7%d0%b8%d0%bd%d0%be-%d0%be%d1%84%d0%b8%d1%86%d0%b8%d0%b0%d0%bb%d1%8c%d0%bd%d1%8b%d0%b9-%d1%81%d0%b0%d0%b9%d1%82-%d0%bf%d0%b8%d0%bd-%d0%b0%d0%bf-%d0%b2%d1%85%d0%be%d0%b4-2/" "Mozilla/5.0 AppleWebKit/537.36 (KHTML, like Gecko; compatible; GPTBot/1.3; +https://openai.com/gptbot)"
54.39.136.77 - - [10/Mar/2026:07:25:21 -0700] "GET /category/post/page/45/ HTTP/1.1" 404 236 "-" "Mozilla/5.0 (compatible; AhrefsBot/7.0; +http://ahrefs.com/robot/)"
74.7.241.15 - - [10/Mar/2026:07:25:22 -0700] "GET /wp-json/oembed/1.0/embed?url=http%3A%2F%2Falsahibalc.com%2F2026%2F02%2F19%2Fsumergete-en-un-universo-de-apuestas-y-azar-con%2F HTTP/1.1" 404 236 "http://alsahibalc.com/2026/02/19/sumergete-en-un-universo-de-apuestas-y-azar-con/" "Mozilla/5.0 AppleWebKit/537.36 (KHTML, like Gecko; compatible; GPTBot/1.3; +https://openai.com/gptbot)"
74.7.241.15 - - [10/Mar/2026:07:25:32 -0700] "GET /wp-json/oembed/1.0/embed?url=http%3A%2F%2Falsahibalc.com%2F2026%2F03%2F02%2Ffree-slots-on-the-internet-top-ten-game-so-you-can-demonstration-zero-install-needed%2F HTTP/1.1" 404 236 "http://alsahibalc.com/2026/03/02/free-slots-on-the-internet-top-ten-game-so-you-can-demonstration-zero-install-needed/" "Mozilla/5.0 AppleWebKit/537.36 (KHTML, like Gecko; compatible; GPTBot/1.3; +https://openai.com/gptbot)"
74.7.241.15 - - [10/Mar/2026:07:25:42 -0700] "GET /wp-json/oembed/1.0/embed?url=http%3A%2F%2Falsahibalc.com%2F2026%2F02%2F19%2Fice-casino-powitalny-bonus-ice-isc-casino-pewien-500-270-obrotow%2F HTTP/1.1" 404 236 "http://alsahibalc.com/2026/02/19/ice-casino-powitalny-bonus-ice-isc-casino-pewien-500-270-obrotow/" "Mozilla/5.0 AppleWebKit/537.36 (KHTML, like Gecko; compatible; GPTBot/1.3; +https://openai.com/gptbot)"
85.208.96.212 - - [10/Mar/2026:07:25:43 -0700] "GET /2026/02/12/fesselnde-fallmuster-entschlusseln-dein-guide-zum/ HTTP/1.1" 404 236 "-" "Mozilla/5.0 (compatible; SemrushBot/7~bl; +http://www.semrush.com/bot.html)"
74.7.241.15 - - [10/Mar/2026:07:25:51 -0700] "GET /wp-json/oembed/1.0/embed?url=http%3A%2F%2Falsahibalc.com%2F2026%2F02%2F28%2Feden-winnings-local-casino-no-deposit-bonus-codes-march-2026%2F HTTP/1.1" 404 236 "http://alsahibalc.com/2026/02/28/eden-winnings-local-casino-no-deposit-bonus-codes-march-2026/" "Mozilla/5.0 AppleWebKit/537.36 (KHTML, like Gecko; compatible; GPTBot/1.3; +https://openai.com/gptbot)"
185.191.171.9 - - [10/Mar/2026:07:25:54 -0700] "GET /2026/02/11/bankid-casino-utan-svensk-licens-med-146/ HTTP/1.1" 404 236 "-" "Mozilla/5.0 (compatible; SemrushBot/7~bl; +http://www.semrush.com/bot.html)"
74.7.241.15 - - [10/Mar/2026:07:26:01 -0700] "GET /wp-json/oembed/1.0/embed?url=http%3A%2F%2Falsahibalc.com%2F2026%2F02%2F26%2Fspielbank-qua-handyrechnung-bezahlen-as-part-of-ostmark-2026%2F HTTP/1.1" 404 236 "http://alsahibalc.com/2026/02/26/spielbank-qua-handyrechnung-bezahlen-as-part-of-ostmark-2026/" "Mozilla/5.0 AppleWebKit/537.36 (KHTML, like Gecko; compatible; GPTBot/1.3; +https://openai.com/gptbot)"
15.235.98.10 - - [10/Mar/2026:07:26:09 -0700] "GET /category/post/page/47/ HTTP/1.1" 404 236 "-" "Mozilla/5.0 (compatible; AhrefsBot/7.0; +http://ahrefs.com/robot/)"
74.7.241.15 - - [10/Mar/2026:07:26:11 -0700] "GET /wp-json/oembed/1.0/embed?url=http%3A%2F%2Falsahibalc.com%2F2026%2F02%2F27%2F2026-samye-perspektivnye-ploshhadki-dlja-400%2F HTTP/1.1" 404 236 "http://alsahibalc.com/2026/02/27/2026-samye-perspektivnye-ploshhadki-dlja-400/" "Mozilla/5.0 AppleWebKit/537.36 (KHTML, like Gecko; compatible; GPTBot/1.3; +https://openai.com/gptbot)"
185.191.171.8 - - [10/Mar/2026:07:26:14 -0700] "GET /2026/02/06/cleobetra-casino-949/ HTTP/1.1" 404 236 "-" "Mozilla/5.0 (compatible; SemrushBot/7~bl; +http://www.semrush.com/bot.html)"
74.7.241.15 - - [10/Mar/2026:07:26:20 -0700] "GET /wp-json/oembed/1.0/embed?url=http%3A%2F%2Falsahibalc.com%2F2026%2F02%2F27%2F2026-samye-perspektivnye-ploshhadki-dlja-358%2F HTTP/1.1" 404 236 "http://alsahibalc.com/2026/02/27/2026-samye-perspektivnye-ploshhadki-dlja-358/" "Mozilla/5.0 AppleWebKit/537.36 (KHTML, like Gecko; compatible; GPTBot/1.3; +https://openai.com/gptbot)"
74.7.241.15 - - [10/Mar/2026:07:26:39 -0700] "GET /wp-json/oembed/1.0/embed?url=http%3A%2F%2Falsahibalc.com%2F2026%2F03%2F02%2Fbest-internet-casino-incentives-to-possess-2026%2F HTTP/1.1" 404 236 "http://alsahibalc.com/2026/03/02/best-internet-casino-incentives-to-possess-2026/" "Mozilla/5.0 AppleWebKit/537.36 (KHTML, like Gecko; compatible; GPTBot/1.3; +https://openai.com/gptbot)"
74.7.241.15 - - [10/Mar/2026:07:26:49 -0700] "GET /wp-json/oembed/1.0/embed?url=http%3A%2F%2Falsahibalc.com%2F2026%2F02%2F25%2Fcasino-bonus-abzuglich-einzahlung-januar-2026%2F HTTP/1.1" 404 236 "http://alsahibalc.com/2026/02/25/casino-bonus-abzuglich-einzahlung-januar-2026/" "Mozilla/5.0 AppleWebKit/537.36 (KHTML, like Gecko; compatible; GPTBot/1.3; +https://openai.com/gptbot)"
74.7.241.15 - - [10/Mar/2026:07:26:58 -0700] "GET /wp-json/oembed/1.0/embed?url=http%3A%2F%2Falsahibalc.com%2F2026%2F02%2F27%2Fleovegas-casino-remark-pro-player-reviews-2026%2F HTTP/1.1" 404 236 "http://alsahibalc.com/2026/02/27/leovegas-casino-remark-pro-player-reviews-2026/" "Mozilla/5.0 AppleWebKit/537.36 (KHTML, like Gecko; compatible; GPTBot/1.3; +https://openai.com/gptbot)"
51.161.65.72 - - [10/Mar/2026:07:27:02 -0700] "GET /category/post/page/49/ HTTP/1.1" 404 236 "-" "Mozilla/5.0 (compatible; AhrefsBot/7.0; +http://ahrefs.com/robot/)"
74.7.241.15 - - [10/Mar/2026:07:27:07 -0700] "GET /wp-json/oembed/1.0/embed?url=http%3A%2F%2Falsahibalc.com%2F2026%2F02%2F07%2Fbetter-casinos-taking-skrill-money-january-2026%2F HTTP/1.1" 404 236 "http://alsahibalc.com/2026/02/07/better-casinos-taking-skrill-money-january-2026/" "Mozilla/5.0 AppleWebKit/537.36 (KHTML, like Gecko; compatible; GPTBot/1.3; +https://openai.com/gptbot)"
85.208.96.197 - - [10/Mar/2026:07:27:08 -0700] "GET /2026/02/18/emozioni-a-portata-di-click-il-tuo-accesso-sportaza-e-un/ HTTP/1.1" 404 236 "-" "Mozilla/5.0 (compatible; SemrushBot/7~bl; +http://www.semrush.com/bot.html)"
74.7.241.15 - - [10/Mar/2026:07:27:16 -0700] "GET /wp-json/oembed/1.0/embed?url=http%3A%2F%2Falsahibalc.com%2F2026%2F02%2F27%2F2026-samye-perspektivnye-ploshhadki-dlja-393%2F HTTP/1.1" 404 236 "http://alsahibalc.com/2026/02/27/2026-samye-perspektivnye-ploshhadki-dlja-393/" "Mozilla/5.0 AppleWebKit/537.36 (KHTML, like Gecko; compatible; GPTBot/1.3; +https://openai.com/gptbot)"
74.7.241.15 - - [10/Mar/2026:07:27:26 -0700] "GET /wp-json/oembed/1.0/embed?url=http%3A%2F%2Falsahibalc.com%2F2026%2F02%2F27%2F2026-samye-perspektivnye-ploshhadki-dlja-80%2F HTTP/1.1" 404 236 "http://alsahibalc.com/2026/02/27/2026-samye-perspektivnye-ploshhadki-dlja-80/" "Mozilla/5.0 AppleWebKit/537.36 (KHTML, like Gecko; compatible; GPTBot/1.3; +https://openai.com/gptbot)"
74.7.241.15 - - [10/Mar/2026:07:27:35 -0700] "GET /wp-json/oembed/1.0/embed?url=http%3A%2F%2Falsahibalc.com%2F2026%2F01%2F23%2Fvdcasino-resmi-giri-spor-bahisleri-casino-5579%2F HTTP/1.1" 404 236 "http://alsahibalc.com/2026/01/23/vdcasino-resmi-giri-spor-bahisleri-casino-5579/" "Mozilla/5.0 AppleWebKit/537.36 (KHTML, like Gecko; compatible; GPTBot/1.3; +https://openai.com/gptbot)"
74.7.241.15 - - [10/Mar/2026:07:27:44 -0700] "GET /wp-json/oembed/1.0/embed?url=http%3A%2F%2Falsahibalc.com%2F2026%2F02%2F09%2Foferte-bonus-lucky-kong-rotiri-gratuite-2026%2F HTTP/1.1" 404 236 "http://alsahibalc.com/2026/02/09/oferte-bonus-lucky-kong-rotiri-gratuite-2026/" "Mozilla/5.0 AppleWebKit/537.36 (KHTML, like Gecko; compatible; GPTBot/1.3; +https://openai.com/gptbot)"
185.191.171.16 - - [10/Mar/2026:07:27:46 -0700] "GET /2025/12/01/the-impact-of-artificial-intelligence-on-casino-712/ HTTP/1.1" 404 236 "-" "Mozilla/5.0 (compatible; SemrushBot/7~bl; +http://www.semrush.com/bot.html)"
74.7.241.15 - - [10/Mar/2026:07:27:53 -0700] "GET /wp-json/oembed/1.0/embed?url=http%3A%2F%2Falsahibalc.com%2F2026%2F02%2F11%2Feye-of-horus-slot-eye-of-casiqo-app-download-in-deutschland-horus-casino-verbunden%2F HTTP/1.1" 404 236 "http://alsahibalc.com/2026/02/11/eye-of-horus-slot-eye-of-casiqo-app-download-in-deutschland-horus-casino-verbunden/" "Mozilla/5.0 AppleWebKit/537.36 (KHTML, like Gecko; compatible; GPTBot/1.3; +https://openai.com/gptbot)"
207.180.219.104 - - [10/Mar/2026:07:27:59 -0700] "GET /2026/03/10/a-legjobb-strategiak-a-kaszinozashoz-halado/ HTTP/1.1" 404 236 "-" "Mozilla/5.0 (Windows NT 10.0; Win64; x64) AppleWebKit/537.36 (KHTML, like Gecko) Chrome/120.0.0.0 Safari/537.36"
207.180.219.104 - - [10/Mar/2026:07:27:59 -0700] "GET /favicon.ico HTTP/1.1" 404 236 "http://alsahibalc.com/2026/03/10/a-legjobb-strategiak-a-kaszinozashoz-halado/" "Mozilla/5.0 (Windows NT 10.0; Win64; x64) AppleWebKit/537.36 (KHTML, like Gecko) Chrome/120.0.0.0 Safari/537.36"
74.7.241.15 - - [10/Mar/2026:07:28:22 -0700] "GET /wp-json/oembed/1.0/embed?url=http%3A%2F%2Falsahibalc.com%2F2026%2F03%2F02%2F50-putaran-gratis-tidak-perlu-kasino-online-tanpa-deposit-1xslot-deposit-nz-2026%2F HTTP/1.1" 404 236 "http://alsahibalc.com/2026/03/02/50-putaran-gratis-tidak-perlu-kasino-online-tanpa-deposit-1xslot-deposit-nz-2026/" "Mozilla/5.0 AppleWebKit/537.36 (KHTML, like Gecko; compatible; GPTBot/1.3; +https://openai.com/gptbot)"
185.191.171.17 - - [10/Mar/2026:07:28:26 -0700] "GET /2026/01/27/1win-official-site-for-sports-betting-and-casino-1945/ HTTP/1.1" 404 236 "-" "Mozilla/5.0 (compatible; SemrushBot/7~bl; +http://www.semrush.com/bot.html)"
74.7.241.15 - - [10/Mar/2026:07:28:31 -0700] "GET /wp-json/oembed/1.0/embed?url=http%3A%2F%2Falsahibalc.com%2F2026%2F02%2F25%2Fgreatest-real-cash-ports-playing-within-the-2026-find-greatest-harbors-on-line%2F HTTP/1.1" 404 236 "http://alsahibalc.com/2026/02/25/greatest-real-cash-ports-playing-within-the-2026-find-greatest-harbors-on-line/" "Mozilla/5.0 AppleWebKit/537.36 (KHTML, like Gecko; compatible; GPTBot/1.3; +https://openai.com/gptbot)"
185.191.171.11 - - [10/Mar/2026:07:28:33 -0700] "GET /2026/02/12/kasino-maklercourtage-blos-einzahlung-januar-2026/ HTTP/1.1" 404 236 "-" "Mozilla/5.0 (compatible; SemrushBot/7~bl; +http://www.semrush.com/bot.html)"
74.7.241.15 - - [10/Mar/2026:07:28:40 -0700] "GET /wp-json/oembed/1.0/embed?url=http%3A%2F%2Falsahibalc.com%2F2026%2F02%2F26%2Fonline-kasino-land-der-dichter-und-denker-tests-neue-kasino-auswertung-2026%2F HTTP/1.1" 404 236 "http://alsahibalc.com/2026/02/26/online-kasino-land-der-dichter-und-denker-tests-neue-kasino-auswertung-2026/" "Mozilla/5.0 AppleWebKit/537.36 (KHTML, like Gecko; compatible; GPTBot/1.3; +https://openai.com/gptbot)"
74.7.241.15 - - [10/Mar/2026:07:28:49 -0700] "GET /wp-json/oembed/1.0/embed?url=http%3A%2F%2Falsahibalc.com%2F2026%2F02%2F28%2Fbest-online-casino-incentives-in-the-usa-for-2026%2F HTTP/1.1" 404 236 "http://alsahibalc.com/2026/02/28/best-online-casino-incentives-in-the-usa-for-2026/" "Mozilla/5.0 AppleWebKit/537.36 (KHTML, like Gecko; compatible; GPTBot/1.3; +https://openai.com/gptbot)"
185.191.171.17 - - [10/Mar/2026:07:28:55 -0700] "GET /2025/11/24/the-impact-of-gamification-on-casino-engagement-15/ HTTP/1.1" 404 236 "-" "Mozilla/5.0 (compatible; SemrushBot/7~bl; +http://www.semrush.com/bot.html)"
74.7.241.15 - - [10/Mar/2026:07:28:59 -0700] "GET /wp-json/oembed/1.0/embed?url=http%3A%2F%2Falsahibalc.com%2F2026%2F02%2F25%2Fthe-top-10-greatest-online-casinos-from-2026%2F HTTP/1.1" 404 236 "http://alsahibalc.com/2026/02/25/the-top-10-greatest-online-casinos-from-2026/" "Mozilla/5.0 AppleWebKit/537.36 (KHTML, like Gecko; compatible; GPTBot/1.3; +https://openai.com/gptbot)"
74.7.241.15 - - [10/Mar/2026:07:29:08 -0700] "GET /wp-json/oembed/1.0/embed?url=http%3A%2F%2Falsahibalc.com%2F2026%2F01%2F13%2Fkazino-oficialnyj-sajt-pin-up-casino-vhodi-i-2026%2F HTTP/1.1" 404 236 "http://alsahibalc.com/2026/01/13/kazino-oficialnyj-sajt-pin-up-casino-vhodi-i-2026/" "Mozilla/5.0 AppleWebKit/537.36 (KHTML, like Gecko; compatible; GPTBot/1.3; +https://openai.com/gptbot)"
74.7.241.15 - - [10/Mar/2026:07:29:18 -0700] "GET /wp-json/oembed/1.0/embed?url=http%3A%2F%2Falsahibalc.com%2F2026%2F02%2F18%2Foffizielle-s-land-der-dichter-und-denker-2026%2F HTTP/1.1" 404 236 "http://alsahibalc.com/2026/02/18/offizielle-s-land-der-dichter-und-denker-2026/" "Mozilla/5.0 AppleWebKit/537.36 (KHTML, like Gecko; compatible; GPTBot/1.3; +https://openai.com/gptbot)"
74.7.241.15 - - [10/Mar/2026:07:29:27 -0700] "GET /wp-json/oembed/1.0/embed?url=http%3A%2F%2Falsahibalc.com%2F2026%2F02%2F09%2Fbetter-web-based-casinos-the-real-deal-money-2026%2F HTTP/1.1" 404 236 "http://alsahibalc.com/2026/02/09/better-web-based-casinos-the-real-deal-money-2026/" "Mozilla/5.0 AppleWebKit/537.36 (KHTML, like Gecko; compatible; GPTBot/1.3; +https://openai.com/gptbot)"
74.7.241.15 - - [10/Mar/2026:07:29:37 -0700] "GET /wp-json/oembed/1.0/embed?url=http%3A%2F%2Falsahibalc.com%2F2026%2F02%2F06%2F500-giros-enlace-serio-regalado-sin-tanque-referente-a-espana-bonos-con-manga-larga-500-giros%2F HTTP/1.1" 404 236 "http://alsahibalc.com/2026/02/06/500-giros-enlace-serio-regalado-sin-tanque-referente-a-espana-bonos-con-manga-larga-500-giros/" "Mozilla/5.0 AppleWebKit/537.36 (KHTML, like Gecko; compatible; GPTBot/1.3; +https://openai.com/gptbot)"
74.7.241.15 - - [10/Mar/2026:07:29:56 -0700] "GET /wp-json/oembed/1.0/embed?url=http%3A%2F%2Falsahibalc.com%2F2026%2F02%2F28%2Fprivate-no-deposit-gambling-enterprise-incentives-codes-2026%2F HTTP/1.1" 404 236 "http://alsahibalc.com/2026/02/28/private-no-deposit-gambling-enterprise-incentives-codes-2026/" "Mozilla/5.0 AppleWebKit/537.36 (KHTML, like Gecko; compatible; GPTBot/1.3; +https://openai.com/gptbot)"
185.191.171.1 - - [10/Mar/2026:07:30:04 -0700] "GET /2026/02/11/live-kasino-beste-casino-fortune-legends-mobile-ernahrer-fur-echtzeit-spiele-2026/ HTTP/1.1" 404 236 "-" "Mozilla/5.0 (compatible; SemrushBot/7~bl; +http://www.semrush.com/bot.html)"
74.7.241.15 - - [10/Mar/2026:07:30:24 -0700] "GET /wp-json/oembed/1.0/embed?url=http%3A%2F%2Falsahibalc.com%2F2026%2F02%2F20%2F100-percent-free-harbors-zero-install-zero-membership-totally-free-luckystar-secure-online-casino-slot-machines-quick-enjoy%2F HTTP/1.1" 404 236 "http://alsahibalc.com/2026/02/20/100-percent-free-harbors-zero-install-zero-membership-totally-free-luckystar-secure-online-casino-slot-machines-quick-enjoy/" "Mozilla/5.0 AppleWebKit/537.36 (KHTML, like Gecko; compatible; GPTBot/1.3; +https://openai.com/gptbot)"
51.161.37.144 - - [10/Mar/2026:07:30:27 -0700] "GET /2025/11/21/kazino-oficialnyj-sajt-pin-up-casino-igrat-onlajn-885-20/ HTTP/1.1" 404 236 "-" "Mozilla/5.0 (compatible; AhrefsBot/7.0; +http://ahrefs.com/robot/)"
74.7.241.15 - - [10/Mar/2026:07:30:34 -0700] "GET /wp-json/oembed/1.0/embed?url=http%3A%2F%2Falsahibalc.com%2F2026%2F02%2F25%2Fneteller-web-based-casinos-finest-neteller-gambling-enterprises-2026%2F HTTP/1.1" 404 236 "http://alsahibalc.com/2026/02/25/neteller-web-based-casinos-finest-neteller-gambling-enterprises-2026/" "Mozilla/5.0 AppleWebKit/537.36 (KHTML, like Gecko; compatible; GPTBot/1.3; +https://openai.com/gptbot)"
85.208.96.207 - - [10/Mar/2026:07:30:38 -0700] "GET /2026/01/26/fortune-favors-the-bold-explore-the-simple-strategy-excitement/ HTTP/1.1" 404 236 "-" "Mozilla/5.0 (compatible; SemrushBot/7~bl; +http://www.semrush.com/bot.html)"
74.7.241.15 - - [10/Mar/2026:07:30:52 -0700] "GET /wp-json/oembed/1.0/embed?url=http%3A%2F%2Falsahibalc.com%2F2026%2F03%2F02%2F400-os-befizetesi-osztonzo-egyesult-kiralysag-400-os-helyi-kaszino-osztonzok-jegyzeke-2026%2F HTTP/1.1" 404 236 "http://alsahibalc.com/2026/03/02/400-os-befizetesi-osztonzo-egyesult-kiralysag-400-os-helyi-kaszino-osztonzok-jegyzeke-2026/" "Mozilla/5.0 AppleWebKit/537.36 (KHTML, like Gecko; compatible; GPTBot/1.3; +https://openai.com/gptbot)"
74.7.241.15 - - [10/Mar/2026:07:31:02 -0700] "GET /wp-json/oembed/1.0/embed?url=http%3A%2F%2Falsahibalc.com%2F2026%2F02%2F20%2Fseriose-angeschlossen-casinos-diese-besten-casino-fairy-queen-seiten-2026%2F HTTP/1.1" 404 236 "http://alsahibalc.com/2026/02/20/seriose-angeschlossen-casinos-diese-besten-casino-fairy-queen-seiten-2026/" "Mozilla/5.0 AppleWebKit/537.36 (KHTML, like Gecko; compatible; GPTBot/1.3; +https://openai.com/gptbot)"
185.191.171.19 - - [10/Mar/2026:07:31:02 -0700] "GET /2025/08/03/spannung-pur-erlebe-die-fesselnden-momente-der/ HTTP/1.1" 404 236 "-" "Mozilla/5.0 (compatible; SemrushBot/7~bl; +http://www.semrush.com/bot.html)"
85.208.96.207 - - [10/Mar/2026:07:31:07 -0700] "GET /2026/02/18/within-slotsspot-we-think-within-the-openness-with-the-readers/ HTTP/1.1" 404 236 "-" "Mozilla/5.0 (compatible; SemrushBot/7~bl; +http://www.semrush.com/bot.html)"
74.7.241.15 - - [10/Mar/2026:07:31:12 -0700] "GET /wp-json/oembed/1.0/embed?url=http%3A%2F%2Falsahibalc.com%2F2026%2F02%2F19%2Fneue-verbunden-casinos-2026-horsemen-casino-unser-10-newcomer-weich-klopfen%2F HTTP/1.1" 404 236 "http://alsahibalc.com/2026/02/19/neue-verbunden-casinos-2026-horsemen-casino-unser-10-newcomer-weich-klopfen/" "Mozilla/5.0 AppleWebKit/537.36 (KHTML, like Gecko; compatible; GPTBot/1.3; +https://openai.com/gptbot)"
54.39.0.254 - - [10/Mar/2026:07:31:14 -0700] "GET /2025/11/23/1win-oficialnyj-sajt-bukmekera-1vin-stavki-na-95/ HTTP/1.1" 404 236 "-" "Mozilla/5.0 (compatible; AhrefsBot/7.0; +http://ahrefs.com/robot/)"
85.208.96.212 - - [10/Mar/2026:07:31:15 -0700] "GET /2026/02/20/oficialnyj-sajt-pinco-casino-vhod-na-zerkalo-8674/ HTTP/1.1" 404 236 "-" "Mozilla/5.0 (compatible; SemrushBot/7~bl; +http://www.semrush.com/bot.html)"
74.7.241.15 - - [10/Mar/2026:07:31:31 -0700] "GET /wp-json/oembed/1.0/embed?url=http%3A%2F%2Falsahibalc.com%2F2026%2F02%2F11%2Fneue-erreichbar-casinos-and-beste-neue-casino-spiele-e10-kostenlose-echtspiel-casinos-ohne-einzahlung-2024-2026%2F HTTP/1.1" 404 236 "http://alsahibalc.com/2026/02/11/neue-erreichbar-casinos-and-beste-neue-casino-spiele-e10-kostenlose-echtspiel-casinos-ohne-einzahlung-2024-2026/" "Mozilla/5.0 AppleWebKit/537.36 (KHTML, like Gecko; compatible; GPTBot/1.3; +https://openai.com/gptbot)"
74.7.241.15 - - [10/Mar/2026:07:31:59 -0700] "GET /wp-json/oembed/1.0/embed?url=http%3A%2F%2Falsahibalc.com%2F2026%2F01%2F13%2F%25d9%2585%25d9%2588%25d8%25a7%25d9%2582%25d8%25b9-%25d9%2585%25d9%2588%25d8%25ab%25d9%2588%25d9%2582%25d8%25a9-%25d9%2584%25d8%25b4%25d8%25b1%25d8%25a7%25d8%25a1-%25d8%25a7%25d9%2584%25d8%25b3%25d8%25aa%25d9%258a%25d8%25b1%25d9%2588%25d9%258a%25d8%25af%25d8%25a7%25d8%25aa%2F HTTP/1.1" 404 236 "http://alsahibalc.com/2026/01/13/%d9%85%d9%88%d8%a7%d9%82%d8%b9-%d9%85%d9%88%d8%ab%d9%88%d9%82%d8%a9-%d9%84%d8%b4%d8%b1%d8%a7%d8%a1-%d8%a7%d9%84%d8%b3%d8%aa%d9%8a%d8%b1%d9%88%d9%8a%d8%af%d8%a7%d8%aa/" "Mozilla/5.0 AppleWebKit/537.36 (KHTML, like Gecko; compatible; GPTBot/1.3; +https://openai.com/gptbot)"
74.7.241.15 - - [10/Mar/2026:07:32:08 -0700] "GET /wp-json/oembed/1.0/embed?format=xml&url=http%3A%2F%2Falsahibalc.com%2F2025%2F05%2F17%2Fil-pollo-e-la-scienza-tra-natura-comportamento-e-tecnologia-per-strade-piu-sicure%2F HTTP/1.1" 404 236 "http://alsahibalc.com/2025/05/17/il-pollo-e-la-scienza-tra-natura-comportamento-e-tecnologia-per-strade-piu-sicure/" "Mozilla/5.0 AppleWebKit/537.36 (KHTML, like Gecko; compatible; GPTBot/1.3; +https://openai.com/gptbot)"
185.191.171.16 - - [10/Mar/2026:07:32:15 -0700] "GET /2026/02/07/mega-moolah-jackpot-position-opinion-gambling-enterprises-and-you-will-extra-now-offers-2026/ HTTP/1.1" 404 236 "-" "Mozilla/5.0 (compatible; SemrushBot/7~bl; +http://www.semrush.com/bot.html)"
74.7.241.15 - - [10/Mar/2026:07:32:18 -0700] "GET /wp-json/oembed/1.0/embed?url=http%3A%2F%2Falsahibalc.com%2F2026%2F01%2F12%2Fbillionairespin-328%2F HTTP/1.1" 404 236 "http://alsahibalc.com/2026/01/12/billionairespin-328/" "Mozilla/5.0 AppleWebKit/537.36 (KHTML, like Gecko; compatible; GPTBot/1.3; +https://openai.com/gptbot)"
74.7.241.15 - - [10/Mar/2026:07:32:28 -0700] "GET /wp-json/oembed/1.0/embed?url=http%3A%2F%2Falsahibalc.com%2F2026%2F02%2F27%2Ffinest-picks-now%2F HTTP/1.1" 404 236 "http://alsahibalc.com/2026/02/27/finest-picks-now/" "Mozilla/5.0 AppleWebKit/537.36 (KHTML, like Gecko; compatible; GPTBot/1.3; +https://openai.com/gptbot)"
74.7.241.15 - - [10/Mar/2026:07:32:37 -0700] "GET /wp-json/oembed/1.0/embed?url=http%3A%2F%2Falsahibalc.com%2F2026%2F02%2F10%2Fbigclash-casino-112%2F HTTP/1.1" 404 236 "http://alsahibalc.com/2026/02/10/bigclash-casino-112/" "Mozilla/5.0 AppleWebKit/537.36 (KHTML, like Gecko; compatible; GPTBot/1.3; +https://openai.com/gptbot)"
74.7.241.15 - - [10/Mar/2026:07:32:46 -0700] "GET /wp-json/oembed/1.0/embed?url=http%3A%2F%2Falsahibalc.com%2F2026%2F02%2F10%2Fspinanga-casino-208%2F HTTP/1.1" 404 236 "http://alsahibalc.com/2026/02/10/spinanga-casino-208/" "Mozilla/5.0 AppleWebKit/537.36 (KHTML, like Gecko; compatible; GPTBot/1.3; +https://openai.com/gptbot)"
148.113.130.26 - - [10/Mar/2026:07:32:49 -0700] "GET /2025/11/21/chicken-road-spel-bij-online-casino-in-nederland-885/ HTTP/1.1" 404 236 "-" "Mozilla/5.0 (compatible; AhrefsBot/7.0; +http://ahrefs.com/robot/)"
74.7.241.15 - - [10/Mar/2026:07:32:56 -0700] "GET /wp-json/oembed/1.0/embed?url=http%3A%2F%2Falsahibalc.com%2F2026%2F02%2F07%2Fcleobetra-casino-961%2F HTTP/1.1" 404 236 "http://alsahibalc.com/2026/02/07/cleobetra-casino-961/" "Mozilla/5.0 AppleWebKit/537.36 (KHTML, like Gecko; compatible; GPTBot/1.3; +https://openai.com/gptbot)"
185.191.171.4 - - [10/Mar/2026:07:33:18 -0700] "GET /2026/02/06/beyond-gravity-experience-the-97-payout-rate-real/ HTTP/1.1" 404 236 "-" "Mozilla/5.0 (compatible; SemrushBot/7~bl; +http://www.semrush.com/bot.html)"
74.7.241.15 - - [10/Mar/2026:07:33:24 -0700] "GET /wp-json/oembed/1.0/embed?format=xml&url=http%3A%2F%2Falsahibalc.com%2F2025%2F04%2F05%2Fstrategie-per-massimizzare-il-payout-medio-nel-blackjack-a-livello-professionale%2F HTTP/1.1" 404 236 "http://alsahibalc.com/2025/04/05/strategie-per-massimizzare-il-payout-medio-nel-blackjack-a-livello-professionale/" "Mozilla/5.0 AppleWebKit/537.36 (KHTML, like Gecko; compatible; GPTBot/1.3; +https://openai.com/gptbot)"
85.208.96.203 - - [10/Mar/2026:07:33:31 -0700] "GET /2026/01/27/hvordan-pvirker-kulturelle-faktorer-spilvaner-i/ HTTP/1.1" 404 236 "-" "Mozilla/5.0 (compatible; SemrushBot/7~bl; +http://www.semrush.com/bot.html)"
74.7.241.15 - - [10/Mar/2026:07:33:34 -0700] "GET /wp-json/oembed/1.0/embed?url=http%3A%2F%2Falsahibalc.com%2F2026%2F02%2F06%2F500-giros-sin-cargo-falto-deposito-queen-of-hearts-giros-sin-ranura-acerca-de-espana-bonos-con-500-giros%2F HTTP/1.1" 404 236 "http://alsahibalc.com/2026/02/06/500-giros-sin-cargo-falto-deposito-queen-of-hearts-giros-sin-ranura-acerca-de-espana-bonos-con-500-giros/" "Mozilla/5.0 AppleWebKit/537.36 (KHTML, like Gecko; compatible; GPTBot/1.3; +https://openai.com/gptbot)"
74.7.241.15 - - [10/Mar/2026:07:33:43 -0700] "GET /wp-json/oembed/1.0/embed?format=xml&url=http%3A%2F%2Falsahibalc.com%2F2026%2F01%2F28%2Fbeyond-the-bonus-a-critical-f7-casino-review-for-informed%2F HTTP/1.1" 404 236 "http://alsahibalc.com/2026/01/28/beyond-the-bonus-a-critical-f7-casino-review-for-informed/" "Mozilla/5.0 AppleWebKit/537.36 (KHTML, like Gecko; compatible; GPTBot/1.3; +https://openai.com/gptbot)"
74.7.241.15 - - [10/Mar/2026:07:33:53 -0700] "GET /wp-json/oembed/1.0/embed?url=http%3A%2F%2Falsahibalc.com%2F2026%2F02%2F25%2Fkontory-mostbet-3708-2%2F HTTP/1.1" 404 236 "http://alsahibalc.com/2026/02/25/kontory-mostbet-3708-2/" "Mozilla/5.0 AppleWebKit/537.36 (KHTML, like Gecko; compatible; GPTBot/1.3; +https://openai.com/gptbot)"
185.191.171.6 - - [10/Mar/2026:07:34:00 -0700] "GET /2026/01/29/1win-bukmekerskaja-kontora-vhod-1291-2/ HTTP/1.1" 404 236 "-" "Mozilla/5.0 (compatible; SemrushBot/7~bl; +http://www.semrush.com/bot.html)"
74.7.241.15 - - [10/Mar/2026:07:34:02 -0700] "GET /wp-json/oembed/1.0/embed?url=http%3A%2F%2Falsahibalc.com%2F2026%2F01%2F14%2Fdescubra-os-novos-casinos-online-2026-para-2026%2F HTTP/1.1" 404 236 "http://alsahibalc.com/2026/01/14/descubra-os-novos-casinos-online-2026-para-2026/" "Mozilla/5.0 AppleWebKit/537.36 (KHTML, like Gecko; compatible; GPTBot/1.3; +https://openai.com/gptbot)"
85.208.96.203 - - [10/Mar/2026:07:34:10 -0700] "GET /2026/02/12/wild-guns-analisis-review-joviales-costo-desplazandolo-casino-slottica-25-tiradas-gratis-hacia-el-pelo-pericia-de-juego/ HTTP/1.1" 404 236 "-" "Mozilla/5.0 (compatible; SemrushBot/7~bl; +http://www.semrush.com/bot.html)"
74.7.241.15 - - [10/Mar/2026:07:34:11 -0700] "GET /wp-json/oembed/1.0/embed?url=http%3A%2F%2Falsahibalc.com%2F2026%2F03%2F02%2Fslots-sin-cargo-4000-book-of-ra-william-hill-1-deposito-tragamonedas-falto-soltar%2F HTTP/1.1" 404 236 "http://alsahibalc.com/2026/03/02/slots-sin-cargo-4000-book-of-ra-william-hill-1-deposito-tragamonedas-falto-soltar/" "Mozilla/5.0 AppleWebKit/537.36 (KHTML, like Gecko; compatible; GPTBot/1.3; +https://openai.com/gptbot)"
74.7.241.15 - - [10/Mar/2026:07:34:30 -0700] "GET /wp-json/oembed/1.0/embed?url=http%3A%2F%2Falsahibalc.com%2F2026%2F02%2F25%2Fgratowin-i7bet-casino-casino-recensione%2F HTTP/1.1" 404 236 "http://alsahibalc.com/2026/02/25/gratowin-i7bet-casino-casino-recensione/" "Mozilla/5.0 AppleWebKit/537.36 (KHTML, like Gecko; compatible; GPTBot/1.3; +https://openai.com/gptbot)"
74.7.241.15 - - [10/Mar/2026:07:34:40 -0700] "GET /wp-json/oembed/1.0/embed?url=http%3A%2F%2Falsahibalc.com%2F2026%2F02%2F06%2Fgoldene-gewinnkombinationen-erleben-spingranny%2F HTTP/1.1" 404 236 "http://alsahibalc.com/2026/02/06/goldene-gewinnkombinationen-erleben-spingranny/" "Mozilla/5.0 AppleWebKit/537.36 (KHTML, like Gecko; compatible; GPTBot/1.3; +https://openai.com/gptbot)"
185.191.171.1 - - [10/Mar/2026:07:34:52 -0700] "GET /2026/02/11/beste-handy-pharaos-riches-android-slot-rtp-spielotheken-uber-app/ HTTP/1.1" 404 236 "-" "Mozilla/5.0 (compatible; SemrushBot/7~bl; +http://www.semrush.com/bot.html)"
51.161.37.111 - - [10/Mar/2026:07:34:53 -0700] "GET /2025/11/24/oficialnyj-sajt-pinco-igrat-onlajn-zerkalo-i-vhod-885-13/ HTTP/1.1" 404 236 "-" "Mozilla/5.0 (compatible; AhrefsBot/7.0; +http://ahrefs.com/robot/)"
74.7.241.15 - - [10/Mar/2026:07:34:59 -0700] "GET /wp-json/oembed/1.0/embed?url=http%3A%2F%2Falsahibalc.com%2F2026%2F02%2F25%2Fhuuuge-local-casino-opinion-2026-bonuses-%25ef%25b8%258f-views-%25ef%25b8%258f-information%2F HTTP/1.1" 404 236 "http://alsahibalc.com/2026/02/25/huuuge-local-casino-opinion-2026-bonuses-%ef%b8%8f-views-%ef%b8%8f-information/" "Mozilla/5.0 AppleWebKit/537.36 (KHTML, like Gecko; compatible; GPTBot/1.3; +https://openai.com/gptbot)"
78.24.220.190 - - [10/Mar/2026:07:35:00 -0700] "GET / HTTP/1.1" 200 9495 "-" "Mozilla/5.0 (Windows NT 10.0; Win64; x64) AppleWebKit/537.36 (KHTML, like Gecko) Chrome/120.0.0.0 Safari/537.36"
74.7.241.15 - - [10/Mar/2026:07:35:08 -0700] "GET /wp-json/oembed/1.0/embed?url=http%3A%2F%2Falsahibalc.com%2F2025%2F12%2F21%2Fskyhills-casino-responsible-gaming-features-a-guide%2F HTTP/1.1" 404 236 "http://alsahibalc.com/2025/12/21/skyhills-casino-responsible-gaming-features-a-guide/" "Mozilla/5.0 AppleWebKit/537.36 (KHTML, like Gecko; compatible; GPTBot/1.3; +https://openai.com/gptbot)"
74.7.241.15 - - [10/Mar/2026:07:35:17 -0700] "GET /wp-json/oembed/1.0/embed?url=http%3A%2F%2Falsahibalc.com%2F2026%2F01%2F29%2Fglory-casino-login12587%2F HTTP/1.1" 404 236 "http://alsahibalc.com/2026/01/29/glory-casino-login12587/" "Mozilla/5.0 AppleWebKit/537.36 (KHTML, like Gecko; compatible; GPTBot/1.3; +https://openai.com/gptbot)"
74.7.241.15 - - [10/Mar/2026:07:35:26 -0700] "GET /wp-json/oembed/1.0/embed?url=http%3A%2F%2Falsahibalc.com%2F2026%2F01%2F29%2Fglory-casino-login15718%2F HTTP/1.1" 404 236 "http://alsahibalc.com/2026/01/29/glory-casino-login15718/" "Mozilla/5.0 AppleWebKit/537.36 (KHTML, like Gecko; compatible; GPTBot/1.3; +https://openai.com/gptbot)"
74.7.241.15 - - [10/Mar/2026:07:35:36 -0700] "GET /wp-json/oembed/1.0/embed?url=http%3A%2F%2Falsahibalc.com%2F2026%2F02%2F26%2Fhappy-larrys-lobstermania-2-harbors%2F HTTP/1.1" 404 236 "http://alsahibalc.com/2026/02/26/happy-larrys-lobstermania-2-harbors/" "Mozilla/5.0 AppleWebKit/537.36 (KHTML, like Gecko; compatible; GPTBot/1.3; +https://openai.com/gptbot)"
74.7.241.15 - - [10/Mar/2026:07:35:46 -0700] "GET /wp-json/oembed/1.0/embed?url=http%3A%2F%2Falsahibalc.com%2F2026%2F02%2F09%2Fcaptcha-page%2F HTTP/1.1" 404 236 "http://alsahibalc.com/2026/02/09/captcha-page/" "Mozilla/5.0 AppleWebKit/537.36 (KHTML, like Gecko; compatible; GPTBot/1.3; +https://openai.com/gptbot)"
74.7.241.15 - - [10/Mar/2026:07:35:55 -0700] "GET /wp-json/oembed/1.0/embed?url=http%3A%2F%2Falsahibalc.com%2F2026%2F02%2F25%2Ffind-the-best-on-line-pokies-in-australia-2026%2F HTTP/1.1" 404 236 "http://alsahibalc.com/2026/02/25/find-the-best-on-line-pokies-in-australia-2026/" "Mozilla/5.0 AppleWebKit/537.36 (KHTML, like Gecko; compatible; GPTBot/1.3; +https://openai.com/gptbot)"
74.7.241.15 - - [10/Mar/2026:07:36:05 -0700] "GET /wp-json/oembed/1.0/embed?url=http%3A%2F%2Falsahibalc.com%2F2026%2F01%2F29%2Fglory-casino-login13332%2F HTTP/1.1" 404 236 "http://alsahibalc.com/2026/01/29/glory-casino-login13332/" "Mozilla/5.0 AppleWebKit/537.36 (KHTML, like Gecko; compatible; GPTBot/1.3; +https://openai.com/gptbot)"
74.7.241.15 - - [10/Mar/2026:07:36:15 -0700] "GET /wp-json/oembed/1.0/embed?url=http%3A%2F%2Falsahibalc.com%2F2026%2F02%2F02%2Foficialnyj-sajt-vavada-casino-3983-2%2F HTTP/1.1" 404 236 "http://alsahibalc.com/2026/02/02/oficialnyj-sajt-vavada-casino-3983-2/" "Mozilla/5.0 AppleWebKit/537.36 (KHTML, like Gecko; compatible; GPTBot/1.3; +https://openai.com/gptbot)"
74.7.241.15 - - [10/Mar/2026:07:36:33 -0700] "GET /wp-json/oembed/1.0/embed?url=http%3A%2F%2Falsahibalc.com%2F2026%2F02%2F10%2F5-50-free-spins-zombies-on-registration-no-deposit-best-slot-machines-on-the-cricket-video-game%2F HTTP/1.1" 404 236 "http://alsahibalc.com/2026/02/10/5-50-free-spins-zombies-on-registration-no-deposit-best-slot-machines-on-the-cricket-video-game/" "Mozilla/5.0 AppleWebKit/537.36 (KHTML, like Gecko; compatible; GPTBot/1.3; +https://openai.com/gptbot)"
74.7.241.15 - - [10/Mar/2026:07:36:52 -0700] "GET /wp-json/oembed/1.0/embed?url=http%3A%2F%2Falsahibalc.com%2F2026%2F01%2F09%2Fbetflare-casino-1241%2F HTTP/1.1" 404 236 "http://alsahibalc.com/2026/01/09/betflare-casino-1241/" "Mozilla/5.0 AppleWebKit/537.36 (KHTML, like Gecko; compatible; GPTBot/1.3; +https://openai.com/gptbot)"
74.7.241.15 - - [10/Mar/2026:07:37:01 -0700] "GET /wp-json/oembed/1.0/embed?url=http%3A%2F%2Falsahibalc.com%2F2026%2F01%2F28%2Fkontory-mostbet-6064%2F HTTP/1.1" 404 236 "http://alsahibalc.com/2026/01/28/kontory-mostbet-6064/" "Mozilla/5.0 AppleWebKit/537.36 (KHTML, like Gecko; compatible; GPTBot/1.3; +https://openai.com/gptbot)"
85.208.96.211 - - [10/Mar/2026:07:37:06 -0700] "GET /2026/01/04/the-evolution-and-authenticity-of-online-slot-machines-a-deep-dive-into-digital-gaming-innovation/ HTTP/1.1" 404 236 "-" "Mozilla/5.0 (compatible; SemrushBot/7~bl; +http://www.semrush.com/bot.html)"
74.7.241.15 - - [10/Mar/2026:07:37:11 -0700] "GET /wp-json/oembed/1.0/embed?url=http%3A%2F%2Falsahibalc.com%2F2026%2F02%2F27%2Ffreispiele-blos-einzahlung-zweiter-monat-des-jahres-2026%2F HTTP/1.1" 404 236 "http://alsahibalc.com/2026/02/27/freispiele-blos-einzahlung-zweiter-monat-des-jahres-2026/" "Mozilla/5.0 AppleWebKit/537.36 (KHTML, like Gecko; compatible; GPTBot/1.3; +https://openai.com/gptbot)"
74.7.241.15 - - [10/Mar/2026:07:37:21 -0700] "GET /wp-json/oembed/1.0/embed?url=http%3A%2F%2Falsahibalc.com%2F2026%2F02%2F19%2Frodadas-dado-sem-entreposto-top-plataformas-acimade-2026%2F HTTP/1.1" 404 236 "http://alsahibalc.com/2026/02/19/rodadas-dado-sem-entreposto-top-plataformas-acimade-2026/" "Mozilla/5.0 AppleWebKit/537.36 (KHTML, like Gecko; compatible; GPTBot/1.3; +https://openai.com/gptbot)"
51.222.95.106 - - [10/Mar/2026:07:37:25 -0700] "GET /2025/11/23/kazino-oficialnyj-sajt-igrat-v-onlajn-kazino-pin-435/ HTTP/1.1" 404 236 "-" "Mozilla/5.0 (compatible; AhrefsBot/7.0; +http://ahrefs.com/robot/)"
74.7.241.15 - - [10/Mar/2026:07:37:30 -0700] "GET /wp-json/oembed/1.0/embed?url=http%3A%2F%2Falsahibalc.com%2F2026%2F02%2F09%2Fgreatest-real-money-online-casinos-gaming-sites-inside-2026%2F HTTP/1.1" 404 236 "http://alsahibalc.com/2026/02/09/greatest-real-money-online-casinos-gaming-sites-inside-2026/" "Mozilla/5.0 AppleWebKit/537.36 (KHTML, like Gecko; compatible; GPTBot/1.3; +https://openai.com/gptbot)"
74.7.241.15 - - [10/Mar/2026:07:37:40 -0700] "GET /wp-json/oembed/1.0/embed?url=http%3A%2F%2Falsahibalc.com%2F2026%2F02%2F26%2Ftop-echtgeld-online-casinos-as-part-of-alpenrepublik-2026%2F HTTP/1.1" 404 236 "http://alsahibalc.com/2026/02/26/top-echtgeld-online-casinos-as-part-of-alpenrepublik-2026/" "Mozilla/5.0 AppleWebKit/537.36 (KHTML, like Gecko; compatible; GPTBot/1.3; +https://openai.com/gptbot)"
185.191.171.8 - - [10/Mar/2026:07:37:46 -0700] "GET /2026/02/19/sus-particulares-total-football-legends-slot-big-win-casino-winner-mexico-2026-analisis-detallado/ HTTP/1.1" 404 236 "-" "Mozilla/5.0 (compatible; SemrushBot/7~bl; +http://www.semrush.com/bot.html)"
