74.7.241.15 - - [10/Mar/2026:06:27:36 -0700] "GET /wp-json/oembed/1.0/embed?url=http%3A%2F%2Falsahibalc.com%2F2026%2F01%2F28%2Fpin-up-casino-onlayn-azrbaycan-4276%2F HTTP/1.1" 404 236 "http://alsahibalc.com/2026/01/28/pin-up-casino-onlayn-azrbaycan-4276/" "Mozilla/5.0 AppleWebKit/537.36 (KHTML, like Gecko; compatible; GPTBot/1.3; +https://openai.com/gptbot)"
74.7.241.15 - - [10/Mar/2026:06:27:45 -0700] "GET /wp-json/oembed/1.0/embed?url=http%3A%2F%2Falsahibalc.com%2F2026%2F02%2F26%2Fpin-up-casino-onlayn-azrbaycan-4458%2F HTTP/1.1" 404 236 "http://alsahibalc.com/2026/02/26/pin-up-casino-onlayn-azrbaycan-4458/" "Mozilla/5.0 AppleWebKit/537.36 (KHTML, like Gecko; compatible; GPTBot/1.3; +https://openai.com/gptbot)"
74.7.241.15 - - [10/Mar/2026:06:28:04 -0700] "GET /wp-json/oembed/1.0/embed?url=http%3A%2F%2Falsahibalc.com%2F2026%2F01%2F31%2Fmostbet-w-polsce-obsuga-klienta-2720%2F HTTP/1.1" 404 236 "http://alsahibalc.com/2026/01/31/mostbet-w-polsce-obsuga-klienta-2720/" "Mozilla/5.0 AppleWebKit/537.36 (KHTML, like Gecko; compatible; GPTBot/1.3; +https://openai.com/gptbot)"
85.208.96.197 - - [10/Mar/2026:06:28:07 -0700] "GET /2026/02/07/1xbet-zerkalo-rabochee-1xbet-oficialnyj-sajt-2025-632/ HTTP/1.1" 404 236 "-" "Mozilla/5.0 (compatible; SemrushBot/7~bl; +http://www.semrush.com/bot.html)"
74.7.241.15 - - [10/Mar/2026:06:28:13 -0700] "GET /wp-json/oembed/1.0/embed?url=http%3A%2F%2Falsahibalc.com%2F2026%2F01%2F26%2Fpinco-casino-trkiyede-genel-bak-1281%2F HTTP/1.1" 404 236 "http://alsahibalc.com/2026/01/26/pinco-casino-trkiyede-genel-bak-1281/" "Mozilla/5.0 AppleWebKit/537.36 (KHTML, like Gecko; compatible; GPTBot/1.3; +https://openai.com/gptbot)"
185.191.171.16 - - [10/Mar/2026:06:28:16 -0700] "GET /2026/01/24/pinco-casino-trkiyede-hesap-dorulama-sreci-557-2/ HTTP/1.1" 404 236 "-" "Mozilla/5.0 (compatible; SemrushBot/7~bl; +http://www.semrush.com/bot.html)"
74.7.241.15 - - [10/Mar/2026:06:28:23 -0700] "GET /wp-json/oembed/1.0/embed?url=http%3A%2F%2Falsahibalc.com%2F2026%2F02%2F27%2Fonline-casino-paypal-%25ef%25b8%258f-33-tagesordnungspunkt-zwingender-hyperlink-paypal-casinos-2026%2F HTTP/1.1" 404 236 "http://alsahibalc.com/2026/02/27/online-casino-paypal-%ef%b8%8f-33-tagesordnungspunkt-zwingender-hyperlink-paypal-casinos-2026/" "Mozilla/5.0 AppleWebKit/537.36 (KHTML, like Gecko; compatible; GPTBot/1.3; +https://openai.com/gptbot)"
185.191.171.15 - - [10/Mar/2026:06:28:24 -0700] "GET /2026/02/09/fairy-gate-position-video-game-review-quickspin-20-paylines/ HTTP/1.1" 404 236 "-" "Mozilla/5.0 (compatible; SemrushBot/7~bl; +http://www.semrush.com/bot.html)"
74.7.241.15 - - [10/Mar/2026:06:28:33 -0700] "GET /wp-json/oembed/1.0/embed?url=http%3A%2F%2Falsahibalc.com%2F2026%2F01%2F03%2Fanabolizantes-originales-13%2F HTTP/1.1" 404 236 "http://alsahibalc.com/2026/01/03/anabolizantes-originales-13/" "Mozilla/5.0 AppleWebKit/537.36 (KHTML, like Gecko; compatible; GPTBot/1.3; +https://openai.com/gptbot)"
74.7.241.15 - - [10/Mar/2026:06:28:42 -0700] "GET /wp-json/oembed/1.0/embed?url=http%3A%2F%2Falsahibalc.com%2F2026%2F03%2F02%2Fonline-kumar-oyunlarnn-yukselii-14%2F HTTP/1.1" 404 236 "http://alsahibalc.com/2026/03/02/online-kumar-oyunlarnn-yukselii-14/" "Mozilla/5.0 AppleWebKit/537.36 (KHTML, like Gecko; compatible; GPTBot/1.3; +https://openai.com/gptbot)"
185.191.171.4 - - [10/Mar/2026:06:28:51 -0700] "GET /2025/12/28/enhancing-player-engagement-with-customizable-features-in-online-casino-software/ HTTP/1.1" 404 236 "-" "Mozilla/5.0 (compatible; SemrushBot/7~bl; +http://www.semrush.com/bot.html)"
74.7.241.15 - - [10/Mar/2026:06:28:52 -0700] "GET /wp-json/oembed/1.0/embed?url=http%3A%2F%2Falsahibalc.com%2F2026%2F01%2F30%2Fbukmekerskaja-kontora-mostbet-5178%2F HTTP/1.1" 404 236 "http://alsahibalc.com/2026/01/30/bukmekerskaja-kontora-mostbet-5178/" "Mozilla/5.0 AppleWebKit/537.36 (KHTML, like Gecko; compatible; GPTBot/1.3; +https://openai.com/gptbot)"
74.7.241.15 - - [10/Mar/2026:06:29:01 -0700] "GET /wp-json/oembed/1.0/embed?url=http%3A%2F%2Falsahibalc.com%2F2026%2F02%2F26%2Fmostbet-trkiyede-online-casino8330%2F HTTP/1.1" 404 236 "http://alsahibalc.com/2026/02/26/mostbet-trkiyede-online-casino8330/" "Mozilla/5.0 AppleWebKit/537.36 (KHTML, like Gecko; compatible; GPTBot/1.3; +https://openai.com/gptbot)"
185.191.171.3 - - [10/Mar/2026:06:29:06 -0700] "GET /2025/08/01/leffervescence-des-jeux-de-hasard-le-frisson-du/ HTTP/1.1" 404 236 "-" "Mozilla/5.0 (compatible; SemrushBot/7~bl; +http://www.semrush.com/bot.html)"
74.7.241.15 - - [10/Mar/2026:06:29:10 -0700] "GET /wp-json/oembed/1.0/embed?url=http%3A%2F%2Falsahibalc.com%2F2026%2F02%2F27%2Fembrace-the-thrill-experience-top-tier-3%2F HTTP/1.1" 404 236 "http://alsahibalc.com/2026/02/27/embrace-the-thrill-experience-top-tier-3/" "Mozilla/5.0 AppleWebKit/537.36 (KHTML, like Gecko; compatible; GPTBot/1.3; +https://openai.com/gptbot)"
74.7.241.15 - - [10/Mar/2026:06:29:29 -0700] "GET /wp-json/oembed/1.0/embed?url=http%3A%2F%2Falsahibalc.com%2F2026%2F02%2F09%2F20-meilleures-machines-a-sous-belgique%2F HTTP/1.1" 404 236 "http://alsahibalc.com/2026/02/09/20-meilleures-machines-a-sous-belgique/" "Mozilla/5.0 AppleWebKit/537.36 (KHTML, like Gecko; compatible; GPTBot/1.3; +https://openai.com/gptbot)"
74.7.241.15 - - [10/Mar/2026:06:29:38 -0700] "GET /wp-json/oembed/1.0/embed?url=http%3A%2F%2Falsahibalc.com%2F2026%2F03%2F01%2Fwilliams-bb1-zeus-slots-offered-used-slots%2F HTTP/1.1" 404 236 "http://alsahibalc.com/2026/03/01/williams-bb1-zeus-slots-offered-used-slots/" "Mozilla/5.0 AppleWebKit/537.36 (KHTML, like Gecko; compatible; GPTBot/1.3; +https://openai.com/gptbot)"
74.7.241.15 - - [10/Mar/2026:06:29:48 -0700] "GET /wp-json/oembed/1.0/embed?url=http%3A%2F%2Falsahibalc.com%2F2026%2F02%2F09%2Fcasino-online-utlandska-med-moderna-12%2F HTTP/1.1" 404 236 "http://alsahibalc.com/2026/02/09/casino-online-utlandska-med-moderna-12/" "Mozilla/5.0 AppleWebKit/537.36 (KHTML, like Gecko; compatible; GPTBot/1.3; +https://openai.com/gptbot)"
74.7.241.15 - - [10/Mar/2026:06:29:57 -0700] "GET /wp-json/oembed/1.0/embed?url=http%3A%2F%2Falsahibalc.com%2F2026%2F02%2F18%2F100-freispiele-blos-einzahlung-tagesordnungspunkt-angebote-exklusiv%2F HTTP/1.1" 404 236 "http://alsahibalc.com/2026/02/18/100-freispiele-blos-einzahlung-tagesordnungspunkt-angebote-exklusiv/" "Mozilla/5.0 AppleWebKit/537.36 (KHTML, like Gecko; compatible; GPTBot/1.3; +https://openai.com/gptbot)"
74.7.241.15 - - [10/Mar/2026:06:30:06 -0700] "GET /wp-json/oembed/1.0/embed?url=http%3A%2F%2Falsahibalc.com%2F2026%2F02%2F25%2Fnv-casino-magyarorszg-2%2F HTTP/1.1" 404 236 "http://alsahibalc.com/2026/02/25/nv-casino-magyarorszg-2/" "Mozilla/5.0 AppleWebKit/537.36 (KHTML, like Gecko; compatible; GPTBot/1.3; +https://openai.com/gptbot)"
74.7.241.15 - - [10/Mar/2026:06:30:16 -0700] "GET /wp-json/oembed/1.0/embed?url=http%3A%2F%2Falsahibalc.com%2F2026%2F02%2F09%2Fspinanga-online-casino-48%2F HTTP/1.1" 404 236 "http://alsahibalc.com/2026/02/09/spinanga-online-casino-48/" "Mozilla/5.0 AppleWebKit/537.36 (KHTML, like Gecko; compatible; GPTBot/1.3; +https://openai.com/gptbot)"
74.7.241.15 - - [10/Mar/2026:06:30:35 -0700] "GET /wp-json/oembed/1.0/embed?url=http%3A%2F%2Falsahibalc.com%2F2026%2F02%2F19%2Fmr-green-spielbank-erfahrungen-2026-100-100-fs%2F HTTP/1.1" 404 236 "http://alsahibalc.com/2026/02/19/mr-green-spielbank-erfahrungen-2026-100-100-fs/" "Mozilla/5.0 AppleWebKit/537.36 (KHTML, like Gecko; compatible; GPTBot/1.3; +https://openai.com/gptbot)"
74.7.241.15 - - [10/Mar/2026:06:30:45 -0700] "GET /wp-json/oembed/1.0/embed?url=http%3A%2F%2Falsahibalc.com%2F2026%2F01%2F21%2Fjouw-gokavontuur-start-hier-ontdek-de-wereld-van%2F HTTP/1.1" 404 236 "http://alsahibalc.com/2026/01/21/jouw-gokavontuur-start-hier-ontdek-de-wereld-van/" "Mozilla/5.0 AppleWebKit/537.36 (KHTML, like Gecko; compatible; GPTBot/1.3; +https://openai.com/gptbot)"
74.7.241.15 - - [10/Mar/2026:06:30:54 -0700] "GET /2026/01/25/busting-the-top-casino-myths-what-you-really-need/%3Cdiv%20class=%22video-container%22%3E%3Ciframe%20src=%22https:/cdn.pixabay.com/video/2025/06/15/286027_medium.mp4%22%20frameborder=%220%22%20allowfullscreen%3E%3C/iframe%3E%3C/div%3E HTTP/1.1" 406 300 "http://alsahibalc.com/2026/01/25/busting-the-top-casino-myths-what-you-really-need/" "Mozilla/5.0 AppleWebKit/537.36 (KHTML, like Gecko; compatible; GPTBot/1.3; +https://openai.com/gptbot)"
74.7.241.15 - - [10/Mar/2026:06:31:03 -0700] "GET /2026/02/24/the-balance-of-luck-and-skill-in-casino-games-what-2/%3Cdiv%20class=%22video-container%22%3E%3Ciframe%20src=%22https:/cdn.pixabay.com/video/2018/05/20/16314-271033539_medium.mp4%22%20frameborder=%220%22%20allowfullscreen%3E%3C/iframe%3E%3C/div%3E HTTP/1.1" 406 300 "http://alsahibalc.com/2026/02/24/the-balance-of-luck-and-skill-in-casino-games-what-2/" "Mozilla/5.0 AppleWebKit/537.36 (KHTML, like Gecko; compatible; GPTBot/1.3; +https://openai.com/gptbot)"
74.7.241.15 - - [10/Mar/2026:06:31:12 -0700] "GET /2026/02/06/tips-on-how-to-maximize-casino-bonuses/%3Cdiv%20class=%22video-container%22%3E%3Ciframe%20src=%22https:/cdn.pixabay.com/video/2020/07/17/44917-440261245_medium.mp4%22%20frameborder=%220%22%20allowfullscreen%3E%3C/iframe%3E%3C/div%3E HTTP/1.1" 406 300 "http://alsahibalc.com/2026/02/06/tips-on-how-to-maximize-casino-bonuses/" "Mozilla/5.0 AppleWebKit/537.36 (KHTML, like Gecko; compatible; GPTBot/1.3; +https://openai.com/gptbot)"
74.7.241.15 - - [10/Mar/2026:06:31:21 -0700] "GET /2026/01/15/strategier-for-att-vinna-p-casinon-s-maximerar-du-2/%3Cdiv%20class=%22video-container%22%3E%3Ciframe%20src=%22https:/cdn.pixabay.com/video/2024/03/20/204934-925994347_medium.mp4%22%20frameborder=%220%22%20allowfullscreen%3E%3C/iframe%3E%3C/div%3E HTTP/1.1" 406 300 "http://alsahibalc.com/2026/01/15/strategier-for-att-vinna-p-casinon-s-maximerar-du-2/" "Mozilla/5.0 AppleWebKit/537.36 (KHTML, like Gecko; compatible; GPTBot/1.3; +https://openai.com/gptbot)"
74.7.241.15 - - [10/Mar/2026:06:31:31 -0700] "GET /2026/01/15/strategier-for-att-vinna-p-casinon-s-maximerar-du/%3Cdiv%20class=%22video-container%22%3E%3Ciframe%20src=%22https:/cdn.pixabay.com/video/2024/03/20/204934-925994347_medium.mp4%22%20frameborder=%220%22%20allowfullscreen%3E%3C/iframe%3E%3C/div%3E HTTP/1.1" 406 300 "http://alsahibalc.com/2026/01/15/strategier-for-att-vinna-p-casinon-s-maximerar-du/" "Mozilla/5.0 AppleWebKit/537.36 (KHTML, like Gecko; compatible; GPTBot/1.3; +https://openai.com/gptbot)"
74.7.241.15 - - [10/Mar/2026:06:31:50 -0700] "GET /wp-json/oembed/1.0/embed?url=http%3A%2F%2Falsahibalc.com%2F2026%2F02%2F19%2Fdelighted-vacations%2F HTTP/1.1" 404 236 "http://alsahibalc.com/2026/02/19/delighted-vacations/" "Mozilla/5.0 AppleWebKit/537.36 (KHTML, like Gecko; compatible; GPTBot/1.3; +https://openai.com/gptbot)"
74.7.241.15 - - [10/Mar/2026:06:31:59 -0700] "GET /wp-json/oembed/1.0/embed?url=http%3A%2F%2Falsahibalc.com%2F2026%2F02%2F27%2Fthunderstruck-pokies%2F HTTP/1.1" 404 236 "http://alsahibalc.com/2026/02/27/thunderstruck-pokies/" "Mozilla/5.0 AppleWebKit/537.36 (KHTML, like Gecko; compatible; GPTBot/1.3; +https://openai.com/gptbot)"
74.7.241.15 - - [10/Mar/2026:06:32:09 -0700] "GET /wp-json/oembed/1.0/embed?url=http%3A%2F%2Falsahibalc.com%2F2026%2F02%2F24%2Freeltastic-spielsaal%2F HTTP/1.1" 404 236 "http://alsahibalc.com/2026/02/24/reeltastic-spielsaal/" "Mozilla/5.0 AppleWebKit/537.36 (KHTML, like Gecko; compatible; GPTBot/1.3; +https://openai.com/gptbot)"
74.7.241.15 - - [10/Mar/2026:06:32:19 -0700] "GET /wp-json/oembed/1.0/embed?url=http%3A%2F%2Falsahibalc.com%2F2026%2F01%2F28%2Flexcitation-du-jeu-en-ligne-atteint-son-apogee-avec-spinmama%2F HTTP/1.1" 404 236 "http://alsahibalc.com/2026/01/28/lexcitation-du-jeu-en-ligne-atteint-son-apogee-avec-spinmama/" "Mozilla/5.0 AppleWebKit/537.36 (KHTML, like Gecko; compatible; GPTBot/1.3; +https://openai.com/gptbot)"
85.208.96.201 - - [10/Mar/2026:06:32:24 -0700] "GET /2026/02/15/pin-up-casino-onlayn-azrbaycan-5035-2/ HTTP/1.1" 404 236 "-" "Mozilla/5.0 (compatible; SemrushBot/7~bl; +http://www.semrush.com/bot.html)"
85.208.96.200 - - [10/Mar/2026:06:32:27 -0700] "GET /2026/02/06/escape-the-coop-master-the-chicken-road-with-a-98/ HTTP/1.1" 404 236 "-" "Mozilla/5.0 (compatible; SemrushBot/7~bl; +http://www.semrush.com/bot.html)"
74.7.241.15 - - [10/Mar/2026:06:32:29 -0700] "GET /wp-json/oembed/1.0/embed?url=http%3A%2F%2Falsahibalc.com%2F2026%2F01%2F26%2Fcoolzino-online-cas%2F HTTP/1.1" 404 236 "http://alsahibalc.com/2026/01/26/coolzino-online-cas/" "Mozilla/5.0 AppleWebKit/537.36 (KHTML, like Gecko; compatible; GPTBot/1.3; +https://openai.com/gptbot)"
74.7.241.15 - - [10/Mar/2026:06:32:38 -0700] "GET /wp-json/oembed/1.0/embed?url=http%3A%2F%2Falsahibalc.com%2F2026%2F02%2F06%2Fpame-stoixima-online%2F HTTP/1.1" 404 236 "http://alsahibalc.com/2026/02/06/pame-stoixima-online/" "Mozilla/5.0 AppleWebKit/537.36 (KHTML, like Gecko; compatible; GPTBot/1.3; +https://openai.com/gptbot)"
74.7.241.15 - - [10/Mar/2026:06:32:47 -0700] "GET /wp-json/oembed/1.0/embed?url=http%3A%2F%2Falsahibalc.com%2F2025%2F06%2F21%2Floto-jackpot-precio%2F HTTP/1.1" 404 236 "http://alsahibalc.com/2025/06/21/loto-jackpot-precio/" "Mozilla/5.0 AppleWebKit/537.36 (KHTML, like Gecko; compatible; GPTBot/1.3; +https://openai.com/gptbot)"
74.7.241.15 - - [10/Mar/2026:06:32:57 -0700] "GET /wp-json/oembed/1.0/embed?url=http%3A%2F%2Falsahibalc.com%2F2026%2F02%2F18%2Fslot-para-kazanma-oyunu-ucretsiz-deneme-6%2F HTTP/1.1" 404 236 "http://alsahibalc.com/2026/02/18/slot-para-kazanma-oyunu-ucretsiz-deneme-6/" "Mozilla/5.0 AppleWebKit/537.36 (KHTML, like Gecko; compatible; GPTBot/1.3; +https://openai.com/gptbot)"
74.7.241.15 - - [10/Mar/2026:06:33:07 -0700] "GET /wp-json/oembed/1.0/embed?url=http%3A%2F%2Falsahibalc.com%2F2026%2F01%2F30%2Fazrbaycanda-mostbet-az-casino-3621-2%2F HTTP/1.1" 404 236 "http://alsahibalc.com/2026/01/30/azrbaycanda-mostbet-az-casino-3621-2/" "Mozilla/5.0 AppleWebKit/537.36 (KHTML, like Gecko; compatible; GPTBot/1.3; +https://openai.com/gptbot)"
173.247.246.132 - - [10/Mar/2026:06:33:29 -0700] "POST /wp-cron.php?doing_wp_cron=1773149609.7692880630493164062500 HTTP/1.1" 200 - "-" "WordPress/6.6.4; http://alsahibalc.com"
45.13.191.252 - - [10/Mar/2026:06:33:28 -0700] "POST /xmlrpc.php HTTP/1.1" 200 180 "-" "Mozilla/5.0 (Windows NT 10.0; Win64; x64) AppleWebKit/537.36 (KHTML, like Gecko) Chrome/114.0.0.0 Safari/537.36 Edg/114.0.1264.71"
173.247.246.132 - - [10/Mar/2026:06:33:33 -0700] "POST /wp-cron.php?doing_wp_cron=1773149613.6291410923004150390625 HTTP/1.1" 200 - "-" "WordPress/6.6.4; http://alsahibalc.com"
45.13.191.30 - - [10/Mar/2026:06:33:32 -0700] "POST /xmlrpc.php HTTP/1.1" 200 14174 "-" "Mozilla/5.0 (Windows NT 10.0; Win64; x64) AppleWebKit/537.36 (KHTML, like Gecko) Chrome/114.0.0.0 Safari/537.36 Edg/114.0.1264.71"
74.7.241.15 - - [10/Mar/2026:06:33:35 -0700] "GET /wp-json/oembed/1.0/embed?url=http%3A%2F%2Falsahibalc.com%2F2026%2F02%2F24%2Fbet-da-sorte-app16%2F HTTP/1.1" 404 236 "http://alsahibalc.com/2026/02/24/bet-da-sorte-app16/" "Mozilla/5.0 AppleWebKit/537.36 (KHTML, like Gecko; compatible; GPTBot/1.3; +https://openai.com/gptbot)"
74.7.241.15 - - [10/Mar/2026:06:33:44 -0700] "GET /wp-json/oembed/1.0/embed?url=http%3A%2F%2Falsahibalc.com%2F2026%2F02%2F25%2Fcasinado-casino-espana-web-oficial-con-bonos-de-2%2F HTTP/1.1" 404 236 "http://alsahibalc.com/2026/02/25/casinado-casino-espana-web-oficial-con-bonos-de-2/" "Mozilla/5.0 AppleWebKit/537.36 (KHTML, like Gecko; compatible; GPTBot/1.3; +https://openai.com/gptbot)"
85.208.96.203 - - [10/Mar/2026:06:33:51 -0700] "GET /2026/02/07/dc-thunderstruck-create-33-years-back-dc-certified-site/ HTTP/1.1" 404 236 "-" "Mozilla/5.0 (compatible; SemrushBot/7~bl; +http://www.semrush.com/bot.html)"
74.7.241.15 - - [10/Mar/2026:06:33:54 -0700] "GET /wp-json/oembed/1.0/embed?url=http%3A%2F%2Falsahibalc.com%2F2026%2F01%2F28%2Fdebuter-avec-le-jeu-d-argent-guide-pour-novices%2F HTTP/1.1" 404 236 "http://alsahibalc.com/2026/01/28/debuter-avec-le-jeu-d-argent-guide-pour-novices/" "Mozilla/5.0 AppleWebKit/537.36 (KHTML, like Gecko; compatible; GPTBot/1.3; +https://openai.com/gptbot)"
74.7.241.15 - - [10/Mar/2026:06:34:03 -0700] "GET /2026/01/28/debuter-avec-le-jeu-d-argent-guide-pour-novices/%3Cdiv%20class=%22video-container%22%3E%3Ciframe%20src=%22https:/cdn.pixabay.com/video/2019/12/20/30393-381526011_medium.mp4%22%20frameborder=%220%22%20allowfullscreen%3E%3C/iframe%3E%3C/div%3E HTTP/1.1" 406 300 "http://alsahibalc.com/2026/01/28/debuter-avec-le-jeu-d-argent-guide-pour-novices/" "Mozilla/5.0 AppleWebKit/537.36 (KHTML, like Gecko; compatible; GPTBot/1.3; +https://openai.com/gptbot)"
74.7.241.15 - - [10/Mar/2026:06:34:13 -0700] "GET /wp-json/wp/v2/posts/5552 HTTP/1.1" 404 236 "http://alsahibalc.com/2026/01/23/exploring-gambling-as-entertainment-the-thrill-of/" "Mozilla/5.0 AppleWebKit/537.36 (KHTML, like Gecko; compatible; GPTBot/1.3; +https://openai.com/gptbot)"
74.7.241.15 - - [10/Mar/2026:06:34:23 -0700] "GET /wp-json/wp/v2/posts/9992 HTTP/1.1" 404 236 "http://alsahibalc.com/2026/02/06/100-percent-free-pokies-no-download-online-3x-joker-play-with-live-dealers-enjoy-pokies-online-at-no-cost/" "Mozilla/5.0 AppleWebKit/537.36 (KHTML, like Gecko; compatible; GPTBot/1.3; +https://openai.com/gptbot)"
54.39.210.205 - - [10/Mar/2026:06:34:31 -0700] "GET / HTTP/1.1" 200 9495 "-" "Mozilla/5.0 (compatible; AhrefsBot/7.0; +http://ahrefs.com/robot/)"
74.7.241.15 - - [10/Mar/2026:06:34:33 -0700] "GET /wp-json/wp/v2/posts/7772 HTTP/1.1" 404 236 "http://alsahibalc.com/2025/03/19/turniere-im-winrolla-casino-so-nehmen-sie-teil-und-gewinnen/" "Mozilla/5.0 AppleWebKit/537.36 (KHTML, like Gecko; compatible; GPTBot/1.3; +https://openai.com/gptbot)"
74.7.241.15 - - [10/Mar/2026:06:34:42 -0700] "GET /wp-json/oembed/1.0/embed?url=http%3A%2F%2Falsahibalc.com%2F2026%2F02%2F10%2Fcasino-online-utlandska-med-moderna-38%2F HTTP/1.1" 404 236 "http://alsahibalc.com/2026/02/10/casino-online-utlandska-med-moderna-38/" "Mozilla/5.0 AppleWebKit/537.36 (KHTML, like Gecko; compatible; GPTBot/1.3; +https://openai.com/gptbot)"
74.7.241.15 - - [10/Mar/2026:06:34:52 -0700] "GET /wp-json/oembed/1.0/embed?url=http%3A%2F%2Falsahibalc.com%2F2026%2F02%2F24%2Fhouse%2F HTTP/1.1" 404 236 "http://alsahibalc.com/2026/02/24/house/" "Mozilla/5.0 AppleWebKit/537.36 (KHTML, like Gecko; compatible; GPTBot/1.3; +https://openai.com/gptbot)"
185.191.171.8 - - [10/Mar/2026:06:34:59 -0700] "GET /2026/02/11/myths-and-misconceptions-about-casinos-what-you/ HTTP/1.1" 404 236 "-" "Mozilla/5.0 (compatible; SemrushBot/7~bl; +http://www.semrush.com/bot.html)"
74.7.241.15 - - [10/Mar/2026:06:35:01 -0700] "GET /wp-json/oembed/1.0/embed?url=http%3A%2F%2Falsahibalc.com%2F2026%2F02%2F27%2Fmobile-casinos-angeschlossen-2026-star-joker-1-kaution-casinos-pro-handy-damit-echtes-geld%2F HTTP/1.1" 404 236 "http://alsahibalc.com/2026/02/27/mobile-casinos-angeschlossen-2026-star-joker-1-kaution-casinos-pro-handy-damit-echtes-geld/" "Mozilla/5.0 AppleWebKit/537.36 (KHTML, like Gecko; compatible; GPTBot/1.3; +https://openai.com/gptbot)"
74.7.241.15 - - [10/Mar/2026:06:35:11 -0700] "GET /wp-json/oembed/1.0/embed?url=http%3A%2F%2Falsahibalc.com%2F2026%2F02%2F19%2Findex-completa-infantilidade-porcentagem-dos-slots-download-do-aplicativo-gate777-pg-soft%2F HTTP/1.1" 404 236 "http://alsahibalc.com/2026/02/19/index-completa-infantilidade-porcentagem-dos-slots-download-do-aplicativo-gate777-pg-soft/" "Mozilla/5.0 AppleWebKit/537.36 (KHTML, like Gecko; compatible; GPTBot/1.3; +https://openai.com/gptbot)"
173.247.246.132 - - [10/Mar/2026:06:35:12 -0700] "POST /wp-cron.php?doing_wp_cron=1773149712.6045429706573486328125 HTTP/1.1" 200 - "-" "WordPress/6.6.4; http://alsahibalc.com"
212.97.69.41 - - [10/Mar/2026:06:35:11 -0700] "POST /xmlrpc.php HTTP/1.1" 200 366143 "-" "Mozilla/5.0 (Windows NT 10.0; Win64; x64) AppleWebKit/537.36 (KHTML, like Gecko) Chrome/80.0.3987.122 Safari/537.36 Edg/80.0.361.62"
212.97.69.41 - - [10/Mar/2026:06:35:15 -0700] "POST /xmlrpc.php HTTP/1.1" 200 180 "-" "Mozilla/5.0 (Windows NT 10.0; Win64; x64) AppleWebKit/537.36 (KHTML, like Gecko) Chrome/80.0.3987.122 Safari/537.36 Edg/80.0.361.62"
212.97.69.41 - - [10/Mar/2026:06:35:17 -0700] "POST /xmlrpc.php HTTP/1.1" 200 4565 "-" "Mozilla/5.0 (Windows NT 10.0; Win64; x64) AppleWebKit/537.36 (KHTML, like Gecko) Chrome/80.0.3987.122 Safari/537.36 Edg/80.0.361.62"
185.191.171.1 - - [10/Mar/2026:06:35:19 -0700] "GET /2026/02/18/mr-bet-spielbank-2026-angebote-provision-fur-jedes-osterreichische-zocker/ HTTP/1.1" 404 236 "-" "Mozilla/5.0 (compatible; SemrushBot/7~bl; +http://www.semrush.com/bot.html)"
173.247.246.132 - - [10/Mar/2026:06:35:18 -0700] "POST /wp-cron.php?doing_wp_cron=1773149718.0387630462646484375000 HTTP/1.1" 200 - "-" "WordPress/6.6.4; http://alsahibalc.com"
74.7.241.15 - - [10/Mar/2026:06:35:21 -0700] "GET /wp-json/oembed/1.0/embed?url=http%3A%2F%2Falsahibalc.com%2F2026%2F02%2F27%2Fthe-rise-of-live-dealer-casinos-2%2F HTTP/1.1" 404 236 "http://alsahibalc.com/2026/02/27/the-rise-of-live-dealer-casinos-2/" "Mozilla/5.0 AppleWebKit/537.36 (KHTML, like Gecko; compatible; GPTBot/1.3; +https://openai.com/gptbot)"
74.7.241.15 - - [10/Mar/2026:06:35:30 -0700] "GET /wp-json/oembed/1.0/embed?url=http%3A%2F%2Falsahibalc.com%2F2026%2F02%2F19%2Fnorges-beste-couch-potato-casino-trygge-casinoer-igang-nett-2026%2F HTTP/1.1" 404 236 "http://alsahibalc.com/2026/02/19/norges-beste-couch-potato-casino-trygge-casinoer-igang-nett-2026/" "Mozilla/5.0 AppleWebKit/537.36 (KHTML, like Gecko; compatible; GPTBot/1.3; +https://openai.com/gptbot)"
74.7.241.15 - - [10/Mar/2026:06:35:39 -0700] "GET /wp-json/oembed/1.0/embed?url=http%3A%2F%2Falsahibalc.com%2F2026%2F02%2F26%2Fbetter-50-totally-free-revolves-no-deposit-bonuses-inside-2026%2F HTTP/1.1" 404 236 "http://alsahibalc.com/2026/02/26/better-50-totally-free-revolves-no-deposit-bonuses-inside-2026/" "Mozilla/5.0 AppleWebKit/537.36 (KHTML, like Gecko; compatible; GPTBot/1.3; +https://openai.com/gptbot)"
15.235.27.179 - - [10/Mar/2026:06:35:48 -0700] "GET /wp-includes/ HTTP/1.1" 200 50903 "-" "Mozilla/5.0 (compatible; AhrefsBot/7.0; +http://ahrefs.com/robot/)"
74.7.241.15 - - [10/Mar/2026:06:35:49 -0700] "GET /wp-json/oembed/1.0/embed?url=http%3A%2F%2Falsahibalc.com%2F2026%2F03%2F02%2F2026s-best-online-casino-bonuses-that-have-real-time-reputation%2F HTTP/1.1" 404 236 "http://alsahibalc.com/2026/03/02/2026s-best-online-casino-bonuses-that-have-real-time-reputation/" "Mozilla/5.0 AppleWebKit/537.36 (KHTML, like Gecko; compatible; GPTBot/1.3; +https://openai.com/gptbot)"
185.191.171.9 - - [10/Mar/2026:06:35:55 -0700] "GET /2026/02/19/jatssz-a-better-us-valodi-spybet-bejelentkezesi-regisztracio-penzes-harbors-of-2026-jatekkal/ HTTP/1.1" 404 236 "-" "Mozilla/5.0 (compatible; SemrushBot/7~bl; +http://www.semrush.com/bot.html)"
74.7.241.15 - - [10/Mar/2026:06:35:58 -0700] "GET /wp-json/oembed/1.0/embed?url=http%3A%2F%2Falsahibalc.com%2F2026%2F03%2F02%2Fbetter-a-real-income-online-casinos-playing-websites-inside-2026%2F HTTP/1.1" 404 236 "http://alsahibalc.com/2026/03/02/better-a-real-income-online-casinos-playing-websites-inside-2026/" "Mozilla/5.0 AppleWebKit/537.36 (KHTML, like Gecko; compatible; GPTBot/1.3; +https://openai.com/gptbot)"
74.7.241.15 - - [10/Mar/2026:06:36:08 -0700] "GET /wp-json/oembed/1.0/embed?url=http%3A%2F%2Falsahibalc.com%2F2026%2F02%2F24%2Fhave-fun-with-the-finest-online-pokies-in-australia-february-2026%2F HTTP/1.1" 404 236 "http://alsahibalc.com/2026/02/24/have-fun-with-the-finest-online-pokies-in-australia-february-2026/" "Mozilla/5.0 AppleWebKit/537.36 (KHTML, like Gecko; compatible; GPTBot/1.3; +https://openai.com/gptbot)"
74.7.241.15 - - [10/Mar/2026:06:36:17 -0700] "GET /wp-json/oembed/1.0/embed?url=http%3A%2F%2Falsahibalc.com%2F2026%2F02%2F07%2Ffinest-online-casinos-you-to-undertake-zimpler-within-the-2026%2F HTTP/1.1" 404 236 "http://alsahibalc.com/2026/02/07/finest-online-casinos-you-to-undertake-zimpler-within-the-2026/" "Mozilla/5.0 AppleWebKit/537.36 (KHTML, like Gecko; compatible; GPTBot/1.3; +https://openai.com/gptbot)"
74.7.241.15 - - [10/Mar/2026:06:36:27 -0700] "GET /wp-json/oembed/1.0/embed?url=http%3A%2F%2Falsahibalc.com%2F2026%2F02%2F18%2Fkaraoke-obtain-100-percent-free-karaoke-singing-superior-karaoke-registration%2F HTTP/1.1" 404 236 "http://alsahibalc.com/2026/02/18/karaoke-obtain-100-percent-free-karaoke-singing-superior-karaoke-registration/" "Mozilla/5.0 AppleWebKit/537.36 (KHTML, like Gecko; compatible; GPTBot/1.3; +https://openai.com/gptbot)"
74.7.241.15 - - [10/Mar/2026:06:36:36 -0700] "GET /wp-json/oembed/1.0/embed?url=http%3A%2F%2Falsahibalc.com%2F2026%2F02%2F26%2Fcanl-casino-oyunlarnn-gelecei-29%2F HTTP/1.1" 404 236 "http://alsahibalc.com/2026/02/26/canl-casino-oyunlarnn-gelecei-29/" "Mozilla/5.0 AppleWebKit/537.36 (KHTML, like Gecko; compatible; GPTBot/1.3; +https://openai.com/gptbot)"
85.208.96.200 - - [10/Mar/2026:06:36:37 -0700] "GET /2026/02/13/apostas-elevadas-premios-incriveis-highflybet-o/ HTTP/1.1" 404 236 "-" "Mozilla/5.0 (compatible; SemrushBot/7~bl; +http://www.semrush.com/bot.html)"
74.7.241.15 - - [10/Mar/2026:06:36:45 -0700] "GET /wp-json/oembed/1.0/embed?url=http%3A%2F%2Falsahibalc.com%2F2026%2F02%2F24%2Fexplora-el-mundo-de-las-pin-up-en-guatemala-y%2F HTTP/1.1" 404 236 "http://alsahibalc.com/2026/02/24/explora-el-mundo-de-las-pin-up-en-guatemala-y/" "Mozilla/5.0 AppleWebKit/537.36 (KHTML, like Gecko; compatible; GPTBot/1.3; +https://openai.com/gptbot)"
185.191.171.13 - - [10/Mar/2026:06:36:50 -0700] "GET /2026/02/06/golden-lotus-96-1-rtp-gratuito-hace-el-trabajo-slot-lucky-haunter-1-deposito-demo-sin-asignacion-ni-deposito/ HTTP/1.1" 404 236 "-" "Mozilla/5.0 (compatible; SemrushBot/7~bl; +http://www.semrush.com/bot.html)"
74.7.241.15 - - [10/Mar/2026:06:36:55 -0700] "GET /wp-json/oembed/1.0/embed?url=http%3A%2F%2Falsahibalc.com%2F2026%2F02%2F19%2Fdragon-tiger-online-concepcao-richville-e-real-entusiasmado-2026%2F HTTP/1.1" 404 236 "http://alsahibalc.com/2026/02/19/dragon-tiger-online-concepcao-richville-e-real-entusiasmado-2026/" "Mozilla/5.0 AppleWebKit/537.36 (KHTML, like Gecko; compatible; GPTBot/1.3; +https://openai.com/gptbot)"
85.208.96.212 - - [10/Mar/2026:06:37:02 -0700] "GET /2026/01/22/zahoplivij-svit-cukerok-sweet-bonanza-casino-ta/ HTTP/1.1" 404 236 "-" "Mozilla/5.0 (compatible; SemrushBot/7~bl; +http://www.semrush.com/bot.html)"
74.7.241.15 - - [10/Mar/2026:06:37:05 -0700] "GET /wp-json/oembed/1.0/embed?url=http%3A%2F%2Falsahibalc.com%2F2026%2F02%2F26%2Fangeschlossen-casino-bonus-exklusive-einzahlung-fix-pramie-2026%2F HTTP/1.1" 404 236 "http://alsahibalc.com/2026/02/26/angeschlossen-casino-bonus-exklusive-einzahlung-fix-pramie-2026/" "Mozilla/5.0 AppleWebKit/537.36 (KHTML, like Gecko; compatible; GPTBot/1.3; +https://openai.com/gptbot)"
54.39.136.117 - - [10/Mar/2026:06:37:07 -0700] "GET /wp-includes/js/dist/ HTTP/1.1" 200 24216 "-" "Mozilla/5.0 (compatible; AhrefsBot/7.0; +http://ahrefs.com/robot/)"
74.7.241.15 - - [10/Mar/2026:06:37:14 -0700] "GET /wp-json/oembed/1.0/embed?url=http%3A%2F%2Falsahibalc.com%2F2026%2F02%2F27%2Ffinest-internet-casino-no-deposit-added-bonus-requirements-2026%2F HTTP/1.1" 404 236 "http://alsahibalc.com/2026/02/27/finest-internet-casino-no-deposit-added-bonus-requirements-2026/" "Mozilla/5.0 AppleWebKit/537.36 (KHTML, like Gecko; compatible; GPTBot/1.3; +https://openai.com/gptbot)"
89.21.85.27 - - [10/Mar/2026:06:37:16 -0700] "GET /2026/02/09/quel-est-le-meilleur-casino-en-ligne-au-belgique-3/ HTTP/1.1" 404 236 "http://alsahibalc.com/" "Mozilla/5.0 (Macintosh; Intel Mac OS X 12.5; rv:114.0) Gecko/20100101 Firefox/114.0"
89.21.85.27 - - [10/Mar/2026:06:37:17 -0700] "GET / HTTP/1.1" 200 9495 "-" "Mozilla/5.0 (Macintosh; Intel Mac OS X 12.5; rv:114.0) Gecko/20100101 Firefox/114.0"
89.21.85.27 - - [10/Mar/2026:06:37:19 -0700] "GET /readme.html HTTP/1.1" 200 7409 "http://alsahibalc.com" "Mozilla/5.0 (Macintosh; Intel Mac OS X 12.5; rv:114.0) Gecko/20100101 Firefox/114.0"
74.7.241.15 - - [10/Mar/2026:06:37:24 -0700] "GET /wp-json/oembed/1.0/embed?url=http%3A%2F%2Falsahibalc.com%2F2026%2F02%2F27%2Ftagesordnungspunkt-8-echtgeld-casinos-inside-slot-royal-win-2026%2F HTTP/1.1" 404 236 "http://alsahibalc.com/2026/02/27/tagesordnungspunkt-8-echtgeld-casinos-inside-slot-royal-win-2026/" "Mozilla/5.0 AppleWebKit/537.36 (KHTML, like Gecko; compatible; GPTBot/1.3; +https://openai.com/gptbot)"
74.7.241.15 - - [10/Mar/2026:06:37:33 -0700] "GET /wp-json/oembed/1.0/embed?url=http%3A%2F%2Falsahibalc.com%2F2026%2F02%2F07%2F15-finest-basketball-playing-websites-2026-greatest-baseball-odds%2F HTTP/1.1" 404 236 "http://alsahibalc.com/2026/02/07/15-finest-basketball-playing-websites-2026-greatest-baseball-odds/" "Mozilla/5.0 AppleWebKit/537.36 (KHTML, like Gecko; compatible; GPTBot/1.3; +https://openai.com/gptbot)"
74.7.241.15 - - [10/Mar/2026:06:37:42 -0700] "GET /wp-json/oembed/1.0/embed?url=http%3A%2F%2Falsahibalc.com%2F2026%2F02%2F26%2Ftop-slots-casinos-unser-besten-verbunden-spielautomaten-pro-2026%2F HTTP/1.1" 404 236 "http://alsahibalc.com/2026/02/26/top-slots-casinos-unser-besten-verbunden-spielautomaten-pro-2026/" "Mozilla/5.0 AppleWebKit/537.36 (KHTML, like Gecko; compatible; GPTBot/1.3; +https://openai.com/gptbot)"
74.7.241.15 - - [10/Mar/2026:06:37:52 -0700] "GET /wp-json/oembed/1.0/embed?url=http%3A%2F%2Falsahibalc.com%2F2026%2F02%2F19%2F17-finest-crypto-bitcoin-gambling-enterprises-inside-january-2026%2F HTTP/1.1" 404 236 "http://alsahibalc.com/2026/02/19/17-finest-crypto-bitcoin-gambling-enterprises-inside-january-2026/" "Mozilla/5.0 AppleWebKit/537.36 (KHTML, like Gecko; compatible; GPTBot/1.3; +https://openai.com/gptbot)"
74.7.241.15 - - [10/Mar/2026:06:38:01 -0700] "GET /wp-json/oembed/1.0/embed?url=http%3A%2F%2Falsahibalc.com%2F2026%2F02%2F26%2Fspielbank-pramie-ohne-einzahlung-traktandum-no-deposite-boni-2026%2F HTTP/1.1" 404 236 "http://alsahibalc.com/2026/02/26/spielbank-pramie-ohne-einzahlung-traktandum-no-deposite-boni-2026/" "Mozilla/5.0 AppleWebKit/537.36 (KHTML, like Gecko; compatible; GPTBot/1.3; +https://openai.com/gptbot)"
85.208.96.210 - - [10/Mar/2026:06:38:05 -0700] "GET /2026/02/12/feathers-fortunes-and-fast-decisions-maximize-your/ HTTP/1.1" 404 236 "-" "Mozilla/5.0 (compatible; SemrushBot/7~bl; +http://www.semrush.com/bot.html)"
74.7.241.15 - - [10/Mar/2026:06:38:10 -0700] "GET /wp-json/oembed/1.0/embed?url=http%3A%2F%2Falsahibalc.com%2F2026%2F02%2F27%2Fbeste-erreichbar-casinos-via-schneller-auszahlung-hornung-2026%2F HTTP/1.1" 404 236 "http://alsahibalc.com/2026/02/27/beste-erreichbar-casinos-via-schneller-auszahlung-hornung-2026/" "Mozilla/5.0 AppleWebKit/537.36 (KHTML, like Gecko; compatible; GPTBot/1.3; +https://openai.com/gptbot)"
74.7.241.15 - - [10/Mar/2026:06:38:20 -0700] "GET /wp-json/oembed/1.0/embed?url=http%3A%2F%2Falsahibalc.com%2F2026%2F02%2F25%2Fspinia-gambling-establishment-no-deposit-extra-rules-january-2026%2F HTTP/1.1" 404 236 "http://alsahibalc.com/2026/02/25/spinia-gambling-establishment-no-deposit-extra-rules-january-2026/" "Mozilla/5.0 AppleWebKit/537.36 (KHTML, like Gecko; compatible; GPTBot/1.3; +https://openai.com/gptbot)"
54.39.6.98 - - [10/Mar/2026:06:38:26 -0700] "GET /wp-includes/js/jquery/ HTTP/1.1" 200 4213 "-" "Mozilla/5.0 (compatible; AhrefsBot/7.0; +http://ahrefs.com/robot/)"
74.7.241.15 - - [10/Mar/2026:06:38:29 -0700] "GET /wp-json/oembed/1.0/embed?url=http%3A%2F%2Falsahibalc.com%2F2026%2F02%2F09%2Ffaszinierende-gewinnchancen-erleben-wildrobin%2F HTTP/1.1" 404 236 "http://alsahibalc.com/2026/02/09/faszinierende-gewinnchancen-erleben-wildrobin/" "Mozilla/5.0 AppleWebKit/537.36 (KHTML, like Gecko; compatible; GPTBot/1.3; +https://openai.com/gptbot)"
74.7.241.15 - - [10/Mar/2026:06:38:39 -0700] "GET /wp-json/oembed/1.0/embed?url=http%3A%2F%2Falsahibalc.com%2F2026%2F02%2F06%2Fdas-beste-crash-game-2025%2F HTTP/1.1" 404 236 "http://alsahibalc.com/2026/02/06/das-beste-crash-game-2025/" "Mozilla/5.0 AppleWebKit/537.36 (KHTML, like Gecko; compatible; GPTBot/1.3; +https://openai.com/gptbot)"
74.7.241.15 - - [10/Mar/2026:06:38:48 -0700] "GET /wp-json/oembed/1.0/embed?format=xml&url=http%3A%2F%2Falsahibalc.com%2F2025%2F03%2F06%2Fa-href-https-goldwin-org-uk-goldwin-a-s-unique-features-what-sets-it-apart-from-others%2F HTTP/1.1" 404 236 "http://alsahibalc.com/2025/03/06/a-href-https-goldwin-org-uk-goldwin-a-s-unique-features-what-sets-it-apart-from-others/" "Mozilla/5.0 AppleWebKit/537.36 (KHTML, like Gecko; compatible; GPTBot/1.3; +https://openai.com/gptbot)"
95.91.110.210 - - [10/Mar/2026:06:39:05 -0700] "GET /robots.txt HTTP/1.1" 200 79 "-" "Mozilla/5.0 (compatible; MJ12bot/v1.4.8; http://mj12bot.com/)"
95.91.110.210 - - [10/Mar/2026:06:39:09 -0700] "GET /2023/07/22/luchshie-rossijskie-fil%D1%8Cmy-2024-vybor-kinopoiska-3/ HTTP/1.1" 404 236 "-" "Mozilla/5.0 (compatible; MJ12bot/v1.4.8; http://mj12bot.com/)"
173.247.246.132 - - [10/Mar/2026:06:39:12 -0700] "POST /wp-cron.php?doing_wp_cron=1773149952.7138509750366210937500 HTTP/1.1" 200 - "-" "WordPress/6.6.4; http://alsahibalc.com"
149.102.237.53 - - [10/Mar/2026:06:39:11 -0700] "POST /xmlrpc.php HTTP/1.1" 200 648 "-" "Mozilla/5.0 (Windows NT 10.0; WOW64) AppleWebKit/537.36 (KHTML, like Gecko) Chrome/114.0.0.0 Safari/537.36 Vivaldi/5.3.2679.68"
95.91.110.210 - - [10/Mar/2026:06:39:14 -0700] "GET /2026/02/19/%CE%BF%CE%B9-%CE%BC%CE%B5%CE%B3%CE%B1%CE%BB%CF%8D%CF%84%CE%B5%CF%81%CE%B5%CF%82-%CE%B5%CF%80%CE%B9%CF%87%CE%B5%CE%B9%CF%81%CE%AE%CF%83%CE%B5%CE%B9%CF%82-%CF%84%CF%85%CF%87%CE%B5%CF%81%CF%8E%CE%BD/feed/ HTTP/1.1" 404 236 "-" "Mozilla/5.0 (compatible; MJ12bot/v1.4.8; http://mj12bot.com/)"
74.7.241.15 - - [10/Mar/2026:06:39:17 -0700] "GET /wp-json/oembed/1.0/embed?url=http%3A%2F%2Falsahibalc.com%2F2026%2F01%2F31%2Fmostbet-az-bukmeker-ve-kazino-mostbet-giri-rsmi-480%2F HTTP/1.1" 404 236 "http://alsahibalc.com/2026/01/31/mostbet-az-bukmeker-ve-kazino-mostbet-giri-rsmi-480/" "Mozilla/5.0 AppleWebKit/537.36 (KHTML, like Gecko; compatible; GPTBot/1.3; +https://openai.com/gptbot)"
95.91.110.210 - - [10/Mar/2026:06:39:19 -0700] "GET /2026/02/19/%D0%BB%D1%83%D1%87%D1%88%D0%B8%D0%B5-%D0%BE%D0%BD%D0%BB%D0%B0%D0%B9%D0%BD-%D0%BA%D0%B0%D0%B7%D0%B8%D0%BD%D0%BE-%D1%81-%D0%BC%D0%B8%D0%BD%D0%B8%D0%BC%D0%B0%D0%BB%D1%8C%D0%BD%D1%8B%D0%BC%D0%B8-%D0%B4/ HTTP/1.1" 404 236 "-" "Mozilla/5.0 (compatible; MJ12bot/v1.4.8; http://mj12bot.com/)"
95.91.110.210 - - [10/Mar/2026:06:39:26 -0700] "GET /2026/02/19/%E6%9C%80%E5%A4%A7%E5%98%85%E7%B6%B2%E4%B8%8A%E8%B3%AD%E5%A0%B4%E7%8D%8E%E9%87%91%E5%90%8C%E4%BD%A0%E6%9C%832026%E5%B9%B4%E5%98%85%E5%AE%A3%E5%82%B3%E6%B4%BB%E5%8B%95/ HTTP/1.1" 404 236 "-" "Mozilla/5.0 (compatible; MJ12bot/v1.4.8; http://mj12bot.com/)"
95.91.110.210 - - [10/Mar/2026:06:39:32 -0700] "GET /2026/02/19/%E6%9C%80%E5%A4%A7%E5%98%85%E7%B6%B2%E4%B8%8A%E8%B3%AD%E5%A0%B4%E7%8D%8E%E9%87%91%E5%90%8C%E4%BD%A0%E6%9C%832026%E5%B9%B4%E5%98%85%E5%AE%A3%E5%82%B3%E6%B4%BB%E5%8B%95/feed/ HTTP/1.1" 404 236 "-" "Mozilla/5.0 (compatible; MJ12bot/v1.4.8; http://mj12bot.com/)"
74.7.241.15 - - [10/Mar/2026:06:39:35 -0700] "GET /wp-json/oembed/1.0/embed?url=http%3A%2F%2Falsahibalc.com%2F2025%2F07%2F12%2Fmostbet-az-bukmeker-ve-kazino-mostbet-giri-rsmi-4644%2F HTTP/1.1" 404 236 "http://alsahibalc.com/2025/07/12/mostbet-az-bukmeker-ve-kazino-mostbet-giri-rsmi-4644/" "Mozilla/5.0 AppleWebKit/537.36 (KHTML, like Gecko; compatible; GPTBot/1.3; +https://openai.com/gptbot)"
95.91.110.210 - - [10/Mar/2026:06:39:36 -0700] "GET /2026/02/19/%EB%8D%94-%EB%82%98%EC%9D%80-%EC%8B%A4%EC%A0%9C-%EC%86%8C%EB%93%9D%EC%9D%80-%EC%9B%B9%EC%97%90-%EC%88%A8%EC%96%B4-%EC%9E%88%EC%8A%B5%EB%8B%88%EB%8B%A4-%EC%8B%A4%EC%A0%9C-%ED%98%84%EA%B8%88-%ED%8F%AC/ HTTP/1.1" 404 236 "-" "Mozilla/5.0 (compatible; MJ12bot/v1.4.8; http://mj12bot.com/)"
142.44.220.166 - - [10/Mar/2026:06:39:36 -0700] "GET /wp-includes/js/tinymce/skins/lightgray/ HTTP/1.1" 200 1629 "-" "Mozilla/5.0 (compatible; AhrefsBot/7.0; +http://ahrefs.com/robot/)"
95.91.110.210 - - [10/Mar/2026:06:39:39 -0700] "GET /2026/02/19/%EB%8D%94-%EB%82%98%EC%9D%80-%EC%8B%A4%EC%A0%9C-%EC%86%8C%EB%93%9D%EC%9D%80-%EC%9B%B9%EC%97%90-%EC%88%A8%EC%96%B4-%EC%9E%88%EC%8A%B5%EB%8B%88%EB%8B%A4-%EC%8B%A4%EC%A0%9C-%ED%98%84%EA%B8%88-%ED%8F%AC/feed/ HTTP/1.1" 404 236 "-" "Mozilla/5.0 (compatible; MJ12bot/v1.4.8; http://mj12bot.com/)"
95.91.110.210 - - [10/Mar/2026:06:39:43 -0700] "GET /2026/02/19/%ED%98%B8%EC%A3%BC-%EC%A0%84%EC%97%AD-%EC%B5%9C%EA%B3%A0%EC%9D%98-%EC%9D%B8%ED%84%B0%EB%84%B7-%EC%B9%B4%EC%A7%80%EB%85%B8-2025%EB%85%84-%EC%A0%84%EB%AC%B8%EA%B0%80%EB%A1%9C%EB%B6%80%ED%84%B0-%ED%8F%89/ HTTP/1.1" 404 236 "-" "Mozilla/5.0 (compatible; MJ12bot/v1.4.8; http://mj12bot.com/)"
95.91.110.210 - - [10/Mar/2026:06:39:47 -0700] "GET /2026/02/19/13-%CE%BC%CE%B5%CE%B3%CE%B1%CE%BB%CF%8D%CF%84%CE%B5%CF%81%CE%B5%CF%82-%CE%BD%CE%AF%CE%BA%CE%B5%CF%82-%CF%83%CE%B5-%CE%BA%CE%BF%CF%85%CE%BB%CE%BF%CF%87%CE%AD%CF%81%CE%B7%CE%B4%CE%B5%CF%82-%CF%83%CF%84/ HTTP/1.1" 404 236 "-" "Mozilla/5.0 (compatible; MJ12bot/v1.4.8; http://mj12bot.com/)"
95.91.110.210 - - [10/Mar/2026:06:39:51 -0700] "GET /2026/02/19/2026-%E5%B9%B4-1-%E6%9C%88%E8%8B%B1%E5%9C%8B%E6%9C%80%E4%BD%B3-100-%E5%85%8D%E8%B2%BB%E6%97%8B%E8%BD%89%E5%86%87%E5%AD%98%E6%AC%BE%E7%8D%8E%E9%87%91/ HTTP/1.1" 404 236 "-" "Mozilla/5.0 (compatible; MJ12bot/v1.4.8; http://mj12bot.com/)"
74.7.241.15 - - [10/Mar/2026:06:39:54 -0700] "GET /wp-json/oembed/1.0/embed?url=http%3A%2F%2Falsahibalc.com%2F2026%2F01%2F13%2Fmostbet-az-bukmeker-ve-kazino-mostbet-giri-rsmi-676%2F HTTP/1.1" 404 236 "http://alsahibalc.com/2026/01/13/mostbet-az-bukmeker-ve-kazino-mostbet-giri-rsmi-676/" "Mozilla/5.0 AppleWebKit/537.36 (KHTML, like Gecko; compatible; GPTBot/1.3; +https://openai.com/gptbot)"
95.91.110.210 - - [10/Mar/2026:06:39:55 -0700] "GET /2026/02/19/2026-%E5%B9%B4-1-%E6%9C%88%E8%8B%B1%E5%9C%8B%E6%9C%80%E4%BD%B3-100-%E5%85%8D%E8%B2%BB%E6%97%8B%E8%BD%89%E5%86%87%E5%AD%98%E6%AC%BE%E7%8D%8E%E9%87%91/feed/ HTTP/1.1" 404 236 "-" "Mozilla/5.0 (compatible; MJ12bot/v1.4.8; http://mj12bot.com/)"
95.91.110.210 - - [10/Mar/2026:06:40:00 -0700] "GET /2026/02/19/pozitsionira%D1%98te-kleopatrine-programe-na-internetu-gamble/feed/ HTTP/1.1" 404 236 "-" "Mozilla/5.0 (compatible; MJ12bot/v1.4.8; http://mj12bot.com/)"
74.7.241.15 - - [10/Mar/2026:06:40:03 -0700] "GET /wp-json/oembed/1.0/embed?url=http%3A%2F%2Falsahibalc.com%2F2026%2F01%2F13%2Fmostbet-az-bukmeker-ve-kazino-mostbet-giri-rsmi-2362%2F HTTP/1.1" 404 236 "http://alsahibalc.com/2026/01/13/mostbet-az-bukmeker-ve-kazino-mostbet-giri-rsmi-2362/" "Mozilla/5.0 AppleWebKit/537.36 (KHTML, like Gecko; compatible; GPTBot/1.3; +https://openai.com/gptbot)"
74.7.241.15 - - [10/Mar/2026:06:40:13 -0700] "GET /wp-json/oembed/1.0/embed?url=http%3A%2F%2Falsahibalc.com%2F2026%2F01%2F29%2Fmostbet-az-bukmeker-ve-kazino-mostbet-giri-rsmi-405%2F HTTP/1.1" 404 236 "http://alsahibalc.com/2026/01/29/mostbet-az-bukmeker-ve-kazino-mostbet-giri-rsmi-405/" "Mozilla/5.0 AppleWebKit/537.36 (KHTML, like Gecko; compatible; GPTBot/1.3; +https://openai.com/gptbot)"
74.7.241.15 - - [10/Mar/2026:06:40:22 -0700] "GET /wp-json/oembed/1.0/embed?url=http%3A%2F%2Falsahibalc.com%2F2026%2F01%2F24%2Fmostbet-casino-giri-trkiye-resmi-casino-ve-spor-897%2F HTTP/1.1" 404 236 "http://alsahibalc.com/2026/01/24/mostbet-casino-giri-trkiye-resmi-casino-ve-spor-897/" "Mozilla/5.0 AppleWebKit/537.36 (KHTML, like Gecko; compatible; GPTBot/1.3; +https://openai.com/gptbot)"
185.191.171.11 - - [10/Mar/2026:06:40:29 -0700] "GET /2026/02/06/m%EF%BF%BDquinas-tragamonedas-en-rocky-giros-gratis-internet-regalado/ HTTP/1.1" 404 236 "-" "Mozilla/5.0 (compatible; SemrushBot/7~bl; +http://www.semrush.com/bot.html)"
74.7.241.15 - - [10/Mar/2026:06:40:32 -0700] "GET /wp-json/oembed/1.0/embed?url=http%3A%2F%2Falsahibalc.com%2F2026%2F01%2F09%2Fmostbet-az-bukmeker-ve-kazino-mostbet-giri-rsmi-3260%2F HTTP/1.1" 404 236 "http://alsahibalc.com/2026/01/09/mostbet-az-bukmeker-ve-kazino-mostbet-giri-rsmi-3260/" "Mozilla/5.0 AppleWebKit/537.36 (KHTML, like Gecko; compatible; GPTBot/1.3; +https://openai.com/gptbot)"
74.7.241.15 - - [10/Mar/2026:06:40:42 -0700] "GET /wp-json/oembed/1.0/embed?url=http%3A%2F%2Falsahibalc.com%2F2025%2F07%2F13%2Fmostbet-az-bukmeker-ve-kazino-mostbet-giri-rsmi-2546%2F HTTP/1.1" 404 236 "http://alsahibalc.com/2025/07/13/mostbet-az-bukmeker-ve-kazino-mostbet-giri-rsmi-2546/" "Mozilla/5.0 AppleWebKit/537.36 (KHTML, like Gecko; compatible; GPTBot/1.3; +https://openai.com/gptbot)"
85.208.96.207 - - [10/Mar/2026:06:40:44 -0700] "GET /2026/02/10/fortunes-await-amplify-your-wins-with-exclusive-3/ HTTP/1.1" 404 236 "-" "Mozilla/5.0 (compatible; SemrushBot/7~bl; +http://www.semrush.com/bot.html)"
148.113.130.243 - - [10/Mar/2026:06:40:48 -0700] "GET /wp-includes/js/imgareaselect/ HTTP/1.1" 200 1640 "-" "Mozilla/5.0 (compatible; AhrefsBot/7.0; +http://ahrefs.com/robot/)"
74.7.241.15 - - [10/Mar/2026:06:40:52 -0700] "GET /wp-json/oembed/1.0/embed?url=http%3A%2F%2Falsahibalc.com%2F2026%2F01%2F29%2Fmostbet-az-bukmeker-ve-kazino-mostbet-giri-rsmi-423%2F HTTP/1.1" 404 236 "http://alsahibalc.com/2026/01/29/mostbet-az-bukmeker-ve-kazino-mostbet-giri-rsmi-423/" "Mozilla/5.0 AppleWebKit/537.36 (KHTML, like Gecko; compatible; GPTBot/1.3; +https://openai.com/gptbot)"
74.7.241.15 - - [10/Mar/2026:06:41:01 -0700] "GET /wp-json/oembed/1.0/embed?url=http%3A%2F%2Falsahibalc.com%2F2025%2F07%2F10%2Fmostbet-az-bukmeker-ve-kazino-mostbet-giri-rsmi-1697%2F HTTP/1.1" 404 236 "http://alsahibalc.com/2025/07/10/mostbet-az-bukmeker-ve-kazino-mostbet-giri-rsmi-1697/" "Mozilla/5.0 AppleWebKit/537.36 (KHTML, like Gecko; compatible; GPTBot/1.3; +https://openai.com/gptbot)"
185.191.171.10 - - [10/Mar/2026:06:41:10 -0700] "GET /2026/02/26/online-casino-ma-bedste-danske-casinoer/ HTTP/1.1" 404 236 "-" "Mozilla/5.0 (compatible; SemrushBot/7~bl; +http://www.semrush.com/bot.html)"
74.7.241.15 - - [10/Mar/2026:06:41:10 -0700] "GET /wp-json/oembed/1.0/embed?url=http%3A%2F%2Falsahibalc.com%2F2026%2F02%2F19%2Fmostbet-az-bukmeker-ve-kazino-mostbet-giri-rsmi-2020%2F HTTP/1.1" 404 236 "http://alsahibalc.com/2026/02/19/mostbet-az-bukmeker-ve-kazino-mostbet-giri-rsmi-2020/" "Mozilla/5.0 AppleWebKit/537.36 (KHTML, like Gecko; compatible; GPTBot/1.3; +https://openai.com/gptbot)"
85.208.96.206 - - [10/Mar/2026:06:41:16 -0700] "GET /2026/02/07/bezplatne-spiny-w-rodzimych-kasynach-2025-kody-pod-free-spins/ HTTP/1.1" 404 236 "-" "Mozilla/5.0 (compatible; SemrushBot/7~bl; +http://www.semrush.com/bot.html)"
74.7.241.15 - - [10/Mar/2026:06:41:19 -0700] "GET /wp-json/oembed/1.0/embed?url=http%3A%2F%2Falsahibalc.com%2F2026%2F01%2F28%2Fmostbet-az-bukmeker-ve-kazino-mostbet-giri-rsmi-373%2F HTTP/1.1" 404 236 "http://alsahibalc.com/2026/01/28/mostbet-az-bukmeker-ve-kazino-mostbet-giri-rsmi-373/" "Mozilla/5.0 AppleWebKit/537.36 (KHTML, like Gecko; compatible; GPTBot/1.3; +https://openai.com/gptbot)"
74.7.241.15 - - [10/Mar/2026:06:41:29 -0700] "GET /wp-json/oembed/1.0/embed?url=http%3A%2F%2Falsahibalc.com%2F2026%2F01%2F29%2Fmostbet-az-bukmeker-ve-kazino-mostbet-giri-rsmi-392%2F HTTP/1.1" 404 236 "http://alsahibalc.com/2026/01/29/mostbet-az-bukmeker-ve-kazino-mostbet-giri-rsmi-392/" "Mozilla/5.0 AppleWebKit/537.36 (KHTML, like Gecko; compatible; GPTBot/1.3; +https://openai.com/gptbot)"
173.247.246.132 - - [10/Mar/2026:06:41:37 -0700] "POST /wp-cron.php?doing_wp_cron=1773150097.9732298851013183593750 HTTP/1.1" 200 - "-" "WordPress/6.6.4; http://alsahibalc.com"
79.127.144.114 - - [10/Mar/2026:06:41:36 -0700] "POST /xmlrpc.php HTTP/1.1" 200 366143 "-" "Mozilla/5.0 (Windows NT 10.0; Win64; x64) AppleWebKit/537.36 (KHTML, like Gecko) Chrome/140.0.0.0 Safari/537.36"
178.159.37.105 - - [10/Mar/2026:06:41:40 -0700] "POST /xmlrpc.php HTTP/1.1" 200 366143 "-" "Mozilla/5.0 (Windows NT 10.0; Win64; x64) AppleWebKit/537.36 (KHTML, like Gecko) Chrome/80.0.3987.132 Safari/537.36"
79.127.144.114 - - [10/Mar/2026:06:41:42 -0700] "POST /xmlrpc.php HTTP/1.1" 200 180 "-" "Mozilla/5.0 (Windows NT 10.0; Win64; x64) AppleWebKit/537.36 (KHTML, like Gecko) Chrome/140.0.0.0 Safari/537.36"
178.159.37.105 - - [10/Mar/2026:06:41:43 -0700] "POST /xmlrpc.php HTTP/1.1" 200 178 "-" "Mozilla/5.0 (Windows NT 10.0; Win64; x64) AppleWebKit/537.36 (KHTML, like Gecko) Chrome/80.0.3987.132 Safari/537.36"
79.127.144.114 - - [10/Mar/2026:06:41:44 -0700] "POST /xmlrpc.php HTTP/1.1" 200 13951 "-" "Mozilla/5.0 (Windows NT 10.0; Win64; x64) AppleWebKit/537.36 (KHTML, like Gecko) Chrome/140.0.0.0 Safari/537.36"
173.247.246.132 - - [10/Mar/2026:06:41:45 -0700] "POST /wp-cron.php?doing_wp_cron=1773150105.4429700374603271484375 HTTP/1.1" 200 - "-" "WordPress/6.6.4; http://alsahibalc.com"
178.159.37.105 - - [10/Mar/2026:06:41:44 -0700] "POST /xmlrpc.php HTTP/1.1" 200 180 "-" "Mozilla/5.0 (Windows NT 10.0; Win64; x64) AppleWebKit/537.36 (KHTML, like Gecko) Chrome/80.0.3987.132 Safari/537.36"
178.159.37.105 - - [10/Mar/2026:06:41:46 -0700] "POST /xmlrpc.php HTTP/1.1" 200 8161 "-" "Mozilla/5.0 (Windows NT 10.0; Win64; x64) AppleWebKit/537.36 (KHTML, like Gecko) Chrome/80.0.3987.132 Safari/537.36"
74.7.241.15 - - [10/Mar/2026:06:41:48 -0700] "GET /wp-json/oembed/1.0/embed?url=http%3A%2F%2Falsahibalc.com%2F2026%2F01%2F29%2Fmostbet-az-bukmeker-ve-kazino-mostbet-giri-rsmi-672%2F HTTP/1.1" 404 236 "http://alsahibalc.com/2026/01/29/mostbet-az-bukmeker-ve-kazino-mostbet-giri-rsmi-672/" "Mozilla/5.0 AppleWebKit/537.36 (KHTML, like Gecko; compatible; GPTBot/1.3; +https://openai.com/gptbot)"
74.7.241.15 - - [10/Mar/2026:06:41:58 -0700] "GET /wp-json/oembed/1.0/embed?url=http%3A%2F%2Falsahibalc.com%2F2026%2F01%2F28%2Fmostbet-az-bukmeker-ve-kazino-mostbet-giri-rsmi-1652%2F HTTP/1.1" 404 236 "http://alsahibalc.com/2026/01/28/mostbet-az-bukmeker-ve-kazino-mostbet-giri-rsmi-1652/" "Mozilla/5.0 AppleWebKit/537.36 (KHTML, like Gecko; compatible; GPTBot/1.3; +https://openai.com/gptbot)"
15.235.96.45 - - [10/Mar/2026:06:42:02 -0700] "GET /wp-includes/js/mediaelement/ HTTP/1.1" 200 4312 "-" "Mozilla/5.0 (compatible; AhrefsBot/7.0; +http://ahrefs.com/robot/)"
74.7.241.15 - - [10/Mar/2026:06:42:07 -0700] "GET /wp-json/oembed/1.0/embed?url=http%3A%2F%2Falsahibalc.com%2F2025%2F07%2F13%2Fmostbet-az-bukmeker-ve-kazino-mostbet-giri-rsmi-3189%2F HTTP/1.1" 404 236 "http://alsahibalc.com/2025/07/13/mostbet-az-bukmeker-ve-kazino-mostbet-giri-rsmi-3189/" "Mozilla/5.0 AppleWebKit/537.36 (KHTML, like Gecko; compatible; GPTBot/1.3; +https://openai.com/gptbot)"
74.7.241.15 - - [10/Mar/2026:06:42:17 -0700] "GET /wp-json/oembed/1.0/embed?url=http%3A%2F%2Falsahibalc.com%2F2026%2F01%2F09%2Fmostbet-az-bukmeker-ve-kazino-mostbet-giri-rsmi-3740%2F HTTP/1.1" 404 236 "http://alsahibalc.com/2026/01/09/mostbet-az-bukmeker-ve-kazino-mostbet-giri-rsmi-3740/" "Mozilla/5.0 AppleWebKit/537.36 (KHTML, like Gecko; compatible; GPTBot/1.3; +https://openai.com/gptbot)"
185.191.171.5 - - [10/Mar/2026:06:42:17 -0700] "GET /2026/02/06/play-the-mommy-slot-remark-casinos-bonus-video-50-free-spins-no-deposit-jimi-hendrix-online-slot-clips/ HTTP/1.1" 404 236 "-" "Mozilla/5.0 (compatible; SemrushBot/7~bl; +http://www.semrush.com/bot.html)"
74.7.241.15 - - [10/Mar/2026:06:42:26 -0700] "GET /wp-json/oembed/1.0/embed?url=http%3A%2F%2Falsahibalc.com%2F2026%2F01%2F07%2Fmostbet-az-bukmeker-ve-kazino-mostbet-giri-rsmi-5897%2F HTTP/1.1" 404 236 "http://alsahibalc.com/2026/01/07/mostbet-az-bukmeker-ve-kazino-mostbet-giri-rsmi-5897/" "Mozilla/5.0 AppleWebKit/537.36 (KHTML, like Gecko; compatible; GPTBot/1.3; +https://openai.com/gptbot)"
74.7.241.15 - - [10/Mar/2026:06:42:36 -0700] "GET /wp-json/oembed/1.0/embed?url=http%3A%2F%2Falsahibalc.com%2F2026%2F01%2F21%2Fmostbet-az-bukmeker-ve-kazino-mostbet-giri-rsmi-1164%2F HTTP/1.1" 404 236 "http://alsahibalc.com/2026/01/21/mostbet-az-bukmeker-ve-kazino-mostbet-giri-rsmi-1164/" "Mozilla/5.0 AppleWebKit/537.36 (KHTML, like Gecko; compatible; GPTBot/1.3; +https://openai.com/gptbot)"
74.7.241.15 - - [10/Mar/2026:06:42:45 -0700] "GET /wp-json/oembed/1.0/embed?url=http%3A%2F%2Falsahibalc.com%2F2025%2F07%2F12%2Fmostbet-az-bukmeker-ve-kazino-mostbet-giri-rsmi-3256%2F HTTP/1.1" 404 236 "http://alsahibalc.com/2025/07/12/mostbet-az-bukmeker-ve-kazino-mostbet-giri-rsmi-3256/" "Mozilla/5.0 AppleWebKit/537.36 (KHTML, like Gecko; compatible; GPTBot/1.3; +https://openai.com/gptbot)"
74.7.241.15 - - [10/Mar/2026:06:42:54 -0700] "GET /wp-json/oembed/1.0/embed?url=http%3A%2F%2Falsahibalc.com%2F2026%2F02%2F19%2Fmostbet-az-bukmeker-ve-kazino-mostbet-giri-rsmi-1800%2F HTTP/1.1" 404 236 "http://alsahibalc.com/2026/02/19/mostbet-az-bukmeker-ve-kazino-mostbet-giri-rsmi-1800/" "Mozilla/5.0 AppleWebKit/537.36 (KHTML, like Gecko; compatible; GPTBot/1.3; +https://openai.com/gptbot)"
167.114.139.82 - - [10/Mar/2026:06:43:01 -0700] "GET /wp-includes/js/crop/ HTTP/1.1" 200 1402 "-" "Mozilla/5.0 (compatible; AhrefsBot/7.0; +http://ahrefs.com/robot/)"
74.7.241.15 - - [10/Mar/2026:06:43:03 -0700] "GET /wp-json/oembed/1.0/embed?url=http%3A%2F%2Falsahibalc.com%2F2026%2F01%2F09%2Fmostbet-az-bukmeker-ve-kazino-mostbet-giri-rsmi-2594%2F HTTP/1.1" 404 236 "http://alsahibalc.com/2026/01/09/mostbet-az-bukmeker-ve-kazino-mostbet-giri-rsmi-2594/" "Mozilla/5.0 AppleWebKit/537.36 (KHTML, like Gecko; compatible; GPTBot/1.3; +https://openai.com/gptbot)"
74.7.241.15 - - [10/Mar/2026:06:43:13 -0700] "GET /wp-json/oembed/1.0/embed?url=http%3A%2F%2Falsahibalc.com%2F2026%2F02%2F24%2Fmostbet-az-bukmeker-ve-kazino-mostbet-giri-rsmi-1140%2F HTTP/1.1" 404 236 "http://alsahibalc.com/2026/02/24/mostbet-az-bukmeker-ve-kazino-mostbet-giri-rsmi-1140/" "Mozilla/5.0 AppleWebKit/537.36 (KHTML, like Gecko; compatible; GPTBot/1.3; +https://openai.com/gptbot)"
74.7.241.15 - - [10/Mar/2026:06:43:23 -0700] "GET /wp-json/oembed/1.0/embed?url=http%3A%2F%2Falsahibalc.com%2F2026%2F01%2F30%2Fmostbet-az-bukmeker-ve-kazino-mostbet-giri-rsmi-1545%2F HTTP/1.1" 404 236 "http://alsahibalc.com/2026/01/30/mostbet-az-bukmeker-ve-kazino-mostbet-giri-rsmi-1545/" "Mozilla/5.0 AppleWebKit/537.36 (KHTML, like Gecko; compatible; GPTBot/1.3; +https://openai.com/gptbot)"
