/
home
/
alsahibalc
/
access-logs
/
New Directory
Upload File
HOME
74.7.241.15 - - [10/Mar/2026:05:15:33 -0700] "GET /wp-json/oembed/1.0/embed?url=http%3A%2F%2Falsahibalc.com%2F2026%2F02%2F10%2Fglucksstrudel-razor-returns-explosive%2F HTTP/1.1" 200 - "http://alsahibalc.com/2026/02/10/glucksstrudel-razor-returns-explosive/" "Mozilla/5.0 AppleWebKit/537.36 (KHTML, like Gecko; compatible; GPTBot/1.3; +https://openai.com/gptbot)"
74.7.241.15 - - [10/Mar/2026:05:15:36 -0700] "GET /wp-json/oembed/1.0/embed?url=http%3A%2F%2Falsahibalc.com%2F2026%2F03%2F02%2Fbonusfolder-ah-klantenservice%2F HTTP/1.1" 200 - "http://alsahibalc.com/2026/03/02/bonusfolder-ah-klantenservice/" "Mozilla/5.0 AppleWebKit/537.36 (KHTML, like Gecko; compatible; GPTBot/1.3; +https://openai.com/gptbot)"
74.7.241.15 - - [10/Mar/2026:05:15:39 -0700] "GET /wp-json/oembed/1.0/embed?url=http%3A%2F%2Falsahibalc.com%2F2026%2F03%2F02%2Frajongok-yoyospins-attekintes%2F HTTP/1.1" 200 - "http://alsahibalc.com/2026/03/02/rajongok-yoyospins-attekintes/" "Mozilla/5.0 AppleWebKit/537.36 (KHTML, like Gecko; compatible; GPTBot/1.3; +https://openai.com/gptbot)"
185.191.171.4 - - [10/Mar/2026:05:15:40 -0700] "GET /2026/02/18/trampa-baron-tragamonedas-apetencia-eurillos-autenticos-o-tratar-regalado-acerca-de-argentina/ HTTP/1.1" 200 - "-" "Mozilla/5.0 (compatible; SemrushBot/7~bl; +http://www.semrush.com/bot.html)"
74.7.241.15 - - [10/Mar/2026:05:15:48 -0700] "GET /wp-json/oembed/1.0/embed?url=http%3A%2F%2Falsahibalc.com%2F2026%2F02%2F24%2Fbetter-step-1-deposit-casinos-nz-2026-as-much-as-80-revolves-to-have-step-1%2F HTTP/1.1" 200 - "http://alsahibalc.com/2026/02/24/better-step-1-deposit-casinos-nz-2026-as-much-as-80-revolves-to-have-step-1/" "Mozilla/5.0 AppleWebKit/537.36 (KHTML, like Gecko; compatible; GPTBot/1.3; +https://openai.com/gptbot)"
85.208.96.212 - - [10/Mar/2026:05:15:49 -0700] "GET /2026/02/12/claim-50-free-effortless-sunspin-casino-login/ HTTP/1.1" 200 - "-" "Mozilla/5.0 (compatible; SemrushBot/7~bl; +http://www.semrush.com/bot.html)"
74.7.241.15 - - [10/Mar/2026:05:15:52 -0700] "GET /wp-json/wp/v2/posts/8282 HTTP/1.1" 200 - "http://alsahibalc.com/2026/02/02/elevate-your-play-thrilling-casino-games-exclusive-bonuses-at/" "Mozilla/5.0 AppleWebKit/537.36 (KHTML, like Gecko; compatible; GPTBot/1.3; +https://openai.com/gptbot)"
74.7.241.15 - - [10/Mar/2026:05:15:55 -0700] "GET /wp-json/wp/v2/posts/5522 HTTP/1.1" 200 - "http://alsahibalc.com/2026/01/23/vavada-zerkalo-vhod-na-oficialnyj-sajt-365/" "Mozilla/5.0 AppleWebKit/537.36 (KHTML, like Gecko; compatible; GPTBot/1.3; +https://openai.com/gptbot)"
74.7.241.15 - - [10/Mar/2026:05:15:58 -0700] "GET /wp-json/wp/v2/posts/7272 HTTP/1.1" 200 - "http://alsahibalc.com/2026/01/29/7slots-casino-cretsiz-deneme-oyunlar-1406/" "Mozilla/5.0 AppleWebKit/537.36 (KHTML, like Gecko; compatible; GPTBot/1.3; +https://openai.com/gptbot)"
74.7.241.15 - - [10/Mar/2026:05:16:04 -0700] "GET /wp-json/wp/v2/posts/3233 HTTP/1.1" 200 - "http://alsahibalc.com/2025/04/25/how-exploration-drives-innovation-in-modern-fishing/" "Mozilla/5.0 AppleWebKit/537.36 (KHTML, like Gecko; compatible; GPTBot/1.3; +https://openai.com/gptbot)"
74.7.241.15 - - [10/Mar/2026:05:16:07 -0700] "GET /wp-json/wp/v2/posts/7722 HTTP/1.1" 200 - "http://alsahibalc.com/2025/07/14/exclusive-promotions-at-maxispin-casino-what-to-expect/" "Mozilla/5.0 AppleWebKit/537.36 (KHTML, like Gecko; compatible; GPTBot/1.3; +https://openai.com/gptbot)"
74.7.241.15 - - [10/Mar/2026:05:16:11 -0700] "GET /wp-json/wp/v2/posts/8228 HTTP/1.1" 200 - "http://alsahibalc.com/2025/02/22/les-criteres-cles-pour-evaluer-les-casinos-de-niche-proposant-des-variantes-rares-de-roulette/" "Mozilla/5.0 AppleWebKit/537.36 (KHTML, like Gecko; compatible; GPTBot/1.3; +https://openai.com/gptbot)"
74.7.241.15 - - [10/Mar/2026:05:16:17 -0700] "GET /wp-json/wp/v2/posts/5252 HTTP/1.1" 200 - "http://alsahibalc.com/2026/01/22/pinco-online-kazino-azrbaycanda-oyun-seimlri-v-449/" "Mozilla/5.0 AppleWebKit/537.36 (KHTML, like Gecko; compatible; GPTBot/1.3; +https://openai.com/gptbot)"
74.7.241.15 - - [10/Mar/2026:05:16:20 -0700] "GET /wp-json/wp/v2/posts/3223 HTTP/1.1" 200 - "http://alsahibalc.com/2024/11/19/les-illusions-de-valeur-de-la-tradition-la/" "Mozilla/5.0 AppleWebKit/537.36 (KHTML, like Gecko; compatible; GPTBot/1.3; +https://openai.com/gptbot)"
74.7.241.15 - - [10/Mar/2026:05:16:23 -0700] "GET /wp-json/wp/v2/posts/6262 HTTP/1.1" 200 - "http://alsahibalc.com/2026/01/27/pad-tsti-a-nasobitel-plinko-hra-kde-se-s-kadym/" "Mozilla/5.0 AppleWebKit/537.36 (KHTML, like Gecko; compatible; GPTBot/1.3; +https://openai.com/gptbot)"
74.7.241.15 - - [10/Mar/2026:05:16:39 -0700] "GET /wp-json/oembed/1.0/embed?url=http%3A%2F%2Falsahibalc.com%2F2025%2F07%2F10%2Fune-experience-de-jeu-inegalee-vous-attend-grace-a-5%2F HTTP/1.1" 200 - "http://alsahibalc.com/2025/07/10/une-experience-de-jeu-inegalee-vous-attend-grace-a-5/" "Mozilla/5.0 AppleWebKit/537.36 (KHTML, like Gecko; compatible; GPTBot/1.3; +https://openai.com/gptbot)"
74.7.241.15 - - [10/Mar/2026:05:16:42 -0700] "GET /wp-json/oembed/1.0/embed?url=http%3A%2F%2Falsahibalc.com%2F2026%2F01%2F27%2Fbeyond-the-bonuses-does-vegas-hero-truly-deliver-a-2%2F HTTP/1.1" 200 - "http://alsahibalc.com/2026/01/27/beyond-the-bonuses-does-vegas-hero-truly-deliver-a-2/" "Mozilla/5.0 AppleWebKit/537.36 (KHTML, like Gecko; compatible; GPTBot/1.3; +https://openai.com/gptbot)"
74.7.241.15 - - [10/Mar/2026:05:16:45 -0700] "GET /wp-json/oembed/1.0/embed?url=http%3A%2F%2Falsahibalc.com%2F2025%2F03%2F20%2Fchicken-road-2-il-caos-stradale-che-insegna-a-giocare%2F HTTP/1.1" 200 - "http://alsahibalc.com/2025/03/20/chicken-road-2-il-caos-stradale-che-insegna-a-giocare/" "Mozilla/5.0 AppleWebKit/537.36 (KHTML, like Gecko; compatible; GPTBot/1.3; +https://openai.com/gptbot)"
173.247.246.132 - - [10/Mar/2026:05:16:46 -0700] "POST /wp-cron.php?doing_wp_cron=1773145006.3932321071624755859375 HTTP/1.1" 200 - "-" "WordPress/6.6.4; http://alsahibalc.com"
79.127.164.175 - - [10/Mar/2026:05:16:45 -0700] "POST /xmlrpc.php HTTP/1.1" 200 365446 "-" "Mozilla/5.0 (Windows NT 10.0; WOW64) AppleWebKit/537.36 (KHTML, like Gecko) Chrome/114.0.0.0 Safari/537.36"
74.7.241.15 - - [10/Mar/2026:05:16:48 -0700] "GET /wp-json/oembed/1.0/embed?url=http%3A%2F%2Falsahibalc.com%2F2026%2F01%2F10%2Fbeyond-the-drop-can-you-predict-where-your-fortune-2%2F HTTP/1.1" 200 - "http://alsahibalc.com/2026/01/10/beyond-the-drop-can-you-predict-where-your-fortune-2/" "Mozilla/5.0 AppleWebKit/537.36 (KHTML, like Gecko; compatible; GPTBot/1.3; +https://openai.com/gptbot)"
79.127.164.175 - - [10/Mar/2026:05:16:49 -0700] "POST /xmlrpc.php HTTP/1.1" 200 180 "-" "Mozilla/5.0 (Windows NT 10.0; WOW64) AppleWebKit/537.36 (KHTML, like Gecko) Chrome/114.0.0.0 Safari/537.36"
79.127.164.175 - - [10/Mar/2026:05:16:51 -0700] "POST /xmlrpc.php HTTP/1.1" 200 11882 "-" "Mozilla/5.0 (Windows NT 10.0; WOW64) AppleWebKit/537.36 (KHTML, like Gecko) Chrome/114.0.0.0 Safari/537.36"
173.247.246.132 - - [10/Mar/2026:05:16:52 -0700] "POST /wp-cron.php?doing_wp_cron=1773145012.5867540836334228515625 HTTP/1.1" 200 - "-" "WordPress/6.6.4; http://alsahibalc.com"
74.7.241.15 - - [10/Mar/2026:05:16:55 -0700] "GET /wp-json/oembed/1.0/embed?url=http%3A%2F%2Falsahibalc.com%2F2026%2F02%2F19%2Fa-evolucao-dos-jogos-de-cassino-do-tradicional-ao-46%2F HTTP/1.1" 200 - "http://alsahibalc.com/2026/02/19/a-evolucao-dos-jogos-de-cassino-do-tradicional-ao-46/" "Mozilla/5.0 AppleWebKit/537.36 (KHTML, like Gecko; compatible; GPTBot/1.3; +https://openai.com/gptbot)"
74.7.241.15 - - [10/Mar/2026:05:16:58 -0700] "GET /wp-json/oembed/1.0/embed?url=http%3A%2F%2Falsahibalc.com%2F2026%2F01%2F31%2Fmostbet-trkiye-casino-5495%2F HTTP/1.1" 200 - "http://alsahibalc.com/2026/01/31/mostbet-trkiye-casino-5495/" "Mozilla/5.0 AppleWebKit/537.36 (KHTML, like Gecko; compatible; GPTBot/1.3; +https://openai.com/gptbot)"
85.208.96.209 - - [10/Mar/2026:05:16:58 -0700] "GET /category/amandaliswan-ru/1500z/ HTTP/1.1" 200 - "-" "Mozilla/5.0 (compatible; SemrushBot/7~bl; +http://www.semrush.com/bot.html)"
74.7.241.15 - - [10/Mar/2026:05:17:01 -0700] "GET /wp-json/oembed/1.0/embed?url=http%3A%2F%2Falsahibalc.com%2F2025%2F07%2F12%2Fmostbet-trkiye-casino-1277%2F HTTP/1.1" 200 - "http://alsahibalc.com/2025/07/12/mostbet-trkiye-casino-1277/" "Mozilla/5.0 AppleWebKit/537.36 (KHTML, like Gecko; compatible; GPTBot/1.3; +https://openai.com/gptbot)"
74.7.241.15 - - [10/Mar/2026:05:17:07 -0700] "GET /wp-json/oembed/1.0/embed?url=http%3A%2F%2Falsahibalc.com%2F2026%2F01%2F31%2Fmostbet-trkiye-casino-1724%2F HTTP/1.1" 200 - "http://alsahibalc.com/2026/01/31/mostbet-trkiye-casino-1724/" "Mozilla/5.0 AppleWebKit/537.36 (KHTML, like Gecko; compatible; GPTBot/1.3; +https://openai.com/gptbot)"
74.7.241.15 - - [10/Mar/2026:05:17:10 -0700] "GET /wp-json/oembed/1.0/embed?url=http%3A%2F%2Falsahibalc.com%2F2026%2F01%2F31%2Fonline-casino-ranking-belgi-1522%2F HTTP/1.1" 200 - "http://alsahibalc.com/2026/01/31/online-casino-ranking-belgi-1522/" "Mozilla/5.0 AppleWebKit/537.36 (KHTML, like Gecko; compatible; GPTBot/1.3; +https://openai.com/gptbot)"
74.7.241.15 - - [10/Mar/2026:05:17:13 -0700] "GET /wp-json/oembed/1.0/embed?url=http%3A%2F%2Falsahibalc.com%2F2026%2F01%2F26%2Foficialnyj-sajt-pinco-casino-758%2F HTTP/1.1" 200 - "http://alsahibalc.com/2026/01/26/oficialnyj-sajt-pinco-casino-758/" "Mozilla/5.0 AppleWebKit/537.36 (KHTML, like Gecko; compatible; GPTBot/1.3; +https://openai.com/gptbot)"
74.7.241.15 - - [10/Mar/2026:05:17:17 -0700] "GET /wp-json/oembed/1.0/embed?url=http%3A%2F%2Falsahibalc.com%2F2026%2F01%2F14%2Fsultan-games-kollekcija-igr-6306%2F HTTP/1.1" 200 - "http://alsahibalc.com/2026/01/14/sultan-games-kollekcija-igr-6306/" "Mozilla/5.0 AppleWebKit/537.36 (KHTML, like Gecko; compatible; GPTBot/1.3; +https://openai.com/gptbot)"
74.7.241.15 - - [10/Mar/2026:05:17:20 -0700] "GET /wp-json/oembed/1.0/embed?url=http%3A%2F%2Falsahibalc.com%2F2026%2F01%2F31%2Fsultan-games-mobilnyj-dostup-235%2F HTTP/1.1" 200 - "http://alsahibalc.com/2026/01/31/sultan-games-mobilnyj-dostup-235/" "Mozilla/5.0 AppleWebKit/537.36 (KHTML, like Gecko; compatible; GPTBot/1.3; +https://openai.com/gptbot)"
74.7.241.15 - - [10/Mar/2026:05:17:29 -0700] "GET /wp-json/oembed/1.0/embed?url=http%3A%2F%2Falsahibalc.com%2F2026%2F01%2F14%2Fsultan-games-kollekcija-igr-8398%2F HTTP/1.1" 200 - "http://alsahibalc.com/2026/01/14/sultan-games-kollekcija-igr-8398/" "Mozilla/5.0 AppleWebKit/537.36 (KHTML, like Gecko; compatible; GPTBot/1.3; +https://openai.com/gptbot)"
74.7.241.15 - - [10/Mar/2026:05:17:32 -0700] "GET /wp-json/oembed/1.0/embed?url=http%3A%2F%2Falsahibalc.com%2F2026%2F01%2F31%2Fonline-casino-ranking-belgi-1096%2F HTTP/1.1" 200 - "http://alsahibalc.com/2026/01/31/online-casino-ranking-belgi-1096/" "Mozilla/5.0 AppleWebKit/537.36 (KHTML, like Gecko; compatible; GPTBot/1.3; +https://openai.com/gptbot)"
74.7.241.15 - - [10/Mar/2026:05:17:35 -0700] "GET /wp-json/oembed/1.0/embed?url=http%3A%2F%2Falsahibalc.com%2F2026%2F02%2F19%2Fcassino-jogos-de-cassino-com-spin-brasilio-bitcoin%2F HTTP/1.1" 200 - "http://alsahibalc.com/2026/02/19/cassino-jogos-de-cassino-com-spin-brasilio-bitcoin/" "Mozilla/5.0 AppleWebKit/537.36 (KHTML, like Gecko; compatible; GPTBot/1.3; +https://openai.com/gptbot)"
74.7.241.15 - - [10/Mar/2026:05:17:38 -0700] "GET /wp-json/oembed/1.0/embed?url=http%3A%2F%2Falsahibalc.com%2F2026%2F02%2F02%2Fzhemchuzhiny-nochnogo-goroda-kto-takie-devushki-po%2F HTTP/1.1" 200 - "http://alsahibalc.com/2026/02/02/zhemchuzhiny-nochnogo-goroda-kto-takie-devushki-po/" "Mozilla/5.0 AppleWebKit/537.36 (KHTML, like Gecko; compatible; GPTBot/1.3; +https://openai.com/gptbot)"
74.7.241.15 - - [10/Mar/2026:05:17:45 -0700] "GET /wp-json/oembed/1.0/embed?url=http%3A%2F%2Falsahibalc.com%2F2026%2F02%2F07%2Fa-knowledgeable-gambling-enterprises-with-50-no-deposit-100-percent-free-revolves-gamomat-games-2026%2F HTTP/1.1" 200 - "http://alsahibalc.com/2026/02/07/a-knowledgeable-gambling-enterprises-with-50-no-deposit-100-percent-free-revolves-gamomat-games-2026/" "Mozilla/5.0 AppleWebKit/537.36 (KHTML, like Gecko; compatible; GPTBot/1.3; +https://openai.com/gptbot)"
74.7.241.15 - - [10/Mar/2026:05:17:51 -0700] "GET /wp-json/oembed/1.0/embed?url=http%3A%2F%2Falsahibalc.com%2F2026%2F02%2F09%2Fbezdepozitnyj-bonus-v-kazino-za-registraciju-s-185%2F HTTP/1.1" 200 - "http://alsahibalc.com/2026/02/09/bezdepozitnyj-bonus-v-kazino-za-registraciju-s-185/" "Mozilla/5.0 AppleWebKit/537.36 (KHTML, like Gecko; compatible; GPTBot/1.3; +https://openai.com/gptbot)"
74.7.241.15 - - [10/Mar/2026:05:17:54 -0700] "GET /wp-json/oembed/1.0/embed?url=http%3A%2F%2Falsahibalc.com%2F2026%2F02%2F25%2Fgamble-dual-spin-slot-games%2F HTTP/1.1" 200 - "http://alsahibalc.com/2026/02/25/gamble-dual-spin-slot-games/" "Mozilla/5.0 AppleWebKit/537.36 (KHTML, like Gecko; compatible; GPTBot/1.3; +https://openai.com/gptbot)"
74.7.241.15 - - [10/Mar/2026:05:18:01 -0700] "GET /wp-json/oembed/1.0/embed?url=http%3A%2F%2Falsahibalc.com%2F2025%2F11%2F26%2Fbitreels-casino-no-deposit-bonus%2F HTTP/1.1" 200 - "http://alsahibalc.com/2025/11/26/bitreels-casino-no-deposit-bonus/" "Mozilla/5.0 AppleWebKit/537.36 (KHTML, like Gecko; compatible; GPTBot/1.3; +https://openai.com/gptbot)"
173.247.246.132 - - [10/Mar/2026:05:18:00 -0700] "POST /wp-cron.php?doing_wp_cron=1773145080.9094469547271728515625 HTTP/1.1" 200 - "-" "WordPress/6.6.4; http://alsahibalc.com"
161.178.139.119 - - [10/Mar/2026:05:18:00 -0700] "POST /xmlrpc.php HTTP/1.1" 200 365446 "-" "Mozilla/5.0 (Windows NT 10.0; WOW64) AppleWebKit/537.36 (KHTML, like Gecko) Chrome/114.0.0.0 Safari/537.36 Vivaldi/5.3.2679.68"
74.7.241.15 - - [10/Mar/2026:05:18:04 -0700] "GET /wp-json/oembed/1.0/embed?url=http%3A%2F%2Falsahibalc.com%2F2024%2F04%2F12%2Fnew-paradigm-in-trading-and-finance%2F HTTP/1.1" 200 - "http://alsahibalc.com/2024/04/12/new-paradigm-in-trading-and-finance/" "Mozilla/5.0 AppleWebKit/537.36 (KHTML, like Gecko; compatible; GPTBot/1.3; +https://openai.com/gptbot)"
161.178.139.119 - - [10/Mar/2026:05:18:04 -0700] "POST /xmlrpc.php HTTP/1.1" 200 180 "-" "Mozilla/5.0 (Windows NT 10.0; WOW64) AppleWebKit/537.36 (KHTML, like Gecko) Chrome/114.0.0.0 Safari/537.36 Vivaldi/5.3.2679.68"
74.7.241.15 - - [10/Mar/2026:05:18:07 -0700] "GET /wp-json/oembed/1.0/embed?url=http%3A%2F%2Falsahibalc.com%2F2026%2F03%2F02%2Fbest-internet-casino-real-cash-gamble%2F HTTP/1.1" 200 - "http://alsahibalc.com/2026/03/02/best-internet-casino-real-cash-gamble/" "Mozilla/5.0 AppleWebKit/537.36 (KHTML, like Gecko; compatible; GPTBot/1.3; +https://openai.com/gptbot)"
161.178.139.119 - - [10/Mar/2026:05:18:05 -0700] "POST /xmlrpc.php HTTP/1.1" 200 10610 "-" "Mozilla/5.0 (Windows NT 10.0; WOW64) AppleWebKit/537.36 (KHTML, like Gecko) Chrome/114.0.0.0 Safari/537.36 Vivaldi/5.3.2679.68"
173.247.246.132 - - [10/Mar/2026:05:18:06 -0700] "POST /wp-cron.php?doing_wp_cron=1773145086.8183341026306152343750 HTTP/1.1" 200 - "-" "WordPress/6.6.4; http://alsahibalc.com"
74.7.241.15 - - [10/Mar/2026:05:18:13 -0700] "GET /wp-json/oembed/1.0/embed?url=http%3A%2F%2Falsahibalc.com%2F2026%2F02%2F11%2Fjetton-kazino-bezopasnost-i-chestnost-igry-v-769%2F HTTP/1.1" 200 - "http://alsahibalc.com/2026/02/11/jetton-kazino-bezopasnost-i-chestnost-igry-v-769/" "Mozilla/5.0 AppleWebKit/537.36 (KHTML, like Gecko; compatible; GPTBot/1.3; +https://openai.com/gptbot)"
74.7.241.15 - - [10/Mar/2026:05:18:16 -0700] "GET /wp-json/oembed/1.0/embed?url=http%3A%2F%2Falsahibalc.com%2F2026%2F02%2F28%2Fen-cok-kazandran-slot-kategorisinde-yer-alan-272%2F HTTP/1.1" 200 - "http://alsahibalc.com/2026/02/28/en-cok-kazandran-slot-kategorisinde-yer-alan-272/" "Mozilla/5.0 AppleWebKit/537.36 (KHTML, like Gecko; compatible; GPTBot/1.3; +https://openai.com/gptbot)"
15.235.98.248 - - [10/Mar/2026:05:18:18 -0700] "GET /wp-includes/js/ HTTP/1.1" 200 21121 "-" "Mozilla/5.0 (compatible; AhrefsBot/7.0; +http://ahrefs.com/robot/)"
74.7.241.15 - - [10/Mar/2026:05:18:20 -0700] "GET /wp-json/oembed/1.0/embed?url=http%3A%2F%2Falsahibalc.com%2F2026%2F01%2F26%2Fonline-casinos-in-australia-real-money-play-846%2F HTTP/1.1" 200 - "http://alsahibalc.com/2026/01/26/online-casinos-in-australia-real-money-play-846/" "Mozilla/5.0 AppleWebKit/537.36 (KHTML, like Gecko; compatible; GPTBot/1.3; +https://openai.com/gptbot)"
74.7.241.15 - - [10/Mar/2026:05:18:23 -0700] "GET /wp-json/oembed/1.0/embed?url=http%3A%2F%2Falsahibalc.com%2F2026%2F02%2F11%2Fatom-casino-mobilnaja-versija-i-igra-v-onlajn-355%2F HTTP/1.1" 200 - "http://alsahibalc.com/2026/02/11/atom-casino-mobilnaja-versija-i-igra-v-onlajn-355/" "Mozilla/5.0 AppleWebKit/537.36 (KHTML, like Gecko; compatible; GPTBot/1.3; +https://openai.com/gptbot)"
74.7.241.15 - - [10/Mar/2026:05:18:32 -0700] "GET /wp-json/oembed/1.0/embed?url=http%3A%2F%2Falsahibalc.com%2F2026%2F01%2F31%2Fonline-pokies-for-real-money-in-australia-617%2F HTTP/1.1" 200 - "http://alsahibalc.com/2026/01/31/online-pokies-for-real-money-in-australia-617/" "Mozilla/5.0 AppleWebKit/537.36 (KHTML, like Gecko; compatible; GPTBot/1.3; +https://openai.com/gptbot)"
85.208.96.210 - - [10/Mar/2026:05:18:34 -0700] "GET /2026/02/19/10-luchshih-kazino-onlajn-s-proverennoj-reputaciej-23/ HTTP/1.1" 200 - "-" "Mozilla/5.0 (compatible; SemrushBot/7~bl; +http://www.semrush.com/bot.html)"
74.7.241.15 - - [10/Mar/2026:05:18:35 -0700] "GET /wp-json/oembed/1.0/embed?url=http%3A%2F%2Falsahibalc.com%2F2026%2F02%2F26%2Flaki-vorld-kazino-obzor-populjarnyh-igr-s-105%2F HTTP/1.1" 200 - "http://alsahibalc.com/2026/02/26/laki-vorld-kazino-obzor-populjarnyh-igr-s-105/" "Mozilla/5.0 AppleWebKit/537.36 (KHTML, like Gecko; compatible; GPTBot/1.3; +https://openai.com/gptbot)"
74.7.241.15 - - [10/Mar/2026:05:18:39 -0700] "GET /wp-json/oembed/1.0/embed?url=http%3A%2F%2Falsahibalc.com%2F2026%2F01%2F31%2Fvavada-online-casino-bnuszok-dvzl-ajnlatok-s-461%2F HTTP/1.1" 200 - "http://alsahibalc.com/2026/01/31/vavada-online-casino-bnuszok-dvzl-ajnlatok-s-461/" "Mozilla/5.0 AppleWebKit/537.36 (KHTML, like Gecko; compatible; GPTBot/1.3; +https://openai.com/gptbot)"
74.7.241.15 - - [10/Mar/2026:05:18:45 -0700] "GET /wp-json/oembed/1.0/embed?url=http%3A%2F%2Falsahibalc.com%2F2026%2F03%2F02%2F7k-kazino-promokod-kak-aktivirovat-bonusy-i-21%2F HTTP/1.1" 200 - "http://alsahibalc.com/2026/03/02/7k-kazino-promokod-kak-aktivirovat-bonusy-i-21/" "Mozilla/5.0 AppleWebKit/537.36 (KHTML, like Gecko; compatible; GPTBot/1.3; +https://openai.com/gptbot)"
74.7.241.15 - - [10/Mar/2026:05:18:48 -0700] "GET /wp-json/oembed/1.0/embed?url=http%3A%2F%2Falsahibalc.com%2F2026%2F02%2F26%2Fselektor-kazino-kak-vybrat-slot-s-luchshimi-185%2F HTTP/1.1" 200 - "http://alsahibalc.com/2026/02/26/selektor-kazino-kak-vybrat-slot-s-luchshimi-185/" "Mozilla/5.0 AppleWebKit/537.36 (KHTML, like Gecko; compatible; GPTBot/1.3; +https://openai.com/gptbot)"
74.7.241.15 - - [10/Mar/2026:05:18:51 -0700] "GET /wp-json/oembed/1.0/embed?url=http%3A%2F%2Falsahibalc.com%2F2026%2F01%2F27%2Fbeyond-the-felt-500-games-and-lucrative-bonuses%2F HTTP/1.1" 200 - "http://alsahibalc.com/2026/01/27/beyond-the-felt-500-games-and-lucrative-bonuses/" "Mozilla/5.0 AppleWebKit/537.36 (KHTML, like Gecko; compatible; GPTBot/1.3; +https://openai.com/gptbot)"
74.7.241.15 - - [10/Mar/2026:05:18:55 -0700] "GET /wp-json/oembed/1.0/embed?url=http%3A%2F%2Falsahibalc.com%2F2026%2F03%2F02%2F7k-kazino-oficialnyj-sajt-kak-najti-rabochee-30%2F HTTP/1.1" 200 - "http://alsahibalc.com/2026/03/02/7k-kazino-oficialnyj-sajt-kak-najti-rabochee-30/" "Mozilla/5.0 AppleWebKit/537.36 (KHTML, like Gecko; compatible; GPTBot/1.3; +https://openai.com/gptbot)"
185.191.171.9 - - [10/Mar/2026:05:18:57 -0700] "GET /2026/01/13/kazino-oficialnyj-sajt-pin-up-casino-vhod-na-309/ HTTP/1.1" 200 - "-" "Mozilla/5.0 (compatible; SemrushBot/7~bl; +http://www.semrush.com/bot.html)"
74.7.241.15 - - [10/Mar/2026:05:18:58 -0700] "GET /wp-json/oembed/1.0/embed?url=http%3A%2F%2Falsahibalc.com%2F2026%2F01%2F26%2Fkumar-siteleri-trkiye-canl-bahis-ve-casino-170%2F HTTP/1.1" 200 - "http://alsahibalc.com/2026/01/26/kumar-siteleri-trkiye-canl-bahis-ve-casino-170/" "Mozilla/5.0 AppleWebKit/537.36 (KHTML, like Gecko; compatible; GPTBot/1.3; +https://openai.com/gptbot)"
74.7.241.15 - - [10/Mar/2026:05:19:01 -0700] "GET /wp-json/oembed/1.0/embed?url=http%3A%2F%2Falsahibalc.com%2F2026%2F01%2F30%2Fpinco-casino-trkiyede-deme-ve-para-ekme-yntemleri-608%2F HTTP/1.1" 200 - "http://alsahibalc.com/2026/01/30/pinco-casino-trkiyede-deme-ve-para-ekme-yntemleri-608/" "Mozilla/5.0 AppleWebKit/537.36 (KHTML, like Gecko; compatible; GPTBot/1.3; +https://openai.com/gptbot)"
85.208.96.210 - - [10/Mar/2026:05:19:02 -0700] "GET /2026/01/28/oficialnyj-sajt-pinco-casino-9642/ HTTP/1.1" 200 - "-" "Mozilla/5.0 (compatible; SemrushBot/7~bl; +http://www.semrush.com/bot.html)"
74.7.241.15 - - [10/Mar/2026:05:19:04 -0700] "GET /wp-json/oembed/1.0/embed?url=http%3A%2F%2Falsahibalc.com%2F2026%2F02%2F11%2Fb9-game-in-pakistan-a-new-betting-casino-game-in-578%2F HTTP/1.1" 200 - "http://alsahibalc.com/2026/02/11/b9-game-in-pakistan-a-new-betting-casino-game-in-578/" "Mozilla/5.0 AppleWebKit/537.36 (KHTML, like Gecko; compatible; GPTBot/1.3; +https://openai.com/gptbot)"
74.7.241.15 - - [10/Mar/2026:05:19:10 -0700] "GET /wp-json/oembed/1.0/embed?url=http%3A%2F%2Falsahibalc.com%2F2025%2F12%2F05%2Fthe-future-of-virtual-reality-in-casinos-44%2F HTTP/1.1" 200 - "http://alsahibalc.com/2025/12/05/the-future-of-virtual-reality-in-casinos-44/" "Mozilla/5.0 AppleWebKit/537.36 (KHTML, like Gecko; compatible; GPTBot/1.3; +https://openai.com/gptbot)"
74.7.241.15 - - [10/Mar/2026:05:19:13 -0700] "GET /wp-json/oembed/1.0/embed?url=http%3A%2F%2Falsahibalc.com%2F2026%2F01%2F14%2Fbeyond-borders-explore-a-world-of-casino-11%2F HTTP/1.1" 200 - "http://alsahibalc.com/2026/01/14/beyond-borders-explore-a-world-of-casino-11/" "Mozilla/5.0 AppleWebKit/537.36 (KHTML, like Gecko; compatible; GPTBot/1.3; +https://openai.com/gptbot)"
74.7.241.15 - - [10/Mar/2026:05:19:17 -0700] "GET /wp-json/oembed/1.0/embed?url=http%3A%2F%2Falsahibalc.com%2F2025%2F11%2F24%2Fthe-future-of-virtual-reality-in-casinos-18%2F HTTP/1.1" 200 - "http://alsahibalc.com/2025/11/24/the-future-of-virtual-reality-in-casinos-18/" "Mozilla/5.0 AppleWebKit/537.36 (KHTML, like Gecko; compatible; GPTBot/1.3; +https://openai.com/gptbot)"
85.208.96.200 - - [10/Mar/2026:05:19:18 -0700] "GET /category/om-cc/page/2/ HTTP/1.1" 200 - "-" "Mozilla/5.0 (compatible; SemrushBot/7~bl; +http://www.semrush.com/bot.html)"
74.7.241.15 - - [10/Mar/2026:05:19:20 -0700] "GET /wp-json/oembed/1.0/embed?url=http%3A%2F%2Falsahibalc.com%2F2026%2F02%2F25%2Flaki-world-sloty-podborka-luchshih-igr-s-23%2F HTTP/1.1" 200 - "http://alsahibalc.com/2026/02/25/laki-world-sloty-podborka-luchshih-igr-s-23/" "Mozilla/5.0 AppleWebKit/537.36 (KHTML, like Gecko; compatible; GPTBot/1.3; +https://openai.com/gptbot)"
74.7.241.15 - - [10/Mar/2026:05:19:23 -0700] "GET /wp-json/oembed/1.0/embed?url=http%3A%2F%2Falsahibalc.com%2F2025%2F07%2F08%2Fstrategy-gameplay-mechanics-e-analisi-di-chicken-road-2%2F HTTP/1.1" 200 - "http://alsahibalc.com/2025/07/08/strategy-gameplay-mechanics-e-analisi-di-chicken-road-2/" "Mozilla/5.0 AppleWebKit/537.36 (KHTML, like Gecko; compatible; GPTBot/1.3; +https://openai.com/gptbot)"
74.7.241.15 - - [10/Mar/2026:05:19:26 -0700] "GET /wp-json/oembed/1.0/embed?url=http%3A%2F%2Falsahibalc.com%2F2026%2F02%2F26%2Fchicken-road-online-casino-slot-where-every-39%2F HTTP/1.1" 200 - "http://alsahibalc.com/2026/02/26/chicken-road-online-casino-slot-where-every-39/" "Mozilla/5.0 AppleWebKit/537.36 (KHTML, like Gecko; compatible; GPTBot/1.3; +https://openai.com/gptbot)"
74.7.241.15 - - [10/Mar/2026:05:19:36 -0700] "GET /wp-json/oembed/1.0/embed?url=http%3A%2F%2Falsahibalc.com%2F2026%2F02%2F06%2Fbeyond-the-bets-mastering-casino-strategy-with-5%2F HTTP/1.1" 200 - "http://alsahibalc.com/2026/02/06/beyond-the-bets-mastering-casino-strategy-with-5/" "Mozilla/5.0 AppleWebKit/537.36 (KHTML, like Gecko; compatible; GPTBot/1.3; +https://openai.com/gptbot)"
74.7.241.15 - - [10/Mar/2026:05:19:39 -0700] "GET /wp-json/oembed/1.0/embed?url=http%3A%2F%2Falsahibalc.com%2F2026%2F02%2F27%2F50-freie-spins-nv-casino-nach-arctic-adventures%2F HTTP/1.1" 200 - "http://alsahibalc.com/2026/02/27/50-freie-spins-nv-casino-nach-arctic-adventures/" "Mozilla/5.0 AppleWebKit/537.36 (KHTML, like Gecko; compatible; GPTBot/1.3; +https://openai.com/gptbot)"
74.7.241.15 - - [10/Mar/2026:05:19:42 -0700] "GET /wp-json/oembed/1.0/embed?url=http%3A%2F%2Falsahibalc.com%2F2026%2F01%2F26%2Fkazino-s-bonusom-za-registraciju-s-detalnym-7%2F HTTP/1.1" 200 - "http://alsahibalc.com/2026/01/26/kazino-s-bonusom-za-registraciju-s-detalnym-7/" "Mozilla/5.0 AppleWebKit/537.36 (KHTML, like Gecko; compatible; GPTBot/1.3; +https://openai.com/gptbot)"
74.7.241.15 - - [10/Mar/2026:05:19:45 -0700] "GET /wp-json/oembed/1.0/embed?url=http%3A%2F%2Falsahibalc.com%2F2026%2F02%2F24%2Fdebunking-common-myths-about-gambling-what-you-5%2F HTTP/1.1" 200 - "http://alsahibalc.com/2026/02/24/debunking-common-myths-about-gambling-what-you-5/" "Mozilla/5.0 AppleWebKit/537.36 (KHTML, like Gecko; compatible; GPTBot/1.3; +https://openai.com/gptbot)"
74.7.241.15 - - [10/Mar/2026:05:19:48 -0700] "GET /wp-json/oembed/1.0/embed?url=http%3A%2F%2Falsahibalc.com%2F2026%2F01%2F26%2Foutsmart-the-farm-claim-98-payouts-a-chicken-road%2F HTTP/1.1" 200 - "http://alsahibalc.com/2026/01/26/outsmart-the-farm-claim-98-payouts-a-chicken-road/" "Mozilla/5.0 AppleWebKit/537.36 (KHTML, like Gecko; compatible; GPTBot/1.3; +https://openai.com/gptbot)"
74.7.241.15 - - [10/Mar/2026:05:19:51 -0700] "GET /wp-json/oembed/1.0/embed?url=http%3A%2F%2Falsahibalc.com%2F2026%2F01%2F28%2Fzabavte-sa-a-vyhrajte-s-rychlou-hrou-roulettino-2%2F HTTP/1.1" 200 - "http://alsahibalc.com/2026/01/28/zabavte-sa-a-vyhrajte-s-rychlou-hrou-roulettino-2/" "Mozilla/5.0 AppleWebKit/537.36 (KHTML, like Gecko; compatible; GPTBot/1.3; +https://openai.com/gptbot)"
74.7.241.15 - - [10/Mar/2026:05:19:54 -0700] "GET /wp-json/oembed/1.0/embed?url=http%3A%2F%2Falsahibalc.com%2F2026%2F02%2F20%2Fjetton-games-igrat-onlajn-kak-zapustit-sloty-27%2F HTTP/1.1" 200 - "http://alsahibalc.com/2026/02/20/jetton-games-igrat-onlajn-kak-zapustit-sloty-27/" "Mozilla/5.0 AppleWebKit/537.36 (KHTML, like Gecko; compatible; GPTBot/1.3; +https://openai.com/gptbot)"
74.7.241.15 - - [10/Mar/2026:05:19:57 -0700] "GET /wp-json/oembed/1.0/embed?url=http%3A%2F%2Falsahibalc.com%2F2026%2F01%2F26%2Fpinco-online-kazino-azrbaycanda-srtli-dnilr-v-73%2F HTTP/1.1" 200 - "http://alsahibalc.com/2026/01/26/pinco-online-kazino-azrbaycanda-srtli-dnilr-v-73/" "Mozilla/5.0 AppleWebKit/537.36 (KHTML, like Gecko; compatible; GPTBot/1.3; +https://openai.com/gptbot)"
74.7.241.15 - - [10/Mar/2026:05:20:01 -0700] "GET /wp-json/oembed/1.0/embed?url=http%3A%2F%2Falsahibalc.com%2F2026%2F02%2F18%2Ftop-sajtov-kazino-onlajn-s-bezopasnoj-igroj-27%2F HTTP/1.1" 200 - "http://alsahibalc.com/2026/02/18/top-sajtov-kazino-onlajn-s-bezopasnoj-igroj-27/" "Mozilla/5.0 AppleWebKit/537.36 (KHTML, like Gecko; compatible; GPTBot/1.3; +https://openai.com/gptbot)"
74.7.241.15 - - [10/Mar/2026:05:20:04 -0700] "GET /wp-json/oembed/1.0/embed?url=http%3A%2F%2Falsahibalc.com%2F2026%2F02%2F09%2Fforge-your-fortune-casino-games-live-sports-vip-6%2F HTTP/1.1" 200 - "http://alsahibalc.com/2026/02/09/forge-your-fortune-casino-games-live-sports-vip-6/" "Mozilla/5.0 AppleWebKit/537.36 (KHTML, like Gecko; compatible; GPTBot/1.3; +https://openai.com/gptbot)"
74.7.241.15 - - [10/Mar/2026:05:20:07 -0700] "GET /wp-json/oembed/1.0/embed?url=http%3A%2F%2Falsahibalc.com%2F2026%2F02%2F27%2Fpokerdom-vhod-kak-bystro-vosstanovit-dostup-i-34%2F HTTP/1.1" 200 - "http://alsahibalc.com/2026/02/27/pokerdom-vhod-kak-bystro-vosstanovit-dostup-i-34/" "Mozilla/5.0 AppleWebKit/537.36 (KHTML, like Gecko; compatible; GPTBot/1.3; +https://openai.com/gptbot)"
185.191.171.12 - - [10/Mar/2026:05:20:09 -0700] "GET /2026/02/11/kasino-casino-deutschland-provision-abzuglich-einzahlung-2026-no-frankierung-pramie/ HTTP/1.1" 200 - "-" "Mozilla/5.0 (compatible; SemrushBot/7~bl; +http://www.semrush.com/bot.html)"
74.7.241.15 - - [10/Mar/2026:05:20:10 -0700] "GET /wp-json/oembed/1.0/embed?url=http%3A%2F%2Falsahibalc.com%2F2026%2F01%2F28%2Fspeel-slimmer-win-groter-jouw-avontuur-bij-2%2F HTTP/1.1" 200 - "http://alsahibalc.com/2026/01/28/speel-slimmer-win-groter-jouw-avontuur-bij-2/" "Mozilla/5.0 AppleWebKit/537.36 (KHTML, like Gecko; compatible; GPTBot/1.3; +https://openai.com/gptbot)"
74.7.241.15 - - [10/Mar/2026:05:20:13 -0700] "GET /wp-json/oembed/1.0/embed?url=http%3A%2F%2Falsahibalc.com%2F2026%2F01%2F28%2Fcom-97-de-retorno-tigrinho-explode-em-premios-com%2F HTTP/1.1" 200 - "http://alsahibalc.com/2026/01/28/com-97-de-retorno-tigrinho-explode-em-premios-com/" "Mozilla/5.0 AppleWebKit/537.36 (KHTML, like Gecko; compatible; GPTBot/1.3; +https://openai.com/gptbot)"
85.208.96.210 - - [10/Mar/2026:05:20:21 -0700] "GET /2026/02/19/beyond-the-farm-master-the-thrills-of-the-chicken-6/ HTTP/1.1" 200 - "-" "Mozilla/5.0 (compatible; SemrushBot/7~bl; +http://www.semrush.com/bot.html)"
74.7.241.15 - - [10/Mar/2026:05:20:23 -0700] "GET /wp-json/oembed/1.0/embed?url=http%3A%2F%2Falsahibalc.com%2F2026%2F01%2F16%2Fwohin-sollten-omegle-nutzer-gehen-nachdem-der-24%2F HTTP/1.1" 200 - "http://alsahibalc.com/2026/01/16/wohin-sollten-omegle-nutzer-gehen-nachdem-der-24/" "Mozilla/5.0 AppleWebKit/537.36 (KHTML, like Gecko; compatible; GPTBot/1.3; +https://openai.com/gptbot)"
74.7.241.15 - - [10/Mar/2026:05:20:26 -0700] "GET /wp-json/oembed/1.0/embed?url=http%3A%2F%2Falsahibalc.com%2F2026%2F02%2F24%2Fthe-future-of-augmented-reality-in-casinos-2%2F HTTP/1.1" 200 - "http://alsahibalc.com/2026/02/24/the-future-of-augmented-reality-in-casinos-2/" "Mozilla/5.0 AppleWebKit/537.36 (KHTML, like Gecko; compatible; GPTBot/1.3; +https://openai.com/gptbot)"
52.167.144.209 - - [10/Mar/2026:05:20:30 -0700] "GET /author/user/page/74/ HTTP/1.1" 200 143515 "-" "Mozilla/5.0 AppleWebKit/537.36 (KHTML, like Gecko; compatible; bingbot/2.0; +http://www.bing.com/bingbot.htm) Chrome/116.0.1938.76 Safari/537.36"
74.7.241.15 - - [10/Mar/2026:05:20:33 -0700] "GET /wp-json/oembed/1.0/embed?url=http%3A%2F%2Falsahibalc.com%2F2026%2F01%2F25%2Fthe-evolution-of-casinos-a-journey-through-time-2%2F HTTP/1.1" 200 - "http://alsahibalc.com/2026/01/25/the-evolution-of-casinos-a-journey-through-time-2/" "Mozilla/5.0 AppleWebKit/537.36 (KHTML, like Gecko; compatible; GPTBot/1.3; +https://openai.com/gptbot)"
74.7.241.15 - - [10/Mar/2026:05:20:36 -0700] "GET /wp-json/oembed/1.0/embed?url=http%3A%2F%2Falsahibalc.com%2F2026%2F02%2F11%2Fvstupte-do-svta-napinavych-her-a-exkluzivnich-12%2F HTTP/1.1" 200 - "http://alsahibalc.com/2026/02/11/vstupte-do-svta-napinavych-her-a-exkluzivnich-12/" "Mozilla/5.0 AppleWebKit/537.36 (KHTML, like Gecko; compatible; GPTBot/1.3; +https://openai.com/gptbot)"
74.7.241.15 - - [10/Mar/2026:05:20:39 -0700] "GET /wp-json/oembed/1.0/embed?url=http%3A%2F%2Falsahibalc.com%2F2026%2F03%2F02%2Fkazino-7k-kak-ispolzovat-frispiny-i-bonusy-dlja-3%2F HTTP/1.1" 200 - "http://alsahibalc.com/2026/03/02/kazino-7k-kak-ispolzovat-frispiny-i-bonusy-dlja-3/" "Mozilla/5.0 AppleWebKit/537.36 (KHTML, like Gecko; compatible; GPTBot/1.3; +https://openai.com/gptbot)"
74.7.241.15 - - [10/Mar/2026:05:20:42 -0700] "GET /wp-json/oembed/1.0/embed?url=http%3A%2F%2Falsahibalc.com%2F2026%2F02%2F11%2Fgoldene-federn-und-hohe-gewinne-chicken-road-4%2F HTTP/1.1" 200 - "http://alsahibalc.com/2026/02/11/goldene-federn-und-hohe-gewinne-chicken-road-4/" "Mozilla/5.0 AppleWebKit/537.36 (KHTML, like Gecko; compatible; GPTBot/1.3; +https://openai.com/gptbot)"
74.7.241.15 - - [10/Mar/2026:05:20:45 -0700] "GET /wp-json/oembed/1.0/embed?url=http%3A%2F%2Falsahibalc.com%2F2026%2F02%2F09%2Ffuel-your-wins-experience-top-tier-casino-games-6%2F HTTP/1.1" 200 - "http://alsahibalc.com/2026/02/09/fuel-your-wins-experience-top-tier-casino-games-6/" "Mozilla/5.0 AppleWebKit/537.36 (KHTML, like Gecko; compatible; GPTBot/1.3; +https://openai.com/gptbot)"
74.7.241.15 - - [10/Mar/2026:05:20:48 -0700] "GET /wp-json/oembed/1.0/embed?url=http%3A%2F%2Falsahibalc.com%2F2026%2F02%2F07%2Ffortunes-revealed-play-win-explore-the-world-of-2%2F HTTP/1.1" 200 - "http://alsahibalc.com/2026/02/07/fortunes-revealed-play-win-explore-the-world-of-2/" "Mozilla/5.0 AppleWebKit/537.36 (KHTML, like Gecko; compatible; GPTBot/1.3; +https://openai.com/gptbot)"
74.7.241.15 - - [10/Mar/2026:05:20:51 -0700] "GET /wp-json/oembed/1.0/embed?url=http%3A%2F%2Falsahibalc.com%2F2026%2F03%2F02%2Fthe-evolution-of-casino-loyalty-programs-25%2F HTTP/1.1" 200 - "http://alsahibalc.com/2026/03/02/the-evolution-of-casino-loyalty-programs-25/" "Mozilla/5.0 AppleWebKit/537.36 (KHTML, like Gecko; compatible; GPTBot/1.3; +https://openai.com/gptbot)"
74.7.241.15 - - [10/Mar/2026:05:20:55 -0700] "GET /wp-json/oembed/1.0/embed?url=http%3A%2F%2Falsahibalc.com%2F2025%2F12%2F03%2Ftop-5-situacij-kogda-kurtizanka-ne-rabotaet-s%2F HTTP/1.1" 200 - "http://alsahibalc.com/2025/12/03/top-5-situacij-kogda-kurtizanka-ne-rabotaet-s/" "Mozilla/5.0 AppleWebKit/537.36 (KHTML, like Gecko; compatible; GPTBot/1.3; +https://openai.com/gptbot)"
74.7.241.15 - - [10/Mar/2026:05:20:58 -0700] "GET /wp-json/oembed/1.0/embed?url=http%3A%2F%2Falsahibalc.com%2F2026%2F01%2F13%2Fanglers-dream-come-true-explore-the-thrilling-5%2F HTTP/1.1" 200 - "http://alsahibalc.com/2026/01/13/anglers-dream-come-true-explore-the-thrilling-5/" "Mozilla/5.0 AppleWebKit/537.36 (KHTML, like Gecko; compatible; GPTBot/1.3; +https://openai.com/gptbot)"
74.7.241.15 - - [10/Mar/2026:05:21:01 -0700] "GET /wp-json/oembed/1.0/embed?url=http%3A%2F%2Falsahibalc.com%2F2026%2F02%2F26%2Flaki-world-casino-kak-ispolzovat-bonusy-dlja-35%2F HTTP/1.1" 200 - "http://alsahibalc.com/2026/02/26/laki-world-casino-kak-ispolzovat-bonusy-dlja-35/" "Mozilla/5.0 AppleWebKit/537.36 (KHTML, like Gecko; compatible; GPTBot/1.3; +https://openai.com/gptbot)"
74.7.241.15 - - [10/Mar/2026:05:21:04 -0700] "GET /wp-json/oembed/1.0/embed?url=http%3A%2F%2Falsahibalc.com%2F2026%2F02%2F18%2Fbeyond-the-blizzard-9-proven-tactics-to-dominate%2F HTTP/1.1" 200 - "http://alsahibalc.com/2026/02/18/beyond-the-blizzard-9-proven-tactics-to-dominate/" "Mozilla/5.0 AppleWebKit/537.36 (KHTML, like Gecko; compatible; GPTBot/1.3; +https://openai.com/gptbot)"
74.7.241.15 - - [10/Mar/2026:05:21:07 -0700] "GET /wp-json/oembed/1.0/embed?url=http%3A%2F%2Falsahibalc.com%2F2026%2F01%2F29%2Fkent-onlajn-kazino-silnye-i-slabye-storony-50%2F HTTP/1.1" 200 - "http://alsahibalc.com/2026/01/29/kent-onlajn-kazino-silnye-i-slabye-storony-50/" "Mozilla/5.0 AppleWebKit/537.36 (KHTML, like Gecko; compatible; GPTBot/1.3; +https://openai.com/gptbot)"
74.7.241.15 - - [10/Mar/2026:05:21:13 -0700] "GET /wp-json/oembed/1.0/embed?url=http%3A%2F%2Falsahibalc.com%2F2026%2F01%2F28%2Fjackpots-knacken-spannung-erleben-dein-weg-zum-4%2F HTTP/1.1" 200 - "http://alsahibalc.com/2026/01/28/jackpots-knacken-spannung-erleben-dein-weg-zum-4/" "Mozilla/5.0 AppleWebKit/537.36 (KHTML, like Gecko; compatible; GPTBot/1.3; +https://openai.com/gptbot)"
74.7.241.15 - - [10/Mar/2026:05:21:16 -0700] "GET /wp-json/oembed/1.0/embed?url=http%3A%2F%2Falsahibalc.com%2F2026%2F02%2F27%2Fthe-evolution-of-casino-loyalty-programs-20%2F HTTP/1.1" 200 - "http://alsahibalc.com/2026/02/27/the-evolution-of-casino-loyalty-programs-20/" "Mozilla/5.0 AppleWebKit/537.36 (KHTML, like Gecko; compatible; GPTBot/1.3; +https://openai.com/gptbot)"
74.7.241.15 - - [10/Mar/2026:05:21:23 -0700] "GET /wp-json/oembed/1.0/embed?url=http%3A%2F%2Falsahibalc.com%2F2026%2F02%2F07%2Felevate-your-play-with-ozwin-casinos-generous-13%2F HTTP/1.1" 200 - "http://alsahibalc.com/2026/02/07/elevate-your-play-with-ozwin-casinos-generous-13/" "Mozilla/5.0 AppleWebKit/537.36 (KHTML, like Gecko; compatible; GPTBot/1.3; +https://openai.com/gptbot)"
74.7.241.15 - - [10/Mar/2026:05:21:26 -0700] "GET /wp-json/oembed/1.0/embed?url=http%3A%2F%2Falsahibalc.com%2F2026%2F02%2F06%2Futlandska-casino-med-lg-insattning-och-stora-27%2F HTTP/1.1" 200 - "http://alsahibalc.com/2026/02/06/utlandska-casino-med-lg-insattning-och-stora-27/" "Mozilla/5.0 AppleWebKit/537.36 (KHTML, like Gecko; compatible; GPTBot/1.3; +https://openai.com/gptbot)"
74.7.241.15 - - [10/Mar/2026:05:21:32 -0700] "GET /wp-json/oembed/1.0/embed?url=http%3A%2F%2Falsahibalc.com%2F2026%2F01%2F28%2Ftrasforma-il-tuo-tempo-libero-in-unavventura-7%2F HTTP/1.1" 200 - "http://alsahibalc.com/2026/01/28/trasforma-il-tuo-tempo-libero-in-unavventura-7/" "Mozilla/5.0 AppleWebKit/537.36 (KHTML, like Gecko; compatible; GPTBot/1.3; +https://openai.com/gptbot)"
74.7.241.15 - - [10/Mar/2026:05:21:38 -0700] "GET /wp-json/oembed/1.0/embed?url=http%3A%2F%2Falsahibalc.com%2F2026%2F03%2F02%2Fbasarbet-casino-guncel-giri-ve-oyun-listesi-28%2F HTTP/1.1" 200 - "http://alsahibalc.com/2026/03/02/basarbet-casino-guncel-giri-ve-oyun-listesi-28/" "Mozilla/5.0 AppleWebKit/537.36 (KHTML, like Gecko; compatible; GPTBot/1.3; +https://openai.com/gptbot)"
74.7.241.15 - - [10/Mar/2026:05:21:45 -0700] "GET /wp-json/oembed/1.0/embed?url=http%3A%2F%2Falsahibalc.com%2F2026%2F02%2F06%2Fpaypal-casino-utan-svensk-licens-med-sakra-49%2F HTTP/1.1" 200 - "http://alsahibalc.com/2026/02/06/paypal-casino-utan-svensk-licens-med-sakra-49/" "Mozilla/5.0 AppleWebKit/537.36 (KHTML, like Gecko; compatible; GPTBot/1.3; +https://openai.com/gptbot)"
173.247.246.132 - - [10/Mar/2026:05:21:46 -0700] "POST /wp-cron.php?doing_wp_cron=1773145306.5642910003662109375000 HTTP/1.1" 200 - "-" "WordPress/6.6.4; http://alsahibalc.com"
152.233.4.161 - - [10/Mar/2026:05:21:45 -0700] "POST /xmlrpc.php HTTP/1.1" 200 365446 "-" "Mozilla/5.0 (Macintosh; Intel Mac OS X 10_14_6) AppleWebKit/537.36 (KHTML, like Gecko) Chrome/80.0.3987.132 Safari/537.36"
74.7.241.15 - - [10/Mar/2026:05:21:48 -0700] "GET /wp-json/oembed/1.0/embed?url=http%3A%2F%2Falsahibalc.com%2F2026%2F03%2F02%2Fbasarbet-casino-guncel-giri-ve-elenceli-oyun-26%2F HTTP/1.1" 200 - "http://alsahibalc.com/2026/03/02/basarbet-casino-guncel-giri-ve-elenceli-oyun-26/" "Mozilla/5.0 AppleWebKit/537.36 (KHTML, like Gecko; compatible; GPTBot/1.3; +https://openai.com/gptbot)"
152.233.4.161 - - [10/Mar/2026:05:21:49 -0700] "POST /xmlrpc.php HTTP/1.1" 200 180 "-" "Mozilla/5.0 (Macintosh; Intel Mac OS X 10_14_6) AppleWebKit/537.36 (KHTML, like Gecko) Chrome/80.0.3987.132 Safari/537.36"
74.7.241.15 - - [10/Mar/2026:05:21:51 -0700] "GET /wp-json/oembed/1.0/embed?url=http%3A%2F%2Falsahibalc.com%2F2026%2F02%2F10%2Felevate-your-play-explore-a-universe-of-casino-20%2F HTTP/1.1" 200 - "http://alsahibalc.com/2026/02/10/elevate-your-play-explore-a-universe-of-casino-20/" "Mozilla/5.0 AppleWebKit/537.36 (KHTML, like Gecko; compatible; GPTBot/1.3; +https://openai.com/gptbot)"
152.233.4.161 - - [10/Mar/2026:05:21:51 -0700] "POST /xmlrpc.php HTTP/1.1" 200 9262 "-" "Mozilla/5.0 (Macintosh; Intel Mac OS X 10_14_6) AppleWebKit/537.36 (KHTML, like Gecko) Chrome/80.0.3987.132 Safari/537.36"
173.247.246.132 - - [10/Mar/2026:05:21:52 -0700] "POST /wp-cron.php?doing_wp_cron=1773145312.0871019363403320312500 HTTP/1.1" 200 - "-" "WordPress/6.6.4; http://alsahibalc.com"
74.7.241.15 - - [10/Mar/2026:05:21:54 -0700] "GET /wp-json/oembed/1.0/embed?url=http%3A%2F%2Falsahibalc.com%2F2025%2F11%2F28%2Fcascading-rewards-experience-the-thrill-of-a-99%2F HTTP/1.1" 200 - "http://alsahibalc.com/2025/11/28/cascading-rewards-experience-the-thrill-of-a-99/" "Mozilla/5.0 AppleWebKit/537.36 (KHTML, like Gecko; compatible; GPTBot/1.3; +https://openai.com/gptbot)"
74.7.241.15 - - [10/Mar/2026:05:22:01 -0700] "GET /wp-json/oembed/1.0/embed?url=http%3A%2F%2Falsahibalc.com%2F2026%2F03%2F02%2Fthe-evolution-of-casino-loyalty-programs-21%2F HTTP/1.1" 200 - "http://alsahibalc.com/2026/03/02/the-evolution-of-casino-loyalty-programs-21/" "Mozilla/5.0 AppleWebKit/537.36 (KHTML, like Gecko; compatible; GPTBot/1.3; +https://openai.com/gptbot)"
74.7.241.15 - - [10/Mar/2026:05:22:04 -0700] "GET /wp-json/oembed/1.0/embed?url=http%3A%2F%2Falsahibalc.com%2F2026%2F02%2F26%2F5-deposit-gambling-enterprise-bonuses-in-the-uk%2F HTTP/1.1" 200 - "http://alsahibalc.com/2026/02/26/5-deposit-gambling-enterprise-bonuses-in-the-uk/" "Mozilla/5.0 AppleWebKit/537.36 (KHTML, like Gecko; compatible; GPTBot/1.3; +https://openai.com/gptbot)"
74.7.241.15 - - [10/Mar/2026:05:22:07 -0700] "GET /wp-json/oembed/1.0/embed?url=http%3A%2F%2Falsahibalc.com%2F2026%2F01%2F28%2Fbeyond-the-spin-elevate-your-gameplay-explore-3%2F HTTP/1.1" 200 - "http://alsahibalc.com/2026/01/28/beyond-the-spin-elevate-your-gameplay-explore-3/" "Mozilla/5.0 AppleWebKit/537.36 (KHTML, like Gecko; compatible; GPTBot/1.3; +https://openai.com/gptbot)"
74.7.241.15 - - [10/Mar/2026:05:22:10 -0700] "GET /wp-json/oembed/1.0/embed?url=http%3A%2F%2Falsahibalc.com%2F2026%2F01%2F28%2Ffortunes-favor-the-bold-explore-the-spinmama-2%2F HTTP/1.1" 200 - "http://alsahibalc.com/2026/01/28/fortunes-favor-the-bold-explore-the-spinmama-2/" "Mozilla/5.0 AppleWebKit/537.36 (KHTML, like Gecko; compatible; GPTBot/1.3; +https://openai.com/gptbot)"
74.7.241.15 - - [10/Mar/2026:05:22:13 -0700] "GET /wp-json/oembed/1.0/embed?url=http%3A%2F%2Falsahibalc.com%2F2026%2F02%2F19%2Fthe-impact-of-casino-loyalty-programs-on-player-2%2F HTTP/1.1" 200 - "http://alsahibalc.com/2026/02/19/the-impact-of-casino-loyalty-programs-on-player-2/" "Mozilla/5.0 AppleWebKit/537.36 (KHTML, like Gecko; compatible; GPTBot/1.3; +https://openai.com/gptbot)"
85.208.96.210 - - [10/Mar/2026:05:22:15 -0700] "GET /2026/02/19/voobrazite-bezgranichnye-vozmozhnosti-vyigrysha-2/ HTTP/1.1" 200 - "-" "Mozilla/5.0 (compatible; SemrushBot/7~bl; +http://www.semrush.com/bot.html)"
74.7.241.15 - - [10/Mar/2026:05:22:16 -0700] "GET /wp-json/oembed/1.0/embed?url=http%3A%2F%2Falsahibalc.com%2F2026%2F03%2F02%2F7k-kazino-oficialnyj-sajt-bezopasnyj-dostup-k-2%2F HTTP/1.1" 200 - "http://alsahibalc.com/2026/03/02/7k-kazino-oficialnyj-sajt-bezopasnyj-dostup-k-2/" "Mozilla/5.0 AppleWebKit/537.36 (KHTML, like Gecko; compatible; GPTBot/1.3; +https://openai.com/gptbot)"
74.7.241.15 - - [10/Mar/2026:05:22:19 -0700] "GET /wp-json/oembed/1.0/embed?url=http%3A%2F%2Falsahibalc.com%2F2026%2F01%2F27%2Fladrenaline-a-portee-de-clic-explorez-lunivers-8%2F HTTP/1.1" 200 - "http://alsahibalc.com/2026/01/27/ladrenaline-a-portee-de-clic-explorez-lunivers-8/" "Mozilla/5.0 AppleWebKit/537.36 (KHTML, like Gecko; compatible; GPTBot/1.3; +https://openai.com/gptbot)"
51.48.112.53 - - [10/Mar/2026:05:22:20 -0700] "POST /xmlrpc.php HTTP/1.1" 200 365446 "-" "Mozilla/5.0 (Windows NT 10.0; Win64; x64) AppleWebKit/537.36 (KHTML, like Gecko) Chrome/140.0.0.0 Safari/537.36"
74.7.241.15 - - [10/Mar/2026:05:22:22 -0700] "GET /wp-json/oembed/1.0/embed?url=http%3A%2F%2Falsahibalc.com%2F2026%2F02%2F07%2Fcorri-schiva-vinci-chicken-road-2-di-inout-games%2F HTTP/1.1" 200 - "http://alsahibalc.com/2026/02/07/corri-schiva-vinci-chicken-road-2-di-inout-games/" "Mozilla/5.0 AppleWebKit/537.36 (KHTML, like Gecko; compatible; GPTBot/1.3; +https://openai.com/gptbot)"
51.48.112.53 - - [10/Mar/2026:05:22:26 -0700] "POST /xmlrpc.php HTTP/1.1" 200 180 "-" "Mozilla/5.0 (Windows NT 10.0; Win64; x64) AppleWebKit/537.36 (KHTML, like Gecko) Chrome/140.0.0.0 Safari/537.36"
74.7.241.15 - - [10/Mar/2026:05:22:29 -0700] "GET /wp-json/oembed/1.0/embed?url=http%3A%2F%2Falsahibalc.com%2F2026%2F01%2F29%2Fchicken-road-spel-bij-online-casino-in-nederland-2691%2F HTTP/1.1" 200 - "http://alsahibalc.com/2026/01/29/chicken-road-spel-bij-online-casino-in-nederland-2691/" "Mozilla/5.0 AppleWebKit/537.36 (KHTML, like Gecko; compatible; GPTBot/1.3; +https://openai.com/gptbot)"
51.48.112.53 - - [10/Mar/2026:05:22:30 -0700] "POST /xmlrpc.php HTTP/1.1" 200 9353 "-" "Mozilla/5.0 (Windows NT 10.0; Win64; x64) AppleWebKit/537.36 (KHTML, like Gecko) Chrome/140.0.0.0 Safari/537.36"
173.247.246.132 - - [10/Mar/2026:05:22:31 -0700] "POST /wp-cron.php?doing_wp_cron=1773145351.1862809658050537109375 HTTP/1.1" 200 - "-" "WordPress/6.6.4; http://alsahibalc.com"
74.7.241.15 - - [10/Mar/2026:05:22:35 -0700] "GET /wp-json/oembed/1.0/embed?url=http%3A%2F%2Falsahibalc.com%2F2026%2F02%2F19%2Fno-deposit-on-line-casino-bonuses-2026-keller-williams%2F HTTP/1.1" 200 - "http://alsahibalc.com/2026/02/19/no-deposit-on-line-casino-bonuses-2026-keller-williams/" "Mozilla/5.0 AppleWebKit/537.36 (KHTML, like Gecko; compatible; GPTBot/1.3; +https://openai.com/gptbot)"
74.7.241.15 - - [10/Mar/2026:05:22:45 -0700] "GET /wp-json/oembed/1.0/embed?url=http%3A%2F%2Falsahibalc.com%2F2026%2F01%2F16%2Fwohin-sollten-omegle-nutzer-gehen-nachdem-der-24-2%2F HTTP/1.1" 200 - "http://alsahibalc.com/2026/01/16/wohin-sollten-omegle-nutzer-gehen-nachdem-der-24-2/" "Mozilla/5.0 AppleWebKit/537.36 (KHTML, like Gecko; compatible; GPTBot/1.3; +https://openai.com/gptbot)"
74.7.241.15 - - [10/Mar/2026:05:22:48 -0700] "GET /wp-json/oembed/1.0/embed?url=http%3A%2F%2Falsahibalc.com%2F2026%2F01%2F26%2Fplinko-spielen-sie-um-echtes-geld-online-casino-in-603%2F HTTP/1.1" 200 - "http://alsahibalc.com/2026/01/26/plinko-spielen-sie-um-echtes-geld-online-casino-in-603/" "Mozilla/5.0 AppleWebKit/537.36 (KHTML, like Gecko; compatible; GPTBot/1.3; +https://openai.com/gptbot)"
74.7.241.15 - - [10/Mar/2026:05:22:54 -0700] "GET /wp-json/oembed/1.0/embed?url=http%3A%2F%2Falsahibalc.com%2F2026%2F02%2F07%2Fdual-twist-position-enjoy-96-55-rtp-a-lot-of-xbet-max-earn%2F HTTP/1.1" 200 - "http://alsahibalc.com/2026/02/07/dual-twist-position-enjoy-96-55-rtp-a-lot-of-xbet-max-earn/" "Mozilla/5.0 AppleWebKit/537.36 (KHTML, like Gecko; compatible; GPTBot/1.3; +https://openai.com/gptbot)"
74.7.241.15 - - [10/Mar/2026:05:23:04 -0700] "GET /wp-json/oembed/1.0/embed?url=http%3A%2F%2Falsahibalc.com%2F2026%2F03%2F02%2Fangeschlossen-kasino-magic-stone-paypal-spiele-ohne-registrierung-2026-sofort-spielen%2F HTTP/1.1" 200 - "http://alsahibalc.com/2026/03/02/angeschlossen-kasino-magic-stone-paypal-spiele-ohne-registrierung-2026-sofort-spielen/" "Mozilla/5.0 AppleWebKit/537.36 (KHTML, like Gecko; compatible; GPTBot/1.3; +https://openai.com/gptbot)"
74.7.241.15 - - [10/Mar/2026:05:23:07 -0700] "GET /wp-json/oembed/1.0/embed?url=http%3A%2F%2Falsahibalc.com%2F2026%2F02%2F27%2Fkasino-freispiele-blos-bermuda-triangle-spielautomat-einzahlung-free-spins-2026%2F HTTP/1.1" 200 - "http://alsahibalc.com/2026/02/27/kasino-freispiele-blos-bermuda-triangle-spielautomat-einzahlung-free-spins-2026/" "Mozilla/5.0 AppleWebKit/537.36 (KHTML, like Gecko; compatible; GPTBot/1.3; +https://openai.com/gptbot)"
74.7.241.15 - - [10/Mar/2026:05:23:13 -0700] "GET /wp-json/oembed/1.0/embed?url=http%3A%2F%2Falsahibalc.com%2F2026%2F02%2F11%2Fangeschlossen-casinos-casino-betway-100-kostenlose-spins-qua-freispielen%2F HTTP/1.1" 200 - "http://alsahibalc.com/2026/02/11/angeschlossen-casinos-casino-betway-100-kostenlose-spins-qua-freispielen/" "Mozilla/5.0 AppleWebKit/537.36 (KHTML, like Gecko; compatible; GPTBot/1.3; +https://openai.com/gptbot)"
85.208.96.208 - - [10/Mar/2026:05:23:16 -0700] "GET /2026/01/30/glory-casino-login2600/ HTTP/1.1" 200 - "-" "Mozilla/5.0 (compatible; SemrushBot/7~bl; +http://www.semrush.com/bot.html)"
74.7.241.15 - - [10/Mar/2026:05:23:16 -0700] "GET /wp-json/wp/v2/posts/1 HTTP/1.1" 200 - "http://alsahibalc.com/2018/01/22/hello-world/" "Mozilla/5.0 AppleWebKit/537.36 (KHTML, like Gecko; compatible; GPTBot/1.3; +https://openai.com/gptbot)"
85.208.96.196 - - [10/Mar/2026:05:23:20 -0700] "GET /2026/02/12/santastic-harbors-comment-larger-victories-paypal-online-casino-getaway-bonuses/ HTTP/1.1" 200 - "-" "Mozilla/5.0 (compatible; SemrushBot/7~bl; +http://www.semrush.com/bot.html)"
74.7.241.15 - - [10/Mar/2026:05:23:23 -0700] "GET /wp-json/oembed/1.0/embed?url=http%3A%2F%2Falsahibalc.com%2F2026%2F01%2F27%2Fbeyond-the-bonuses-experience-the-thrill-of-online-2%2F HTTP/1.1" 200 - "http://alsahibalc.com/2026/01/27/beyond-the-bonuses-experience-the-thrill-of-online-2/" "Mozilla/5.0 AppleWebKit/537.36 (KHTML, like Gecko; compatible; GPTBot/1.3; +https://openai.com/gptbot)"
185.191.171.2 - - [10/Mar/2026:05:23:23 -0700] "GET /2026/01/14/the-impact-of-artificial-intelligence-on-casino-735/ HTTP/1.1" 200 - "-" "Mozilla/5.0 (compatible; SemrushBot/7~bl; +http://www.semrush.com/bot.html)"
74.7.241.15 - - [10/Mar/2026:05:23:33 -0700] "GET /wp-json/oembed/1.0/embed?url=http%3A%2F%2Falsahibalc.com%2F2026%2F02%2F11%2Ffeathered-fortune-awaits-master-the-challenges-of-2-2%2F HTTP/1.1" 200 - "http://alsahibalc.com/2026/02/11/feathered-fortune-awaits-master-the-challenges-of-2-2/" "Mozilla/5.0 AppleWebKit/537.36 (KHTML, like Gecko; compatible; GPTBot/1.3; +https://openai.com/gptbot)"
85.208.96.194 - - [10/Mar/2026:05:23:37 -0700] "GET /2026/02/10/enchanting-fortunes-await-seamless-access-with/ HTTP/1.1" 200 - "-" "Mozilla/5.0 (compatible; SemrushBot/7~bl; +http://www.semrush.com/bot.html)"
74.7.241.15 - - [10/Mar/2026:05:23:42 -0700] "GET /wp-json/oembed/1.0/embed?url=http%3A%2F%2Falsahibalc.com%2F2026%2F01%2F06%2Fcome-identificare-i-piu-affidabili-siti-non-aams-31%2F HTTP/1.1" 200 - "http://alsahibalc.com/2026/01/06/come-identificare-i-piu-affidabili-siti-non-aams-31/" "Mozilla/5.0 AppleWebKit/537.36 (KHTML, like Gecko; compatible; GPTBot/1.3; +https://openai.com/gptbot)"
74.7.241.15 - - [10/Mar/2026:05:23:52 -0700] "GET /wp-json/oembed/1.0/embed?url=http%3A%2F%2Falsahibalc.com%2F2026%2F02%2F19%2Fthe-impact-of-artificial-intelligence-on-casino-2-2%2F HTTP/1.1" 200 - "http://alsahibalc.com/2026/02/19/the-impact-of-artificial-intelligence-on-casino-2-2/" "Mozilla/5.0 AppleWebKit/537.36 (KHTML, like Gecko; compatible; GPTBot/1.3; +https://openai.com/gptbot)"
85.208.96.209 - - [10/Mar/2026:05:23:55 -0700] "GET /2026/01/31/mostbet-az-bukmeker-ve-kazino-mostbet-giri-rsmi-480/ HTTP/1.1" 200 - "-" "Mozilla/5.0 (compatible; SemrushBot/7~bl; +http://www.semrush.com/bot.html)"
