173.247.246.132 - - [10/Mar/2026:06:43:27 -0700] "POST /wp-cron.php?doing_wp_cron=1773150207.1819169521331787109375 HTTP/1.1" 200 - "-" "WordPress/6.6.4; http://alsahibalc.com"
15.220.64.97 - - [10/Mar/2026:06:43:25 -0700] "POST /xmlrpc.php HTTP/1.1" 200 366840 "-" "Mozilla/5.0 (Macintosh; Intel Mac OS X 12_5) AppleWebKit/537.36 (KHTML, like Gecko) Chrome/114.0.0.0 Safari/537.36 OPR/89.0.4447.51"
85.208.96.212 - - [10/Mar/2026:06:43:33 -0700] "GET /2026/01/30/gama-casino-online-oficialnyj-sajt-vhod-i-zerkalo-267/ HTTP/1.1" 404 236 "-" "Mozilla/5.0 (compatible; SemrushBot/7~bl; +http://www.semrush.com/bot.html)"
15.220.64.97 - - [10/Mar/2026:06:43:31 -0700] "POST /xmlrpc.php HTTP/1.1" 200 180 "-" "Mozilla/5.0 (Macintosh; Intel Mac OS X 12_5) AppleWebKit/537.36 (KHTML, like Gecko) Chrome/114.0.0.0 Safari/537.36 OPR/89.0.4447.51"
74.7.241.15 - - [10/Mar/2026:06:43:33 -0700] "GET /wp-json/oembed/1.0/embed?url=http%3A%2F%2Falsahibalc.com%2F2025%2F07%2F10%2Fmostbet-az-bukmeker-ve-kazino-mostbet-giri-rsmi-1815%2F HTTP/1.1" 404 236 "http://alsahibalc.com/2025/07/10/mostbet-az-bukmeker-ve-kazino-mostbet-giri-rsmi-1815/" "Mozilla/5.0 AppleWebKit/537.36 (KHTML, like Gecko; compatible; GPTBot/1.3; +https://openai.com/gptbot)"
173.247.246.132 - - [10/Mar/2026:06:43:35 -0700] "POST /wp-cron.php?doing_wp_cron=1773150215.5831060409545898437500 HTTP/1.1" 200 - "-" "WordPress/6.6.4; http://alsahibalc.com"
15.220.64.97 - - [10/Mar/2026:06:43:34 -0700] "POST /xmlrpc.php HTTP/1.1" 200 16071 "-" "Mozilla/5.0 (Macintosh; Intel Mac OS X 12_5) AppleWebKit/537.36 (KHTML, like Gecko) Chrome/114.0.0.0 Safari/537.36 OPR/89.0.4447.51"
74.7.241.15 - - [10/Mar/2026:06:43:52 -0700] "GET /wp-json/oembed/1.0/embed?url=http%3A%2F%2Falsahibalc.com%2F2026%2F02%2F02%2Fjetton-igrat-bezopasnye-sposoby-vhoda-i-dostup-k-7%2F HTTP/1.1" 404 236 "http://alsahibalc.com/2026/02/02/jetton-igrat-bezopasnye-sposoby-vhoda-i-dostup-k-7/" "Mozilla/5.0 AppleWebKit/537.36 (KHTML, like Gecko; compatible; GPTBot/1.3; +https://openai.com/gptbot)"
74.7.241.15 - - [10/Mar/2026:06:44:01 -0700] "GET /wp-json/oembed/1.0/embed?url=http%3A%2F%2Falsahibalc.com%2F2026%2F01%2F22%2Fmostbet-az-bukmeker-ve-kazino-mostbet-giri-rsmi-27%2F HTTP/1.1" 404 236 "http://alsahibalc.com/2026/01/22/mostbet-az-bukmeker-ve-kazino-mostbet-giri-rsmi-27/" "Mozilla/5.0 AppleWebKit/537.36 (KHTML, like Gecko; compatible; GPTBot/1.3; +https://openai.com/gptbot)"
74.7.241.15 - - [10/Mar/2026:06:44:11 -0700] "GET /wp-json/oembed/1.0/embed?url=http%3A%2F%2Falsahibalc.com%2F2026%2F01%2F20%2F%25d0%25ba%25d0%25b0%25d0%25b7%25d0%25b8%25d0%25bd%25d0%25be-%25d0%25b8%25d0%25b3%25d1%2580%25d0%25b0%25d1%2582%25d1%258c-%25d0%25b2-%25d0%25be%25d0%25bd%25d0%25bb%25d0%25b0%25d0%25b9%25d0%25bd-pin-up-casino-%25d0%25be%25d1%2584%25d0%25b8%25d1%2586%25d0%25b8%25d0%25b0%25d0%25bb%25d1%258c%25d0%25bd%25d1%258b-2%2F HTTP/1.1" 404 236 "http://alsahibalc.com/2026/01/20/%d0%ba%d0%b0%d0%b7%d0%b8%d0%bd%d0%be-%d0%b8%d0%b3%d1%80%d0%b0%d1%82%d1%8c-%d0%b2-%d0%be%d0%bd%d0%bb%d0%b0%d0%b9%d0%bd-pin-up-casino-%d0%be%d1%84%d0%b8%d1%86%d0%b8%d0%b0%d0%bb%d1%8c%d0%bd%d1%8b-2/" "Mozilla/5.0 AppleWebKit/537.36 (KHTML, like Gecko; compatible; GPTBot/1.3; +https://openai.com/gptbot)"
51.161.65.149 - - [10/Mar/2026:06:44:14 -0700] "GET /wp-includes/js/?C=M;O=A HTTP/1.1" 200 21121 "-" "Mozilla/5.0 (compatible; AhrefsBot/7.0; +http://ahrefs.com/robot/)"
74.7.241.15 - - [10/Mar/2026:06:44:30 -0700] "GET /wp-json/oembed/1.0/embed?format=xml&url=http%3A%2F%2Falsahibalc.com%2F2025%2F03%2F24%2Fkasinoautomaattien-innovaatioiden-nama-paivittaiset-tulivat-esiin-vuorovaikutteisissa-pelimaailmoissa%2F HTTP/1.1" 404 236 "http://alsahibalc.com/2025/03/24/kasinoautomaattien-innovaatioiden-nama-paivittaiset-tulivat-esiin-vuorovaikutteisissa-pelimaailmoissa/" "Mozilla/5.0 AppleWebKit/537.36 (KHTML, like Gecko; compatible; GPTBot/1.3; +https://openai.com/gptbot)"
74.7.241.15 - - [10/Mar/2026:06:44:40 -0700] "GET /wp-json/oembed/1.0/embed?url=http%3A%2F%2Falsahibalc.com%2F2026%2F02%2F28%2Ferreichbar-herr-bet-telegram-bonus-kasino-kollation-52-casinoanbieter-im-untersuchung-2026%2F HTTP/1.1" 404 236 "http://alsahibalc.com/2026/02/28/erreichbar-herr-bet-telegram-bonus-kasino-kollation-52-casinoanbieter-im-untersuchung-2026/" "Mozilla/5.0 AppleWebKit/537.36 (KHTML, like Gecko; compatible; GPTBot/1.3; +https://openai.com/gptbot)"
74.7.241.15 - - [10/Mar/2026:06:44:50 -0700] "GET /wp-json/oembed/1.0/embed?url=http%3A%2F%2Falsahibalc.com%2F2026%2F02%2F26%2Fgangbar-spielsaal-spiele-%25ef%25bf%25bd-ebendiese-umfangreiche-gesamtheit-ihr-spielcasinos%2F HTTP/1.1" 404 236 "http://alsahibalc.com/2026/02/26/gangbar-spielsaal-spiele-%ef%bf%bd-ebendiese-umfangreiche-gesamtheit-ihr-spielcasinos/" "Mozilla/5.0 AppleWebKit/537.36 (KHTML, like Gecko; compatible; GPTBot/1.3; +https://openai.com/gptbot)"
85.208.96.195 - - [10/Mar/2026:06:44:55 -0700] "GET /2026/02/14/greatest-playing-software-better-cellular-gambling-enterprises-sportsbooks-2025-inform/ HTTP/1.1" 404 236 "-" "Mozilla/5.0 (compatible; SemrushBot/7~bl; +http://www.semrush.com/bot.html)"
74.7.241.15 - - [10/Mar/2026:06:44:59 -0700] "GET /wp-json/oembed/1.0/embed?url=http%3A%2F%2Falsahibalc.com%2F2026%2F02%2F27%2Fseriose-angeschlossen-casinos-die-besten-diskretesten-anbieter-2026%2F HTTP/1.1" 404 236 "http://alsahibalc.com/2026/02/27/seriose-angeschlossen-casinos-die-besten-diskretesten-anbieter-2026/" "Mozilla/5.0 AppleWebKit/537.36 (KHTML, like Gecko; compatible; GPTBot/1.3; +https://openai.com/gptbot)"
185.191.171.13 - - [10/Mar/2026:06:45:01 -0700] "GET /2026/02/26/%E0%B8%9A%E0%B8%A3%E0%B8%B4%E0%B8%A9%E0%B8%B1%E0%B8%97-%E0%B8%9F%E0%B8%B2%E0%B8%A3%E0%B9%8C%E0%B8%A1%E0%B8%9C%E0%B8%B6%E0%B9%89%E0%B8%87%E0%B8%AA%E0%B8%B2%E0%B8%A2%E0%B8%B1%E0%B8%93%E0%B8%AB%E0%B9%8C/ HTTP/1.1" 404 236 "-" "Mozilla/5.0 (compatible; SemrushBot/7~bl; +http://www.semrush.com/bot.html)"
74.7.241.15 - - [10/Mar/2026:06:45:09 -0700] "GET /wp-json/oembed/1.0/embed?url=http%3A%2F%2Falsahibalc.com%2F2026%2F02%2F26%2Ftraktandum-10-seriose-angeschlossen-casinos-spielotheken-in-teutonia-2026%2F HTTP/1.1" 404 236 "http://alsahibalc.com/2026/02/26/traktandum-10-seriose-angeschlossen-casinos-spielotheken-in-teutonia-2026/" "Mozilla/5.0 AppleWebKit/537.36 (KHTML, like Gecko; compatible; GPTBot/1.3; +https://openai.com/gptbot)"
74.7.241.15 - - [10/Mar/2026:06:45:19 -0700] "GET /wp-json/oembed/1.0/embed?url=http%3A%2F%2Falsahibalc.com%2F2026%2F02%2F20%2Fbeste-mobile-casinos-casino-ucobet-echtgeld-natel-casino-spiele%2F HTTP/1.1" 404 236 "http://alsahibalc.com/2026/02/20/beste-mobile-casinos-casino-ucobet-echtgeld-natel-casino-spiele/" "Mozilla/5.0 AppleWebKit/537.36 (KHTML, like Gecko; compatible; GPTBot/1.3; +https://openai.com/gptbot)"
142.44.220.46 - - [10/Mar/2026:06:45:26 -0700] "GET /wp-includes/js/?C=D;O=A HTTP/1.1" 200 21121 "-" "Mozilla/5.0 (compatible; AhrefsBot/7.0; +http://ahrefs.com/robot/)"
74.7.241.15 - - [10/Mar/2026:06:45:28 -0700] "GET /wp-json/oembed/1.0/embed?url=http%3A%2F%2Falsahibalc.com%2F2025%2F12%2F02%2Fdiferencias-entre-las-versiones-de-juegos-en-viphive-casino%2F HTTP/1.1" 404 236 "http://alsahibalc.com/2025/12/02/diferencias-entre-las-versiones-de-juegos-en-viphive-casino/" "Mozilla/5.0 AppleWebKit/537.36 (KHTML, like Gecko; compatible; GPTBot/1.3; +https://openai.com/gptbot)"
74.7.241.15 - - [10/Mar/2026:06:45:37 -0700] "GET /wp-json/oembed/1.0/embed?url=http%3A%2F%2Falsahibalc.com%2F2026%2F02%2F09%2Fpokerok-klient-skachat-i-nachat-igrat-pokerok%2F HTTP/1.1" 404 236 "http://alsahibalc.com/2026/02/09/pokerok-klient-skachat-i-nachat-igrat-pokerok/" "Mozilla/5.0 AppleWebKit/537.36 (KHTML, like Gecko; compatible; GPTBot/1.3; +https://openai.com/gptbot)"
85.208.96.210 - - [10/Mar/2026:06:45:50 -0700] "GET /2026/02/12/pouite-svoju-ancu-na-veke-vyhry-chicken-road/ HTTP/1.1" 404 236 "-" "Mozilla/5.0 (compatible; SemrushBot/7~bl; +http://www.semrush.com/bot.html)"
74.7.241.15 - - [10/Mar/2026:06:45:56 -0700] "GET /wp-json/oembed/1.0/embed?url=http%3A%2F%2Falsahibalc.com%2F2026%2F02%2F19%2Fmystery-wiktionary-the-brand-new-free-dictionary%2F HTTP/1.1" 404 236 "http://alsahibalc.com/2026/02/19/mystery-wiktionary-the-brand-new-free-dictionary/" "Mozilla/5.0 AppleWebKit/537.36 (KHTML, like Gecko; compatible; GPTBot/1.3; +https://openai.com/gptbot)"
74.7.241.15 - - [10/Mar/2026:06:46:05 -0700] "GET /wp-json/oembed/1.0/embed?url=http%3A%2F%2Falsahibalc.com%2F2026%2F02%2F25%2Fscore-150-totally-free-revolves-no-deposit-inside-canada-2026%2F HTTP/1.1" 404 236 "http://alsahibalc.com/2026/02/25/score-150-totally-free-revolves-no-deposit-inside-canada-2026/" "Mozilla/5.0 AppleWebKit/537.36 (KHTML, like Gecko; compatible; GPTBot/1.3; +https://openai.com/gptbot)"
74.7.241.15 - - [10/Mar/2026:06:46:15 -0700] "GET /wp-json/oembed/1.0/embed?format=xml&url=http%3A%2F%2Falsahibalc.com%2F2025%2F06%2F15%2Fexereunese-enan-kosmo-se-khiliades-epiloges-me-sunarpastika-tournoua-sto-savaspin-online-kazino%2F HTTP/1.1" 404 236 "http://alsahibalc.com/2025/06/15/exereunese-enan-kosmo-se-khiliades-epiloges-me-sunarpastika-tournoua-sto-savaspin-online-kazino/" "Mozilla/5.0 AppleWebKit/537.36 (KHTML, like Gecko; compatible; GPTBot/1.3; +https://openai.com/gptbot)"
74.7.241.15 - - [10/Mar/2026:06:46:25 -0700] "GET /wp-json/oembed/1.0/embed?url=http%3A%2F%2Falsahibalc.com%2F2026%2F02%2F03%2Funderstanding-stress-testing-for-cloud-2%2F HTTP/1.1" 404 236 "http://alsahibalc.com/2026/02/03/understanding-stress-testing-for-cloud-2/" "Mozilla/5.0 AppleWebKit/537.36 (KHTML, like Gecko; compatible; GPTBot/1.3; +https://openai.com/gptbot)"
85.208.96.195 - - [10/Mar/2026:06:46:29 -0700] "GET /2026/02/17/state-by-condition-2026-aca-courses/ HTTP/1.1" 404 236 "-" "Mozilla/5.0 (compatible; SemrushBot/7~bl; +http://www.semrush.com/bot.html)"
85.208.96.210 - - [10/Mar/2026:06:46:33 -0700] "GET /2026/02/15/chicken-road-online-casino-slot-offering-wild-189/ HTTP/1.1" 404 236 "-" "Mozilla/5.0 (compatible; SemrushBot/7~bl; +http://www.semrush.com/bot.html)"
74.7.241.15 - - [10/Mar/2026:06:46:34 -0700] "GET /wp-json/oembed/1.0/embed?url=http%3A%2F%2Falsahibalc.com%2F2026%2F02%2F20%2Fcasino-oyunlarnda-baar-cin-stratejiler-2%2F HTTP/1.1" 404 236 "http://alsahibalc.com/2026/02/20/casino-oyunlarnda-baar-cin-stratejiler-2/" "Mozilla/5.0 AppleWebKit/537.36 (KHTML, like Gecko; compatible; GPTBot/1.3; +https://openai.com/gptbot)"
185.191.171.14 - - [10/Mar/2026:06:46:41 -0700] "GET /2026/01/31/mastering-modern-slot-strategies-an-in-depth-analysis-of-both-ways-wins-in-online-slot-games/ HTTP/1.1" 404 236 "-" "Mozilla/5.0 (compatible; SemrushBot/7~bl; +http://www.semrush.com/bot.html)"
54.39.210.65 - - [10/Mar/2026:06:46:42 -0700] "GET /wp-includes/js/?C=S;O=A HTTP/1.1" 200 21121 "-" "Mozilla/5.0 (compatible; AhrefsBot/7.0; +http://ahrefs.com/robot/)"
74.7.241.15 - - [10/Mar/2026:06:46:43 -0700] "GET /wp-json/oembed/1.0/embed?url=http%3A%2F%2Falsahibalc.com%2F2026%2F01%2F21%2Femozioni-forti-e-vincite-incredibili-20bet%2F HTTP/1.1" 404 236 "http://alsahibalc.com/2026/01/21/emozioni-forti-e-vincite-incredibili-20bet/" "Mozilla/5.0 AppleWebKit/537.36 (KHTML, like Gecko; compatible; GPTBot/1.3; +https://openai.com/gptbot)"
74.7.241.15 - - [10/Mar/2026:06:46:52 -0700] "GET /wp-json/oembed/1.0/embed?url=http%3A%2F%2Falsahibalc.com%2F2026%2F02%2F25%2F15-better-web-based-casinos-the-real-deal-money-january-2026%2F HTTP/1.1" 404 236 "http://alsahibalc.com/2026/02/25/15-better-web-based-casinos-the-real-deal-money-january-2026/" "Mozilla/5.0 AppleWebKit/537.36 (KHTML, like Gecko; compatible; GPTBot/1.3; +https://openai.com/gptbot)"
74.7.241.15 - - [10/Mar/2026:06:47:11 -0700] "GET /wp-json/oembed/1.0/embed?url=http%3A%2F%2Falsahibalc.com%2F2026%2F01%2F22%2Ftestosterone-propionate-100-w-kulturystyce%2F HTTP/1.1" 404 236 "http://alsahibalc.com/2026/01/22/testosterone-propionate-100-w-kulturystyce/" "Mozilla/5.0 AppleWebKit/537.36 (KHTML, like Gecko; compatible; GPTBot/1.3; +https://openai.com/gptbot)"
74.7.241.15 - - [10/Mar/2026:06:47:20 -0700] "GET /wp-json/oembed/1.0/embed?url=http%3A%2F%2Falsahibalc.com%2F2026%2F01%2F20%2Fvolle-spannung-clevere-wetten-sportwetten-online%2F HTTP/1.1" 404 236 "http://alsahibalc.com/2026/01/20/volle-spannung-clevere-wetten-sportwetten-online/" "Mozilla/5.0 AppleWebKit/537.36 (KHTML, like Gecko; compatible; GPTBot/1.3; +https://openai.com/gptbot)"
85.208.96.193 - - [10/Mar/2026:06:47:20 -0700] "GET /2026/02/19/angeschlossen-vortragen-within-wunderino-ihr-exklusiver-zugang-wunderino-de/ HTTP/1.1" 404 236 "-" "Mozilla/5.0 (compatible; SemrushBot/7~bl; +http://www.semrush.com/bot.html)"
185.191.171.15 - - [10/Mar/2026:06:47:24 -0700] "GET /2026/01/30/casibom-casino-gvenilir-online-casino-giri-adresi-574/ HTTP/1.1" 404 236 "-" "Mozilla/5.0 (compatible; SemrushBot/7~bl; +http://www.semrush.com/bot.html)"
74.7.241.15 - - [10/Mar/2026:06:47:30 -0700] "GET /wp-json/oembed/1.0/embed?url=http%3A%2F%2Falsahibalc.com%2F2026%2F01%2F22%2Ffantastische-suikerbonanza-speel-de-sweet-bonanza%2F HTTP/1.1" 404 236 "http://alsahibalc.com/2026/01/22/fantastische-suikerbonanza-speel-de-sweet-bonanza/" "Mozilla/5.0 AppleWebKit/537.36 (KHTML, like Gecko; compatible; GPTBot/1.3; +https://openai.com/gptbot)"
74.7.241.15 - - [10/Mar/2026:06:47:39 -0700] "GET /wp-json/oembed/1.0/embed?url=http%3A%2F%2Falsahibalc.com%2F2025%2F06%2F15%2Fcasinoways-casino-a-guide-to-game-odds-and-payouts%2F HTTP/1.1" 404 236 "http://alsahibalc.com/2025/06/15/casinoways-casino-a-guide-to-game-odds-and-payouts/" "Mozilla/5.0 AppleWebKit/537.36 (KHTML, like Gecko; compatible; GPTBot/1.3; +https://openai.com/gptbot)"
74.7.241.15 - - [10/Mar/2026:06:47:49 -0700] "GET /wp-json/oembed/1.0/embed?url=http%3A%2F%2Falsahibalc.com%2F2026%2F02%2F07%2Ftonybet-casino-register-added-bonus-canada-january-2026-score-a-thousand-champions-of-rome-slot-100-100-percent-free-spins%2F HTTP/1.1" 404 236 "http://alsahibalc.com/2026/02/07/tonybet-casino-register-added-bonus-canada-january-2026-score-a-thousand-champions-of-rome-slot-100-100-percent-free-spins/" "Mozilla/5.0 AppleWebKit/537.36 (KHTML, like Gecko; compatible; GPTBot/1.3; +https://openai.com/gptbot)"
142.44.220.177 - - [10/Mar/2026:06:47:49 -0700] "GET /wp-includes/js/tinymce/skins/wordpress/ HTTP/1.1" 200 1087 "-" "Mozilla/5.0 (compatible; AhrefsBot/7.0; +http://ahrefs.com/robot/)"
74.7.241.15 - - [10/Mar/2026:06:48:07 -0700] "GET /wp-json/oembed/1.0/embed?url=http%3A%2F%2Falsahibalc.com%2F2025%2F07%2F05%2Fmundo-slots-monedas-infinitas-2026%2F HTTP/1.1" 404 236 "http://alsahibalc.com/2025/07/05/mundo-slots-monedas-infinitas-2026/" "Mozilla/5.0 AppleWebKit/537.36 (KHTML, like Gecko; compatible; GPTBot/1.3; +https://openai.com/gptbot)"
74.7.241.15 - - [10/Mar/2026:06:48:17 -0700] "GET /wp-json/oembed/1.0/embed?url=http%3A%2F%2Falsahibalc.com%2F2026%2F02%2F10%2Fcrazy-time-history-75%2F HTTP/1.1" 404 236 "http://alsahibalc.com/2026/02/10/crazy-time-history-75/" "Mozilla/5.0 AppleWebKit/537.36 (KHTML, like Gecko; compatible; GPTBot/1.3; +https://openai.com/gptbot)"
74.7.241.15 - - [10/Mar/2026:06:48:26 -0700] "GET /wp-json/oembed/1.0/embed?url=http%3A%2F%2Falsahibalc.com%2F2026%2F01%2F29%2F5-prawidlowych-w-keno%2F HTTP/1.1" 404 236 "http://alsahibalc.com/2026/01/29/5-prawidlowych-w-keno/" "Mozilla/5.0 AppleWebKit/537.36 (KHTML, like Gecko; compatible; GPTBot/1.3; +https://openai.com/gptbot)"
185.191.171.13 - - [10/Mar/2026:06:48:36 -0700] "GET /2026/02/11/beste-verbunden-cryptoleo-login-pc-casinos-in-brd-2026-unsere-traktandum-10/ HTTP/1.1" 404 236 "-" "Mozilla/5.0 (compatible; SemrushBot/7~bl; +http://www.semrush.com/bot.html)"
74.7.241.15 - - [10/Mar/2026:06:48:36 -0700] "GET /wp-json/oembed/1.0/embed?url=http%3A%2F%2Falsahibalc.com%2F2026%2F02%2F11%2Ffreispiele-blos-einzahlung-2026-spielautomaten-as-part-of-pharaos-riches-kostenlos-download-slot-brd-auffuhren%2F HTTP/1.1" 404 236 "http://alsahibalc.com/2026/02/11/freispiele-blos-einzahlung-2026-spielautomaten-as-part-of-pharaos-riches-kostenlos-download-slot-brd-auffuhren/" "Mozilla/5.0 AppleWebKit/537.36 (KHTML, like Gecko; compatible; GPTBot/1.3; +https://openai.com/gptbot)"
51.161.37.6 - - [10/Mar/2026:06:48:45 -0700] "GET /wp-includes/js/plupload/ HTTP/1.1" 200 2313 "-" "Mozilla/5.0 (compatible; AhrefsBot/7.0; +http://ahrefs.com/robot/)"
74.7.241.15 - - [10/Mar/2026:06:48:46 -0700] "GET /wp-json/oembed/1.0/embed?url=http%3A%2F%2Falsahibalc.com%2F2026%2F02%2F19%2Fvoobrazite-bezgranichnye-vozmozhnosti-vyigrysha-2%2F HTTP/1.1" 404 236 "http://alsahibalc.com/2026/02/19/voobrazite-bezgranichnye-vozmozhnosti-vyigrysha-2/" "Mozilla/5.0 AppleWebKit/537.36 (KHTML, like Gecko; compatible; GPTBot/1.3; +https://openai.com/gptbot)"
85.208.96.211 - - [10/Mar/2026:06:48:50 -0700] "GET /2026/02/17/salle-de-jeu-un-tantinet-bienveillant-nos-autres-supports-de-credits-diction-approbation/ HTTP/1.1" 404 236 "-" "Mozilla/5.0 (compatible; SemrushBot/7~bl; +http://www.semrush.com/bot.html)"
74.7.241.15 - - [10/Mar/2026:06:48:56 -0700] "GET /wp-json/oembed/1.0/embed?url=http%3A%2F%2Falsahibalc.com%2F2026%2F03%2F02%2Fbook-of-ra-casino-freispiele-2024%2F HTTP/1.1" 404 236 "http://alsahibalc.com/2026/03/02/book-of-ra-casino-freispiele-2024/" "Mozilla/5.0 AppleWebKit/537.36 (KHTML, like Gecko; compatible; GPTBot/1.3; +https://openai.com/gptbot)"
74.7.241.15 - - [10/Mar/2026:06:49:05 -0700] "GET /wp-json/oembed/1.0/embed?format=xml&url=http%3A%2F%2Falsahibalc.com%2F2026%2F01%2F21%2Frivelati-i-segreti-del-successo-strategie-vincenti-per-dominare-chicken-road-e-trasformare-il-tuo-te%2F HTTP/1.1" 404 236 "http://alsahibalc.com/2026/01/21/rivelati-i-segreti-del-successo-strategie-vincenti-per-dominare-chicken-road-e-trasformare-il-tuo-te/" "Mozilla/5.0 AppleWebKit/537.36 (KHTML, like Gecko; compatible; GPTBot/1.3; +https://openai.com/gptbot)"
74.7.241.15 - - [10/Mar/2026:06:49:15 -0700] "GET /wp-json/oembed/1.0/embed?format=xml&url=http%3A%2F%2Falsahibalc.com%2F2026%2F02%2F10%2Fatto-si-rischia-per-puntare-sui-siti-non-aams-faq-casino-online-senza-deposito-hitnspin-cosi-aams%2F HTTP/1.1" 404 236 "http://alsahibalc.com/2026/02/10/atto-si-rischia-per-puntare-sui-siti-non-aams-faq-casino-online-senza-deposito-hitnspin-cosi-aams/" "Mozilla/5.0 AppleWebKit/537.36 (KHTML, like Gecko; compatible; GPTBot/1.3; +https://openai.com/gptbot)"
74.7.241.15 - - [10/Mar/2026:06:49:24 -0700] "GET /wp-json/oembed/1.0/embed?url=http%3A%2F%2Falsahibalc.com%2F2026%2F01%2F21%2Fa-emocao-do-jogo-elevada-a-um-novo-nivel-twin-9%2F HTTP/1.1" 404 236 "http://alsahibalc.com/2026/01/21/a-emocao-do-jogo-elevada-a-um-novo-nivel-twin-9/" "Mozilla/5.0 AppleWebKit/537.36 (KHTML, like Gecko; compatible; GPTBot/1.3; +https://openai.com/gptbot)"
74.7.241.15 - - [10/Mar/2026:06:49:34 -0700] "GET /wp-json/oembed/1.0/embed?url=http%3A%2F%2Falsahibalc.com%2F2025%2F12%2F02%2Fthe-rise-of-live-dealer-casinos-a-new-era-in-12%2F HTTP/1.1" 404 236 "http://alsahibalc.com/2025/12/02/the-rise-of-live-dealer-casinos-a-new-era-in-12/" "Mozilla/5.0 AppleWebKit/537.36 (KHTML, like Gecko; compatible; GPTBot/1.3; +https://openai.com/gptbot)"
142.44.220.81 - - [10/Mar/2026:06:49:40 -0700] "GET /category/post/page/38/ HTTP/1.1" 404 236 "-" "Mozilla/5.0 (compatible; AhrefsBot/7.0; +http://ahrefs.com/robot/)"
74.7.241.15 - - [10/Mar/2026:06:49:43 -0700] "GET /wp-json/oembed/1.0/embed?url=http%3A%2F%2Falsahibalc.com%2F2025%2F06%2F16%2Fthe-rise-of-live-dealer-casinos-a-new-era-in-6-2%2F HTTP/1.1" 404 236 "http://alsahibalc.com/2025/06/16/the-rise-of-live-dealer-casinos-a-new-era-in-6-2/" "Mozilla/5.0 AppleWebKit/537.36 (KHTML, like Gecko; compatible; GPTBot/1.3; +https://openai.com/gptbot)"
74.7.241.15 - - [10/Mar/2026:06:49:52 -0700] "GET /wp-json/oembed/1.0/embed?url=http%3A%2F%2Falsahibalc.com%2F2026%2F02%2F07%2Fallaccia-il-becco-e-corri-chicken-road-2%2F HTTP/1.1" 404 236 "http://alsahibalc.com/2026/02/07/allaccia-il-becco-e-corri-chicken-road-2/" "Mozilla/5.0 AppleWebKit/537.36 (KHTML, like Gecko; compatible; GPTBot/1.3; +https://openai.com/gptbot)"
74.7.241.15 - - [10/Mar/2026:06:50:02 -0700] "GET /wp-json/oembed/1.0/embed?url=http%3A%2F%2Falsahibalc.com%2F2026%2F01%2F07%2Fi-top-casino-non-aams-con-bonus-elevati-e-55%2F HTTP/1.1" 404 236 "http://alsahibalc.com/2026/01/07/i-top-casino-non-aams-con-bonus-elevati-e-55/" "Mozilla/5.0 AppleWebKit/537.36 (KHTML, like Gecko; compatible; GPTBot/1.3; +https://openai.com/gptbot)"
74.7.241.15 - - [10/Mar/2026:06:50:12 -0700] "GET /wp-json/oembed/1.0/embed?url=http%3A%2F%2Falsahibalc.com%2F2026%2F03%2F02%2F%25ce%25b1%25cf%2580%25ce%25bf%25ce%25bb%25ce%25b1%25cf%258d%25cf%2583%25cf%2584%25ce%25b5-slots-angels-%25ce%25b1%25cf%2580%25cf%258c-%25cf%2584%25ce%25b7%25ce%25bd-betsoft-%25ce%25b4%25cf%2589%25cf%2581%25ce%25b5%25ce%25ac%25ce%25bd-%25cf%2583%25cf%2584%25ce%25b7%25ce%25bd-%25ce%25b5%25cf%2580%25ce%25b9%25cf%2587%2F HTTP/1.1" 404 236 "http://alsahibalc.com/2026/03/02/%ce%b1%cf%80%ce%bf%ce%bb%ce%b1%cf%8d%cf%83%cf%84%ce%b5-slots-angels-%ce%b1%cf%80%cf%8c-%cf%84%ce%b7%ce%bd-betsoft-%ce%b4%cf%89%cf%81%ce%b5%ce%ac%ce%bd-%cf%83%cf%84%ce%b7%ce%bd-%ce%b5%cf%80%ce%b9%cf%87/" "Mozilla/5.0 AppleWebKit/537.36 (KHTML, like Gecko; compatible; GPTBot/1.3; +https://openai.com/gptbot)"
185.191.171.9 - - [10/Mar/2026:06:50:20 -0700] "GET /2026/02/04/online-gambling-vs-traditional-games-which-is-more/ HTTP/1.1" 404 236 "-" "Mozilla/5.0 (compatible; SemrushBot/7~bl; +http://www.semrush.com/bot.html)"
74.7.241.15 - - [10/Mar/2026:06:50:22 -0700] "GET /wp-json/oembed/1.0/embed?format=xml&url=http%3A%2F%2Falsahibalc.com%2F2026%2F01%2F21%2Flascia-che-ladrenalina-prenda-il-controllo-strategie-vincenti-e-segreti-svelati-per-il-gioco-chicken%2F HTTP/1.1" 404 236 "http://alsahibalc.com/2026/01/21/lascia-che-ladrenalina-prenda-il-controllo-strategie-vincenti-e-segreti-svelati-per-il-gioco-chicken/" "Mozilla/5.0 AppleWebKit/537.36 (KHTML, like Gecko; compatible; GPTBot/1.3; +https://openai.com/gptbot)"
34.205.163.103 - - [10/Mar/2026:06:50:22 -0700] "GET /2026/01/16/best-resources-for-casinolab-game-information/feed/ HTTP/1.1" 429 17 "-" "Mozilla/5.0 AppleWebKit/537.36 (KHTML, like Gecko; compatible; Amazonbot/0.1; +https://developer.amazon.com/support/amazonbot) Chrome/119.0.6045.214 Safari/537.36"
15.235.96.10 - - [10/Mar/2026:06:50:25 -0700] "GET /2025/11/23/up-x-onlajn-kazino-oficialnyj-sajt-1922/ HTTP/1.1" 404 236 "-" "Mozilla/5.0 (compatible; AhrefsBot/7.0; +http://ahrefs.com/robot/)"
74.7.241.15 - - [10/Mar/2026:06:50:31 -0700] "GET /wp-json/oembed/1.0/embed?url=http%3A%2F%2Falsahibalc.com%2F2026%2F02%2F25%2Fdescubre-pin-up-el-mejor-casino-en-linea-de%2F HTTP/1.1" 404 236 "http://alsahibalc.com/2026/02/25/descubre-pin-up-el-mejor-casino-en-linea-de/" "Mozilla/5.0 AppleWebKit/537.36 (KHTML, like Gecko; compatible; GPTBot/1.3; +https://openai.com/gptbot)"
185.191.171.4 - - [10/Mar/2026:06:50:31 -0700] "GET /2026/02/10/position-paylines-and-you-casino-wunderino-login-may-earnings-exactly-what-do-they-mean-mgj/ HTTP/1.1" 404 236 "-" "Mozilla/5.0 (compatible; SemrushBot/7~bl; +http://www.semrush.com/bot.html)"
74.7.241.15 - - [10/Mar/2026:06:50:41 -0700] "GET /wp-json/oembed/1.0/embed?url=http%3A%2F%2Falsahibalc.com%2F2026%2F01%2F26%2F7slots-casino-canl-casino-deneyimi-2397%2F HTTP/1.1" 404 236 "http://alsahibalc.com/2026/01/26/7slots-casino-canl-casino-deneyimi-2397/" "Mozilla/5.0 AppleWebKit/537.36 (KHTML, like Gecko; compatible; GPTBot/1.3; +https://openai.com/gptbot)"
3.218.35.239 - - [10/Mar/2026:06:50:44 -0700] "GET /2025/08/08/najlepsze-kasyna-online-w-polsce-w-2025-9617/feed/ HTTP/1.1" 404 236 "-" "Mozilla/5.0 AppleWebKit/537.36 (KHTML, like Gecko; compatible; Amazonbot/0.1; +https://developer.amazon.com/support/amazonbot) Chrome/119.0.6045.214 Safari/537.36"
185.191.171.16 - - [10/Mar/2026:06:50:44 -0700] "GET /2026/02/07/better-no-777-diamonds-5-deposit-deposit-incentive-casinos-incentives-such-one-hundred-no-deposit-incentives-and-you-may-2-hundred-free-revolves-for-real-currency-within-the-2025-the-new-discount-c/ HTTP/1.1" 404 236 "-" "Mozilla/5.0 (compatible; SemrushBot/7~bl; +http://www.semrush.com/bot.html)"
54.156.197.165 - - [10/Mar/2026:06:50:47 -0700] "HEAD /2026/01/16/best-resources-for-casinolab-game-information/feed/ HTTP/1.1" 404 - "-" "Mozilla/5.0 AppleWebKit/605.1.15 (KHTML, like Gecko) Chrome/139.0.0.0 Safari/605.1.15"
85.208.96.206 - - [10/Mar/2026:06:50:48 -0700] "GET /2026/01/21/sajt-onlajn-kazino-i-poker-rum-vhod-4535/ HTTP/1.1" 404 236 "-" "Mozilla/5.0 (compatible; SemrushBot/7~bl; +http://www.semrush.com/bot.html)"
74.7.241.15 - - [10/Mar/2026:06:51:10 -0700] "GET /wp-json/oembed/1.0/embed?url=http%3A%2F%2Falsahibalc.com%2F2026%2F01%2F09%2Fgouden-kansen-beoordeeld-de-volledige-2%2F HTTP/1.1" 404 236 "http://alsahibalc.com/2026/01/09/gouden-kansen-beoordeeld-de-volledige-2/" "Mozilla/5.0 AppleWebKit/537.36 (KHTML, like Gecko; compatible; GPTBot/1.3; +https://openai.com/gptbot)"
74.7.241.15 - - [10/Mar/2026:06:51:28 -0700] "GET /wp-json/oembed/1.0/embed?url=http%3A%2F%2Falsahibalc.com%2F2025%2F12%2F27%2Fbest-united-kingdom-registered-casino-2%2F HTTP/1.1" 404 236 "http://alsahibalc.com/2025/12/27/best-united-kingdom-registered-casino-2/" "Mozilla/5.0 AppleWebKit/537.36 (KHTML, like Gecko; compatible; GPTBot/1.3; +https://openai.com/gptbot)"
34.224.9.144 - - [10/Mar/2026:06:51:30 -0700] "GET /2026/01/14/emocion-y-fortuna-se-encuentran-1win-te-acerca-a/feed/ HTTP/1.1" 404 236 "-" "Mozilla/5.0 AppleWebKit/537.36 (KHTML, like Gecko; compatible; Amazonbot/0.1; +https://developer.amazon.com/support/amazonbot) Chrome/119.0.6045.214 Safari/537.36"
74.7.241.15 - - [10/Mar/2026:06:51:37 -0700] "GET /wp-json/oembed/1.0/embed?url=http%3A%2F%2Falsahibalc.com%2F2026%2F02%2F20%2Faventurate-en-la-granja-virtual-chicken-road-el%2F HTTP/1.1" 404 236 "http://alsahibalc.com/2026/02/20/aventurate-en-la-granja-virtual-chicken-road-el/" "Mozilla/5.0 AppleWebKit/537.36 (KHTML, like Gecko; compatible; GPTBot/1.3; +https://openai.com/gptbot)"
74.7.241.15 - - [10/Mar/2026:06:51:47 -0700] "GET /wp-json/oembed/1.0/embed?url=http%3A%2F%2Falsahibalc.com%2F2026%2F02%2F02%2Fkazino-i-stavki-v-bk-zerkalo-sajta-mostbet-1065%2F HTTP/1.1" 404 236 "http://alsahibalc.com/2026/02/02/kazino-i-stavki-v-bk-zerkalo-sajta-mostbet-1065/" "Mozilla/5.0 AppleWebKit/537.36 (KHTML, like Gecko; compatible; GPTBot/1.3; +https://openai.com/gptbot)"
74.7.241.15 - - [10/Mar/2026:06:51:56 -0700] "GET /wp-json/oembed/1.0/embed?url=http%3A%2F%2Falsahibalc.com%2F2026%2F02%2F02%2F1win-azerbaycan-giri-v-qeydiyyat-2982-2%2F HTTP/1.1" 404 236 "http://alsahibalc.com/2026/02/02/1win-azerbaycan-giri-v-qeydiyyat-2982-2/" "Mozilla/5.0 AppleWebKit/537.36 (KHTML, like Gecko; compatible; GPTBot/1.3; +https://openai.com/gptbot)"
74.7.241.15 - - [10/Mar/2026:06:52:06 -0700] "GET /wp-json/oembed/1.0/embed?url=http%3A%2F%2Falsahibalc.com%2F2026%2F02%2F11%2Fdragon-money-dragon-mani-2026-obzor-1710%2F HTTP/1.1" 404 236 "http://alsahibalc.com/2026/02/11/dragon-money-dragon-mani-2026-obzor-1710/" "Mozilla/5.0 AppleWebKit/537.36 (KHTML, like Gecko; compatible; GPTBot/1.3; +https://openai.com/gptbot)"
85.247.24.177 - - [10/Mar/2026:06:52:12 -0700] "POST /xmlrpc.php HTTP/1.1" 200 366840 "-" "Mozilla/5.0 (Windows NT 10.0; Win64; x64) AppleWebKit/537.36 (KHTML, like Gecko) Chrome/79.0.3945.130 Safari/537.36"
74.7.241.15 - - [10/Mar/2026:06:52:15 -0700] "GET /wp-json/oembed/1.0/embed?url=http%3A%2F%2Falsahibalc.com%2F2026%2F01%2F29%2Fdragon-money-dragon-mani-2025-obzor-3881%2F HTTP/1.1" 404 236 "http://alsahibalc.com/2026/01/29/dragon-money-dragon-mani-2025-obzor-3881/" "Mozilla/5.0 AppleWebKit/537.36 (KHTML, like Gecko; compatible; GPTBot/1.3; +https://openai.com/gptbot)"
74.7.241.15 - - [10/Mar/2026:06:52:25 -0700] "GET /wp-json/oembed/1.0/embed?url=http%3A%2F%2Falsahibalc.com%2F2026%2F02%2F02%2Fvavada-online-casino-w-polsce-gry-3325%2F HTTP/1.1" 404 236 "http://alsahibalc.com/2026/02/02/vavada-online-casino-w-polsce-gry-3325/" "Mozilla/5.0 AppleWebKit/537.36 (KHTML, like Gecko; compatible; GPTBot/1.3; +https://openai.com/gptbot)"
74.7.241.15 - - [10/Mar/2026:06:52:34 -0700] "GET /wp-json/oembed/1.0/embed?url=http%3A%2F%2Falsahibalc.com%2F2026%2F02%2F10%2Fdragon-money-dragon-mani-2026-obzor-518%2F HTTP/1.1" 404 236 "http://alsahibalc.com/2026/02/10/dragon-money-dragon-mani-2026-obzor-518/" "Mozilla/5.0 AppleWebKit/537.36 (KHTML, like Gecko; compatible; GPTBot/1.3; +https://openai.com/gptbot)"
185.191.171.2 - - [10/Mar/2026:06:52:35 -0700] "GET /2026/02/07/no-deposit-totally-free-spins-canada-50-spins-zero-exposure-added-bonus/ HTTP/1.1" 404 236 "-" "Mozilla/5.0 (compatible; SemrushBot/7~bl; +http://www.semrush.com/bot.html)"
185.191.171.2 - - [10/Mar/2026:06:52:38 -0700] "GET /2025/07/12/el-tiro-penal-es-sin-duda-uno-de-los-momentos-mas-dramaticos-y-decisivos-en-el-futbol-contemporane/ HTTP/1.1" 404 236 "-" "Mozilla/5.0 (compatible; SemrushBot/7~bl; +http://www.semrush.com/bot.html)"
74.7.241.15 - - [10/Mar/2026:06:53:02 -0700] "GET /wp-json/oembed/1.0/embed?url=http%3A%2F%2Falsahibalc.com%2F2026%2F02%2F26%2Fkumarhanelerde-yapay-zeka-uygulamalar-21%2F HTTP/1.1" 404 236 "http://alsahibalc.com/2026/02/26/kumarhanelerde-yapay-zeka-uygulamalar-21/" "Mozilla/5.0 AppleWebKit/537.36 (KHTML, like Gecko; compatible; GPTBot/1.3; +https://openai.com/gptbot)"
85.208.96.204 - - [10/Mar/2026:06:53:07 -0700] "GET /2026/02/15/beste-verbunden-casinos-within-deutschland-2026-legale-ernahrer/ HTTP/1.1" 404 236 "-" "Mozilla/5.0 (compatible; SemrushBot/7~bl; +http://www.semrush.com/bot.html)"
74.7.241.15 - - [10/Mar/2026:06:53:22 -0700] "GET /wp-json/oembed/1.0/embed?url=http%3A%2F%2Falsahibalc.com%2F2026%2F01%2F27%2Fa-boldenone-undecylenate-300-hatasai%2F HTTP/1.1" 404 236 "http://alsahibalc.com/2026/01/27/a-boldenone-undecylenate-300-hatasai/" "Mozilla/5.0 AppleWebKit/537.36 (KHTML, like Gecko; compatible; GPTBot/1.3; +https://openai.com/gptbot)"
85.208.96.198 - - [10/Mar/2026:06:53:34 -0700] "GET /2026/02/04/emocion-y-ganancias-explora-un-universo-de-opciones-con-locowin/ HTTP/1.1" 404 236 "-" "Mozilla/5.0 (compatible; SemrushBot/7~bl; +http://www.semrush.com/bot.html)"
74.7.241.15 - - [10/Mar/2026:06:53:40 -0700] "GET /wp-json/oembed/1.0/embed?url=http%3A%2F%2Falsahibalc.com%2F2025%2F03%2F16%2Famplify-your-wins-pursue-bgaming-s-plinko-featuring-a-99-rtp-and-the-chance-to-multiply-your-stake-by-1000x%2F HTTP/1.1" 404 236 "http://alsahibalc.com/2025/03/16/amplify-your-wins-pursue-bgaming-s-plinko-featuring-a-99-rtp-and-the-chance-to-multiply-your-stake-by-1000x/" "Mozilla/5.0 AppleWebKit/537.36 (KHTML, like Gecko; compatible; GPTBot/1.3; +https://openai.com/gptbot)"
185.191.171.14 - - [10/Mar/2026:06:53:46 -0700] "GET /2026/02/17/spielbank-sizzling-hot-app-kostenlos-pramie-blos-einzahlung-2026-religious-gratis-auffuhren/ HTTP/1.1" 404 236 "-" "Mozilla/5.0 (compatible; SemrushBot/7~bl; +http://www.semrush.com/bot.html)"
74.7.241.15 - - [10/Mar/2026:06:54:00 -0700] "GET /wp-json/oembed/1.0/embed?url=http%3A%2F%2Falsahibalc.com%2F2026%2F02%2F28%2Ftraktandum-8-casinos-mix-fruits-online-casinos-inside-deutschland%2F HTTP/1.1" 404 236 "http://alsahibalc.com/2026/02/28/traktandum-8-casinos-mix-fruits-online-casinos-inside-deutschland/" "Mozilla/5.0 AppleWebKit/537.36 (KHTML, like Gecko; compatible; GPTBot/1.3; +https://openai.com/gptbot)"
74.7.241.15 - - [10/Mar/2026:06:54:09 -0700] "GET /wp-json/oembed/1.0/embed?url=http%3A%2F%2Falsahibalc.com%2F2026%2F01%2F23%2Fbeste-online-casinos-in-belgi-327%2F HTTP/1.1" 404 236 "http://alsahibalc.com/2026/01/23/beste-online-casinos-in-belgi-327/" "Mozilla/5.0 AppleWebKit/537.36 (KHTML, like Gecko; compatible; GPTBot/1.3; +https://openai.com/gptbot)"
185.191.171.3 - - [10/Mar/2026:06:54:14 -0700] "GET /2026/01/29/oficialnyj-sajt-pinco-casino-8894-2/ HTTP/1.1" 404 236 "-" "Mozilla/5.0 (compatible; SemrushBot/7~bl; +http://www.semrush.com/bot.html)"
136.158.25.251 - - [10/Mar/2026:06:54:14 -0700] "POST /xmlrpc.php HTTP/1.1" 200 180 "-" "Mozilla/5.0 (Windows NT 10.0; Win64; x64) AppleWebKit/537.36 (KHTML, like Gecko) Chrome/79.0.3945.130 Safari/537.36"
85.208.96.193 - - [10/Mar/2026:06:54:17 -0700] "GET /2026/01/30/meritking-canl-casino-resmi-giri-2025-3169/ HTTP/1.1" 404 236 "-" "Mozilla/5.0 (compatible; SemrushBot/7~bl; +http://www.semrush.com/bot.html)"
217.164.99.16 - - [10/Mar/2026:06:54:20 -0700] "POST /xmlrpc.php HTTP/1.1" 200 7077 "-" "Mozilla/5.0 (Windows NT 10.0; Win64; x64) AppleWebKit/537.36 (KHTML, like Gecko) Chrome/79.0.3945.130 Safari/537.36"
74.7.241.15 - - [10/Mar/2026:06:54:28 -0700] "GET /wp-json/oembed/1.0/embed?url=http%3A%2F%2Falsahibalc.com%2F2026%2F02%2F25%2Fnieuwe-online-casinos-in-belgi-2699%2F HTTP/1.1" 404 236 "http://alsahibalc.com/2026/02/25/nieuwe-online-casinos-in-belgi-2699/" "Mozilla/5.0 AppleWebKit/537.36 (KHTML, like Gecko; compatible; GPTBot/1.3; +https://openai.com/gptbot)"
74.7.241.15 - - [10/Mar/2026:06:54:38 -0700] "GET /wp-json/oembed/1.0/embed?url=http%3A%2F%2Falsahibalc.com%2F2026%2F02%2F27%2Fauthoritative-website-2%2F HTTP/1.1" 404 236 "http://alsahibalc.com/2026/02/27/authoritative-website-2/" "Mozilla/5.0 AppleWebKit/537.36 (KHTML, like Gecko; compatible; GPTBot/1.3; +https://openai.com/gptbot)"
74.7.241.15 - - [10/Mar/2026:06:54:57 -0700] "GET /wp-json/oembed/1.0/embed?url=http%3A%2F%2Falsahibalc.com%2F2026%2F01%2F28%2Fsites-de-rencontre-gratuits-22%2F HTTP/1.1" 404 236 "http://alsahibalc.com/2026/01/28/sites-de-rencontre-gratuits-22/" "Mozilla/5.0 AppleWebKit/537.36 (KHTML, like Gecko; compatible; GPTBot/1.3; +https://openai.com/gptbot)"
74.7.241.15 - - [10/Mar/2026:06:55:06 -0700] "GET /wp-json/oembed/1.0/embed?url=http%3A%2F%2Falsahibalc.com%2F2026%2F02%2F09%2F1-trattato-completa-ai-bonus%2F HTTP/1.1" 404 236 "http://alsahibalc.com/2026/02/09/1-trattato-completa-ai-bonus/" "Mozilla/5.0 AppleWebKit/537.36 (KHTML, like Gecko; compatible; GPTBot/1.3; +https://openai.com/gptbot)"
74.7.241.15 - - [10/Mar/2026:06:55:16 -0700] "GET /wp-json/oembed/1.0/embed?url=http%3A%2F%2Falsahibalc.com%2F2026%2F01%2F10%2Fsavaspin-online-casino-52%2F HTTP/1.1" 404 236 "http://alsahibalc.com/2026/01/10/savaspin-online-casino-52/" "Mozilla/5.0 AppleWebKit/537.36 (KHTML, like Gecko; compatible; GPTBot/1.3; +https://openai.com/gptbot)"
74.7.241.15 - - [10/Mar/2026:06:55:35 -0700] "GET /wp-json/oembed/1.0/embed?url=http%3A%2F%2Falsahibalc.com%2F2026%2F02%2F24%2Fcleopatra-position-enjoy-which-igt-video-slot-demonstration-for-free%2F HTTP/1.1" 404 236 "http://alsahibalc.com/2026/02/24/cleopatra-position-enjoy-which-igt-video-slot-demonstration-for-free/" "Mozilla/5.0 AppleWebKit/537.36 (KHTML, like Gecko; compatible; GPTBot/1.3; +https://openai.com/gptbot)"
85.208.96.196 - - [10/Mar/2026:06:55:40 -0700] "GET /2026/01/06/faszinierende-fallmuster-so-gewinnen-sie-beim-plinko-spiel-und-erleben-nervenkitzel-in-deutschland/ HTTP/1.1" 404 236 "-" "Mozilla/5.0 (compatible; SemrushBot/7~bl; +http://www.semrush.com/bot.html)"
74.7.241.15 - - [10/Mar/2026:06:55:45 -0700] "GET /wp-json/oembed/1.0/embed?url=http%3A%2F%2Falsahibalc.com%2F2026%2F02%2F27%2Ftrendy-fruits-ranch-video-slot-uk-free-enjoy-inside-playtech-casino%2F HTTP/1.1" 404 236 "http://alsahibalc.com/2026/02/27/trendy-fruits-ranch-video-slot-uk-free-enjoy-inside-playtech-casino/" "Mozilla/5.0 AppleWebKit/537.36 (KHTML, like Gecko; compatible; GPTBot/1.3; +https://openai.com/gptbot)"
74.7.241.15 - - [10/Mar/2026:06:55:54 -0700] "GET /wp-json/oembed/1.0/embed?url=http%3A%2F%2Falsahibalc.com%2F2026%2F02%2F27%2Fblackjackregeln-com-strategie-sizzling-hot-deluxe-tipps-2026-pro-erreichbar-blackjack%2F HTTP/1.1" 404 236 "http://alsahibalc.com/2026/02/27/blackjackregeln-com-strategie-sizzling-hot-deluxe-tipps-2026-pro-erreichbar-blackjack/" "Mozilla/5.0 AppleWebKit/537.36 (KHTML, like Gecko; compatible; GPTBot/1.3; +https://openai.com/gptbot)"
74.7.241.15 - - [10/Mar/2026:06:56:13 -0700] "GET /wp-json/oembed/1.0/embed?url=http%3A%2F%2Falsahibalc.com%2F2026%2F02%2F02%2Fchicken-road-slot-di-casin-online-che-porta-in-607%2F HTTP/1.1" 404 236 "http://alsahibalc.com/2026/02/02/chicken-road-slot-di-casin-online-che-porta-in-607/" "Mozilla/5.0 AppleWebKit/537.36 (KHTML, like Gecko; compatible; GPTBot/1.3; +https://openai.com/gptbot)"
74.7.241.15 - - [10/Mar/2026:06:56:23 -0700] "GET /wp-json/oembed/1.0/embed?url=http%3A%2F%2Falsahibalc.com%2F2026%2F01%2F23%2Frocketplay-casino-online-in-australia-best-casino-324%2F HTTP/1.1" 404 236 "http://alsahibalc.com/2026/01/23/rocketplay-casino-online-in-australia-best-casino-324/" "Mozilla/5.0 AppleWebKit/537.36 (KHTML, like Gecko; compatible; GPTBot/1.3; +https://openai.com/gptbot)"
74.7.241.15 - - [10/Mar/2026:06:56:32 -0700] "GET /wp-json/oembed/1.0/embed?url=http%3A%2F%2Falsahibalc.com%2F2026%2F02%2F02%2Fvavada-online-kasiino-eestis-mnguautomaadid-ja-187%2F HTTP/1.1" 404 236 "http://alsahibalc.com/2026/02/02/vavada-online-kasiino-eestis-mnguautomaadid-ja-187/" "Mozilla/5.0 AppleWebKit/537.36 (KHTML, like Gecko; compatible; GPTBot/1.3; +https://openai.com/gptbot)"
185.191.171.3 - - [10/Mar/2026:06:56:41 -0700] "GET /2026/02/18/lemon-casino-kasyno-online-oficjalna-strona-6490/ HTTP/1.1" 404 236 "-" "Mozilla/5.0 (compatible; SemrushBot/7~bl; +http://www.semrush.com/bot.html)"
74.7.241.15 - - [10/Mar/2026:06:56:42 -0700] "GET /wp-json/oembed/1.0/embed?url=http%3A%2F%2Falsahibalc.com%2F2026%2F01%2F14%2Flexcitation-du-pari-reinventee-le-guide-complet%2F HTTP/1.1" 404 236 "http://alsahibalc.com/2026/01/14/lexcitation-du-pari-reinventee-le-guide-complet/" "Mozilla/5.0 AppleWebKit/537.36 (KHTML, like Gecko; compatible; GPTBot/1.3; +https://openai.com/gptbot)"
74.7.241.15 - - [10/Mar/2026:06:56:51 -0700] "GET /wp-json/oembed/1.0/embed?url=http%3A%2F%2Falsahibalc.com%2F2026%2F02%2F26%2Fso-dragon-spin-slot-weit-wie-1-000-willkommensbonus-sichern%2F HTTP/1.1" 404 236 "http://alsahibalc.com/2026/02/26/so-dragon-spin-slot-weit-wie-1-000-willkommensbonus-sichern/" "Mozilla/5.0 AppleWebKit/537.36 (KHTML, like Gecko; compatible; GPTBot/1.3; +https://openai.com/gptbot)"
74.7.241.15 - - [10/Mar/2026:06:57:00 -0700] "GET /wp-json/oembed/1.0/embed?url=http%3A%2F%2Falsahibalc.com%2F2026%2F02%2F02%2Fjetton-games-chto-jeto-objasnenie-suti-platformy-4%2F HTTP/1.1" 404 236 "http://alsahibalc.com/2026/02/02/jetton-games-chto-jeto-objasnenie-suti-platformy-4/" "Mozilla/5.0 AppleWebKit/537.36 (KHTML, like Gecko; compatible; GPTBot/1.3; +https://openai.com/gptbot)"
85.208.96.195 - - [10/Mar/2026:06:57:05 -0700] "GET /2026/02/16/%D0%BB%D1%83%D1%87%D1%88%D0%B8%D0%B5-%D0%BE%D0%BD%D0%BB%D0%B0%D0%B9%D0%BD-%D0%BA%D0%B0%D0%B7%D0%B8%D0%BD%D0%BE-%D1%81-%D0%B2%D1%8B%D1%81%D0%BE%D0%BA%D0%B8%D0%BC%D0%B8-%D0%B2%D1%8B%D0%BF%D0%BB%D0%B0/ HTTP/1.1" 404 236 "-" "Mozilla/5.0 (compatible; SemrushBot/7~bl; +http://www.semrush.com/bot.html)"
74.7.241.15 - - [10/Mar/2026:06:57:10 -0700] "GET /wp-json/oembed/1.0/embed?url=http%3A%2F%2Falsahibalc.com%2F2026%2F02%2F02%2Fdzheton-gejm-opisanie-funkcionala-platformy-i-ejo-28%2F HTTP/1.1" 404 236 "http://alsahibalc.com/2026/02/02/dzheton-gejm-opisanie-funkcionala-platformy-i-ejo-28/" "Mozilla/5.0 AppleWebKit/537.36 (KHTML, like Gecko; compatible; GPTBot/1.3; +https://openai.com/gptbot)"
85.208.96.208 - - [10/Mar/2026:06:57:12 -0700] "GET /2025/11/03/the-evolution-of-live-dealer-casinos-34/ HTTP/1.1" 404 236 "-" "Mozilla/5.0 (compatible; SemrushBot/7~bl; +http://www.semrush.com/bot.html)"
74.7.241.15 - - [10/Mar/2026:06:57:19 -0700] "GET /wp-json/oembed/1.0/embed?url=http%3A%2F%2Falsahibalc.com%2F2026%2F02%2F02%2Fdzheton-gejm-opisanie-funkcionala-platformy-ejo-26%2F HTTP/1.1" 404 236 "http://alsahibalc.com/2026/02/02/dzheton-gejm-opisanie-funkcionala-platformy-ejo-26/" "Mozilla/5.0 AppleWebKit/537.36 (KHTML, like Gecko; compatible; GPTBot/1.3; +https://openai.com/gptbot)"
74.7.241.15 - - [10/Mar/2026:06:57:29 -0700] "GET /wp-json/oembed/1.0/embed?url=http%3A%2F%2Falsahibalc.com%2F2026%2F02%2F02%2Fbonus-veren-bahis-siteleri-ile-kullanclarna-yuksek-50%2F HTTP/1.1" 404 236 "http://alsahibalc.com/2026/02/02/bonus-veren-bahis-siteleri-ile-kullanclarna-yuksek-50/" "Mozilla/5.0 AppleWebKit/537.36 (KHTML, like Gecko; compatible; GPTBot/1.3; +https://openai.com/gptbot)"
74.7.241.15 - - [10/Mar/2026:06:57:38 -0700] "GET /wp-json/oembed/1.0/embed?url=http%3A%2F%2Falsahibalc.com%2F2026%2F02%2F02%2Fdzheton-gejm-opisanie-funkcionala-platformy-i-ejo-21%2F HTTP/1.1" 404 236 "http://alsahibalc.com/2026/02/02/dzheton-gejm-opisanie-funkcionala-platformy-i-ejo-21/" "Mozilla/5.0 AppleWebKit/537.36 (KHTML, like Gecko; compatible; GPTBot/1.3; +https://openai.com/gptbot)"
74.7.241.15 - - [10/Mar/2026:06:57:57 -0700] "GET /wp-json/oembed/1.0/embed?url=http%3A%2F%2Falsahibalc.com%2F2026%2F02%2F26%2Fechtgeld-200-bonus-casino-erreichbar-casinos-ostmark-2026%2F HTTP/1.1" 404 236 "http://alsahibalc.com/2026/02/26/echtgeld-200-bonus-casino-erreichbar-casinos-ostmark-2026/" "Mozilla/5.0 AppleWebKit/537.36 (KHTML, like Gecko; compatible; GPTBot/1.3; +https://openai.com/gptbot)"
74.7.241.15 - - [10/Mar/2026:06:58:06 -0700] "GET /wp-json/oembed/1.0/embed?url=http%3A%2F%2Falsahibalc.com%2F2026%2F01%2F30%2Fdragon-money-dragon-mani-osnovnye-preimushhestva-338%2F HTTP/1.1" 404 236 "http://alsahibalc.com/2026/01/30/dragon-money-dragon-mani-osnovnye-preimushhestva-338/" "Mozilla/5.0 AppleWebKit/537.36 (KHTML, like Gecko; compatible; GPTBot/1.3; +https://openai.com/gptbot)"
185.191.171.11 - - [10/Mar/2026:06:58:15 -0700] "GET /2026/02/12/zum-besten-geben-die-leser-damit-echtes-piepen-unter-einsatz-von-diesem-provision-within-crystal-ball/ HTTP/1.1" 404 236 "-" "Mozilla/5.0 (compatible; SemrushBot/7~bl; +http://www.semrush.com/bot.html)"
141.98.103.53 - - [10/Mar/2026:06:58:28 -0700] "GET /2026/02/17/1xbet-download-1xbet-app-apk15/ HTTP/1.1" 404 236 "-" "Mozilla/5.0 (Linux; Android 6.0.1; Nexus 5X Build/MMB29P) AppleWebKit/537.36 (KHTML, like Gecko) Chrome/118.0.5993.70 Mobile Safari/537.36 (compatible; Googlebot/2.1; +http://www.google.com/bot.html)"
185.191.171.13 - - [10/Mar/2026:06:58:28 -0700] "GET /2026/02/05/kazino-oyunlarna-dair-irlilyi-yol-gostrm-bldcisi/ HTTP/1.1" 404 236 "-" "Mozilla/5.0 (compatible; SemrushBot/7~bl; +http://www.semrush.com/bot.html)"
74.7.241.15 - - [10/Mar/2026:06:58:34 -0700] "GET /wp-json/oembed/1.0/embed?url=http%3A%2F%2Falsahibalc.com%2F2026%2F02%2F28%2F100-percent-free-ports-on-the-internet-play-10000-ports-free-of-charge%2F HTTP/1.1" 404 236 "http://alsahibalc.com/2026/02/28/100-percent-free-ports-on-the-internet-play-10000-ports-free-of-charge/" "Mozilla/5.0 AppleWebKit/537.36 (KHTML, like Gecko; compatible; GPTBot/1.3; +https://openai.com/gptbot)"
74.7.241.15 - - [10/Mar/2026:06:58:43 -0700] "GET /wp-json/oembed/1.0/embed?url=http%3A%2F%2Falsahibalc.com%2F2026%2F03%2F02%2Fparhaat-nettikasinobonukset-kasinon-keks-paikka-ja-kampanjat-2026%2F HTTP/1.1" 404 236 "http://alsahibalc.com/2026/03/02/parhaat-nettikasinobonukset-kasinon-keks-paikka-ja-kampanjat-2026/" "Mozilla/5.0 AppleWebKit/537.36 (KHTML, like Gecko; compatible; GPTBot/1.3; +https://openai.com/gptbot)"
74.7.241.15 - - [10/Mar/2026:06:58:52 -0700] "GET /wp-json/oembed/1.0/embed?url=http%3A%2F%2Falsahibalc.com%2F2026%2F03%2F02%2Fcasino-lastschrift-angeschlossen-casinos-unter-einsatz-royalgame-app-apk-download-von-bankeinzug-2020%2F HTTP/1.1" 404 236 "http://alsahibalc.com/2026/03/02/casino-lastschrift-angeschlossen-casinos-unter-einsatz-royalgame-app-apk-download-von-bankeinzug-2020/" "Mozilla/5.0 AppleWebKit/537.36 (KHTML, like Gecko; compatible; GPTBot/1.3; +https://openai.com/gptbot)"
185.191.171.15 - - [10/Mar/2026:06:58:59 -0700] "GET /2026/02/06/30-000-juegos-de-tragamonedas-de-balde-wild-turkey-mega-jackpot-online-en-2026/ HTTP/1.1" 404 236 "-" "Mozilla/5.0 (compatible; SemrushBot/7~bl; +http://www.semrush.com/bot.html)"
185.191.171.14 - - [10/Mar/2026:06:59:08 -0700] "GET /2026/01/30/casibom-casino-gvenilir-online-casino-giri-adresi-566/ HTTP/1.1" 404 236 "-" "Mozilla/5.0 (compatible; SemrushBot/7~bl; +http://www.semrush.com/bot.html)"
74.7.241.15 - - [10/Mar/2026:06:59:10 -0700] "GET /wp-json/oembed/1.0/embed?format=xml&url=http%3A%2F%2Falsahibalc.com%2F2026%2F03%2F02%2Fonline-spielbank-vergleich-2026-diese-tagesordnungspunkt-casinos-booi-casino-mobile-login-as-part-of-teutonia-im-test%2F HTTP/1.1" 404 236 "http://alsahibalc.com/2026/03/02/online-spielbank-vergleich-2026-diese-tagesordnungspunkt-casinos-booi-casino-mobile-login-as-part-of-teutonia-im-test/" "Mozilla/5.0 AppleWebKit/537.36 (KHTML, like Gecko; compatible; GPTBot/1.3; +https://openai.com/gptbot)"
74.7.241.15 - - [10/Mar/2026:06:59:20 -0700] "GET /wp-json/oembed/1.0/embed?url=http%3A%2F%2Falsahibalc.com%2F2026%2F02%2F19%2Fcasino-maklercourtage-vergleich-2026-top10-verbunden-casino-provision-codes%2F HTTP/1.1" 404 236 "http://alsahibalc.com/2026/02/19/casino-maklercourtage-vergleich-2026-top10-verbunden-casino-provision-codes/" "Mozilla/5.0 AppleWebKit/537.36 (KHTML, like Gecko; compatible; GPTBot/1.3; +https://openai.com/gptbot)"
74.7.241.15 - - [10/Mar/2026:06:59:29 -0700] "GET /wp-json/oembed/1.0/embed?url=http%3A%2F%2Falsahibalc.com%2F2026%2F02%2F09%2Felevate-your-play-secure-your-chance-to-win-big%2F HTTP/1.1" 404 236 "http://alsahibalc.com/2026/02/09/elevate-your-play-secure-your-chance-to-win-big/" "Mozilla/5.0 AppleWebKit/537.36 (KHTML, like Gecko; compatible; GPTBot/1.3; +https://openai.com/gptbot)"
185.191.171.15 - - [10/Mar/2026:06:59:37 -0700] "GET /2026/02/06/5-totally-free-no-deposit-local-casino-bonuses-codes-ice-casino-promo-code-no-deposit-integrated/ HTTP/1.1" 404 236 "-" "Mozilla/5.0 (compatible; SemrushBot/7~bl; +http://www.semrush.com/bot.html)"
74.7.241.15 - - [10/Mar/2026:06:59:38 -0700] "GET /wp-json/oembed/1.0/embed?url=http%3A%2F%2Falsahibalc.com%2F2025%2F11%2F22%2Fdragon-money-dragon-mani-kak-popolnit-balans-121%2F HTTP/1.1" 404 236 "http://alsahibalc.com/2025/11/22/dragon-money-dragon-mani-kak-popolnit-balans-121/" "Mozilla/5.0 AppleWebKit/537.36 (KHTML, like Gecko; compatible; GPTBot/1.3; +https://openai.com/gptbot)"
74.7.241.15 - - [10/Mar/2026:06:59:48 -0700] "GET /wp-json/oembed/1.0/embed?url=http%3A%2F%2Falsahibalc.com%2F2025%2F12%2F02%2Flive-dealer-games-vs-rng-games-comparison%2F HTTP/1.1" 404 236 "http://alsahibalc.com/2025/12/02/live-dealer-games-vs-rng-games-comparison/" "Mozilla/5.0 AppleWebKit/537.36 (KHTML, like Gecko; compatible; GPTBot/1.3; +https://openai.com/gptbot)"
74.7.241.15 - - [10/Mar/2026:06:59:57 -0700] "GET /wp-json/oembed/1.0/embed?url=http%3A%2F%2Falsahibalc.com%2F2026%2F02%2F09%2Felevate-your-play-secure-your-rewards-with%2F HTTP/1.1" 404 236 "http://alsahibalc.com/2026/02/09/elevate-your-play-secure-your-rewards-with/" "Mozilla/5.0 AppleWebKit/537.36 (KHTML, like Gecko; compatible; GPTBot/1.3; +https://openai.com/gptbot)"
74.7.241.15 - - [10/Mar/2026:07:00:06 -0700] "GET /wp-json/oembed/1.0/embed?format=xml&url=http%3A%2F%2Falsahibalc.com%2F2026%2F02%2F27%2Freferente-a-las-mesas-nuestro-crupier-es-la-persona-se-encarga-de-el-reparto-de-las-terminos%2F HTTP/1.1" 404 236 "http://alsahibalc.com/2026/02/27/referente-a-las-mesas-nuestro-crupier-es-la-persona-se-encarga-de-el-reparto-de-las-terminos/" "Mozilla/5.0 AppleWebKit/537.36 (KHTML, like Gecko; compatible; GPTBot/1.3; +https://openai.com/gptbot)"
74.7.241.15 - - [10/Mar/2026:07:00:16 -0700] "GET /wp-json/oembed/1.0/embed?format=xml&url=http%3A%2F%2Falsahibalc.com%2F2026%2F02%2F10%2Fvanaf-0-10-per-beurt-ervaar-je-de-spanning-van%2F HTTP/1.1" 404 236 "http://alsahibalc.com/2026/02/10/vanaf-0-10-per-beurt-ervaar-je-de-spanning-van/" "Mozilla/5.0 AppleWebKit/537.36 (KHTML, like Gecko; compatible; GPTBot/1.3; +https://openai.com/gptbot)"
74.7.241.15 - - [10/Mar/2026:07:00:36 -0700] "GET /wp-json/oembed/1.0/embed?url=http%3A%2F%2Falsahibalc.com%2F2026%2F02%2F02%2Fmejores-casinos-online-sin-limite-de-retiro-3%2F HTTP/1.1" 404 236 "http://alsahibalc.com/2026/02/02/mejores-casinos-online-sin-limite-de-retiro-3/" "Mozilla/5.0 AppleWebKit/537.36 (KHTML, like Gecko; compatible; GPTBot/1.3; +https://openai.com/gptbot)"
74.7.241.15 - - [10/Mar/2026:07:00:45 -0700] "GET /wp-json/oembed/1.0/embed?url=http%3A%2F%2Falsahibalc.com%2F2026%2F01%2F22%2Fmostbet-az-bukmeker-ve-kazino-mostbet-giri-rsmi-8%2F HTTP/1.1" 404 236 "http://alsahibalc.com/2026/01/22/mostbet-az-bukmeker-ve-kazino-mostbet-giri-rsmi-8/" "Mozilla/5.0 AppleWebKit/537.36 (KHTML, like Gecko; compatible; GPTBot/1.3; +https://openai.com/gptbot)"
103.136.107.101 - - [10/Mar/2026:07:01:03 -0700] "GET /2026/02/09/quel-est-le-meilleur-casino-en-ligne-au-belgique-3/ HTTP/1.1" 404 236 "http://alsahibalc.com/" "Mozilla/5.0 (Macintosh; Intel Mac OS X 12_5) AppleWebKit/537.36 (KHTML, like Gecko) Chrome/114.0.0.0 Safari/537.36 OPR/89.0.4447.51"
103.136.107.101 - - [10/Mar/2026:07:01:04 -0700] "GET / HTTP/1.1" 200 9495 "-" "Mozilla/5.0 (Macintosh; Intel Mac OS X 12_5) AppleWebKit/537.36 (KHTML, like Gecko) Chrome/114.0.0.0 Safari/537.36 OPR/89.0.4447.51"
103.136.107.101 - - [10/Mar/2026:07:01:04 -0700] "GET /readme.html HTTP/1.1" 200 7409 "http://alsahibalc.com" "Mozilla/5.0 (Macintosh; Intel Mac OS X 12_5) AppleWebKit/537.36 (KHTML, like Gecko) Chrome/114.0.0.0 Safari/537.36 OPR/89.0.4447.51"
85.208.96.210 - - [10/Mar/2026:07:01:09 -0700] "GET /2026/02/17/dunder-casino-bericht-2026-c600-free-pramie-at-dunder/ HTTP/1.1" 404 236 "-" "Mozilla/5.0 (compatible; SemrushBot/7~bl; +http://www.semrush.com/bot.html)"
74.7.241.15 - - [10/Mar/2026:07:01:14 -0700] "GET /wp-json/oembed/1.0/embed?url=http%3A%2F%2Falsahibalc.com%2F2026%2F01%2F27%2F1xslots-1hslots-2025-obzor-platformy-3167%2F HTTP/1.1" 404 236 "http://alsahibalc.com/2026/01/27/1xslots-1hslots-2025-obzor-platformy-3167/" "Mozilla/5.0 AppleWebKit/537.36 (KHTML, like Gecko; compatible; GPTBot/1.3; +https://openai.com/gptbot)"
