74.7.241.15 - - [10/Mar/2026:05:23:58 -0700] "GET /wp-json/oembed/1.0/embed?url=http%3A%2F%2Falsahibalc.com%2F2026%2F01%2F12%2Fsoaring-profits-master-the-thrill-of-the-aviator-2%2F HTTP/1.1" 200 - "http://alsahibalc.com/2026/01/12/soaring-profits-master-the-thrill-of-the-aviator-2/" "Mozilla/5.0 AppleWebKit/537.36 (KHTML, like Gecko; compatible; GPTBot/1.3; +https://openai.com/gptbot)"
74.7.241.15 - - [10/Mar/2026:05:24:01 -0700] "GET /wp-json/oembed/1.0/embed?url=http%3A%2F%2Falsahibalc.com%2F2026%2F01%2F31%2Fcasino-non-aams-in-italia-leggi-e-regolamentazioni-22%2F HTTP/1.1" 200 - "http://alsahibalc.com/2026/01/31/casino-non-aams-in-italia-leggi-e-regolamentazioni-22/" "Mozilla/5.0 AppleWebKit/537.36 (KHTML, like Gecko; compatible; GPTBot/1.3; +https://openai.com/gptbot)"
74.7.241.15 - - [10/Mar/2026:05:24:04 -0700] "GET /wp-json/oembed/1.0/embed?url=http%3A%2F%2Falsahibalc.com%2F2026%2F02%2F27%2Fl-impatto-delle-criptovalute-nei-casino-moderni-h1-2%2F HTTP/1.1" 200 - "http://alsahibalc.com/2026/02/27/l-impatto-delle-criptovalute-nei-casino-moderni-h1-2/" "Mozilla/5.0 AppleWebKit/537.36 (KHTML, like Gecko; compatible; GPTBot/1.3; +https://openai.com/gptbot)"
74.7.241.15 - - [10/Mar/2026:05:24:10 -0700] "GET /wp-json/oembed/1.0/embed?url=http%3A%2F%2Falsahibalc.com%2F2026%2F02%2F02%2Fpin-up-ve-bilincli-oyun-hangi-turden-kontroller%2F HTTP/1.1" 200 - "http://alsahibalc.com/2026/02/02/pin-up-ve-bilincli-oyun-hangi-turden-kontroller/" "Mozilla/5.0 AppleWebKit/537.36 (KHTML, like Gecko; compatible; GPTBot/1.3; +https://openai.com/gptbot)"
74.7.241.15 - - [10/Mar/2026:05:24:14 -0700] "GET /wp-json/oembed/1.0/embed?url=http%3A%2F%2Falsahibalc.com%2F2026%2F03%2F02%2F10-parasta-oikean-rahan-nettikasinoa-australiassa-helmikuun-2025-paivityksessa%2F HTTP/1.1" 200 - "http://alsahibalc.com/2026/03/02/10-parasta-oikean-rahan-nettikasinoa-australiassa-helmikuun-2025-paivityksessa/" "Mozilla/5.0 AppleWebKit/537.36 (KHTML, like Gecko; compatible; GPTBot/1.3; +https://openai.com/gptbot)"
74.7.241.15 - - [10/Mar/2026:05:24:20 -0700] "GET /wp-json/oembed/1.0/embed?url=http%3A%2F%2Falsahibalc.com%2F2026%2F01%2F20%2Fproblems-in-the-modern-world%2F HTTP/1.1" 200 - "http://alsahibalc.com/2026/01/20/problems-in-the-modern-world/" "Mozilla/5.0 AppleWebKit/537.36 (KHTML, like Gecko; compatible; GPTBot/1.3; +https://openai.com/gptbot)"
74.7.241.15 - - [10/Mar/2026:05:24:23 -0700] "GET /wp-json/oembed/1.0/embed?url=http%3A%2F%2Falsahibalc.com%2F2026%2F02%2F25%2Fonline-casino-games-for-free%2F HTTP/1.1" 200 - "http://alsahibalc.com/2026/02/25/online-casino-games-for-free/" "Mozilla/5.0 AppleWebKit/537.36 (KHTML, like Gecko; compatible; GPTBot/1.3; +https://openai.com/gptbot)"
74.7.241.15 - - [10/Mar/2026:05:24:26 -0700] "GET /wp-json/oembed/1.0/embed?url=http%3A%2F%2Falsahibalc.com%2F2026%2F02%2F25%2Fprogramas-vip-high-roller-espana%2F HTTP/1.1" 200 - "http://alsahibalc.com/2026/02/25/programas-vip-high-roller-espana/" "Mozilla/5.0 AppleWebKit/537.36 (KHTML, like Gecko; compatible; GPTBot/1.3; +https://openai.com/gptbot)"
74.7.241.15 - - [10/Mar/2026:05:24:29 -0700] "GET /wp-json/oembed/1.0/embed?url=http%3A%2F%2Falsahibalc.com%2F2026%2F02%2F27%2Flastschrift-elv-eps-casinos%2F HTTP/1.1" 200 - "http://alsahibalc.com/2026/02/27/lastschrift-elv-eps-casinos/" "Mozilla/5.0 AppleWebKit/537.36 (KHTML, like Gecko; compatible; GPTBot/1.3; +https://openai.com/gptbot)"
74.7.241.15 - - [10/Mar/2026:05:24:33 -0700] "GET /wp-json/oembed/1.0/embed?url=http%3A%2F%2Falsahibalc.com%2F2026%2F03%2F02%2Finternet-casino-ports-free-of-charge%2F HTTP/1.1" 200 - "http://alsahibalc.com/2026/03/02/internet-casino-ports-free-of-charge/" "Mozilla/5.0 AppleWebKit/537.36 (KHTML, like Gecko; compatible; GPTBot/1.3; +https://openai.com/gptbot)"
74.7.241.15 - - [10/Mar/2026:05:24:36 -0700] "GET /wp-json/oembed/1.0/embed?url=http%3A%2F%2Falsahibalc.com%2F2026%2F02%2F27%2Fbar-club-black-colored-sheep%2F HTTP/1.1" 200 - "http://alsahibalc.com/2026/02/27/bar-club-black-colored-sheep/" "Mozilla/5.0 AppleWebKit/537.36 (KHTML, like Gecko; compatible; GPTBot/1.3; +https://openai.com/gptbot)"
74.7.241.15 - - [10/Mar/2026:05:24:39 -0700] "GET /wp-json/oembed/1.0/embed?url=http%3A%2F%2Falsahibalc.com%2F2026%2F02%2F19%2Fonline-casino-lowest-deposit-usd-ten%2F HTTP/1.1" 200 - "http://alsahibalc.com/2026/02/19/online-casino-lowest-deposit-usd-ten/" "Mozilla/5.0 AppleWebKit/537.36 (KHTML, like Gecko; compatible; GPTBot/1.3; +https://openai.com/gptbot)"
74.7.241.15 - - [10/Mar/2026:05:24:42 -0700] "GET /wp-json/oembed/1.0/embed?url=http%3A%2F%2Falsahibalc.com%2F2026%2F02%2F18%2Fcasino-san-nicolas-reciente-leon%2F HTTP/1.1" 200 - "http://alsahibalc.com/2026/02/18/casino-san-nicolas-reciente-leon/" "Mozilla/5.0 AppleWebKit/537.36 (KHTML, like Gecko; compatible; GPTBot/1.3; +https://openai.com/gptbot)"
74.7.241.15 - - [10/Mar/2026:05:24:49 -0700] "GET /wp-json/oembed/1.0/embed?url=http%3A%2F%2Falsahibalc.com%2F2025%2F12%2F02%2Fslot-strategies-and-tips-for-success%2F HTTP/1.1" 200 - "http://alsahibalc.com/2025/12/02/slot-strategies-and-tips-for-success/" "Mozilla/5.0 AppleWebKit/537.36 (KHTML, like Gecko; compatible; GPTBot/1.3; +https://openai.com/gptbot)"
74.7.241.15 - - [10/Mar/2026:05:24:52 -0700] "GET /wp-json/oembed/1.0/embed?url=http%3A%2F%2Falsahibalc.com%2F2026%2F02%2F24%2Fno-o-no-wordreference-forums%2F HTTP/1.1" 200 - "http://alsahibalc.com/2026/02/24/no-o-no-wordreference-forums/" "Mozilla/5.0 AppleWebKit/537.36 (KHTML, like Gecko; compatible; GPTBot/1.3; +https://openai.com/gptbot)"
74.7.241.15 - - [10/Mar/2026:05:24:55 -0700] "GET /wp-json/oembed/1.0/embed?url=http%3A%2F%2Falsahibalc.com%2F2026%2F02%2F10%2Fmother-your-children-are-like-birds%2F HTTP/1.1" 200 - "http://alsahibalc.com/2026/02/10/mother-your-children-are-like-birds/" "Mozilla/5.0 AppleWebKit/537.36 (KHTML, like Gecko; compatible; GPTBot/1.3; +https://openai.com/gptbot)"
74.7.241.15 - - [10/Mar/2026:05:24:58 -0700] "GET /wp-json/oembed/1.0/embed?url=http%3A%2F%2Falsahibalc.com%2F2026%2F02%2F25%2Fcasino-resorts-community-ny%2F HTTP/1.1" 200 - "http://alsahibalc.com/2026/02/25/casino-resorts-community-ny/" "Mozilla/5.0 AppleWebKit/537.36 (KHTML, like Gecko; compatible; GPTBot/1.3; +https://openai.com/gptbot)"
74.7.241.15 - - [10/Mar/2026:05:25:04 -0700] "GET /wp-json/oembed/1.0/embed?url=http%3A%2F%2Falsahibalc.com%2F2026%2F02%2F07%2Fbest-sites-to-possess-canadians%2F HTTP/1.1" 200 - "http://alsahibalc.com/2026/02/07/best-sites-to-possess-canadians/" "Mozilla/5.0 AppleWebKit/537.36 (KHTML, like Gecko; compatible; GPTBot/1.3; +https://openai.com/gptbot)"
74.7.241.15 - - [10/Mar/2026:05:25:07 -0700] "GET /wp-json/oembed/1.0/embed?url=http%3A%2F%2Falsahibalc.com%2F2025%2F03%2F22%2Ftricks-to-win-american-roulette%2F HTTP/1.1" 200 - "http://alsahibalc.com/2025/03/22/tricks-to-win-american-roulette/" "Mozilla/5.0 AppleWebKit/537.36 (KHTML, like Gecko; compatible; GPTBot/1.3; +https://openai.com/gptbot)"
74.7.241.15 - - [10/Mar/2026:05:25:13 -0700] "GET /wp-json/oembed/1.0/embed?url=http%3A%2F%2Falsahibalc.com%2F2026%2F02%2F07%2Fgolden-dragon-games-local-casino%2F HTTP/1.1" 200 - "http://alsahibalc.com/2026/02/07/golden-dragon-games-local-casino/" "Mozilla/5.0 AppleWebKit/537.36 (KHTML, like Gecko; compatible; GPTBot/1.3; +https://openai.com/gptbot)"
74.7.241.15 - - [10/Mar/2026:05:25:17 -0700] "GET /wp-json/oembed/1.0/embed?url=http%3A%2F%2Falsahibalc.com%2F2025%2F03%2F28%2Fbest-craps-games-at-legionbet-casino%2F HTTP/1.1" 200 - "http://alsahibalc.com/2025/03/28/best-craps-games-at-legionbet-casino/" "Mozilla/5.0 AppleWebKit/537.36 (KHTML, like Gecko; compatible; GPTBot/1.3; +https://openai.com/gptbot)"
74.7.241.15 - - [10/Mar/2026:05:25:20 -0700] "GET /wp-json/oembed/1.0/embed?url=http%3A%2F%2Falsahibalc.com%2F2026%2F02%2F19%2Fkazino-oficialnyj-sajt-pin-up-igrat-onlajn-116%2F HTTP/1.1" 200 - "http://alsahibalc.com/2026/02/19/kazino-oficialnyj-sajt-pin-up-igrat-onlajn-116/" "Mozilla/5.0 AppleWebKit/537.36 (KHTML, like Gecko; compatible; GPTBot/1.3; +https://openai.com/gptbot)"
74.7.241.15 - - [10/Mar/2026:05:25:26 -0700] "GET /wp-json/oembed/1.0/embed?url=http%3A%2F%2Falsahibalc.com%2F2026%2F01%2F09%2Fkazino-oficialnyj-sajt-pin-up-igrat-onlajn-488%2F HTTP/1.1" 200 - "http://alsahibalc.com/2026/01/09/kazino-oficialnyj-sajt-pin-up-igrat-onlajn-488/" "Mozilla/5.0 AppleWebKit/537.36 (KHTML, like Gecko; compatible; GPTBot/1.3; +https://openai.com/gptbot)"
74.7.241.15 - - [10/Mar/2026:05:25:29 -0700] "GET /wp-json/oembed/1.0/embed?url=http%3A%2F%2Falsahibalc.com%2F2026%2F02%2F11%2Finterfejs-i-udobstvo-igry-v-onlajn-kazino-728%2F HTTP/1.1" 200 - "http://alsahibalc.com/2026/02/11/interfejs-i-udobstvo-igry-v-onlajn-kazino-728/" "Mozilla/5.0 AppleWebKit/537.36 (KHTML, like Gecko; compatible; GPTBot/1.3; +https://openai.com/gptbot)"
74.7.241.15 - - [10/Mar/2026:05:25:32 -0700] "GET /wp-json/oembed/1.0/embed?url=http%3A%2F%2Falsahibalc.com%2F2026%2F01%2F30%2F1win-bukmekerskaja-kontora-vhod-3555%2F HTTP/1.1" 200 - "http://alsahibalc.com/2026/01/30/1win-bukmekerskaja-kontora-vhod-3555/" "Mozilla/5.0 AppleWebKit/537.36 (KHTML, like Gecko; compatible; GPTBot/1.3; +https://openai.com/gptbot)"
85.208.96.208 - - [10/Mar/2026:05:25:35 -0700] "GET /2024/04/12/new-paradigm-in-trading-and-finance/ HTTP/1.1" 200 - "-" "Mozilla/5.0 (compatible; SemrushBot/7~bl; +http://www.semrush.com/bot.html)"
74.7.241.15 - - [10/Mar/2026:05:25:35 -0700] "GET /wp-json/oembed/1.0/embed?url=http%3A%2F%2Falsahibalc.com%2F2026%2F01%2F22%2Fsultan-games-kollekcija-igr-11170%2F HTTP/1.1" 200 - "http://alsahibalc.com/2026/01/22/sultan-games-kollekcija-igr-11170/" "Mozilla/5.0 AppleWebKit/537.36 (KHTML, like Gecko; compatible; GPTBot/1.3; +https://openai.com/gptbot)"
74.7.241.15 - - [10/Mar/2026:05:25:42 -0700] "GET /wp-json/oembed/1.0/embed?url=http%3A%2F%2Falsahibalc.com%2F2025%2F11%2F28%2Fzahlungsmethoden-bei-ringospin-casino-im-detail%2F HTTP/1.1" 200 - "http://alsahibalc.com/2025/11/28/zahlungsmethoden-bei-ringospin-casino-im-detail/" "Mozilla/5.0 AppleWebKit/537.36 (KHTML, like Gecko; compatible; GPTBot/1.3; +https://openai.com/gptbot)"
74.7.241.15 - - [10/Mar/2026:05:25:45 -0700] "GET /wp-json/oembed/1.0/embed?url=http%3A%2F%2Falsahibalc.com%2F2026%2F02%2F25%2Fmostbet-app-pakistan-2111%2F HTTP/1.1" 200 - "http://alsahibalc.com/2026/02/25/mostbet-app-pakistan-2111/" "Mozilla/5.0 AppleWebKit/537.36 (KHTML, like Gecko; compatible; GPTBot/1.3; +https://openai.com/gptbot)"
74.7.241.15 - - [10/Mar/2026:05:25:51 -0700] "GET /wp-json/oembed/1.0/embed?url=http%3A%2F%2Falsahibalc.com%2F2025%2F07%2F10%2Fthe-future-of-casino-gaming-virtual-reality-5%2F HTTP/1.1" 200 - "http://alsahibalc.com/2025/07/10/the-future-of-casino-gaming-virtual-reality-5/" "Mozilla/5.0 AppleWebKit/537.36 (KHTML, like Gecko; compatible; GPTBot/1.3; +https://openai.com/gptbot)"
185.191.171.3 - - [10/Mar/2026:05:25:53 -0700] "GET /robots.txt HTTP/1.1" 200 79 "-" "Mozilla/5.0 (compatible; SemrushBot/7~bl; +http://www.semrush.com/bot.html)"
74.7.241.15 - - [10/Mar/2026:05:25:54 -0700] "GET /wp-json/oembed/1.0/embed?url=http%3A%2F%2Falsahibalc.com%2F2026%2F01%2F09%2Fpinco-online-kazino-azrbaycanda-srtli-dnilr-v-8%2F HTTP/1.1" 200 - "http://alsahibalc.com/2026/01/09/pinco-online-kazino-azrbaycanda-srtli-dnilr-v-8/" "Mozilla/5.0 AppleWebKit/537.36 (KHTML, like Gecko; compatible; GPTBot/1.3; +https://openai.com/gptbot)"
66.249.68.64 - - [10/Mar/2026:05:25:55 -0700] "GET /2026/03/01/sava-spins-casino-%CF%80%CE%B1%CE%BA%CE%AD%CF%84%CE%BF-%CE%BA%CE%B1%CE%BB%CF%89%CF%83%CE%BF%CF%81%CE%AF%CF%83%CE%BC%CE%B1%CF%84%CE%BF%CF%82-1000-%E2%AD%90-gr/ HTTP/1.1" 200 141078 "-" "Mozilla/5.0 (Linux; Android 6.0.1; Nexus 5X Build/MMB29P) AppleWebKit/537.36 (KHTML, like Gecko) Chrome/145.0.7632.116 Mobile Safari/537.36 (compatible; Googlebot/2.1; +http://www.google.com/bot.html)"
185.191.171.13 - - [10/Mar/2026:05:25:56 -0700] "GET /2026/02/11/beste-echtgeld-online-casinos-alle-as-part-of-irgendeiner-i24slot-app-fur-iphone-casino-verzeichnis2026/ HTTP/1.1" 200 - "-" "Mozilla/5.0 (compatible; SemrushBot/7~bl; +http://www.semrush.com/bot.html)"
74.7.241.15 - - [10/Mar/2026:05:25:57 -0700] "GET /wp-json/oembed/1.0/embed?url=http%3A%2F%2Falsahibalc.com%2F2026%2F02%2F27%2Fpokerdom-vhod-rabochij-dostup-k-kazino-pri-39%2F HTTP/1.1" 200 - "http://alsahibalc.com/2026/02/27/pokerdom-vhod-rabochij-dostup-k-kazino-pri-39/" "Mozilla/5.0 AppleWebKit/537.36 (KHTML, like Gecko; compatible; GPTBot/1.3; +https://openai.com/gptbot)"
74.7.241.15 - - [10/Mar/2026:05:26:01 -0700] "GET /wp-json/oembed/1.0/embed?url=http%3A%2F%2Falsahibalc.com%2F2026%2F03%2F02%2Fthe-evolution-of-casino-loyalty-programs-28%2F HTTP/1.1" 200 - "http://alsahibalc.com/2026/03/02/the-evolution-of-casino-loyalty-programs-28/" "Mozilla/5.0 AppleWebKit/537.36 (KHTML, like Gecko; compatible; GPTBot/1.3; +https://openai.com/gptbot)"
74.7.241.15 - - [10/Mar/2026:05:26:04 -0700] "GET /wp-json/oembed/1.0/embed?url=http%3A%2F%2Falsahibalc.com%2F2026%2F02%2F25%2Flaki-vorld-kazino-sloty-obzor-avtomatov-s-17%2F HTTP/1.1" 200 - "http://alsahibalc.com/2026/02/25/laki-vorld-kazino-sloty-obzor-avtomatov-s-17/" "Mozilla/5.0 AppleWebKit/537.36 (KHTML, like Gecko; compatible; GPTBot/1.3; +https://openai.com/gptbot)"
74.7.241.15 - - [10/Mar/2026:05:26:07 -0700] "GET /wp-json/oembed/1.0/embed?url=http%3A%2F%2Falsahibalc.com%2F2026%2F01%2F28%2Fkent-onlajn-kazino-vyvod-sredstv-i-skorost-12%2F HTTP/1.1" 200 - "http://alsahibalc.com/2026/01/28/kent-onlajn-kazino-vyvod-sredstv-i-skorost-12/" "Mozilla/5.0 AppleWebKit/537.36 (KHTML, like Gecko; compatible; GPTBot/1.3; +https://openai.com/gptbot)"
74.7.241.15 - - [10/Mar/2026:05:26:10 -0700] "GET /wp-json/oembed/1.0/embed?url=http%3A%2F%2Falsahibalc.com%2F2026%2F02%2F18%2Fjetton-games-analiz-igrovoj-platformy-ejo-2%2F HTTP/1.1" 200 - "http://alsahibalc.com/2026/02/18/jetton-games-analiz-igrovoj-platformy-ejo-2/" "Mozilla/5.0 AppleWebKit/537.36 (KHTML, like Gecko; compatible; GPTBot/1.3; +https://openai.com/gptbot)"
74.7.241.15 - - [10/Mar/2026:05:26:13 -0700] "GET /wp-json/oembed/1.0/embed?url=http%3A%2F%2Falsahibalc.com%2F2026%2F02%2F25%2F100-percent-free-revolves-no-put-zero-betting-requirements-2026%2F HTTP/1.1" 200 - "http://alsahibalc.com/2026/02/25/100-percent-free-revolves-no-put-zero-betting-requirements-2026/" "Mozilla/5.0 AppleWebKit/537.36 (KHTML, like Gecko; compatible; GPTBot/1.3; +https://openai.com/gptbot)"
74.7.241.15 - - [10/Mar/2026:05:26:17 -0700] "GET /wp-json/oembed/1.0/embed?url=http%3A%2F%2Falsahibalc.com%2F2026%2F02%2F11%2Fbillionairespin-gr-600%2F HTTP/1.1" 200 - "http://alsahibalc.com/2026/02/11/billionairespin-gr-600/" "Mozilla/5.0 AppleWebKit/537.36 (KHTML, like Gecko; compatible; GPTBot/1.3; +https://openai.com/gptbot)"
74.7.241.15 - - [10/Mar/2026:05:26:26 -0700] "GET /wp-json/oembed/1.0/embed?url=http%3A%2F%2Falsahibalc.com%2F2026%2F02%2F25%2Fbetter-pub-high-quality-drinks-at-home%2F HTTP/1.1" 200 - "http://alsahibalc.com/2026/02/25/better-pub-high-quality-drinks-at-home/" "Mozilla/5.0 AppleWebKit/537.36 (KHTML, like Gecko; compatible; GPTBot/1.3; +https://openai.com/gptbot)"
74.7.241.15 - - [10/Mar/2026:05:26:29 -0700] "GET /wp-json/oembed/1.0/embed?url=http%3A%2F%2Falsahibalc.com%2F2026%2F02%2F04%2Fnya-online-casinon-i-sverige-874%2F HTTP/1.1" 200 - "http://alsahibalc.com/2026/02/04/nya-online-casinon-i-sverige-874/" "Mozilla/5.0 AppleWebKit/537.36 (KHTML, like Gecko; compatible; GPTBot/1.3; +https://openai.com/gptbot)"
74.7.241.15 - - [10/Mar/2026:05:26:32 -0700] "GET /wp-json/oembed/1.0/embed?url=http%3A%2F%2Falsahibalc.com%2F2026%2F02%2F24%2Fthe-impact-of-live-dealer-games-on-casino-4%2F HTTP/1.1" 200 - "http://alsahibalc.com/2026/02/24/the-impact-of-live-dealer-games-on-casino-4/" "Mozilla/5.0 AppleWebKit/537.36 (KHTML, like Gecko; compatible; GPTBot/1.3; +https://openai.com/gptbot)"
74.7.241.15 - - [10/Mar/2026:05:26:35 -0700] "GET /wp-json/oembed/1.0/embed?url=http%3A%2F%2Falsahibalc.com%2F2026%2F01%2F09%2Fa-emocao-do-tigre-ao-seu-alcance-experimente-o-9%2F HTTP/1.1" 200 - "http://alsahibalc.com/2026/01/09/a-emocao-do-tigre-ao-seu-alcance-experimente-o-9/" "Mozilla/5.0 AppleWebKit/537.36 (KHTML, like Gecko; compatible; GPTBot/1.3; +https://openai.com/gptbot)"
74.7.241.15 - - [10/Mar/2026:05:26:38 -0700] "GET /wp-json/oembed/1.0/embed?url=http%3A%2F%2Falsahibalc.com%2F2025%2F11%2F26%2Fthe-rise-of-online-casinos-and-their-impact-on-4%2F HTTP/1.1" 200 - "http://alsahibalc.com/2025/11/26/the-rise-of-online-casinos-and-their-impact-on-4/" "Mozilla/5.0 AppleWebKit/537.36 (KHTML, like Gecko; compatible; GPTBot/1.3; +https://openai.com/gptbot)"
85.208.96.209 - - [10/Mar/2026:05:26:39 -0700] "GET /2026/02/06/northern-gaming-satisfaction-knowledge-on-the-arena-of-casinos-on-the-internet-casino-jackpotcity-no-deposit-bonus-within-the-finland/ HTTP/1.1" 200 - "-" "Mozilla/5.0 (compatible; SemrushBot/7~bl; +http://www.semrush.com/bot.html)"
74.7.241.15 - - [10/Mar/2026:05:26:42 -0700] "GET /wp-json/oembed/1.0/embed?url=http%3A%2F%2Falsahibalc.com%2F2026%2F02%2F25%2Fbeyond-the-cards-master-the-art-of-online-teen-4%2F HTTP/1.1" 200 - "http://alsahibalc.com/2026/02/25/beyond-the-cards-master-the-art-of-online-teen-4/" "Mozilla/5.0 AppleWebKit/537.36 (KHTML, like Gecko; compatible; GPTBot/1.3; +https://openai.com/gptbot)"
74.7.241.15 - - [10/Mar/2026:05:26:45 -0700] "GET /wp-json/oembed/1.0/embed?url=http%3A%2F%2Falsahibalc.com%2F2025%2F02%2F25%2Fhow-to-play-live-dealer-at-online-casinos-2%2F HTTP/1.1" 200 - "http://alsahibalc.com/2025/02/25/how-to-play-live-dealer-at-online-casinos-2/" "Mozilla/5.0 AppleWebKit/537.36 (KHTML, like Gecko; compatible; GPTBot/1.3; +https://openai.com/gptbot)"
74.7.241.15 - - [10/Mar/2026:05:26:51 -0700] "GET /2026/01/29/navigating-legal-regulations-in-the-ever-changing/%3Cdiv%20class=%22video-container%22%3E%3Ciframe%20src=%22https:/cdn.pixabay.com/video/2020/11/07/55660-503729041_medium.mp4%22%20frameborder=%220%22%20allowfullscreen%3E%3C/iframe%3E%3C/div%3E HTTP/1.1" 406 300 "http://alsahibalc.com/2026/01/29/navigating-legal-regulations-in-the-ever-changing/" "Mozilla/5.0 AppleWebKit/537.36 (KHTML, like Gecko; compatible; GPTBot/1.3; +https://openai.com/gptbot)"
74.7.241.15 - - [10/Mar/2026:05:26:58 -0700] "GET /wp-json/oembed/1.0/embed?url=http%3A%2F%2Falsahibalc.com%2F2026%2F02%2F25%2Fduel-casino-support-service-guide%2F HTTP/1.1" 200 - "http://alsahibalc.com/2026/02/25/duel-casino-support-service-guide/" "Mozilla/5.0 AppleWebKit/537.36 (KHTML, like Gecko; compatible; GPTBot/1.3; +https://openai.com/gptbot)"
74.7.241.15 - - [10/Mar/2026:05:27:04 -0700] "GET /wp-json/oembed/1.0/embed?url=http%3A%2F%2Falsahibalc.com%2F2025%2F04%2F27%2Ffastest-payout-casinos-in-2025-2%2F HTTP/1.1" 200 - "http://alsahibalc.com/2025/04/27/fastest-payout-casinos-in-2025-2/" "Mozilla/5.0 AppleWebKit/537.36 (KHTML, like Gecko; compatible; GPTBot/1.3; +https://openai.com/gptbot)"
74.7.241.15 - - [10/Mar/2026:05:27:07 -0700] "GET /wp-json/oembed/1.0/embed?url=http%3A%2F%2Falsahibalc.com%2F2025%2F01%2F31%2Ffastest-payout-casinos-in-2025-3%2F HTTP/1.1" 200 - "http://alsahibalc.com/2025/01/31/fastest-payout-casinos-in-2025-3/" "Mozilla/5.0 AppleWebKit/537.36 (KHTML, like Gecko; compatible; GPTBot/1.3; +https://openai.com/gptbot)"
74.7.241.15 - - [10/Mar/2026:05:27:10 -0700] "GET /wp-json/oembed/1.0/embed?url=http%3A%2F%2Falsahibalc.com%2F2026%2F02%2F28%2Fshowboat-branson-belle-2026-plan-tickets%2F HTTP/1.1" 200 - "http://alsahibalc.com/2026/02/28/showboat-branson-belle-2026-plan-tickets/" "Mozilla/5.0 AppleWebKit/537.36 (KHTML, like Gecko; compatible; GPTBot/1.3; +https://openai.com/gptbot)"
74.7.241.15 - - [10/Mar/2026:05:27:13 -0700] "GET /wp-json/oembed/1.0/embed?url=http%3A%2F%2Falsahibalc.com%2F2026%2F02%2F06%2Fsplash-dollars-slot-by-us-friendly-arrows-boundary-jimi-hendrix-casino-comment-demo-game%2F HTTP/1.1" 200 - "http://alsahibalc.com/2026/02/06/splash-dollars-slot-by-us-friendly-arrows-boundary-jimi-hendrix-casino-comment-demo-game/" "Mozilla/5.0 AppleWebKit/537.36 (KHTML, like Gecko; compatible; GPTBot/1.3; +https://openai.com/gptbot)"
74.7.241.15 - - [10/Mar/2026:05:27:16 -0700] "GET /wp-json/oembed/1.0/embed?url=http%3A%2F%2Falsahibalc.com%2F2026%2F02%2F19%2Fwikipedia-margaret-kasino-1xslot-indonesia-kecokelatan%2F HTTP/1.1" 200 - "http://alsahibalc.com/2026/02/19/wikipedia-margaret-kasino-1xslot-indonesia-kecokelatan/" "Mozilla/5.0 AppleWebKit/537.36 (KHTML, like Gecko; compatible; GPTBot/1.3; +https://openai.com/gptbot)"
74.7.241.15 - - [10/Mar/2026:05:27:19 -0700] "GET /wp-json/oembed/1.0/embed?url=http%3A%2F%2Falsahibalc.com%2F2024%2F12%2F29%2Fwie-man-via-mobile-gerate-das-beste-aus-online-casino-ohne-oasis-herausholt%2F HTTP/1.1" 200 - "http://alsahibalc.com/2024/12/29/wie-man-via-mobile-gerate-das-beste-aus-online-casino-ohne-oasis-herausholt/" "Mozilla/5.0 AppleWebKit/537.36 (KHTML, like Gecko; compatible; GPTBot/1.3; +https://openai.com/gptbot)"
74.7.241.15 - - [10/Mar/2026:05:27:23 -0700] "GET /wp-json/oembed/1.0/embed?url=http%3A%2F%2Falsahibalc.com%2F2026%2F01%2F24%2Fmostbet-casino-pakistan-2791%2F HTTP/1.1" 200 - "http://alsahibalc.com/2026/01/24/mostbet-casino-pakistan-2791/" "Mozilla/5.0 AppleWebKit/537.36 (KHTML, like Gecko; compatible; GPTBot/1.3; +https://openai.com/gptbot)"
185.191.171.12 - - [10/Mar/2026:05:27:24 -0700] "GET /2026/02/19/the-evolution-of-casino-gaming-from-traditional-to/ HTTP/1.1" 200 - "-" "Mozilla/5.0 (compatible; SemrushBot/7~bl; +http://www.semrush.com/bot.html)"
74.7.241.15 - - [10/Mar/2026:05:27:26 -0700] "GET /wp-json/oembed/1.0/embed?url=http%3A%2F%2Falsahibalc.com%2F2026%2F01%2F14%2Fcoronavirus-disease-2019%2F HTTP/1.1" 200 - "http://alsahibalc.com/2026/01/14/coronavirus-disease-2019/" "Mozilla/5.0 AppleWebKit/537.36 (KHTML, like Gecko; compatible; GPTBot/1.3; +https://openai.com/gptbot)"
74.7.241.15 - - [10/Mar/2026:05:27:29 -0700] "GET /wp-json/oembed/1.0/embed?url=http%3A%2F%2Falsahibalc.com%2F2025%2F11%2F24%2Fbookmaker-company-betshop-4738%2F HTTP/1.1" 200 - "http://alsahibalc.com/2025/11/24/bookmaker-company-betshop-4738/" "Mozilla/5.0 AppleWebKit/537.36 (KHTML, like Gecko; compatible; GPTBot/1.3; +https://openai.com/gptbot)"
74.7.241.15 - - [10/Mar/2026:05:27:32 -0700] "GET /wp-json/oembed/1.0/embed?url=http%3A%2F%2Falsahibalc.com%2F2026%2F01%2F28%2Fbookmaker-company-betshop-1491%2F HTTP/1.1" 200 - "http://alsahibalc.com/2026/01/28/bookmaker-company-betshop-1491/" "Mozilla/5.0 AppleWebKit/537.36 (KHTML, like Gecko; compatible; GPTBot/1.3; +https://openai.com/gptbot)"
74.7.241.15 - - [10/Mar/2026:05:27:35 -0700] "GET /wp-json/oembed/1.0/embed?url=http%3A%2F%2Falsahibalc.com%2F2026%2F01%2F30%2Fglory-casino-online5225%2F HTTP/1.1" 200 - "http://alsahibalc.com/2026/01/30/glory-casino-online5225/" "Mozilla/5.0 AppleWebKit/537.36 (KHTML, like Gecko; compatible; GPTBot/1.3; +https://openai.com/gptbot)"
74.7.241.15 - - [10/Mar/2026:05:27:38 -0700] "GET /wp-json/oembed/1.0/embed?url=http%3A%2F%2Falsahibalc.com%2F2026%2F01%2F29%2Fcasino-mostbet-azrbaycan-601%2F HTTP/1.1" 200 - "http://alsahibalc.com/2026/01/29/casino-mostbet-azrbaycan-601/" "Mozilla/5.0 AppleWebKit/537.36 (KHTML, like Gecko; compatible; GPTBot/1.3; +https://openai.com/gptbot)"
85.208.96.204 - - [10/Mar/2026:05:27:46 -0700] "GET /2026/02/09/oferte-bonus-lucky-kong-rotiri-gratuite-2026/ HTTP/1.1" 200 - "-" "Mozilla/5.0 (compatible; SemrushBot/7~bl; +http://www.semrush.com/bot.html)"
74.7.241.15 - - [10/Mar/2026:05:27:51 -0700] "GET /wp-json/oembed/1.0/embed?url=http%3A%2F%2Falsahibalc.com%2F2026%2F02%2F09%2Fbedste-danske-casino-sider-inden-for-2023%2F HTTP/1.1" 200 - "http://alsahibalc.com/2026/02/09/bedste-danske-casino-sider-inden-for-2023/" "Mozilla/5.0 AppleWebKit/537.36 (KHTML, like Gecko; compatible; GPTBot/1.3; +https://openai.com/gptbot)"
74.7.241.15 - - [10/Mar/2026:05:27:54 -0700] "GET /wp-json/oembed/1.0/embed?url=http%3A%2F%2Falsahibalc.com%2F2026%2F02%2F25%2Fminefun-io-gamble-on-line-100percent-free%2F HTTP/1.1" 200 - "http://alsahibalc.com/2026/02/25/minefun-io-gamble-on-line-100percent-free/" "Mozilla/5.0 AppleWebKit/537.36 (KHTML, like Gecko; compatible; GPTBot/1.3; +https://openai.com/gptbot)"
74.7.241.15 - - [10/Mar/2026:05:27:57 -0700] "GET /wp-json/oembed/1.0/embed?url=http%3A%2F%2Falsahibalc.com%2F2026%2F01%2F26%2Fonline-casinos-met-licentie-in-belgi-740%2F HTTP/1.1" 200 - "http://alsahibalc.com/2026/01/26/online-casinos-met-licentie-in-belgi-740/" "Mozilla/5.0 AppleWebKit/537.36 (KHTML, like Gecko; compatible; GPTBot/1.3; +https://openai.com/gptbot)"
185.191.171.6 - - [10/Mar/2026:05:28:00 -0700] "GET /2026/02/13/fairly-kitty-from-the-microgaming-from-the-tropicool-slot-play-winny-gambling-enterprise/ HTTP/1.1" 200 - "-" "Mozilla/5.0 (compatible; SemrushBot/7~bl; +http://www.semrush.com/bot.html)"
74.7.241.15 - - [10/Mar/2026:05:28:00 -0700] "GET /wp-json/oembed/1.0/embed?url=http%3A%2F%2Falsahibalc.com%2F2026%2F01%2F14%2Fdesata-la-aleatoriedad-plinko-el-juego-donde-cada%2F HTTP/1.1" 200 - "http://alsahibalc.com/2026/01/14/desata-la-aleatoriedad-plinko-el-juego-donde-cada/" "Mozilla/5.0 AppleWebKit/537.36 (KHTML, like Gecko; compatible; GPTBot/1.3; +https://openai.com/gptbot)"
74.7.241.15 - - [10/Mar/2026:05:28:04 -0700] "GET /wp-json/oembed/1.0/embed?url=http%3A%2F%2Falsahibalc.com%2F2026%2F02%2F25%2Fcool-fresh-fruit-because-of-the-playtech-demo-gamble-free-position-video-game%2F HTTP/1.1" 200 - "http://alsahibalc.com/2026/02/25/cool-fresh-fruit-because-of-the-playtech-demo-gamble-free-position-video-game/" "Mozilla/5.0 AppleWebKit/537.36 (KHTML, like Gecko; compatible; GPTBot/1.3; +https://openai.com/gptbot)"
85.208.96.207 - - [10/Mar/2026:05:28:04 -0700] "GET /2026/02/07/rockstar-gambling-enterprise-no-deposit-added-bonus-50-free-spins-play-battle-royale-slot-machine-with-incentive-password-january-2026/ HTTP/1.1" 200 - "-" "Mozilla/5.0 (compatible; SemrushBot/7~bl; +http://www.semrush.com/bot.html)"
74.7.241.15 - - [10/Mar/2026:05:28:07 -0700] "GET /wp-json/oembed/1.0/embed?url=http%3A%2F%2Falsahibalc.com%2F2026%2F01%2F28%2Fmostbet-trkiye-casino-448%2F HTTP/1.1" 200 - "http://alsahibalc.com/2026/01/28/mostbet-trkiye-casino-448/" "Mozilla/5.0 AppleWebKit/537.36 (KHTML, like Gecko; compatible; GPTBot/1.3; +https://openai.com/gptbot)"
74.7.241.15 - - [10/Mar/2026:05:28:10 -0700] "GET /wp-json/oembed/1.0/embed?url=http%3A%2F%2Falsahibalc.com%2F2026%2F01%2F24%2Ffortune-tiger-slot-cassino-4157%2F HTTP/1.1" 200 - "http://alsahibalc.com/2026/01/24/fortune-tiger-slot-cassino-4157/" "Mozilla/5.0 AppleWebKit/537.36 (KHTML, like Gecko; compatible; GPTBot/1.3; +https://openai.com/gptbot)"
74.7.241.15 - - [10/Mar/2026:05:28:13 -0700] "GET /wp-json/oembed/1.0/embed?url=http%3A%2F%2Falsahibalc.com%2F2026%2F01%2F30%2Fcasibom-casino-resmi-giri-3178%2F HTTP/1.1" 200 - "http://alsahibalc.com/2026/01/30/casibom-casino-resmi-giri-3178/" "Mozilla/5.0 AppleWebKit/537.36 (KHTML, like Gecko; compatible; GPTBot/1.3; +https://openai.com/gptbot)"
74.7.241.15 - - [10/Mar/2026:05:28:16 -0700] "GET /wp-json/oembed/1.0/embed?url=http%3A%2F%2Falsahibalc.com%2F2026%2F02%2F06%2Fpame-stoixima-live-score-104%2F HTTP/1.1" 200 - "http://alsahibalc.com/2026/02/06/pame-stoixima-live-score-104/" "Mozilla/5.0 AppleWebKit/537.36 (KHTML, like Gecko; compatible; GPTBot/1.3; +https://openai.com/gptbot)"
74.7.241.15 - - [10/Mar/2026:05:28:19 -0700] "GET /wp-json/oembed/1.0/embed?url=http%3A%2F%2Falsahibalc.com%2F2025%2F07%2F12%2Fmostbet-trkiye-casino-699%2F HTTP/1.1" 200 - "http://alsahibalc.com/2025/07/12/mostbet-trkiye-casino-699/" "Mozilla/5.0 AppleWebKit/537.36 (KHTML, like Gecko; compatible; GPTBot/1.3; +https://openai.com/gptbot)"
74.7.241.15 - - [10/Mar/2026:05:28:26 -0700] "GET /wp-json/oembed/1.0/embed?url=http%3A%2F%2Falsahibalc.com%2F2025%2F12%2F26%2Fonline-cazinouri-care-accepta-bitcoin%2F HTTP/1.1" 200 - "http://alsahibalc.com/2025/12/26/online-cazinouri-care-accepta-bitcoin/" "Mozilla/5.0 AppleWebKit/537.36 (KHTML, like Gecko; compatible; GPTBot/1.3; +https://openai.com/gptbot)"
74.7.241.15 - - [10/Mar/2026:05:28:29 -0700] "GET /wp-json/oembed/1.0/embed?url=http%3A%2F%2Falsahibalc.com%2F2026%2F01%2F26%2Fcomo-tomar-cabergolina-guia-completa%2F HTTP/1.1" 200 - "http://alsahibalc.com/2026/01/26/como-tomar-cabergolina-guia-completa/" "Mozilla/5.0 AppleWebKit/537.36 (KHTML, like Gecko; compatible; GPTBot/1.3; +https://openai.com/gptbot)"
74.7.241.15 - - [10/Mar/2026:05:28:32 -0700] "GET /wp-json/oembed/1.0/embed?url=http%3A%2F%2Falsahibalc.com%2F2026%2F02%2F07%2Frossijan-predupredili-o-novoj-sheme%2F HTTP/1.1" 200 - "http://alsahibalc.com/2026/02/07/rossijan-predupredili-o-novoj-sheme/" "Mozilla/5.0 AppleWebKit/537.36 (KHTML, like Gecko; compatible; GPTBot/1.3; +https://openai.com/gptbot)"
74.7.241.15 - - [10/Mar/2026:05:28:38 -0700] "GET /wp-json/oembed/1.0/embed?url=http%3A%2F%2Falsahibalc.com%2F2026%2F02%2F20%2Ffreispiele-nv-casino-im-spielbank%2F HTTP/1.1" 200 - "http://alsahibalc.com/2026/02/20/freispiele-nv-casino-im-spielbank/" "Mozilla/5.0 AppleWebKit/537.36 (KHTML, like Gecko; compatible; GPTBot/1.3; +https://openai.com/gptbot)"
74.7.241.15 - - [10/Mar/2026:05:28:44 -0700] "GET /wp-json/oembed/1.0/embed?url=http%3A%2F%2Falsahibalc.com%2F2026%2F01%2F30%2Fvavada-online-casino-w-polsce-metody-patnoci-1096%2F HTTP/1.1" 200 - "http://alsahibalc.com/2026/01/30/vavada-online-casino-w-polsce-metody-patnoci-1096/" "Mozilla/5.0 AppleWebKit/537.36 (KHTML, like Gecko; compatible; GPTBot/1.3; +https://openai.com/gptbot)"
74.7.241.15 - - [10/Mar/2026:05:28:47 -0700] "GET /wp-json/oembed/1.0/embed?url=http%3A%2F%2Falsahibalc.com%2F2026%2F01%2F21%2F1win-oficialnyj-sajt-bukmekerskoj-kontory-1vin-98%2F HTTP/1.1" 200 - "http://alsahibalc.com/2026/01/21/1win-oficialnyj-sajt-bukmekerskoj-kontory-1vin-98/" "Mozilla/5.0 AppleWebKit/537.36 (KHTML, like Gecko; compatible; GPTBot/1.3; +https://openai.com/gptbot)"
74.7.241.15 - - [10/Mar/2026:05:28:51 -0700] "GET /wp-json/oembed/1.0/embed?url=http%3A%2F%2Falsahibalc.com%2F2026%2F02%2F26%2Fselektor-kazino-zerkalo-kak-poluchit-dostup-k-124%2F HTTP/1.1" 200 - "http://alsahibalc.com/2026/02/26/selektor-kazino-zerkalo-kak-poluchit-dostup-k-124/" "Mozilla/5.0 AppleWebKit/537.36 (KHTML, like Gecko; compatible; GPTBot/1.3; +https://openai.com/gptbot)"
74.7.241.15 - - [10/Mar/2026:05:28:54 -0700] "GET /wp-json/oembed/1.0/embed?url=http%3A%2F%2Falsahibalc.com%2F2026%2F01%2F21%2F1win-oficialnyj-sajt-bukmekerskoj-kontory-1vin-95%2F HTTP/1.1" 200 - "http://alsahibalc.com/2026/01/21/1win-oficialnyj-sajt-bukmekerskoj-kontory-1vin-95/" "Mozilla/5.0 AppleWebKit/537.36 (KHTML, like Gecko; compatible; GPTBot/1.3; +https://openai.com/gptbot)"
74.7.241.15 - - [10/Mar/2026:05:28:57 -0700] "GET /wp-json/oembed/1.0/embed?url=http%3A%2F%2Falsahibalc.com%2F2026%2F01%2F23%2Froyal-reels-casino-australia-highest-rtp-slot-146%2F HTTP/1.1" 200 - "http://alsahibalc.com/2026/01/23/royal-reels-casino-australia-highest-rtp-slot-146/" "Mozilla/5.0 AppleWebKit/537.36 (KHTML, like Gecko; compatible; GPTBot/1.3; +https://openai.com/gptbot)"
74.7.241.15 - - [10/Mar/2026:05:29:00 -0700] "GET /wp-json/oembed/1.0/embed?url=http%3A%2F%2Falsahibalc.com%2F2026%2F01%2F24%2Fcon-oltre-500-titoli-playjonny-casino-trasforma%2F HTTP/1.1" 200 - "http://alsahibalc.com/2026/01/24/con-oltre-500-titoli-playjonny-casino-trasforma/" "Mozilla/5.0 AppleWebKit/537.36 (KHTML, like Gecko; compatible; GPTBot/1.3; +https://openai.com/gptbot)"
74.7.241.15 - - [10/Mar/2026:05:29:03 -0700] "GET /wp-json/oembed/1.0/embed?url=http%3A%2F%2Falsahibalc.com%2F2026%2F02%2F26%2Fpokerdom-kazino-kak-ispolzovat-strategiju-117%2F HTTP/1.1" 200 - "http://alsahibalc.com/2026/02/26/pokerdom-kazino-kak-ispolzovat-strategiju-117/" "Mozilla/5.0 AppleWebKit/537.36 (KHTML, like Gecko; compatible; GPTBot/1.3; +https://openai.com/gptbot)"
74.7.241.15 - - [10/Mar/2026:05:29:06 -0700] "GET /wp-json/oembed/1.0/embed?url=http%3A%2F%2Falsahibalc.com%2F2026%2F01%2F28%2Fmostbet-bukmekerskaja-kontora-i-kazino-onlajn-161%2F HTTP/1.1" 200 - "http://alsahibalc.com/2026/01/28/mostbet-bukmekerskaja-kontora-i-kazino-onlajn-161/" "Mozilla/5.0 AppleWebKit/537.36 (KHTML, like Gecko; compatible; GPTBot/1.3; +https://openai.com/gptbot)"
74.7.241.15 - - [10/Mar/2026:05:29:13 -0700] "GET /wp-json/oembed/1.0/embed?url=http%3A%2F%2Falsahibalc.com%2F2026%2F02%2F20%2Fmostbet-azerbaycan-online-giri-rsmi-veb-sayt-1705%2F HTTP/1.1" 200 - "http://alsahibalc.com/2026/02/20/mostbet-azerbaycan-online-giri-rsmi-veb-sayt-1705/" "Mozilla/5.0 AppleWebKit/537.36 (KHTML, like Gecko; compatible; GPTBot/1.3; +https://openai.com/gptbot)"
85.208.96.197 - - [10/Mar/2026:05:29:13 -0700] "GET /2025/04/07/ein-blick-auf-die-innovativen-features-von-cowboyspin-casino/ HTTP/1.1" 200 - "-" "Mozilla/5.0 (compatible; SemrushBot/7~bl; +http://www.semrush.com/bot.html)"
74.7.241.15 - - [10/Mar/2026:05:29:16 -0700] "GET /wp-json/oembed/1.0/embed?url=http%3A%2F%2Falsahibalc.com%2F2026%2F02%2F24%2Fmkslg-intelekta-ietekme-uz-kazino-darbbu-262%2F HTTP/1.1" 200 - "http://alsahibalc.com/2026/02/24/mkslg-intelekta-ietekme-uz-kazino-darbbu-262/" "Mozilla/5.0 AppleWebKit/537.36 (KHTML, like Gecko; compatible; GPTBot/1.3; +https://openai.com/gptbot)"
74.7.241.15 - - [10/Mar/2026:05:29:19 -0700] "GET /wp-json/oembed/1.0/embed?url=http%3A%2F%2Falsahibalc.com%2F2026%2F02%2F25%2Flaki-world-oficialnyj-sajt-kak-polzovatsja-102%2F HTTP/1.1" 200 - "http://alsahibalc.com/2026/02/25/laki-world-oficialnyj-sajt-kak-polzovatsja-102/" "Mozilla/5.0 AppleWebKit/537.36 (KHTML, like Gecko; compatible; GPTBot/1.3; +https://openai.com/gptbot)"
74.7.241.15 - - [10/Mar/2026:05:29:22 -0700] "GET /wp-json/oembed/1.0/embed?url=http%3A%2F%2Falsahibalc.com%2F2026%2F01%2F28%2Fmostbet-bukmekerskaja-kontora-i-kazino-onlajn-137%2F HTTP/1.1" 200 - "http://alsahibalc.com/2026/01/28/mostbet-bukmekerskaja-kontora-i-kazino-onlajn-137/" "Mozilla/5.0 AppleWebKit/537.36 (KHTML, like Gecko; compatible; GPTBot/1.3; +https://openai.com/gptbot)"
74.7.241.15 - - [10/Mar/2026:05:29:28 -0700] "GET /wp-json/oembed/1.0/embed?url=http%3A%2F%2Falsahibalc.com%2F2026%2F01%2F26%2Fchicken-road-online-casino-slot-offering-wild-179%2F HTTP/1.1" 200 - "http://alsahibalc.com/2026/01/26/chicken-road-online-casino-slot-offering-wild-179/" "Mozilla/5.0 AppleWebKit/537.36 (KHTML, like Gecko; compatible; GPTBot/1.3; +https://openai.com/gptbot)"
74.7.241.15 - - [10/Mar/2026:05:29:31 -0700] "GET /wp-json/oembed/1.0/embed?url=http%3A%2F%2Falsahibalc.com%2F2026%2F01%2F23%2Fazrbaycanda-glory-casino-onlayn-oyun-tcrbsi-1450%2F HTTP/1.1" 200 - "http://alsahibalc.com/2026/01/23/azrbaycanda-glory-casino-onlayn-oyun-tcrbsi-1450/" "Mozilla/5.0 AppleWebKit/537.36 (KHTML, like Gecko; compatible; GPTBot/1.3; +https://openai.com/gptbot)"
74.7.241.15 - - [10/Mar/2026:05:29:34 -0700] "GET /wp-json/oembed/1.0/embed?url=http%3A%2F%2Falsahibalc.com%2F2026%2F01%2F28%2Fchicken-road-online-casino-slot-offering-wild-342%2F HTTP/1.1" 200 - "http://alsahibalc.com/2026/01/28/chicken-road-online-casino-slot-offering-wild-342/" "Mozilla/5.0 AppleWebKit/537.36 (KHTML, like Gecko; compatible; GPTBot/1.3; +https://openai.com/gptbot)"
74.7.241.15 - - [10/Mar/2026:05:29:38 -0700] "GET /wp-json/oembed/1.0/embed?url=http%3A%2F%2Falsahibalc.com%2F2026%2F01%2F22%2F1win-oficialnyj-sajt-bukmekerskoj-kontory-1vin-44%2F HTTP/1.1" 200 - "http://alsahibalc.com/2026/01/22/1win-oficialnyj-sajt-bukmekerskoj-kontory-1vin-44/" "Mozilla/5.0 AppleWebKit/537.36 (KHTML, like Gecko; compatible; GPTBot/1.3; +https://openai.com/gptbot)"
74.7.241.15 - - [10/Mar/2026:05:29:41 -0700] "GET /wp-json/oembed/1.0/embed?url=http%3A%2F%2Falsahibalc.com%2F2026%2F01%2F22%2F1win-oficialnyj-sajt-bukmekerskoj-kontory-1vin-64%2F HTTP/1.1" 200 - "http://alsahibalc.com/2026/01/22/1win-oficialnyj-sajt-bukmekerskoj-kontory-1vin-64/" "Mozilla/5.0 AppleWebKit/537.36 (KHTML, like Gecko; compatible; GPTBot/1.3; +https://openai.com/gptbot)"
74.7.241.15 - - [10/Mar/2026:05:29:44 -0700] "GET /wp-json/oembed/1.0/embed?url=http%3A%2F%2Falsahibalc.com%2F2026%2F01%2F31%2Faustralian-online-casino-pokies-gameplay-470%2F HTTP/1.1" 200 - "http://alsahibalc.com/2026/01/31/australian-online-casino-pokies-gameplay-470/" "Mozilla/5.0 AppleWebKit/537.36 (KHTML, like Gecko; compatible; GPTBot/1.3; +https://openai.com/gptbot)"
74.7.241.15 - - [10/Mar/2026:05:29:47 -0700] "GET /wp-json/oembed/1.0/embed?url=http%3A%2F%2Falsahibalc.com%2F2025%2F11%2F24%2Fazrbaycanda-glory-casino-onlayn-oyun-tcrubsi-1305%2F HTTP/1.1" 200 - "http://alsahibalc.com/2025/11/24/azrbaycanda-glory-casino-onlayn-oyun-tcrubsi-1305/" "Mozilla/5.0 AppleWebKit/537.36 (KHTML, like Gecko; compatible; GPTBot/1.3; +https://openai.com/gptbot)"
74.7.241.15 - - [10/Mar/2026:05:29:51 -0700] "GET /wp-json/oembed/1.0/embed?url=http%3A%2F%2Falsahibalc.com%2F2026%2F01%2F29%2Fmostbet-bukmekerskaja-kontora-i-kazino-onlajn-415%2F HTTP/1.1" 200 - "http://alsahibalc.com/2026/01/29/mostbet-bukmekerskaja-kontora-i-kazino-onlajn-415/" "Mozilla/5.0 AppleWebKit/537.36 (KHTML, like Gecko; compatible; GPTBot/1.3; +https://openai.com/gptbot)"
74.7.241.15 - - [10/Mar/2026:05:29:57 -0700] "GET /wp-json/oembed/1.0/embed?url=http%3A%2F%2Falsahibalc.com%2F2026%2F01%2F21%2F1win-oficialnyj-sajt-bukmekerskoj-kontory-1vin-78%2F HTTP/1.1" 200 - "http://alsahibalc.com/2026/01/21/1win-oficialnyj-sajt-bukmekerskoj-kontory-1vin-78/" "Mozilla/5.0 AppleWebKit/537.36 (KHTML, like Gecko; compatible; GPTBot/1.3; +https://openai.com/gptbot)"
74.7.241.15 - - [10/Mar/2026:05:30:00 -0700] "GET /wp-json/oembed/1.0/embed?url=http%3A%2F%2Falsahibalc.com%2F2026%2F02%2F18%2Flemon-casino-kasyno-online-oficjalna-strona-6490%2F HTTP/1.1" 200 - "http://alsahibalc.com/2026/02/18/lemon-casino-kasyno-online-oficjalna-strona-6490/" "Mozilla/5.0 AppleWebKit/537.36 (KHTML, like Gecko; compatible; GPTBot/1.3; +https://openai.com/gptbot)"
85.208.96.205 - - [10/Mar/2026:05:30:08 -0700] "GET /2026/02/19/dunder-kasino-erfahrungen-die-gesamtheit-hinter-spielen-online-casino-billionairespin-keine-einzahlung-unter-anderem-pramie-im-test-2026/ HTTP/1.1" 200 - "-" "Mozilla/5.0 (compatible; SemrushBot/7~bl; +http://www.semrush.com/bot.html)"
74.7.241.15 - - [10/Mar/2026:05:30:10 -0700] "GET /wp-json/oembed/1.0/embed?url=http%3A%2F%2Falsahibalc.com%2F2026%2F01%2F28%2Fpinco-online-kazino-azrbaycanda-srtli-dnilr-v-137%2F HTTP/1.1" 200 - "http://alsahibalc.com/2026/01/28/pinco-online-kazino-azrbaycanda-srtli-dnilr-v-137/" "Mozilla/5.0 AppleWebKit/537.36 (KHTML, like Gecko; compatible; GPTBot/1.3; +https://openai.com/gptbot)"
74.7.241.15 - - [10/Mar/2026:05:30:13 -0700] "GET /wp-json/oembed/1.0/embed?url=http%3A%2F%2Falsahibalc.com%2F2026%2F01%2F31%2Fonline-casinos-in-australia-for-pokies-lovers-705%2F HTTP/1.1" 200 - "http://alsahibalc.com/2026/01/31/online-casinos-in-australia-for-pokies-lovers-705/" "Mozilla/5.0 AppleWebKit/537.36 (KHTML, like Gecko; compatible; GPTBot/1.3; +https://openai.com/gptbot)"
82.30.244.28 - - [10/Mar/2026:05:30:15 -0700] "GET /blog/ HTTP/1.1" 200 - "-" "Mozilla/5.0 (Macintosh; Intel Mac OS X 10_9_7 rv:6.0; tr-TR) AppleWebKit/531.19.5 (KHTML, like Gecko) Version/5.1 Safari/531.19.5"
74.7.241.15 - - [10/Mar/2026:05:30:16 -0700] "GET /wp-json/oembed/1.0/embed?url=http%3A%2F%2Falsahibalc.com%2F2026%2F02%2F24%2Fpinco-online-kazino-pinko-azrbaycanda-etibarl-314%2F HTTP/1.1" 200 - "http://alsahibalc.com/2026/02/24/pinco-online-kazino-pinko-azrbaycanda-etibarl-314/" "Mozilla/5.0 AppleWebKit/537.36 (KHTML, like Gecko; compatible; GPTBot/1.3; +https://openai.com/gptbot)"
74.7.241.15 - - [10/Mar/2026:05:30:19 -0700] "GET /wp-json/oembed/1.0/embed?url=http%3A%2F%2Falsahibalc.com%2F2026%2F01%2F30%2Fdeneme-bonusu-guncel-kampanyalaryla-yeni-364%2F HTTP/1.1" 200 - "http://alsahibalc.com/2026/01/30/deneme-bonusu-guncel-kampanyalaryla-yeni-364/" "Mozilla/5.0 AppleWebKit/537.36 (KHTML, like Gecko; compatible; GPTBot/1.3; +https://openai.com/gptbot)"
74.7.241.15 - - [10/Mar/2026:05:30:22 -0700] "GET /wp-json/oembed/1.0/embed?url=http%3A%2F%2Falsahibalc.com%2F2026%2F01%2F21%2F1win-oficialnyj-sajt-bukmekerskoj-kontory-1vin-68%2F HTTP/1.1" 200 - "http://alsahibalc.com/2026/01/21/1win-oficialnyj-sajt-bukmekerskoj-kontory-1vin-68/" "Mozilla/5.0 AppleWebKit/537.36 (KHTML, like Gecko; compatible; GPTBot/1.3; +https://openai.com/gptbot)"
74.7.241.15 - - [10/Mar/2026:05:30:25 -0700] "GET /wp-json/oembed/1.0/embed?url=http%3A%2F%2Falsahibalc.com%2F2025%2F11%2F24%2Fthe-evolution-of-casino-loyalty-programs-174%2F HTTP/1.1" 200 - "http://alsahibalc.com/2025/11/24/the-evolution-of-casino-loyalty-programs-174/" "Mozilla/5.0 AppleWebKit/537.36 (KHTML, like Gecko; compatible; GPTBot/1.3; +https://openai.com/gptbot)"
85.208.96.200 - - [10/Mar/2026:05:30:28 -0700] "GET /2026/02/14/da-vinci-beverly-hills-online-slot-expensive-diamonds-harbors/ HTTP/1.1" 200 - "-" "Mozilla/5.0 (compatible; SemrushBot/7~bl; +http://www.semrush.com/bot.html)"
74.7.241.15 - - [10/Mar/2026:05:30:32 -0700] "GET /wp-json/oembed/1.0/embed?url=http%3A%2F%2Falsahibalc.com%2F2026%2F02%2F18%2Flemon-casino-szczegowa-recenzja-lemon-kasyno-3439%2F HTTP/1.1" 200 - "http://alsahibalc.com/2026/02/18/lemon-casino-szczegowa-recenzja-lemon-kasyno-3439/" "Mozilla/5.0 AppleWebKit/537.36 (KHTML, like Gecko; compatible; GPTBot/1.3; +https://openai.com/gptbot)"
74.7.241.15 - - [10/Mar/2026:05:30:35 -0700] "GET /wp-json/oembed/1.0/embed?url=http%3A%2F%2Falsahibalc.com%2F2026%2F01%2F29%2Fpinco-online-kazino-azrbaycanda-srtli-dnilr-v-100%2F HTTP/1.1" 200 - "http://alsahibalc.com/2026/01/29/pinco-online-kazino-azrbaycanda-srtli-dnilr-v-100/" "Mozilla/5.0 AppleWebKit/537.36 (KHTML, like Gecko; compatible; GPTBot/1.3; +https://openai.com/gptbot)"
74.7.241.15 - - [10/Mar/2026:05:30:38 -0700] "GET /wp-json/oembed/1.0/embed?url=http%3A%2F%2Falsahibalc.com%2F2026%2F01%2F30%2Foficialnyj-sajt-1xslots-1hslots-onlajn-kazino-3%2F HTTP/1.1" 200 - "http://alsahibalc.com/2026/01/30/oficialnyj-sajt-1xslots-1hslots-onlajn-kazino-3/" "Mozilla/5.0 AppleWebKit/537.36 (KHTML, like Gecko; compatible; GPTBot/1.3; +https://openai.com/gptbot)"
74.7.241.15 - - [10/Mar/2026:05:30:44 -0700] "GET /wp-json/oembed/1.0/embed?url=http%3A%2F%2Falsahibalc.com%2F2026%2F02%2F26%2Fzerkalo-kazino-riobet-rabochaja-ssylka-dlja-136%2F HTTP/1.1" 200 - "http://alsahibalc.com/2026/02/26/zerkalo-kazino-riobet-rabochaja-ssylka-dlja-136/" "Mozilla/5.0 AppleWebKit/537.36 (KHTML, like Gecko; compatible; GPTBot/1.3; +https://openai.com/gptbot)"
185.191.171.6 - - [10/Mar/2026:05:30:45 -0700] "GET /2026/02/10/thunderstruck-gold-blitz-extreme-slot-demo-remark-dazzle-50-free-spins-no-deposit-real-money-2026/ HTTP/1.1" 200 - "-" "Mozilla/5.0 (compatible; SemrushBot/7~bl; +http://www.semrush.com/bot.html)"
74.7.241.15 - - [10/Mar/2026:05:30:47 -0700] "GET /wp-json/oembed/1.0/embed?url=http%3A%2F%2Falsahibalc.com%2F2026%2F02%2F18%2Fpinco-online-kazino-azrbaycanda-srtli-dnilr-v-197%2F HTTP/1.1" 200 - "http://alsahibalc.com/2026/02/18/pinco-online-kazino-azrbaycanda-srtli-dnilr-v-197/" "Mozilla/5.0 AppleWebKit/537.36 (KHTML, like Gecko; compatible; GPTBot/1.3; +https://openai.com/gptbot)"
74.7.241.15 - - [10/Mar/2026:05:30:50 -0700] "GET /wp-json/oembed/1.0/embed?url=http%3A%2F%2Falsahibalc.com%2F2026%2F01%2F29%2Fchicken-road-online-casino-slot-offering-wild-146%2F HTTP/1.1" 200 - "http://alsahibalc.com/2026/01/29/chicken-road-online-casino-slot-offering-wild-146/" "Mozilla/5.0 AppleWebKit/537.36 (KHTML, like Gecko; compatible; GPTBot/1.3; +https://openai.com/gptbot)"
185.191.171.16 - - [10/Mar/2026:05:30:52 -0700] "GET /2026/02/10/melhores-jogos-de-cassino-on-mega-joker-slot-free-spins-line-zero-pagina-inicial/ HTTP/1.1" 200 - "-" "Mozilla/5.0 (compatible; SemrushBot/7~bl; +http://www.semrush.com/bot.html)"
74.7.241.15 - - [10/Mar/2026:05:30:53 -0700] "GET /wp-json/oembed/1.0/embed?url=http%3A%2F%2Falsahibalc.com%2F2026%2F02%2F18%2Ffinest-casino-no-deposit-bonus-requirements-2025%2F HTTP/1.1" 200 - "http://alsahibalc.com/2026/02/18/finest-casino-no-deposit-bonus-requirements-2025/" "Mozilla/5.0 AppleWebKit/537.36 (KHTML, like Gecko; compatible; GPTBot/1.3; +https://openai.com/gptbot)"
74.7.241.15 - - [10/Mar/2026:05:30:56 -0700] "GET /wp-json/oembed/1.0/embed?url=http%3A%2F%2Falsahibalc.com%2F2026%2F01%2F30%2Fpinco-online-kazino-azrbaycanda-srtli-dnilr-v-143%2F HTTP/1.1" 200 - "http://alsahibalc.com/2026/01/30/pinco-online-kazino-azrbaycanda-srtli-dnilr-v-143/" "Mozilla/5.0 AppleWebKit/537.36 (KHTML, like Gecko; compatible; GPTBot/1.3; +https://openai.com/gptbot)"
74.7.241.15 - - [10/Mar/2026:05:31:00 -0700] "GET /wp-json/oembed/1.0/embed?url=http%3A%2F%2Falsahibalc.com%2F2026%2F02%2F07%2Femerveillez-vous-devant-500-jeux-captivants-et%2F HTTP/1.1" 200 - "http://alsahibalc.com/2026/02/07/emerveillez-vous-devant-500-jeux-captivants-et/" "Mozilla/5.0 AppleWebKit/537.36 (KHTML, like Gecko; compatible; GPTBot/1.3; +https://openai.com/gptbot)"
74.7.241.15 - - [10/Mar/2026:05:31:03 -0700] "GET /wp-json/oembed/1.0/embed?url=http%3A%2F%2Falsahibalc.com%2F2026%2F02%2F07%2Funderstanding-the-effects-of-deca-durabolin-200%2F HTTP/1.1" 200 - "http://alsahibalc.com/2026/02/07/understanding-the-effects-of-deca-durabolin-200/" "Mozilla/5.0 AppleWebKit/537.36 (KHTML, like Gecko; compatible; GPTBot/1.3; +https://openai.com/gptbot)"
74.7.241.15 - - [10/Mar/2026:05:31:06 -0700] "GET /wp-json/oembed/1.0/embed?url=http%3A%2F%2Falsahibalc.com%2F2026%2F01%2F31%2Fkumar-siteleri-trkiye-hzl-para-ekme-seenekleri-136%2F HTTP/1.1" 200 - "http://alsahibalc.com/2026/01/31/kumar-siteleri-trkiye-hzl-para-ekme-seenekleri-136/" "Mozilla/5.0 AppleWebKit/537.36 (KHTML, like Gecko; compatible; GPTBot/1.3; +https://openai.com/gptbot)"
74.7.241.15 - - [10/Mar/2026:05:31:09 -0700] "GET /wp-json/oembed/1.0/embed?url=http%3A%2F%2Falsahibalc.com%2F2026%2F02%2F19%2Fdruckgluck-probe-online-power-stars-download-slots-casinos-top-spiele-500-euro-pramie-25-freispiele%2F HTTP/1.1" 200 - "http://alsahibalc.com/2026/02/19/druckgluck-probe-online-power-stars-download-slots-casinos-top-spiele-500-euro-pramie-25-freispiele/" "Mozilla/5.0 AppleWebKit/537.36 (KHTML, like Gecko; compatible; GPTBot/1.3; +https://openai.com/gptbot)"
31.217.174.79 - - [10/Mar/2026:05:31:12 -0700] "GET /feed/ HTTP/1.1" 200 - "-" "Mozilla/5.0 (Macintosh; U; PPC Mac OS X 10_9_2 rv:4.0; nn-NO) AppleWebKit/534.46.4 (KHTML, like Gecko) Version/5.0 Safari/534.46.4"
74.7.241.15 - - [10/Mar/2026:05:31:15 -0700] "GET /wp-json/oembed/1.0/embed?url=http%3A%2F%2Falsahibalc.com%2F2026%2F02%2F25%2Fariana-jackpot-beauties-slotbutler%2F HTTP/1.1" 200 - "http://alsahibalc.com/2026/02/25/ariana-jackpot-beauties-slotbutler/" "Mozilla/5.0 AppleWebKit/537.36 (KHTML, like Gecko; compatible; GPTBot/1.3; +https://openai.com/gptbot)"
15.235.98.53 - - [10/Mar/2026:05:31:19 -0700] "GET /wp-includes/js/tinymce/langs/ HTTP/1.1" 200 886 "-" "Mozilla/5.0 (compatible; AhrefsBot/7.0; +http://ahrefs.com/robot/)"
74.7.241.15 - - [10/Mar/2026:05:31:22 -0700] "GET /wp-json/oembed/1.0/embed?url=http%3A%2F%2Falsahibalc.com%2F2026%2F01%2F23%2Fpokerdom-oficialnyj-sajt-s-podrobnym-opisaniem-5%2F HTTP/1.1" 200 - "http://alsahibalc.com/2026/01/23/pokerdom-oficialnyj-sajt-s-podrobnym-opisaniem-5/" "Mozilla/5.0 AppleWebKit/537.36 (KHTML, like Gecko; compatible; GPTBot/1.3; +https://openai.com/gptbot)"
185.191.171.16 - - [10/Mar/2026:05:31:22 -0700] "GET /2026/02/13/enjoy-better-slots-pokie-tomb-raider-incentives/ HTTP/1.1" 200 - "-" "Mozilla/5.0 (compatible; SemrushBot/7~bl; +http://www.semrush.com/bot.html)"
74.7.241.15 - - [10/Mar/2026:05:31:25 -0700] "GET /wp-json/oembed/1.0/embed?url=http%3A%2F%2Falsahibalc.com%2F2026%2F02%2F03%2F7-knowledge-to-boost-your-own-psychological-state%2F HTTP/1.1" 200 - "http://alsahibalc.com/2026/02/03/7-knowledge-to-boost-your-own-psychological-state/" "Mozilla/5.0 AppleWebKit/537.36 (KHTML, like Gecko; compatible; GPTBot/1.3; +https://openai.com/gptbot)"
74.7.241.15 - - [10/Mar/2026:05:31:28 -0700] "GET /wp-json/oembed/1.0/embed?url=http%3A%2F%2Falsahibalc.com%2F2026%2F02%2F07%2Fanglers-paradise-found-explore-the-thrills-2%2F HTTP/1.1" 200 - "http://alsahibalc.com/2026/02/07/anglers-paradise-found-explore-the-thrills-2/" "Mozilla/5.0 AppleWebKit/537.36 (KHTML, like Gecko; compatible; GPTBot/1.3; +https://openai.com/gptbot)"
74.7.241.15 - - [10/Mar/2026:05:31:31 -0700] "GET /wp-json/oembed/1.0/embed?url=http%3A%2F%2Falsahibalc.com%2F2024%2F11%2F01%2Faprecomm-surpasses-50-global-service-provider%2F HTTP/1.1" 200 - "http://alsahibalc.com/2024/11/01/aprecomm-surpasses-50-global-service-provider/" "Mozilla/5.0 AppleWebKit/537.36 (KHTML, like Gecko; compatible; GPTBot/1.3; +https://openai.com/gptbot)"
74.7.241.15 - - [10/Mar/2026:05:31:34 -0700] "GET /wp-json/oembed/1.0/embed?url=http%3A%2F%2Falsahibalc.com%2F2026%2F02%2F19%2Fjetton-registracija-po-telefonu-bystryj-vhod-12%2F HTTP/1.1" 200 - "http://alsahibalc.com/2026/02/19/jetton-registracija-po-telefonu-bystryj-vhod-12/" "Mozilla/5.0 AppleWebKit/537.36 (KHTML, like Gecko; compatible; GPTBot/1.3; +https://openai.com/gptbot)"
185.191.171.17 - - [10/Mar/2026:05:31:36 -0700] "GET /2026/02/12/casinos-via-rapider-auszahlung-gewinne-sofortig-anders-sein-original-quellseite-2026/ HTTP/1.1" 200 - "-" "Mozilla/5.0 (compatible; SemrushBot/7~bl; +http://www.semrush.com/bot.html)"
74.7.241.15 - - [10/Mar/2026:05:31:38 -0700] "GET /wp-json/oembed/1.0/embed?url=http%3A%2F%2Falsahibalc.com%2F2026%2F01%2F21%2Fvzlet-k-vyigryshu-chestnye-starda-casino-otzyvy-2%2F HTTP/1.1" 200 - "http://alsahibalc.com/2026/01/21/vzlet-k-vyigryshu-chestnye-starda-casino-otzyvy-2/" "Mozilla/5.0 AppleWebKit/537.36 (KHTML, like Gecko; compatible; GPTBot/1.3; +https://openai.com/gptbot)"
85.208.96.194 - - [10/Mar/2026:05:31:40 -0700] "GET /2026/02/09/energycasino-online-kaszin-regisztrci-s-els-lpsek-155/ HTTP/1.1" 200 - "-" "Mozilla/5.0 (compatible; SemrushBot/7~bl; +http://www.semrush.com/bot.html)"
