74.7.241.15 - - [10/Mar/2026:07:01:23 -0700] "GET /wp-json/oembed/1.0/embed?url=http%3A%2F%2Falsahibalc.com%2F2026%2F02%2F28%2Fbitcoin-angeschlossen-casinos-platooners-150-kostenlose-spins-bewertungen-2026-bitcoin-spielsaal%2F HTTP/1.1" 404 236 "http://alsahibalc.com/2026/02/28/bitcoin-angeschlossen-casinos-platooners-150-kostenlose-spins-bewertungen-2026-bitcoin-spielsaal/" "Mozilla/5.0 AppleWebKit/537.36 (KHTML, like Gecko; compatible; GPTBot/1.3; +https://openai.com/gptbot)"
74.7.241.15 - - [10/Mar/2026:07:01:33 -0700] "GET /wp-json/oembed/1.0/embed?url=http%3A%2F%2Falsahibalc.com%2F2026%2F02%2F27%2Fac-dc-wikipedia%2F HTTP/1.1" 404 236 "http://alsahibalc.com/2026/02/27/ac-dc-wikipedia/" "Mozilla/5.0 AppleWebKit/537.36 (KHTML, like Gecko; compatible; GPTBot/1.3; +https://openai.com/gptbot)"
74.7.241.15 - - [10/Mar/2026:07:01:43 -0700] "GET /wp-json/oembed/1.0/embed?url=http%3A%2F%2Falsahibalc.com%2F2026%2F02%2F27%2Fonline-casinos-2026-spiele-in-einem-deutschen-kostenlose-spins-joker-8000-keine-einzahlung-online-spielbank%2F HTTP/1.1" 404 236 "http://alsahibalc.com/2026/02/27/online-casinos-2026-spiele-in-einem-deutschen-kostenlose-spins-joker-8000-keine-einzahlung-online-spielbank/" "Mozilla/5.0 AppleWebKit/537.36 (KHTML, like Gecko; compatible; GPTBot/1.3; +https://openai.com/gptbot)"
74.7.241.15 - - [10/Mar/2026:07:01:53 -0700] "GET /wp-json/oembed/1.0/embed?url=http%3A%2F%2Falsahibalc.com%2F2026%2F02%2F19%2Fcasinos-via-freispielen-exklusive-einzahlung-inoffizieller-mitarbeiter-januar-2026%2F HTTP/1.1" 404 236 "http://alsahibalc.com/2026/02/19/casinos-via-freispielen-exklusive-einzahlung-inoffizieller-mitarbeiter-januar-2026/" "Mozilla/5.0 AppleWebKit/537.36 (KHTML, like Gecko; compatible; GPTBot/1.3; +https://openai.com/gptbot)"
185.191.171.17 - - [10/Mar/2026:07:01:59 -0700] "GET /category/uncategorized/page/6/ HTTP/1.1" 404 236 "-" "Mozilla/5.0 (compatible; SemrushBot/7~bl; +http://www.semrush.com/bot.html)"
51.161.37.48 - - [10/Mar/2026:07:02:01 -0700] "GET /category/post/page/44/ HTTP/1.1" 404 236 "-" "Mozilla/5.0 (compatible; AhrefsBot/7.0; +http://ahrefs.com/robot/)"
74.7.241.15 - - [10/Mar/2026:07:02:03 -0700] "GET /wp-json/oembed/1.0/embed?url=http%3A%2F%2Falsahibalc.com%2F2025%2F05%2F04%2Fhow-to-play-slot-at-online-casinos-2%2F HTTP/1.1" 404 236 "http://alsahibalc.com/2025/05/04/how-to-play-slot-at-online-casinos-2/" "Mozilla/5.0 AppleWebKit/537.36 (KHTML, like Gecko; compatible; GPTBot/1.3; +https://openai.com/gptbot)"
185.191.171.13 - - [10/Mar/2026:07:02:10 -0700] "GET /2026/02/06/os-6-melhores-aplicativos-de-videoconferencia-para-60-2/ HTTP/1.1" 404 236 "-" "Mozilla/5.0 (compatible; SemrushBot/7~bl; +http://www.semrush.com/bot.html)"
74.7.241.15 - - [10/Mar/2026:07:02:12 -0700] "GET /wp-json/oembed/1.0/embed?url=http%3A%2F%2Falsahibalc.com%2F2026%2F01%2F03%2Fhow-to-play-slot-at-online-casinos-3%2F HTTP/1.1" 404 236 "http://alsahibalc.com/2026/01/03/how-to-play-slot-at-online-casinos-3/" "Mozilla/5.0 AppleWebKit/537.36 (KHTML, like Gecko; compatible; GPTBot/1.3; +https://openai.com/gptbot)"
185.191.171.18 - - [10/Mar/2026:07:02:27 -0700] "GET /2026/02/13/forged-in-fire-claim-your-share-of-5000-in-bonuses/ HTTP/1.1" 404 236 "-" "Mozilla/5.0 (compatible; SemrushBot/7~bl; +http://www.semrush.com/bot.html)"
74.7.241.15 - - [10/Mar/2026:07:02:41 -0700] "GET /wp-json/oembed/1.0/embed?format=xml&url=http%3A%2F%2Falsahibalc.com%2F2026%2F02%2F19%2Fsisal-casino-online-intense-casino-italia-login-la-recensione-di-gratifica-slot-sommita-di-nuovo-giochi%2F HTTP/1.1" 404 236 "http://alsahibalc.com/2026/02/19/sisal-casino-online-intense-casino-italia-login-la-recensione-di-gratifica-slot-sommita-di-nuovo-giochi/" "Mozilla/5.0 AppleWebKit/537.36 (KHTML, like Gecko; compatible; GPTBot/1.3; +https://openai.com/gptbot)"
57.141.0.61 - - [10/Mar/2026:07:02:48 -0700] "GET /2026/02/24/i-migliori-casino-bitcoin-in-italia-2025/ HTTP/1.1" 404 236 "-" "meta-externalagent/1.1 (+https://developers.facebook.com/docs/sharing/webmasters/crawler)"
74.7.241.15 - - [10/Mar/2026:07:02:59 -0700] "GET /wp-json/oembed/1.0/embed?url=http%3A%2F%2Falsahibalc.com%2F2026%2F02%2F07%2Fcolorado-beverage-wager-totally-free-now-zero-install-needed%2F HTTP/1.1" 404 236 "http://alsahibalc.com/2026/02/07/colorado-beverage-wager-totally-free-now-zero-install-needed/" "Mozilla/5.0 AppleWebKit/537.36 (KHTML, like Gecko; compatible; GPTBot/1.3; +https://openai.com/gptbot)"
15.235.96.161 - - [10/Mar/2026:07:03:03 -0700] "GET /category/post/page/41/ HTTP/1.1" 404 236 "-" "Mozilla/5.0 (compatible; AhrefsBot/7.0; +http://ahrefs.com/robot/)"
74.7.241.15 - - [10/Mar/2026:07:03:09 -0700] "GET /wp-json/oembed/1.0/embed?url=http%3A%2F%2Falsahibalc.com%2F2026%2F01%2F21%2Fthe-future-of-gambling-trends-shaping-the-next-2%2F HTTP/1.1" 404 236 "http://alsahibalc.com/2026/01/21/the-future-of-gambling-trends-shaping-the-next-2/" "Mozilla/5.0 AppleWebKit/537.36 (KHTML, like Gecko; compatible; GPTBot/1.3; +https://openai.com/gptbot)"
74.7.241.15 - - [10/Mar/2026:07:03:28 -0700] "GET /wp-json/oembed/1.0/embed?url=http%3A%2F%2Falsahibalc.com%2F2025%2F05%2F16%2Fprogressive-jackpots-how-to-win-big-2%2F HTTP/1.1" 404 236 "http://alsahibalc.com/2025/05/16/progressive-jackpots-how-to-win-big-2/" "Mozilla/5.0 AppleWebKit/537.36 (KHTML, like Gecko; compatible; GPTBot/1.3; +https://openai.com/gptbot)"
74.7.241.15 - - [10/Mar/2026:07:03:38 -0700] "GET /wp-json/oembed/1.0/embed?format=xml&url=http%3A%2F%2Falsahibalc.com%2F2026%2F01%2F12%2Ffeatured-article-from-today-present-with-laura-9%2F HTTP/1.1" 404 236 "http://alsahibalc.com/2026/01/12/featured-article-from-today-present-with-laura-9/" "Mozilla/5.0 AppleWebKit/537.36 (KHTML, like Gecko; compatible; GPTBot/1.3; +https://openai.com/gptbot)"
74.7.241.15 - - [10/Mar/2026:07:03:47 -0700] "GET /wp-json/oembed/1.0/embed?url=http%3A%2F%2Falsahibalc.com%2F2025%2F06%2F05%2Froyalgame-casino-live-casino-une-experience-immersive%2F HTTP/1.1" 404 236 "http://alsahibalc.com/2025/06/05/royalgame-casino-live-casino-une-experience-immersive/" "Mozilla/5.0 AppleWebKit/537.36 (KHTML, like Gecko; compatible; GPTBot/1.3; +https://openai.com/gptbot)"
74.7.241.15 - - [10/Mar/2026:07:03:56 -0700] "GET /wp-json/oembed/1.0/embed?url=http%3A%2F%2Falsahibalc.com%2F2026%2F02%2F06%2F10-ramses-ii-successes-1-hugo-goal-and-success%2F HTTP/1.1" 404 236 "http://alsahibalc.com/2026/02/06/10-ramses-ii-successes-1-hugo-goal-and-success/" "Mozilla/5.0 AppleWebKit/537.36 (KHTML, like Gecko; compatible; GPTBot/1.3; +https://openai.com/gptbot)"
173.247.246.132 - - [10/Mar/2026:07:03:59 -0700] "POST /wp-cron.php?doing_wp_cron=1773151439.0096280574798583984375 HTTP/1.1" 200 - "-" "WordPress/6.6.4; http://alsahibalc.com"
149.102.237.53 - - [10/Mar/2026:07:03:57 -0700] "POST /xmlrpc.php HTTP/1.1" 200 366840 "-" "Mozilla/5.0 (Windows NT 10.0) AppleWebKit/537.36 (KHTML, like Gecko) Chrome/114.0.0.0 Safari/537.36"
149.102.237.53 - - [10/Mar/2026:07:04:03 -0700] "POST /xmlrpc.php HTTP/1.1" 200 180 "-" "Mozilla/5.0 (Windows NT 10.0) AppleWebKit/537.36 (KHTML, like Gecko) Chrome/114.0.0.0 Safari/537.36"
74.7.241.15 - - [10/Mar/2026:07:04:06 -0700] "GET /wp-json/oembed/1.0/embed?url=http%3A%2F%2Falsahibalc.com%2F2026%2F02%2F25%2F%25e2%25ad%2590%25ef%25b8%258f-beste-erreichbar-casinos-as-part-of-das-schweizerische-eidgenossenschaft-2026%2F HTTP/1.1" 404 236 "http://alsahibalc.com/2026/02/25/%e2%ad%90%ef%b8%8f-beste-erreichbar-casinos-as-part-of-das-schweizerische-eidgenossenschaft-2026/" "Mozilla/5.0 AppleWebKit/537.36 (KHTML, like Gecko; compatible; GPTBot/1.3; +https://openai.com/gptbot)"
149.102.237.53 - - [10/Mar/2026:07:04:05 -0700] "POST /xmlrpc.php HTTP/1.1" 200 7914 "-" "Mozilla/5.0 (Windows NT 10.0) AppleWebKit/537.36 (KHTML, like Gecko) Chrome/114.0.0.0 Safari/537.36"
173.247.246.132 - - [10/Mar/2026:07:04:06 -0700] "POST /wp-cron.php?doing_wp_cron=1773151446.6182720661163330078125 HTTP/1.1" 200 - "-" "WordPress/6.6.4; http://alsahibalc.com"
74.7.241.15 - - [10/Mar/2026:07:04:15 -0700] "GET /wp-json/oembed/1.0/embed?url=http%3A%2F%2Falsahibalc.com%2F2025%2F05%2F26%2Fhow-to-play-bingo-at-online-casinos-2%2F HTTP/1.1" 404 236 "http://alsahibalc.com/2025/05/26/how-to-play-bingo-at-online-casinos-2/" "Mozilla/5.0 AppleWebKit/537.36 (KHTML, like Gecko; compatible; GPTBot/1.3; +https://openai.com/gptbot)"
74.7.241.15 - - [10/Mar/2026:07:04:25 -0700] "GET /wp-json/oembed/1.0/embed?format=xml&url=http%3A%2F%2Falsahibalc.com%2F2025%2F05%2F22%2Fanalisi-comparativa-tra-vari-ewallet-per-le-esigenze-di-giocatori-a-budget-contenuto%2F HTTP/1.1" 404 236 "http://alsahibalc.com/2025/05/22/analisi-comparativa-tra-vari-ewallet-per-le-esigenze-di-giocatori-a-budget-contenuto/" "Mozilla/5.0 AppleWebKit/537.36 (KHTML, like Gecko; compatible; GPTBot/1.3; +https://openai.com/gptbot)"
74.7.241.15 - - [10/Mar/2026:07:04:34 -0700] "GET /wp-json/oembed/1.0/embed?url=http%3A%2F%2Falsahibalc.com%2F2026%2F02%2F07%2Fbest-no-deposit-incentives-jan-2026-50-100-percent-free%2F HTTP/1.1" 404 236 "http://alsahibalc.com/2026/02/07/best-no-deposit-incentives-jan-2026-50-100-percent-free/" "Mozilla/5.0 AppleWebKit/537.36 (KHTML, like Gecko; compatible; GPTBot/1.3; +https://openai.com/gptbot)"
74.7.241.15 - - [10/Mar/2026:07:04:43 -0700] "GET /wp-json/oembed/1.0/embed?url=http%3A%2F%2Falsahibalc.com%2F2025%2F12%2F12%2Fhow-to-play-scratch-card-at-online-casinos-3%2F HTTP/1.1" 404 236 "http://alsahibalc.com/2025/12/12/how-to-play-scratch-card-at-online-casinos-3/" "Mozilla/5.0 AppleWebKit/537.36 (KHTML, like Gecko; compatible; GPTBot/1.3; +https://openai.com/gptbot)"
167.114.139.151 - - [10/Mar/2026:07:04:48 -0700] "GET /category/post/page/40/ HTTP/1.1" 404 236 "-" "Mozilla/5.0 (compatible; AhrefsBot/7.0; +http://ahrefs.com/robot/)"
74.7.241.15 - - [10/Mar/2026:07:04:52 -0700] "GET /wp-json/oembed/1.0/embed?url=http%3A%2F%2Falsahibalc.com%2F2026%2F02%2F19%2Fjetton-%25d0%25b8%25d0%25b3%25d1%2580%25d0%25b0%25d1%2582%25d1%258c-%25d0%25be%25d0%25bd%25d0%25bb%25d0%25b0%25d0%25b9%25d0%25bd-%25d0%25ba%25d0%25b0%25d0%25ba-%25d0%25bd%25d0%25b0%25d1%2587%25d0%25b0%25d1%2582%25d1%258c-%25d0%25b8%25d0%25b3%25d1%2580%25d1%2583-%25d0%25ba%25d0%25b0%25d0%25ba%25d0%25b8%2F HTTP/1.1" 404 236 "http://alsahibalc.com/2026/02/19/jetton-%d0%b8%d0%b3%d1%80%d0%b0%d1%82%d1%8c-%d0%be%d0%bd%d0%bb%d0%b0%d0%b9%d0%bd-%d0%ba%d0%b0%d0%ba-%d0%bd%d0%b0%d1%87%d0%b0%d1%82%d1%8c-%d0%b8%d0%b3%d1%80%d1%83-%d0%ba%d0%b0%d0%ba%d0%b8/" "Mozilla/5.0 AppleWebKit/537.36 (KHTML, like Gecko; compatible; GPTBot/1.3; +https://openai.com/gptbot)"
74.7.241.15 - - [10/Mar/2026:07:05:02 -0700] "GET /wp-json/oembed/1.0/embed?url=http%3A%2F%2Falsahibalc.com%2F2026%2F02%2F06%2Fgoldilocks-and-the-insane-holds-pokie-quickspin-an-in-depth-play-elephant-treasure-real-money-comment%2F HTTP/1.1" 404 236 "http://alsahibalc.com/2026/02/06/goldilocks-and-the-insane-holds-pokie-quickspin-an-in-depth-play-elephant-treasure-real-money-comment/" "Mozilla/5.0 AppleWebKit/537.36 (KHTML, like Gecko; compatible; GPTBot/1.3; +https://openai.com/gptbot)"
74.7.241.15 - - [10/Mar/2026:07:05:11 -0700] "GET /wp-json/oembed/1.0/embed?url=http%3A%2F%2Falsahibalc.com%2F2026%2F01%2F22%2Fhgh-fragment-176-en-culturismo-potenciando-el-rendimiento-deportivo%2F HTTP/1.1" 404 236 "http://alsahibalc.com/2026/01/22/hgh-fragment-176-en-culturismo-potenciando-el-rendimiento-deportivo/" "Mozilla/5.0 AppleWebKit/537.36 (KHTML, like Gecko; compatible; GPTBot/1.3; +https://openai.com/gptbot)"
85.208.96.206 - - [10/Mar/2026:07:05:16 -0700] "GET /2026/02/18/elevate-your-gameplay-mastering-the-strategies/ HTTP/1.1" 404 236 "-" "Mozilla/5.0 (compatible; SemrushBot/7~bl; +http://www.semrush.com/bot.html)"
74.7.241.15 - - [10/Mar/2026:07:05:21 -0700] "GET /wp-json/oembed/1.0/embed?url=http%3A%2F%2Falsahibalc.com%2F2026%2F02%2F07%2F50-100-percent-free-revolves-no-deposit-casino-incentives-2026-casino-fire-88-totally-free-50-spins-on-the-join%2F HTTP/1.1" 404 236 "http://alsahibalc.com/2026/02/07/50-100-percent-free-revolves-no-deposit-casino-incentives-2026-casino-fire-88-totally-free-50-spins-on-the-join/" "Mozilla/5.0 AppleWebKit/537.36 (KHTML, like Gecko; compatible; GPTBot/1.3; +https://openai.com/gptbot)"
85.208.96.201 - - [10/Mar/2026:07:05:26 -0700] "GET /2026/01/27/deneme-bonusu-veren-siteler-2025-gvenilir-en-iyi-706/ HTTP/1.1" 404 236 "-" "Mozilla/5.0 (compatible; SemrushBot/7~bl; +http://www.semrush.com/bot.html)"
85.208.96.210 - - [10/Mar/2026:07:05:39 -0700] "GET /2026/02/07/christmas-reactors-slot-review-have-rtp-and-you-can-game-play-book/ HTTP/1.1" 404 236 "-" "Mozilla/5.0 (compatible; SemrushBot/7~bl; +http://www.semrush.com/bot.html)"
74.7.241.15 - - [10/Mar/2026:07:05:40 -0700] "GET /wp-json/oembed/1.0/embed?format=xml&url=http%3A%2F%2Falsahibalc.com%2F2025%2F03%2F11%2Fstrumenti-e-tecniche-per-analizzare-le-performance-dei-casino-aams-piu-affidabili%2F HTTP/1.1" 404 236 "http://alsahibalc.com/2025/03/11/strumenti-e-tecniche-per-analizzare-le-performance-dei-casino-aams-piu-affidabili/" "Mozilla/5.0 AppleWebKit/537.36 (KHTML, like Gecko; compatible; GPTBot/1.3; +https://openai.com/gptbot)"
54.39.203.78 - - [10/Mar/2026:07:05:42 -0700] "GET /2025/11/21/mostbet-az-bukmeker-ve-kazino-mostbet-giri-rsmi-1636/ HTTP/1.1" 404 236 "-" "Mozilla/5.0 (compatible; AhrefsBot/7.0; +http://ahrefs.com/robot/)"
74.7.241.15 - - [10/Mar/2026:07:05:49 -0700] "GET /wp-json/oembed/1.0/embed?url=http%3A%2F%2Falsahibalc.com%2F2026%2F02%2F25%2Fthunderstruck-video-slot-totally-free-enjoy-inside-the-trial-by-the-microgaming%2F HTTP/1.1" 404 236 "http://alsahibalc.com/2026/02/25/thunderstruck-video-slot-totally-free-enjoy-inside-the-trial-by-the-microgaming/" "Mozilla/5.0 AppleWebKit/537.36 (KHTML, like Gecko; compatible; GPTBot/1.3; +https://openai.com/gptbot)"
74.7.241.15 - - [10/Mar/2026:07:05:59 -0700] "GET /wp-json/oembed/1.0/embed?url=http%3A%2F%2Falsahibalc.com%2F2025%2F11%2F24%2Fmostbet-az-bukmeker-ve-kazino-mostbet-giri-rsmi-885-4%2F HTTP/1.1" 404 236 "http://alsahibalc.com/2025/11/24/mostbet-az-bukmeker-ve-kazino-mostbet-giri-rsmi-885-4/" "Mozilla/5.0 AppleWebKit/537.36 (KHTML, like Gecko; compatible; GPTBot/1.3; +https://openai.com/gptbot)"
74.7.241.15 - - [10/Mar/2026:07:06:17 -0700] "GET /wp-json/oembed/1.0/embed?url=http%3A%2F%2Falsahibalc.com%2F2026%2F02%2F03%2Fque-es-omegle-para-chatear-como-funciona-riesgos-y-35-2%2F HTTP/1.1" 404 236 "http://alsahibalc.com/2026/02/03/que-es-omegle-para-chatear-como-funciona-riesgos-y-35-2/" "Mozilla/5.0 AppleWebKit/537.36 (KHTML, like Gecko; compatible; GPTBot/1.3; +https://openai.com/gptbot)"
85.208.96.196 - - [10/Mar/2026:07:06:22 -0700] "GET /tag/casino-online-pin-up-game-slots-betting/ HTTP/1.1" 404 236 "-" "Mozilla/5.0 (compatible; SemrushBot/7~bl; +http://www.semrush.com/bot.html)"
74.7.241.15 - - [10/Mar/2026:07:06:27 -0700] "GET /wp-json/oembed/1.0/embed?url=http%3A%2F%2Falsahibalc.com%2F2026%2F02%2F03%2Fque-es-omegle-para-chatear-como-funciona-riesgos-y-70-2%2F HTTP/1.1" 404 236 "http://alsahibalc.com/2026/02/03/que-es-omegle-para-chatear-como-funciona-riesgos-y-70-2/" "Mozilla/5.0 AppleWebKit/537.36 (KHTML, like Gecko; compatible; GPTBot/1.3; +https://openai.com/gptbot)"
148.113.128.148 - - [10/Mar/2026:07:06:31 -0700] "GET /2025/11/22/chicken-road-online-casino-slot-combining-humor-206/ HTTP/1.1" 404 236 "-" "Mozilla/5.0 (compatible; AhrefsBot/7.0; +http://ahrefs.com/robot/)"
185.191.171.8 - - [10/Mar/2026:07:06:32 -0700] "GET /2026/02/12/debido-a-es-posible-casino-en-linea-booi-jugar-gratuito-a-300-shields-extreme-de-nextgen/ HTTP/1.1" 404 236 "-" "Mozilla/5.0 (compatible; SemrushBot/7~bl; +http://www.semrush.com/bot.html)"
74.7.241.15 - - [10/Mar/2026:07:06:36 -0700] "GET /wp-json/oembed/1.0/embed?url=http%3A%2F%2Falsahibalc.com%2F2026%2F02%2F26%2Flucky-days-casino%2F HTTP/1.1" 404 236 "http://alsahibalc.com/2026/02/26/lucky-days-casino/" "Mozilla/5.0 AppleWebKit/537.36 (KHTML, like Gecko; compatible; GPTBot/1.3; +https://openai.com/gptbot)"
74.7.241.15 - - [10/Mar/2026:07:06:45 -0700] "GET /wp-json/oembed/1.0/embed?url=http%3A%2F%2Falsahibalc.com%2F2025%2F05%2F24%2Fssl-encryption-and-casino-security-3%2F HTTP/1.1" 404 236 "http://alsahibalc.com/2025/05/24/ssl-encryption-and-casino-security-3/" "Mozilla/5.0 AppleWebKit/537.36 (KHTML, like Gecko; compatible; GPTBot/1.3; +https://openai.com/gptbot)"
74.7.241.15 - - [10/Mar/2026:07:06:55 -0700] "GET /wp-json/oembed/1.0/embed?url=http%3A%2F%2Falsahibalc.com%2F2025%2F05%2F19%2Fssl-encryption-and-casino-security-2%2F HTTP/1.1" 404 236 "http://alsahibalc.com/2025/05/19/ssl-encryption-and-casino-security-2/" "Mozilla/5.0 AppleWebKit/537.36 (KHTML, like Gecko; compatible; GPTBot/1.3; +https://openai.com/gptbot)"
74.7.241.15 - - [10/Mar/2026:07:07:04 -0700] "GET /wp-json/oembed/1.0/embed?url=http%3A%2F%2Falsahibalc.com%2F2026%2F02%2F25%2Faustralias-1-totally-free-pokies%2F HTTP/1.1" 404 236 "http://alsahibalc.com/2026/02/25/australias-1-totally-free-pokies/" "Mozilla/5.0 AppleWebKit/537.36 (KHTML, like Gecko; compatible; GPTBot/1.3; +https://openai.com/gptbot)"
74.7.241.15 - - [10/Mar/2026:07:07:23 -0700] "GET /wp-json/oembed/1.0/embed?url=http%3A%2F%2Falsahibalc.com%2F2026%2F02%2F07%2Favventura-avicola-sei-pronto-a-guidare-la-gallina%2F HTTP/1.1" 404 236 "http://alsahibalc.com/2026/02/07/avventura-avicola-sei-pronto-a-guidare-la-gallina/" "Mozilla/5.0 AppleWebKit/537.36 (KHTML, like Gecko; compatible; GPTBot/1.3; +https://openai.com/gptbot)"
74.7.241.15 - - [10/Mar/2026:07:07:33 -0700] "GET /wp-json/oembed/1.0/embed?url=http%3A%2F%2Falsahibalc.com%2F2026%2F02%2F28%2Favventurati-sulla-strada-pollastrina-e-sfida-la%2F HTTP/1.1" 404 236 "http://alsahibalc.com/2026/02/28/avventurati-sulla-strada-pollastrina-e-sfida-la/" "Mozilla/5.0 AppleWebKit/537.36 (KHTML, like Gecko; compatible; GPTBot/1.3; +https://openai.com/gptbot)"
74.7.241.15 - - [10/Mar/2026:07:07:43 -0700] "GET /wp-json/oembed/1.0/embed?url=http%3A%2F%2Falsahibalc.com%2F2026%2F02%2F25%2Fassapora-lebbrezza-della-fortuna-prova-subito-la%2F HTTP/1.1" 404 236 "http://alsahibalc.com/2026/02/25/assapora-lebbrezza-della-fortuna-prova-subito-la/" "Mozilla/5.0 AppleWebKit/537.36 (KHTML, like Gecko; compatible; GPTBot/1.3; +https://openai.com/gptbot)"
74.7.241.15 - - [10/Mar/2026:07:07:52 -0700] "GET /wp-json/oembed/1.0/embed?url=http%3A%2F%2Falsahibalc.com%2F2026%2F01%2F20%2Fevaluez-la-pertinence-et-les-performances-lavis%2F HTTP/1.1" 404 236 "http://alsahibalc.com/2026/01/20/evaluez-la-pertinence-et-les-performances-lavis/" "Mozilla/5.0 AppleWebKit/537.36 (KHTML, like Gecko; compatible; GPTBot/1.3; +https://openai.com/gptbot)"
185.191.171.9 - - [10/Mar/2026:07:07:54 -0700] "GET /2026/02/13/beyond-the-spin-elevate-your-play-with-limitless/ HTTP/1.1" 404 236 "-" "Mozilla/5.0 (compatible; SemrushBot/7~bl; +http://www.semrush.com/bot.html)"
74.7.241.15 - - [10/Mar/2026:07:08:02 -0700] "GET /wp-json/oembed/1.0/embed?url=http%3A%2F%2Falsahibalc.com%2F2026%2F02%2F11%2Flucky-days-casino-oesterreich-2026-bonus-1000-online-casino-blackjack-100fs%2F HTTP/1.1" 404 236 "http://alsahibalc.com/2026/02/11/lucky-days-casino-oesterreich-2026-bonus-1000-online-casino-blackjack-100fs/" "Mozilla/5.0 AppleWebKit/537.36 (KHTML, like Gecko; compatible; GPTBot/1.3; +https://openai.com/gptbot)"
85.208.96.202 - - [10/Mar/2026:07:08:20 -0700] "GET /2026/01/06/the-vital-role-of-compliance-in-upholding-integrity-in-online-gaming/ HTTP/1.1" 404 236 "-" "Mozilla/5.0 (compatible; SemrushBot/7~bl; +http://www.semrush.com/bot.html)"
74.7.241.15 - - [10/Mar/2026:07:08:21 -0700] "GET /wp-json/oembed/1.0/embed?url=http%3A%2F%2Falsahibalc.com%2F2026%2F02%2F10%2Fdragon-money-dragon-mani-oficialnyj-sajt-585%2F HTTP/1.1" 404 236 "http://alsahibalc.com/2026/02/10/dragon-money-dragon-mani-oficialnyj-sajt-585/" "Mozilla/5.0 AppleWebKit/537.36 (KHTML, like Gecko; compatible; GPTBot/1.3; +https://openai.com/gptbot)"
74.7.241.15 - - [10/Mar/2026:07:08:30 -0700] "GET /wp-json/oembed/1.0/embed?url=http%3A%2F%2Falsahibalc.com%2F2026%2F01%2F30%2Fcasibom-giri-adresi-casibom-casino-gncel-giri-386%2F HTTP/1.1" 404 236 "http://alsahibalc.com/2026/01/30/casibom-giri-adresi-casibom-casino-gncel-giri-386/" "Mozilla/5.0 AppleWebKit/537.36 (KHTML, like Gecko; compatible; GPTBot/1.3; +https://openai.com/gptbot)"
74.7.241.15 - - [10/Mar/2026:07:08:39 -0700] "GET /wp-json/oembed/1.0/embed?url=http%3A%2F%2Falsahibalc.com%2F2025%2F11%2F23%2Fdragon-money-dragon-mani-igrovoj-assortiment-104%2F HTTP/1.1" 404 236 "http://alsahibalc.com/2025/11/23/dragon-money-dragon-mani-igrovoj-assortiment-104/" "Mozilla/5.0 AppleWebKit/537.36 (KHTML, like Gecko; compatible; GPTBot/1.3; +https://openai.com/gptbot)"
74.7.241.15 - - [10/Mar/2026:07:08:48 -0700] "GET /wp-json/oembed/1.0/embed?url=http%3A%2F%2Falsahibalc.com%2F2026%2F01%2F30%2Fcasibom-giri-adresi-casibom-casino-gncel-giri-368%2F HTTP/1.1" 404 236 "http://alsahibalc.com/2026/01/30/casibom-giri-adresi-casibom-casino-gncel-giri-368/" "Mozilla/5.0 AppleWebKit/537.36 (KHTML, like Gecko; compatible; GPTBot/1.3; +https://openai.com/gptbot)"
74.7.241.15 - - [10/Mar/2026:07:08:58 -0700] "GET /wp-json/oembed/1.0/embed?url=http%3A%2F%2Falsahibalc.com%2F2026%2F02%2F26%2Fbedste-danske-online-casinoer-dk-casino%2F HTTP/1.1" 404 236 "http://alsahibalc.com/2026/02/26/bedste-danske-online-casinoer-dk-casino/" "Mozilla/5.0 AppleWebKit/537.36 (KHTML, like Gecko; compatible; GPTBot/1.3; +https://openai.com/gptbot)"
74.7.241.15 - - [10/Mar/2026:07:09:07 -0700] "GET /wp-json/oembed/1.0/embed?url=http%3A%2F%2Falsahibalc.com%2F2026%2F02%2F28%2Fechtgeld-angeschlossen-casinos-ostmark-feber-100-kostenlose-spins-keine-einzahlung-legacy-2026%2F HTTP/1.1" 404 236 "http://alsahibalc.com/2026/02/28/echtgeld-angeschlossen-casinos-ostmark-feber-100-kostenlose-spins-keine-einzahlung-legacy-2026/" "Mozilla/5.0 AppleWebKit/537.36 (KHTML, like Gecko; compatible; GPTBot/1.3; +https://openai.com/gptbot)"
85.208.96.205 - - [10/Mar/2026:07:09:11 -0700] "GET /2026/02/06/online-casino-slovenija-2024-%EF%B8%8F-najboljse-spletna-igralnica-v-sloveniji/ HTTP/1.1" 404 236 "-" "Mozilla/5.0 (compatible; SemrushBot/7~bl; +http://www.semrush.com/bot.html)"
85.208.96.196 - - [10/Mar/2026:07:09:26 -0700] "GET /2026/02/12/ervaar-de-sensatie-van-casinolab-een-wereld-van-ei/ HTTP/1.1" 404 236 "-" "Mozilla/5.0 (compatible; SemrushBot/7~bl; +http://www.semrush.com/bot.html)"
74.7.241.15 - - [10/Mar/2026:07:09:26 -0700] "GET /wp-json/oembed/1.0/embed?url=http%3A%2F%2Falsahibalc.com%2F2026%2F02%2F27%2Fdruckgluck-erfahrungen-berechnung-untersuchung-feber-fruity-wild-spiel-2026%2F HTTP/1.1" 404 236 "http://alsahibalc.com/2026/02/27/druckgluck-erfahrungen-berechnung-untersuchung-feber-fruity-wild-spiel-2026/" "Mozilla/5.0 AppleWebKit/537.36 (KHTML, like Gecko; compatible; GPTBot/1.3; +https://openai.com/gptbot)"
74.7.241.15 - - [10/Mar/2026:07:09:36 -0700] "GET /wp-json/oembed/1.0/embed?url=http%3A%2F%2Falsahibalc.com%2F2026%2F02%2F02%2Fdzhetton-zerkalo-sposoby-obhoda-blokirovok-i-16%2F HTTP/1.1" 404 236 "http://alsahibalc.com/2026/02/02/dzhetton-zerkalo-sposoby-obhoda-blokirovok-i-16/" "Mozilla/5.0 AppleWebKit/537.36 (KHTML, like Gecko; compatible; GPTBot/1.3; +https://openai.com/gptbot)"
74.7.241.15 - - [10/Mar/2026:07:09:45 -0700] "GET /wp-json/oembed/1.0/embed?url=http%3A%2F%2Falsahibalc.com%2F2026%2F01%2F29%2Fmostbet-azrbaycan-casino-icmal-mostbet-onlayn-48%2F HTTP/1.1" 404 236 "http://alsahibalc.com/2026/01/29/mostbet-azrbaycan-casino-icmal-mostbet-onlayn-48/" "Mozilla/5.0 AppleWebKit/537.36 (KHTML, like Gecko; compatible; GPTBot/1.3; +https://openai.com/gptbot)"
85.208.96.206 - - [10/Mar/2026:07:09:51 -0700] "GET /2026/02/14/gonzos-quest-slot-game-play-on-line-at-no-cost/ HTTP/1.1" 404 236 "-" "Mozilla/5.0 (compatible; SemrushBot/7~bl; +http://www.semrush.com/bot.html)"
74.7.241.15 - - [10/Mar/2026:07:09:54 -0700] "GET /wp-json/oembed/1.0/embed?url=http%3A%2F%2Falsahibalc.com%2F2026%2F02%2F02%2F1xslots-otzyvy-ot-realnyh-igrokov-ocenka-kazino%2F HTTP/1.1" 404 236 "http://alsahibalc.com/2026/02/02/1xslots-otzyvy-ot-realnyh-igrokov-ocenka-kazino/" "Mozilla/5.0 AppleWebKit/537.36 (KHTML, like Gecko; compatible; GPTBot/1.3; +https://openai.com/gptbot)"
74.7.241.15 - - [10/Mar/2026:07:10:04 -0700] "GET /wp-json/oembed/1.0/embed?url=http%3A%2F%2Falsahibalc.com%2F2026%2F02%2F27%2Fblackjack-kalkul-tipps-book-of-ra-download-fur-pc-uber-wahrscheinlichkeiten-verkettete-liste%2F HTTP/1.1" 404 236 "http://alsahibalc.com/2026/02/27/blackjack-kalkul-tipps-book-of-ra-download-fur-pc-uber-wahrscheinlichkeiten-verkettete-liste/" "Mozilla/5.0 AppleWebKit/537.36 (KHTML, like Gecko; compatible; GPTBot/1.3; +https://openai.com/gptbot)"
74.7.241.15 - - [10/Mar/2026:07:10:14 -0700] "GET /wp-json/oembed/1.0/embed?url=http%3A%2F%2Falsahibalc.com%2F2026%2F02%2F09%2Fmostbet-oficialnyj-sajt-mostbet-bukmekerskaja-337%2F HTTP/1.1" 404 236 "http://alsahibalc.com/2026/02/09/mostbet-oficialnyj-sajt-mostbet-bukmekerskaja-337/" "Mozilla/5.0 AppleWebKit/537.36 (KHTML, like Gecko; compatible; GPTBot/1.3; +https://openai.com/gptbot)"
74.7.241.15 - - [10/Mar/2026:07:10:23 -0700] "GET /wp-json/oembed/1.0/embed?url=http%3A%2F%2Falsahibalc.com%2F2026%2F02%2F09%2Fmostbet-oficialnyj-sajt-mostbet-bukmekerskaja-326%2F HTTP/1.1" 404 236 "http://alsahibalc.com/2026/02/09/mostbet-oficialnyj-sajt-mostbet-bukmekerskaja-326/" "Mozilla/5.0 AppleWebKit/537.36 (KHTML, like Gecko; compatible; GPTBot/1.3; +https://openai.com/gptbot)"
138.36.195.81 - - [10/Mar/2026:07:10:29 -0700] "GET / HTTP/1.1" 200 9495 "-" "Mozilla/5.0 (compatible; MSIE 5.0; Windows NT 6.0; Trident/5.0)"
74.7.241.15 - - [10/Mar/2026:07:10:32 -0700] "GET /wp-json/oembed/1.0/embed?url=http%3A%2F%2Falsahibalc.com%2F2026%2F01%2F28%2Fmostbet-oficialnyj-sajt-mostbet-bukmekerskaja-113%2F HTTP/1.1" 404 236 "http://alsahibalc.com/2026/01/28/mostbet-oficialnyj-sajt-mostbet-bukmekerskaja-113/" "Mozilla/5.0 AppleWebKit/537.36 (KHTML, like Gecko; compatible; GPTBot/1.3; +https://openai.com/gptbot)"
74.7.241.15 - - [10/Mar/2026:07:10:41 -0700] "GET /wp-json/oembed/1.0/embed?url=http%3A%2F%2Falsahibalc.com%2F2026%2F01%2F23%2Fmostbet-oficialnyj-sajt-mostbet-bukmekerskaja-642%2F HTTP/1.1" 404 236 "http://alsahibalc.com/2026/01/23/mostbet-oficialnyj-sajt-mostbet-bukmekerskaja-642/" "Mozilla/5.0 AppleWebKit/537.36 (KHTML, like Gecko; compatible; GPTBot/1.3; +https://openai.com/gptbot)"
74.7.241.15 - - [10/Mar/2026:07:11:01 -0700] "GET /wp-json/oembed/1.0/embed?url=http%3A%2F%2Falsahibalc.com%2F2026%2F01%2F28%2Fmostbet-oficialnyj-sajt-mostbet-bukmekerskaja-99%2F HTTP/1.1" 404 236 "http://alsahibalc.com/2026/01/28/mostbet-oficialnyj-sajt-mostbet-bukmekerskaja-99/" "Mozilla/5.0 AppleWebKit/537.36 (KHTML, like Gecko; compatible; GPTBot/1.3; +https://openai.com/gptbot)"
74.7.241.15 - - [10/Mar/2026:07:11:10 -0700] "GET /wp-json/oembed/1.0/embed?url=http%3A%2F%2Falsahibalc.com%2F2026%2F01%2F28%2Fmostbet-oficialnyj-sajt-mostbet-bukmekerskaja-60%2F HTTP/1.1" 404 236 "http://alsahibalc.com/2026/01/28/mostbet-oficialnyj-sajt-mostbet-bukmekerskaja-60/" "Mozilla/5.0 AppleWebKit/537.36 (KHTML, like Gecko; compatible; GPTBot/1.3; +https://openai.com/gptbot)"
85.208.96.200 - - [10/Mar/2026:07:11:13 -0700] "GET /2026/02/12/attenzione-polli-in-rete-la-verita-su-chicken-road-2/ HTTP/1.1" 404 236 "-" "Mozilla/5.0 (compatible; SemrushBot/7~bl; +http://www.semrush.com/bot.html)"
74.7.241.15 - - [10/Mar/2026:07:11:19 -0700] "GET /wp-json/oembed/1.0/embed?url=http%3A%2F%2Falsahibalc.com%2F2026%2F01%2F28%2Fpage-122%2F HTTP/1.1" 404 236 "http://alsahibalc.com/2026/01/28/page-122/" "Mozilla/5.0 AppleWebKit/537.36 (KHTML, like Gecko; compatible; GPTBot/1.3; +https://openai.com/gptbot)"
74.7.241.15 - - [10/Mar/2026:07:11:29 -0700] "GET /wp-json/oembed/1.0/embed?url=http%3A%2F%2Falsahibalc.com%2F2026%2F02%2F03%2Fpage-110%2F HTTP/1.1" 404 236 "http://alsahibalc.com/2026/02/03/page-110/" "Mozilla/5.0 AppleWebKit/537.36 (KHTML, like Gecko; compatible; GPTBot/1.3; +https://openai.com/gptbot)"
74.7.241.15 - - [10/Mar/2026:07:11:48 -0700] "GET /wp-json/oembed/1.0/embed?url=http%3A%2F%2Falsahibalc.com%2F2026%2F02%2F06%2Fpage-240%2F HTTP/1.1" 404 236 "http://alsahibalc.com/2026/02/06/page-240/" "Mozilla/5.0 AppleWebKit/537.36 (KHTML, like Gecko; compatible; GPTBot/1.3; +https://openai.com/gptbot)"
173.247.246.132 - - [10/Mar/2026:07:11:52 -0700] "POST /wp-cron.php?doing_wp_cron=1773151912.5993640422821044921875 HTTP/1.1" 200 - "-" "WordPress/6.6.4; http://alsahibalc.com"
169.150.237.151 - - [10/Mar/2026:07:11:51 -0700] "POST /xmlrpc.php HTTP/1.1" 200 366840 "-" "Mozilla/5.0 (Macintosh; Intel Mac OS X 10_15_7) AppleWebKit/537.36 (KHTML, like Gecko) Chrome/122.0.0.0 Safari/537.36"
74.7.241.15 - - [10/Mar/2026:07:11:57 -0700] "GET /wp-json/oembed/1.0/embed?format=xml&url=http%3A%2F%2Falsahibalc.com%2F2025%2F05%2F22%2Fcome-usare-i-bonus-e-le-promozioni-dei-casino-aams-per-massimizzare-i-guadagni%2F HTTP/1.1" 404 236 "http://alsahibalc.com/2025/05/22/come-usare-i-bonus-e-le-promozioni-dei-casino-aams-per-massimizzare-i-guadagni/" "Mozilla/5.0 AppleWebKit/537.36 (KHTML, like Gecko; compatible; GPTBot/1.3; +https://openai.com/gptbot)"
169.150.237.151 - - [10/Mar/2026:07:11:58 -0700] "POST /xmlrpc.php HTTP/1.1" 200 180 "-" "Mozilla/5.0 (Macintosh; Intel Mac OS X 10_15_7) AppleWebKit/537.36 (KHTML, like Gecko) Chrome/122.0.0.0 Safari/537.36"
173.247.246.132 - - [10/Mar/2026:07:12:01 -0700] "POST /wp-cron.php?doing_wp_cron=1773151921.0603280067443847656250 HTTP/1.1" 200 - "-" "WordPress/6.6.4; http://alsahibalc.com"
169.150.237.151 - - [10/Mar/2026:07:12:00 -0700] "POST /xmlrpc.php HTTP/1.1" 200 11998 "-" "Mozilla/5.0 (Macintosh; Intel Mac OS X 10_15_7) AppleWebKit/537.36 (KHTML, like Gecko) Chrome/122.0.0.0 Safari/537.36"
104.244.72.22 - - [10/Mar/2026:07:12:06 -0700] "GET /testsitemap.xml HTTP/1.1" 404 236 "-" "google,yahoo,bot,googlebot"
74.7.241.15 - - [10/Mar/2026:07:12:07 -0700] "GET /wp-json/oembed/1.0/embed?url=http%3A%2F%2Falsahibalc.com%2F2026%2F02%2F20%2Fbono-de-inclusive-spielo-tragamonedas-en-linea-500-25-giros-sin-cargo-en-8-sultans-casino-nueva-zelanda%2F HTTP/1.1" 404 236 "http://alsahibalc.com/2026/02/20/bono-de-inclusive-spielo-tragamonedas-en-linea-500-25-giros-sin-cargo-en-8-sultans-casino-nueva-zelanda/" "Mozilla/5.0 AppleWebKit/537.36 (KHTML, like Gecko; compatible; GPTBot/1.3; +https://openai.com/gptbot)"
74.7.241.15 - - [10/Mar/2026:07:12:16 -0700] "GET /wp-json/oembed/1.0/embed?url=http%3A%2F%2Falsahibalc.com%2F2026%2F02%2F06%2F100-percent-free-pokies-no-download-online-3x-joker-play-with-live-dealers-enjoy-pokies-online-at-no-cost%2F HTTP/1.1" 404 236 "http://alsahibalc.com/2026/02/06/100-percent-free-pokies-no-download-online-3x-joker-play-with-live-dealers-enjoy-pokies-online-at-no-cost/" "Mozilla/5.0 AppleWebKit/537.36 (KHTML, like Gecko; compatible; GPTBot/1.3; +https://openai.com/gptbot)"
74.7.241.15 - - [10/Mar/2026:07:12:44 -0700] "GET /wp-json/oembed/1.0/embed?url=http%3A%2F%2Falsahibalc.com%2F2026%2F02%2F20%2Fkasino-freispiele-pelaa-casino-spielautomat-exklusive-einzahlung-februar-2026%2F HTTP/1.1" 404 236 "http://alsahibalc.com/2026/02/20/kasino-freispiele-pelaa-casino-spielautomat-exklusive-einzahlung-februar-2026/" "Mozilla/5.0 AppleWebKit/537.36 (KHTML, like Gecko; compatible; GPTBot/1.3; +https://openai.com/gptbot)"
74.7.241.15 - - [10/Mar/2026:07:12:54 -0700] "GET /wp-json/oembed/1.0/embed?url=http%3A%2F%2Falsahibalc.com%2F2026%2F02%2F28%2Fseriose-gemeinsam-casinos-diese-sichersten-50-kostenlose-spins-keine-einzahlung-survivor-anbieter-2026%2F HTTP/1.1" 404 236 "http://alsahibalc.com/2026/02/28/seriose-gemeinsam-casinos-diese-sichersten-50-kostenlose-spins-keine-einzahlung-survivor-anbieter-2026/" "Mozilla/5.0 AppleWebKit/537.36 (KHTML, like Gecko; compatible; GPTBot/1.3; +https://openai.com/gptbot)"
15.235.98.1 - - [10/Mar/2026:07:12:55 -0700] "GET /category/blog/page/3/ HTTP/1.1" 404 236 "-" "Mozilla/5.0 (compatible; AhrefsBot/7.0; +http://ahrefs.com/robot/)"
85.208.96.207 - - [10/Mar/2026:07:12:56 -0700] "GET /2026/02/26/zgodovina-iger-na-sreo-kako-je-oblikovala-nao/ HTTP/1.1" 404 236 "-" "Mozilla/5.0 (compatible; SemrushBot/7~bl; +http://www.semrush.com/bot.html)"
74.7.241.15 - - [10/Mar/2026:07:13:04 -0700] "GET /wp-json/oembed/1.0/embed?url=http%3A%2F%2Falsahibalc.com%2F2026%2F02%2F27%2Fdie-besten-angeschlossen-casino-bonus-angebote-inoffizieller-mitarbeiter-2026%2F HTTP/1.1" 404 236 "http://alsahibalc.com/2026/02/27/die-besten-angeschlossen-casino-bonus-angebote-inoffizieller-mitarbeiter-2026/" "Mozilla/5.0 AppleWebKit/537.36 (KHTML, like Gecko; compatible; GPTBot/1.3; +https://openai.com/gptbot)"
74.7.241.15 - - [10/Mar/2026:07:13:13 -0700] "GET /wp-json/oembed/1.0/embed?url=http%3A%2F%2Falsahibalc.com%2F2026%2F02%2F07%2Fbest-casinos-on-the-internet-for-real-currency-choosing-the-big-online-casinos-to-have-2026%2F HTTP/1.1" 404 236 "http://alsahibalc.com/2026/02/07/best-casinos-on-the-internet-for-real-currency-choosing-the-big-online-casinos-to-have-2026/" "Mozilla/5.0 AppleWebKit/537.36 (KHTML, like Gecko; compatible; GPTBot/1.3; +https://openai.com/gptbot)"
85.208.96.201 - - [10/Mar/2026:07:13:15 -0700] "GET /2026/01/29/kent-onlajn-kazino-silnye-i-slabye-storony-50/ HTTP/1.1" 404 236 "-" "Mozilla/5.0 (compatible; SemrushBot/7~bl; +http://www.semrush.com/bot.html)"
74.7.241.15 - - [10/Mar/2026:07:13:23 -0700] "GET /wp-json/oembed/1.0/embed?url=http%3A%2F%2Falsahibalc.com%2F2026%2F03%2F02%2Fbeste-diesen-hyperlink-angeschlossen-spielholle-casino-bonus-angebote-2026%2F HTTP/1.1" 404 236 "http://alsahibalc.com/2026/03/02/beste-diesen-hyperlink-angeschlossen-spielholle-casino-bonus-angebote-2026/" "Mozilla/5.0 AppleWebKit/537.36 (KHTML, like Gecko; compatible; GPTBot/1.3; +https://openai.com/gptbot)"
74.7.241.15 - - [10/Mar/2026:07:13:51 -0700] "GET /wp-json/oembed/1.0/embed?url=http%3A%2F%2Falsahibalc.com%2F2026%2F02%2F20%2Fbonos-en-linea-bacarat-dinero-real-de-casino-sobre-mexico-promociones-top-2026%2F HTTP/1.1" 404 236 "http://alsahibalc.com/2026/02/20/bonos-en-linea-bacarat-dinero-real-de-casino-sobre-mexico-promociones-top-2026/" "Mozilla/5.0 AppleWebKit/537.36 (KHTML, like Gecko; compatible; GPTBot/1.3; +https://openai.com/gptbot)"
161.97.176.209 - - [10/Mar/2026:07:13:55 -0700] "GET /2026/03/10/gambling-fur-anfanger-tipps-von-ice-fishing-game/ HTTP/1.1" 404 236 "-" "Mozilla/5.0 (Windows NT 10.0; Win64; x64; rv:121.0) Gecko/20100101 Firefox/121.0"
161.97.176.209 - - [10/Mar/2026:07:13:55 -0700] "GET /favicon.ico HTTP/1.1" 404 236 "http://alsahibalc.com/2026/03/10/gambling-fur-anfanger-tipps-von-ice-fishing-game/" "Mozilla/5.0 (Windows NT 10.0; Win64; x64; rv:121.0) Gecko/20100101 Firefox/121.0"
74.7.241.15 - - [10/Mar/2026:07:14:01 -0700] "GET /wp-json/oembed/1.0/embed?url=http%3A%2F%2Falsahibalc.com%2F2026%2F01%2F24%2Fv-kazino-onlajn-944%2F HTTP/1.1" 404 236 "http://alsahibalc.com/2026/01/24/v-kazino-onlajn-944/" "Mozilla/5.0 AppleWebKit/537.36 (KHTML, like Gecko; compatible; GPTBot/1.3; +https://openai.com/gptbot)"
74.7.241.15 - - [10/Mar/2026:07:14:10 -0700] "GET /wp-json/oembed/1.0/embed?url=http%3A%2F%2Falsahibalc.com%2F2026%2F02%2F11%2F10-iwinfortune-casino-boni-beste-seriose-provider-2026%2F HTTP/1.1" 404 236 "http://alsahibalc.com/2026/02/11/10-iwinfortune-casino-boni-beste-seriose-provider-2026/" "Mozilla/5.0 AppleWebKit/537.36 (KHTML, like Gecko; compatible; GPTBot/1.3; +https://openai.com/gptbot)"
185.191.171.11 - - [10/Mar/2026:07:14:13 -0700] "GET /2026/02/02/19127/ HTTP/1.1" 404 236 "-" "Mozilla/5.0 (compatible; SemrushBot/7~bl; +http://www.semrush.com/bot.html)"
74.7.241.15 - - [10/Mar/2026:07:14:20 -0700] "GET /wp-json/oembed/1.0/embed?url=http%3A%2F%2Falsahibalc.com%2F2026%2F02%2F25%2Friobet-zerkalo-2025-riobet-oficialnyj-sajt-kazino-1230%2F HTTP/1.1" 404 236 "http://alsahibalc.com/2026/02/25/riobet-zerkalo-2025-riobet-oficialnyj-sajt-kazino-1230/" "Mozilla/5.0 AppleWebKit/537.36 (KHTML, like Gecko; compatible; GPTBot/1.3; +https://openai.com/gptbot)"
85.208.96.201 - - [10/Mar/2026:07:14:24 -0700] "GET /2026/02/11/understanding-responsible-gambling-key-practices-2/ HTTP/1.1" 404 236 "-" "Mozilla/5.0 (compatible; SemrushBot/7~bl; +http://www.semrush.com/bot.html)"
74.7.241.15 - - [10/Mar/2026:07:14:29 -0700] "GET /wp-json/oembed/1.0/embed?url=http%3A%2F%2Falsahibalc.com%2F2025%2F11%2F22%2F2025-deneme-bonusu-veren-siteler-evrimsiz-bahis-1338%2F HTTP/1.1" 404 236 "http://alsahibalc.com/2025/11/22/2025-deneme-bonusu-veren-siteler-evrimsiz-bahis-1338/" "Mozilla/5.0 AppleWebKit/537.36 (KHTML, like Gecko; compatible; GPTBot/1.3; +https://openai.com/gptbot)"
185.191.171.5 - - [10/Mar/2026:07:14:33 -0700] "GET /2026/01/28/pinco-kazino-oficialnyj-sajt-pinko-vhod-na-zerkalo-95/ HTTP/1.1" 404 236 "-" "Mozilla/5.0 (compatible; SemrushBot/7~bl; +http://www.semrush.com/bot.html)"
85.208.96.200 - - [10/Mar/2026:07:14:50 -0700] "GET /2026/02/25/klassische-spiele-fur-nusse-blos-download-auf-ein-gamesbasis/ HTTP/1.1" 404 236 "-" "Mozilla/5.0 (compatible; SemrushBot/7~bl; +http://www.semrush.com/bot.html)"
74.7.241.15 - - [10/Mar/2026:07:14:58 -0700] "GET /wp-json/oembed/1.0/embed?url=http%3A%2F%2Falsahibalc.com%2F2026%2F02%2F27%2F2026-s-bystroj-registraciej-i-udobnym-interfejsom-260%2F HTTP/1.1" 404 236 "http://alsahibalc.com/2026/02/27/2026-s-bystroj-registraciej-i-udobnym-interfejsom-260/" "Mozilla/5.0 AppleWebKit/537.36 (KHTML, like Gecko; compatible; GPTBot/1.3; +https://openai.com/gptbot)"
74.7.241.15 - - [10/Mar/2026:07:15:07 -0700] "GET /wp-json/oembed/1.0/embed?url=http%3A%2F%2Falsahibalc.com%2F2026%2F02%2F19%2Fonline-casino-aktuell-die-top-neuen-casinos-2024-6%2F HTTP/1.1" 404 236 "http://alsahibalc.com/2026/02/19/online-casino-aktuell-die-top-neuen-casinos-2024-6/" "Mozilla/5.0 AppleWebKit/537.36 (KHTML, like Gecko; compatible; GPTBot/1.3; +https://openai.com/gptbot)"
74.7.241.15 - - [10/Mar/2026:07:15:17 -0700] "GET /wp-json/oembed/1.0/embed?url=http%3A%2F%2Falsahibalc.com%2F2026%2F02%2F27%2Fstep-1-minimal-put-online-casinos-in-australia-2026%2F HTTP/1.1" 404 236 "http://alsahibalc.com/2026/02/27/step-1-minimal-put-online-casinos-in-australia-2026/" "Mozilla/5.0 AppleWebKit/537.36 (KHTML, like Gecko; compatible; GPTBot/1.3; +https://openai.com/gptbot)"
74.7.241.15 - - [10/Mar/2026:07:15:35 -0700] "GET /wp-json/oembed/1.0/embed?url=http%3A%2F%2Falsahibalc.com%2F2026%2F02%2F27%2F100-freispiele-abzuglich-einzahlung-top-angebote-2026%2F HTTP/1.1" 404 236 "http://alsahibalc.com/2026/02/27/100-freispiele-abzuglich-einzahlung-top-angebote-2026/" "Mozilla/5.0 AppleWebKit/537.36 (KHTML, like Gecko; compatible; GPTBot/1.3; +https://openai.com/gptbot)"
74.7.241.15 - - [10/Mar/2026:07:15:45 -0700] "GET /wp-json/oembed/1.0/embed?url=http%3A%2F%2Falsahibalc.com%2F2026%2F01%2F30%2Friobet-zerkalo-2025-riobet-oficialnyi-sait-kazino2769%2F HTTP/1.1" 404 236 "http://alsahibalc.com/2026/01/30/riobet-zerkalo-2025-riobet-oficialnyi-sait-kazino2769/" "Mozilla/5.0 AppleWebKit/537.36 (KHTML, like Gecko; compatible; GPTBot/1.3; +https://openai.com/gptbot)"
74.7.241.15 - - [10/Mar/2026:07:16:05 -0700] "GET /wp-json/oembed/1.0/embed?url=http%3A%2F%2Falsahibalc.com%2F2026%2F02%2F19%2Ftwin-twist-deluxe-position-%25ce%25b2%25ce%25b9%25ce%25bd%25cf%2584%25ce%25b5%25ce%25bf%25cf%2580%25ce%25b1%25ce%25b9%25cf%2587%25ce%25bd%25ce%25af%25ce%25b4%25ce%25b9-%25ce%25b5%25cf%2580%25ce%25af%25ce%25b4%25ce%25b5%25ce%25b9%25ce%25be%25ce%25b7-%25cf%2580%25ce%25b1%25ce%25af%25ce%25be%25cf%2584%25ce%25b5%2F HTTP/1.1" 404 236 "http://alsahibalc.com/2026/02/19/twin-twist-deluxe-position-%ce%b2%ce%b9%ce%bd%cf%84%ce%b5%ce%bf%cf%80%ce%b1%ce%b9%cf%87%ce%bd%ce%af%ce%b4%ce%b9-%ce%b5%cf%80%ce%af%ce%b4%ce%b5%ce%b9%ce%be%ce%b7-%cf%80%ce%b1%ce%af%ce%be%cf%84%ce%b5/" "Mozilla/5.0 AppleWebKit/537.36 (KHTML, like Gecko; compatible; GPTBot/1.3; +https://openai.com/gptbot)"
74.7.241.15 - - [10/Mar/2026:07:16:23 -0700] "GET /wp-json/oembed/1.0/embed?url=http%3A%2F%2Falsahibalc.com%2F2026%2F01%2F26%2Fcoolzino-casino-895%2F HTTP/1.1" 404 236 "http://alsahibalc.com/2026/01/26/coolzino-casino-895/" "Mozilla/5.0 AppleWebKit/537.36 (KHTML, like Gecko; compatible; GPTBot/1.3; +https://openai.com/gptbot)"
74.7.241.15 - - [10/Mar/2026:07:16:32 -0700] "GET /wp-json/oembed/1.0/embed?url=http%3A%2F%2Falsahibalc.com%2F2026%2F01%2F10%2Fsavaspin-casino-385%2F HTTP/1.1" 404 236 "http://alsahibalc.com/2026/01/10/savaspin-casino-385/" "Mozilla/5.0 AppleWebKit/537.36 (KHTML, like Gecko; compatible; GPTBot/1.3; +https://openai.com/gptbot)"
74.7.241.15 - - [10/Mar/2026:07:16:42 -0700] "GET /wp-json/oembed/1.0/embed?url=http%3A%2F%2Falsahibalc.com%2F2026%2F02%2F27%2Findian-dreaming-video-slot-totally-free-pokie-host-by-aristocrat%2F HTTP/1.1" 404 236 "http://alsahibalc.com/2026/02/27/indian-dreaming-video-slot-totally-free-pokie-host-by-aristocrat/" "Mozilla/5.0 AppleWebKit/537.36 (KHTML, like Gecko; compatible; GPTBot/1.3; +https://openai.com/gptbot)"
185.191.171.16 - - [10/Mar/2026:07:16:44 -0700] "GET /2025/05/08/maximising-player-success-in-online-slot-casinos-the-essential-role-of-user-interface-payment-mechanics/ HTTP/1.1" 404 236 "-" "Mozilla/5.0 (compatible; SemrushBot/7~bl; +http://www.semrush.com/bot.html)"
74.7.241.15 - - [10/Mar/2026:07:16:52 -0700] "GET /wp-json/oembed/1.0/embed?format=xml&url=http%3A%2F%2Falsahibalc.com%2F2026%2F02%2F19%2Fbig-bass-bonanza-slot-review-rtp-free-spins-belzebu%2F HTTP/1.1" 404 236 "http://alsahibalc.com/2026/02/19/big-bass-bonanza-slot-review-rtp-free-spins-belzebu/" "Mozilla/5.0 AppleWebKit/537.36 (KHTML, like Gecko; compatible; GPTBot/1.3; +https://openai.com/gptbot)"
185.191.171.7 - - [10/Mar/2026:07:17:02 -0700] "GET /2026/02/17/demo-money-coming-columbus-deluxe-slot-jogue-gratis-analise-de-slots/ HTTP/1.1" 404 236 "-" "Mozilla/5.0 (compatible; SemrushBot/7~bl; +http://www.semrush.com/bot.html)"
74.7.241.15 - - [10/Mar/2026:07:17:11 -0700] "GET /wp-json/oembed/1.0/embed?url=http%3A%2F%2Falsahibalc.com%2F2026%2F02%2F25%2Fkasino-free-spins-2026-slot-jack-hammer-2-casino-freispiele-blos-einzahlung%2F HTTP/1.1" 404 236 "http://alsahibalc.com/2026/02/25/kasino-free-spins-2026-slot-jack-hammer-2-casino-freispiele-blos-einzahlung/" "Mozilla/5.0 AppleWebKit/537.36 (KHTML, like Gecko; compatible; GPTBot/1.3; +https://openai.com/gptbot)"
74.7.241.15 - - [10/Mar/2026:07:17:20 -0700] "GET /wp-json/oembed/1.0/embed?url=http%3A%2F%2Falsahibalc.com%2F2026%2F02%2F25%2Fbetter-free-spins-united-states-2026-deposit-no-deposit-incentives%2F HTTP/1.1" 404 236 "http://alsahibalc.com/2026/02/25/better-free-spins-united-states-2026-deposit-no-deposit-incentives/" "Mozilla/5.0 AppleWebKit/537.36 (KHTML, like Gecko; compatible; GPTBot/1.3; +https://openai.com/gptbot)"
185.191.171.4 - - [10/Mar/2026:07:17:27 -0700] "GET /2024/05/24/v-laboratorii-sintezirovali-novye-analogi-morskih-2/ HTTP/1.1" 404 236 "-" "Mozilla/5.0 (compatible; SemrushBot/7~bl; +http://www.semrush.com/bot.html)"
74.7.241.15 - - [10/Mar/2026:07:17:30 -0700] "GET /wp-json/oembed/1.0/embed?url=http%3A%2F%2Falsahibalc.com%2F2026%2F01%2F23%2Feinzigartige-gewinnmoglichkeiten-erwarten-dich%2F HTTP/1.1" 404 236 "http://alsahibalc.com/2026/01/23/einzigartige-gewinnmoglichkeiten-erwarten-dich/" "Mozilla/5.0 AppleWebKit/537.36 (KHTML, like Gecko; compatible; GPTBot/1.3; +https://openai.com/gptbot)"
74.7.241.15 - - [10/Mar/2026:07:17:49 -0700] "GET /wp-json/oembed/1.0/embed?url=http%3A%2F%2Falsahibalc.com%2F2026%2F02%2F26%2Fkasino-spiele-verkettete-liste-%25e1%2590%2585-beste-online-spielbank-spiele-uber-echtgeld%2F HTTP/1.1" 404 236 "http://alsahibalc.com/2026/02/26/kasino-spiele-verkettete-liste-%e1%90%85-beste-online-spielbank-spiele-uber-echtgeld/" "Mozilla/5.0 AppleWebKit/537.36 (KHTML, like Gecko; compatible; GPTBot/1.3; +https://openai.com/gptbot)"
74.7.241.15 - - [10/Mar/2026:07:17:58 -0700] "GET /wp-json/oembed/1.0/embed?url=http%3A%2F%2Falsahibalc.com%2F2026%2F03%2F02%2Fpharaons-silver-iii-%25ce%25b8%25ce%25ad%25cf%2583%25ce%25b7-%25cf%2583%25cf%2587%25cf%258c%25ce%25bb%25ce%25b9%25ce%25bf-%25ce%25ad%25cf%2587%25ce%25b5%25ce%25b9-rtp-%25cf%2584%25cf%2581%25cf%258c%25cf%2580%25ce%25bf%25cf%2582-%25cf%2580%25ce%25b1%25ce%25b9%25cf%2587%25ce%25bd%25ce%25b9%25ce%25b4%25ce%25b9%2F HTTP/1.1" 404 236 "http://alsahibalc.com/2026/03/02/pharaons-silver-iii-%ce%b8%ce%ad%cf%83%ce%b7-%cf%83%cf%87%cf%8c%ce%bb%ce%b9%ce%bf-%ce%ad%cf%87%ce%b5%ce%b9-rtp-%cf%84%cf%81%cf%8c%cf%80%ce%bf%cf%82-%cf%80%ce%b1%ce%b9%cf%87%ce%bd%ce%b9%ce%b4%ce%b9/" "Mozilla/5.0 AppleWebKit/537.36 (KHTML, like Gecko; compatible; GPTBot/1.3; +https://openai.com/gptbot)"
85.208.96.196 - - [10/Mar/2026:07:18:15 -0700] "GET /2026/02/06/15-greatest-bitcoin-gambling-establishment-internet-sites-and-crypto-casinos-best-paying-slots-at-parx-casino-inside-the-2025/ HTTP/1.1" 404 236 "-" "Mozilla/5.0 (compatible; SemrushBot/7~bl; +http://www.semrush.com/bot.html)"
74.7.241.15 - - [10/Mar/2026:07:18:18 -0700] "GET /wp-json/oembed/1.0/embed?url=http%3A%2F%2Falsahibalc.com%2F2026%2F02%2F19%2Fdragon-tiger-download-do-aplicativo-blaze777-apk-online-os-elementos-basicos-pressuroso-aparelhamento%2F HTTP/1.1" 404 236 "http://alsahibalc.com/2026/02/19/dragon-tiger-download-do-aplicativo-blaze777-apk-online-os-elementos-basicos-pressuroso-aparelhamento/" "Mozilla/5.0 AppleWebKit/537.36 (KHTML, like Gecko; compatible; GPTBot/1.3; +https://openai.com/gptbot)"
185.191.171.17 - - [10/Mar/2026:07:18:20 -0700] "GET /2026/02/12/vulkan-vegas-online-kasino-land-der-dichter-und-denker-2000-sizzling-hot-offline-apk-provision-einbehalten/ HTTP/1.1" 404 236 "-" "Mozilla/5.0 (compatible; SemrushBot/7~bl; +http://www.semrush.com/bot.html)"
74.7.241.15 - - [10/Mar/2026:07:18:27 -0700] "GET /wp-json/oembed/1.0/embed?url=http%3A%2F%2Falsahibalc.com%2F2026%2F02%2F19%2F%25e1%2597%258e-beste-online-casino-sider-indre-sett-norge-topp-norske-casinoer-2026-bestemann-quickspin-casinospill-online%2F HTTP/1.1" 404 236 "http://alsahibalc.com/2026/02/19/%e1%97%8e-beste-online-casino-sider-indre-sett-norge-topp-norske-casinoer-2026-bestemann-quickspin-casinospill-online/" "Mozilla/5.0 AppleWebKit/537.36 (KHTML, like Gecko; compatible; GPTBot/1.3; +https://openai.com/gptbot)"
74.7.241.15 - - [10/Mar/2026:07:18:37 -0700] "GET /wp-json/oembed/1.0/embed?url=http%3A%2F%2Falsahibalc.com%2F2026%2F02%2F25%2Fbetter-5-minimum-deposit-casinos-for-march-2026%2F HTTP/1.1" 404 236 "http://alsahibalc.com/2026/02/25/better-5-minimum-deposit-casinos-for-march-2026/" "Mozilla/5.0 AppleWebKit/537.36 (KHTML, like Gecko; compatible; GPTBot/1.3; +https://openai.com/gptbot)"
74.7.241.15 - - [10/Mar/2026:07:18:46 -0700] "GET /wp-json/oembed/1.0/embed?url=http%3A%2F%2Falsahibalc.com%2F2026%2F03%2F02%2Fverbunden-casino-next-100-kostenlose-spins-slot-spiele%2F HTTP/1.1" 404 236 "http://alsahibalc.com/2026/03/02/verbunden-casino-next-100-kostenlose-spins-slot-spiele/" "Mozilla/5.0 AppleWebKit/537.36 (KHTML, like Gecko; compatible; GPTBot/1.3; +https://openai.com/gptbot)"
74.7.241.15 - - [10/Mar/2026:07:18:55 -0700] "GET /wp-json/oembed/1.0/embed?url=http%3A%2F%2Falsahibalc.com%2F2026%2F02%2F06%2Flucky8-casino-no-deposit-added-bonus-codes-at-no-cost-spins-thunderstruck-2-1-deposit-2026%2F HTTP/1.1" 404 236 "http://alsahibalc.com/2026/02/06/lucky8-casino-no-deposit-added-bonus-codes-at-no-cost-spins-thunderstruck-2-1-deposit-2026/" "Mozilla/5.0 AppleWebKit/537.36 (KHTML, like Gecko; compatible; GPTBot/1.3; +https://openai.com/gptbot)"
74.7.241.15 - - [10/Mar/2026:07:19:04 -0700] "GET /wp-json/oembed/1.0/embed?url=http%3A%2F%2Falsahibalc.com%2F2026%2F02%2F26%2Fmobile-casinos-2025-unser-10-beste-natel-casinos-as-part-of-land-der-dichter-und-denker%2F HTTP/1.1" 404 236 "http://alsahibalc.com/2026/02/26/mobile-casinos-2025-unser-10-beste-natel-casinos-as-part-of-land-der-dichter-und-denker/" "Mozilla/5.0 AppleWebKit/537.36 (KHTML, like Gecko; compatible; GPTBot/1.3; +https://openai.com/gptbot)"
74.7.241.15 - - [10/Mar/2026:07:19:14 -0700] "GET /wp-json/oembed/1.0/embed?url=http%3A%2F%2Falsahibalc.com%2F2025%2F12%2F21%2Fles-nouveaux-defis-et-opportunites-du-jeu-de-casino-en-ligne-en-2024%2F HTTP/1.1" 404 236 "http://alsahibalc.com/2025/12/21/les-nouveaux-defis-et-opportunites-du-jeu-de-casino-en-ligne-en-2024/" "Mozilla/5.0 AppleWebKit/537.36 (KHTML, like Gecko; compatible; GPTBot/1.3; +https://openai.com/gptbot)"
85.208.96.194 - - [10/Mar/2026:07:19:19 -0700] "GET /2026/02/13/top-highest-rtp-slots-andre-the-giant-jackpot-slot-for-maximum-victories-al-com/ HTTP/1.1" 404 236 "-" "Mozilla/5.0 (compatible; SemrushBot/7~bl; +http://www.semrush.com/bot.html)"
74.7.241.15 - - [10/Mar/2026:07:19:23 -0700] "GET /wp-json/oembed/1.0/embed?url=http%3A%2F%2Falsahibalc.com%2F2026%2F01%2F28%2Fkontory-mostbet-976-2%2F HTTP/1.1" 404 236 "http://alsahibalc.com/2026/01/28/kontory-mostbet-976-2/" "Mozilla/5.0 AppleWebKit/537.36 (KHTML, like Gecko; compatible; GPTBot/1.3; +https://openai.com/gptbot)"
74.7.241.15 - - [10/Mar/2026:07:19:42 -0700] "GET /wp-json/oembed/1.0/embed?url=http%3A%2F%2Falsahibalc.com%2F2026%2F02%2F26%2Fspielsaal-abzuglich-download-2026-instant-spiele-um-laden-sie-die-slot-app-triple-chance-herunter-echtes-geld%2F HTTP/1.1" 404 236 "http://alsahibalc.com/2026/02/26/spielsaal-abzuglich-download-2026-instant-spiele-um-laden-sie-die-slot-app-triple-chance-herunter-echtes-geld/" "Mozilla/5.0 AppleWebKit/537.36 (KHTML, like Gecko; compatible; GPTBot/1.3; +https://openai.com/gptbot)"
74.7.241.15 - - [10/Mar/2026:07:19:52 -0700] "GET /wp-json/oembed/1.0/embed?format=xml&url=http%3A%2F%2Falsahibalc.com%2F2026%2F01%2F25%2Frischi-dellacquisto-di-steroidi-online-cosa-sapere-per-proteggersi%2F HTTP/1.1" 404 236 "http://alsahibalc.com/2026/01/25/rischi-dellacquisto-di-steroidi-online-cosa-sapere-per-proteggersi/" "Mozilla/5.0 AppleWebKit/537.36 (KHTML, like Gecko; compatible; GPTBot/1.3; +https://openai.com/gptbot)"
