85.208.96.194 - - [10/Mar/2026:10:52:49 -0700] "GET /2026/01/09/mostbet-az-bukmeker-ve-kazino-mostbet-giri-rsmi-3740/ HTTP/1.1" 404 236 "-" "Mozilla/5.0 (compatible; SemrushBot/7~bl; +http://www.semrush.com/bot.html)"
212.227.100.3 - - [10/Mar/2026:10:52:49 -0700] "GET /wp-admin/maint/ HTTP/1.1" 200 1014 "binance.com" "Mozilla/5.0 (Windows NT 10.0; Win64; x64) AppleWebKit/537.36 (KHTML, like Gecko) Chrome/90.0.4430.85 Safari/537.36"
173.247.246.132 - - [10/Mar/2026:10:52:51 -0700] "POST /wp-cron.php?doing_wp_cron=1773165171.4712159633636474609375 HTTP/1.1" 200 - "-" "WordPress/6.6.4; http://alsahibalc.com"
212.227.100.3 - - [10/Mar/2026:10:52:49 -0700] "GET /wp-admin/network/ HTTP/1.1" 302 - "binance.com" "Mozilla/5.0 (Windows NT 10.0; Win64; x64) AppleWebKit/537.36 (KHTML, like Gecko) Chrome/90.0.4430.85 Safari/537.36"
212.227.100.3 - - [10/Mar/2026:10:52:52 -0700] "GET /wp-login.php?redirect_to=http%3A%2F%2Falsahibalc.com%2Fwp-admin%2Fnetwork%2F&reauth=1 HTTP/1.1" 200 7657 "binance.com" "Mozilla/5.0 (Windows NT 10.0; Win64; x64) AppleWebKit/537.36 (KHTML, like Gecko) Chrome/90.0.4430.85 Safari/537.36"
74.7.241.15 - - [10/Mar/2026:10:52:54 -0700] "GET /wp-json/oembed/1.0/embed?format=xml&url=http%3A%2F%2Falsahibalc.com%2F2026%2F02%2F19%2Fr500-100-percent-free-no-deposit-added-bonus-codes-2025-what-gambling-enterprise-contains-the-five-hundred-zar-extra-in-the-southern-area-africa%2F HTTP/1.1" 404 236 "http://alsahibalc.com/2026/02/19/r500-100-percent-free-no-deposit-added-bonus-codes-2025-what-gambling-enterprise-contains-the-five-hundred-zar-extra-in-the-southern-area-africa/" "Mozilla/5.0 AppleWebKit/537.36 (KHTML, like Gecko; compatible; GPTBot/1.3; +https://openai.com/gptbot)"
212.227.100.3 - - [10/Mar/2026:10:52:54 -0700] "GET /wp-admin/user/ HTTP/1.1" 302 - "binance.com" "Mozilla/5.0 (Windows NT 10.0; Win64; x64) AppleWebKit/537.36 (KHTML, like Gecko) Chrome/90.0.4430.85 Safari/537.36"
212.227.100.3 - - [10/Mar/2026:10:52:55 -0700] "GET /wp-login.php?redirect_to=http%3A%2F%2Falsahibalc.com%2Fwp-admin%2Fuser%2F&reauth=1 HTTP/1.1" 200 7654 "binance.com" "Mozilla/5.0 (Windows NT 10.0; Win64; x64) AppleWebKit/537.36 (KHTML, like Gecko) Chrome/90.0.4430.85 Safari/537.36"
212.227.100.3 - - [10/Mar/2026:10:52:56 -0700] "GET /wp-admin/css/ HTTP/1.1" 200 19605 "binance.com" "Mozilla/5.0 (Windows NT 10.0; Win64; x64) AppleWebKit/537.36 (KHTML, like Gecko) Chrome/90.0.4430.85 Safari/537.36"
212.227.100.3 - - [10/Mar/2026:10:52:57 -0700] "GET /wp-admin/css/ HTTP/1.1" 200 19605 "binance.com" "Mozilla/5.0 (Windows NT 10.0; Win64; x64) AppleWebKit/537.36 (KHTML, like Gecko) Chrome/90.0.4430.85 Safari/537.36"
212.227.100.3 - - [10/Mar/2026:10:52:57 -0700] "GET /wp-admin/css/comment_section_1754759540.php HTTP/1.1" 200 16 "binance.com" "Mozilla/5.0 (Windows NT 10.0; Win64; x64) AppleWebKit/537.36 (KHTML, like Gecko) Chrome/90.0.4430.85 Safari/537.36"
212.227.100.3 - - [10/Mar/2026:10:52:58 -0700] "GET /wp-admin/css/colors/ HTTP/1.1" 200 2795 "binance.com" "Mozilla/5.0 (Windows NT 10.0; Win64; x64) AppleWebKit/537.36 (KHTML, like Gecko) Chrome/90.0.4430.85 Safari/537.36"
212.227.100.3 - - [10/Mar/2026:10:52:58 -0700] "GET /wp-admin/css/colors/blue/ HTTP/1.1" 200 1600 "binance.com" "Mozilla/5.0 (Windows NT 10.0; Win64; x64) AppleWebKit/537.36 (KHTML, like Gecko) Chrome/90.0.4430.85 Safari/537.36"
212.227.100.3 - - [10/Mar/2026:10:52:58 -0700] "GET /wp-admin/css/colors/coffee/ HTTP/1.1" 200 1604 "binance.com" "Mozilla/5.0 (Windows NT 10.0; Win64; x64) AppleWebKit/537.36 (KHTML, like Gecko) Chrome/90.0.4430.85 Safari/537.36"
212.227.100.3 - - [10/Mar/2026:10:52:59 -0700] "GET /wp-admin/css/colors/ectoplasm/ HTTP/1.1" 200 1610 "binance.com" "Mozilla/5.0 (Windows NT 10.0; Win64; x64) AppleWebKit/537.36 (KHTML, like Gecko) Chrome/90.0.4430.85 Safari/537.36"
185.191.171.16 - - [10/Mar/2026:10:52:59 -0700] "GET /2026/02/12/casino-maklercourtage-blos-einzahlung-2026-no-anzahlung-herr-wette-bei-30-kostenlose-spins-provision-sofortig/ HTTP/1.1" 404 236 "-" "Mozilla/5.0 (compatible; SemrushBot/7~bl; +http://www.semrush.com/bot.html)"
212.227.100.3 - - [10/Mar/2026:10:52:59 -0700] "GET /wp-admin/css/colors/light/ HTTP/1.1" 200 1776 "binance.com" "Mozilla/5.0 (Windows NT 10.0; Win64; x64) AppleWebKit/537.36 (KHTML, like Gecko) Chrome/90.0.4430.85 Safari/537.36"
212.227.100.3 - - [10/Mar/2026:10:53:00 -0700] "GET /wp-admin/css/colors/midnight/ HTTP/1.1" 200 1608 "binance.com" "Mozilla/5.0 (Windows NT 10.0; Win64; x64) AppleWebKit/537.36 (KHTML, like Gecko) Chrome/90.0.4430.85 Safari/537.36"
212.227.100.3 - - [10/Mar/2026:10:53:00 -0700] "GET /wp-admin/css/colors/modern/ HTTP/1.1" 200 1604 "binance.com" "Mozilla/5.0 (Windows NT 10.0; Win64; x64) AppleWebKit/537.36 (KHTML, like Gecko) Chrome/90.0.4430.85 Safari/537.36"
212.227.100.3 - - [10/Mar/2026:10:53:00 -0700] "GET /wp-admin/css/colors/ocean/ HTTP/1.1" 200 1602 "binance.com" "Mozilla/5.0 (Windows NT 10.0; Win64; x64) AppleWebKit/537.36 (KHTML, like Gecko) Chrome/90.0.4430.85 Safari/537.36"
212.227.100.3 - - [10/Mar/2026:10:53:01 -0700] "GET /wp-admin/css/colors/sunrise/%20 HTTP/1.1" 404 236 "binance.com" "Mozilla/5.0 (Windows NT 10.0; Win64; x64) AppleWebKit/537.36 (KHTML, like Gecko) Chrome/90.0.4430.85 Safari/537.36"
212.227.100.3 - - [10/Mar/2026:10:53:01 -0700] "GET /wp-admin/images/ HTTP/1.1" 200 14937 "binance.com" "Mozilla/5.0 (Windows NT 10.0; Win64; x64) AppleWebKit/537.36 (KHTML, like Gecko) Chrome/90.0.4430.85 Safari/537.36"
212.227.100.3 - - [10/Mar/2026:10:53:02 -0700] "GET /wp-admin/js/ HTTP/1.1" 200 18905 "binance.com" "Mozilla/5.0 (Windows NT 10.0; Win64; x64) AppleWebKit/537.36 (KHTML, like Gecko) Chrome/90.0.4430.85 Safari/537.36"
212.227.100.3 - - [10/Mar/2026:10:53:02 -0700] "GET /wp-admin/js/ HTTP/1.1" 200 18905 "binance.com" "Mozilla/5.0 (Windows NT 10.0; Win64; x64) AppleWebKit/537.36 (KHTML, like Gecko) Chrome/90.0.4430.85 Safari/537.36"
212.227.100.3 - - [10/Mar/2026:10:53:03 -0700] "GET /wp-admin/js/home-1754727580.php HTTP/1.1" 200 16 "binance.com" "Mozilla/5.0 (Windows NT 10.0; Win64; x64) AppleWebKit/537.36 (KHTML, like Gecko) Chrome/90.0.4430.85 Safari/537.36"
212.227.100.3 - - [10/Mar/2026:10:53:03 -0700] "GET /wp-admin/js/widgets/ HTTP/1.1" 200 3348 "binance.com" "Mozilla/5.0 (Windows NT 10.0; Win64; x64) AppleWebKit/537.36 (KHTML, like Gecko) Chrome/90.0.4430.85 Safari/537.36"
74.7.241.15 - - [10/Mar/2026:10:53:04 -0700] "GET /wp-json/oembed/1.0/embed?url=http%3A%2F%2Falsahibalc.com%2F2026%2F02%2F19%2F%25ce%25bf%25ce%25b9-%25ce%25bc%25ce%25b5%25ce%25b3%25ce%25b1%25ce%25bb%25cf%258d%25cf%2584%25ce%25b5%25cf%2581%25ce%25b5%25cf%2582-%25ce%25b5%25cf%2580%25ce%25b9%25cf%2587%25ce%25b5%25ce%25b9%25cf%2581%25ce%25ae%25cf%2583%25ce%25b5%25ce%25b9%25cf%2582-%25cf%2584%25cf%2585%25cf%2587%25ce%25b5%25cf%2581%25cf%258e%25ce%25bd%2F HTTP/1.1" 404 236 "http://alsahibalc.com/2026/02/19/%ce%bf%ce%b9-%ce%bc%ce%b5%ce%b3%ce%b1%ce%bb%cf%8d%cf%84%ce%b5%cf%81%ce%b5%cf%82-%ce%b5%cf%80%ce%b9%cf%87%ce%b5%ce%b9%cf%81%ce%ae%cf%83%ce%b5%ce%b9%cf%82-%cf%84%cf%85%cf%87%ce%b5%cf%81%cf%8e%ce%bd/" "Mozilla/5.0 AppleWebKit/537.36 (KHTML, like Gecko; compatible; GPTBot/1.3; +https://openai.com/gptbot)"
212.227.100.3 - - [10/Mar/2026:10:53:04 -0700] "GET /wp-includes/ HTTP/1.1" 200 50903 "binance.com" "Mozilla/5.0 (Windows NT 10.0; Win64; x64) AppleWebKit/537.36 (KHTML, like Gecko) Chrome/90.0.4430.85 Safari/537.36"
212.227.100.3 - - [10/Mar/2026:10:53:04 -0700] "GET /wp-includes/ HTTP/1.1" 200 50903 "binance.com" "Mozilla/5.0 (Windows NT 10.0; Win64; x64) AppleWebKit/537.36 (KHTML, like Gecko) Chrome/90.0.4430.85 Safari/537.36"
212.227.100.3 - - [10/Mar/2026:10:53:05 -0700] "GET /wp-includes/block-bindings.php HTTP/1.1" 200 - "binance.com" "Mozilla/5.0 (Windows NT 10.0; Win64; x64) AppleWebKit/537.36 (KHTML, like Gecko) Chrome/90.0.4430.85 Safari/537.36"
212.227.100.3 - - [10/Mar/2026:10:53:06 -0700] "GET /wp-includes/block-editor.php HTTP/1.1" 200 - "binance.com" "Mozilla/5.0 (Windows NT 10.0; Win64; x64) AppleWebKit/537.36 (KHTML, like Gecko) Chrome/90.0.4430.85 Safari/537.36"
212.227.100.3 - - [10/Mar/2026:10:53:06 -0700] "GET /wp-includes/block-template-utils.php HTTP/1.1" 200 - "binance.com" "Mozilla/5.0 (Windows NT 10.0; Win64; x64) AppleWebKit/537.36 (KHTML, like Gecko) Chrome/90.0.4430.85 Safari/537.36"
212.227.100.3 - - [10/Mar/2026:10:53:07 -0700] "GET /wp-includes/block-template.php HTTP/1.1" 200 - "binance.com" "Mozilla/5.0 (Windows NT 10.0; Win64; x64) AppleWebKit/537.36 (KHTML, like Gecko) Chrome/90.0.4430.85 Safari/537.36"
212.227.100.3 - - [10/Mar/2026:10:53:08 -0700] "GET /wp-includes/class-avif-info.php HTTP/1.1" 200 - "binance.com" "Mozilla/5.0 (Windows NT 10.0; Win64; x64) AppleWebKit/537.36 (KHTML, like Gecko) Chrome/90.0.4430.85 Safari/537.36"
212.227.100.3 - - [10/Mar/2026:10:53:08 -0700] "GET /wp-includes/class-wp-block-bindings-registry.php HTTP/1.1" 200 - "binance.com" "Mozilla/5.0 (Windows NT 10.0; Win64; x64) AppleWebKit/537.36 (KHTML, like Gecko) Chrome/90.0.4430.85 Safari/537.36"
212.227.100.3 - - [10/Mar/2026:10:53:09 -0700] "GET /wp-includes/class-wp-block-bindings-source.php HTTP/1.1" 200 - "binance.com" "Mozilla/5.0 (Windows NT 10.0; Win64; x64) AppleWebKit/537.36 (KHTML, like Gecko) Chrome/90.0.4430.85 Safari/537.36"
212.227.100.3 - - [10/Mar/2026:10:53:09 -0700] "GET /wp-includes/class-wp-block-editor-context.php HTTP/1.1" 200 - "binance.com" "Mozilla/5.0 (Windows NT 10.0; Win64; x64) AppleWebKit/537.36 (KHTML, like Gecko) Chrome/90.0.4430.85 Safari/537.36"
212.227.100.3 - - [10/Mar/2026:10:53:10 -0700] "GET /wp-includes/class-wp-block-list-stream.php HTTP/1.1" 200 - "binance.com" "Mozilla/5.0 (Windows NT 10.0; Win64; x64) AppleWebKit/537.36 (KHTML, like Gecko) Chrome/90.0.4430.85 Safari/537.36"
212.227.100.3 - - [10/Mar/2026:10:53:10 -0700] "GET /wp-includes/class-wp-block-parser-block.php HTTP/1.1" 200 - "binance.com" "Mozilla/5.0 (Windows NT 10.0; Win64; x64) AppleWebKit/537.36 (KHTML, like Gecko) Chrome/90.0.4430.85 Safari/537.36"
212.227.100.3 - - [10/Mar/2026:10:53:11 -0700] "GET /wp-includes/class-wp-block-parser-frame.php HTTP/1.1" 200 - "binance.com" "Mozilla/5.0 (Windows NT 10.0; Win64; x64) AppleWebKit/537.36 (KHTML, like Gecko) Chrome/90.0.4430.85 Safari/537.36"
212.227.100.3 - - [10/Mar/2026:10:53:12 -0700] "GET /wp-includes/class-wp-block-template.php HTTP/1.1" 200 - "binance.com" "Mozilla/5.0 (Windows NT 10.0; Win64; x64) AppleWebKit/537.36 (KHTML, like Gecko) Chrome/90.0.4430.85 Safari/537.36"
212.227.100.3 - - [10/Mar/2026:10:53:12 -0700] "GET /wp-includes/class-wp-classic-to-block-menu-converter.php HTTP/1.1" 200 - "binance.com" "Mozilla/5.0 (Windows NT 10.0; Win64; x64) AppleWebKit/537.36 (KHTML, like Gecko) Chrome/90.0.4430.85 Safari/537.36"
212.227.100.3 - - [10/Mar/2026:10:53:13 -0700] "GET /wp-includes/class-wp-dependencies.php HTTP/1.1" 200 - "binance.com" "Mozilla/5.0 (Windows NT 10.0; Win64; x64) AppleWebKit/537.36 (KHTML, like Gecko) Chrome/90.0.4430.85 Safari/537.36"
74.7.241.15 - - [10/Mar/2026:10:53:13 -0700] "GET /wp-json/oembed/1.0/embed?format=xml&url=http%3A%2F%2Falsahibalc.com%2F2026%2F01%2F29%2Fspinfest-online-casino-review-games-features-and-overall%2F HTTP/1.1" 404 236 "http://alsahibalc.com/2026/01/29/spinfest-online-casino-review-games-features-and-overall/" "Mozilla/5.0 AppleWebKit/537.36 (KHTML, like Gecko; compatible; GPTBot/1.3; +https://openai.com/gptbot)"
212.227.100.3 - - [10/Mar/2026:10:53:14 -0700] "GET /wp-includes/class-wp-duotone.php HTTP/1.1" 200 - "binance.com" "Mozilla/5.0 (Windows NT 10.0; Win64; x64) AppleWebKit/537.36 (KHTML, like Gecko) Chrome/90.0.4430.85 Safari/537.36"
212.227.100.3 - - [10/Mar/2026:10:53:14 -0700] "GET /wp-includes/class-wp-http.php HTTP/1.1" 500 - "binance.com" "Mozilla/5.0 (Windows NT 10.0; Win64; x64) AppleWebKit/537.36 (KHTML, like Gecko) Chrome/90.0.4430.85 Safari/537.36"
212.227.100.3 - - [10/Mar/2026:10:53:15 -0700] "GET /wp-includes/class-wp-navigation-fallback.php HTTP/1.1" 200 - "binance.com" "Mozilla/5.0 (Windows NT 10.0; Win64; x64) AppleWebKit/537.36 (KHTML, like Gecko) Chrome/90.0.4430.85 Safari/537.36"
212.227.100.3 - - [10/Mar/2026:10:53:15 -0700] "GET /wp-includes/class-wp-plugin-dependencies.php HTTP/1.1" 200 - "binance.com" "Mozilla/5.0 (Windows NT 10.0; Win64; x64) AppleWebKit/537.36 (KHTML, like Gecko) Chrome/90.0.4430.85 Safari/537.36"
212.227.100.3 - - [10/Mar/2026:10:53:16 -0700] "GET /wp-includes/class-wp-script-modules.php HTTP/1.1" 200 - "binance.com" "Mozilla/5.0 (Windows NT 10.0; Win64; x64) AppleWebKit/537.36 (KHTML, like Gecko) Chrome/90.0.4430.85 Safari/537.36"
212.227.100.3 - - [10/Mar/2026:10:53:17 -0700] "GET /wp-includes/class-wp-scripts.php HTTP/1.1" 500 - "binance.com" "Mozilla/5.0 (Windows NT 10.0; Win64; x64) AppleWebKit/537.36 (KHTML, like Gecko) Chrome/90.0.4430.85 Safari/537.36"
212.227.100.3 - - [10/Mar/2026:10:53:17 -0700] "GET /wp-includes/class-wp-styles.php HTTP/1.1" 500 - "binance.com" "Mozilla/5.0 (Windows NT 10.0; Win64; x64) AppleWebKit/537.36 (KHTML, like Gecko) Chrome/90.0.4430.85 Safari/537.36"
212.227.100.3 - - [10/Mar/2026:10:53:18 -0700] "GET /wp-includes/class-wp-textdomain-registry.php HTTP/1.1" 200 - "binance.com" "Mozilla/5.0 (Windows NT 10.0; Win64; x64) AppleWebKit/537.36 (KHTML, like Gecko) Chrome/90.0.4430.85 Safari/537.36"
212.227.100.3 - - [10/Mar/2026:10:53:18 -0700] "GET /wp-includes/class-wp-theme-json-data.php HTTP/1.1" 200 - "binance.com" "Mozilla/5.0 (Windows NT 10.0; Win64; x64) AppleWebKit/537.36 (KHTML, like Gecko) Chrome/90.0.4430.85 Safari/537.36"
212.227.100.3 - - [10/Mar/2026:10:53:19 -0700] "GET /wp-includes/class-wp-theme-json-resolver.php HTTP/1.1" 200 - "binance.com" "Mozilla/5.0 (Windows NT 10.0; Win64; x64) AppleWebKit/537.36 (KHTML, like Gecko) Chrome/90.0.4430.85 Safari/537.36"
212.227.100.3 - - [10/Mar/2026:10:53:19 -0700] "GET /wp-includes/class-wp-theme-json-schema.php HTTP/1.1" 200 - "binance.com" "Mozilla/5.0 (Windows NT 10.0; Win64; x64) AppleWebKit/537.36 (KHTML, like Gecko) Chrome/90.0.4430.85 Safari/537.36"
212.227.100.3 - - [10/Mar/2026:10:53:20 -0700] "GET /wp-includes/class-wp-theme-json.php HTTP/1.1" 200 - "binance.com" "Mozilla/5.0 (Windows NT 10.0; Win64; x64) AppleWebKit/537.36 (KHTML, like Gecko) Chrome/90.0.4430.85 Safari/537.36"
212.227.100.3 - - [10/Mar/2026:10:53:20 -0700] "GET /wp-includes/class-wp-token-map.php HTTP/1.1" 200 - "binance.com" "Mozilla/5.0 (Windows NT 10.0; Win64; x64) AppleWebKit/537.36 (KHTML, like Gecko) Chrome/90.0.4430.85 Safari/537.36"
212.227.100.3 - - [10/Mar/2026:10:53:21 -0700] "GET /wp-includes/class-wpdb.php HTTP/1.1" 200 - "binance.com" "Mozilla/5.0 (Windows NT 10.0; Win64; x64) AppleWebKit/537.36 (KHTML, like Gecko) Chrome/90.0.4430.85 Safari/537.36"
212.227.100.3 - - [10/Mar/2026:10:53:21 -0700] "GET /wp-includes/fonts.php HTTP/1.1" 200 - "binance.com" "Mozilla/5.0 (Windows NT 10.0; Win64; x64) AppleWebKit/537.36 (KHTML, like Gecko) Chrome/90.0.4430.85 Safari/537.36"
212.227.100.3 - - [10/Mar/2026:10:53:22 -0700] "GET /wp-includes/global-styles-and-settings.php HTTP/1.1" 200 - "binance.com" "Mozilla/5.0 (Windows NT 10.0; Win64; x64) AppleWebKit/537.36 (KHTML, like Gecko) Chrome/90.0.4430.85 Safari/537.36"
212.227.100.3 - - [10/Mar/2026:10:53:22 -0700] "GET /wp-includes/https-detection.php HTTP/1.1" 200 - "binance.com" "Mozilla/5.0 (Windows NT 10.0; Win64; x64) AppleWebKit/537.36 (KHTML, like Gecko) Chrome/90.0.4430.85 Safari/537.36"
74.7.241.15 - - [10/Mar/2026:10:53:22 -0700] "GET /wp-json/oembed/1.0/embed?url=http%3A%2F%2Falsahibalc.com%2F2026%2F02%2F18%2Fbonos-sin-tanque-en-2026-casinos-con-promociones-de-balde%2F HTTP/1.1" 404 236 "http://alsahibalc.com/2026/02/18/bonos-sin-tanque-en-2026-casinos-con-promociones-de-balde/" "Mozilla/5.0 AppleWebKit/537.36 (KHTML, like Gecko; compatible; GPTBot/1.3; +https://openai.com/gptbot)"
212.227.100.3 - - [10/Mar/2026:10:53:23 -0700] "GET /wp-includes/https-migration.php HTTP/1.1" 200 - "binance.com" "Mozilla/5.0 (Windows NT 10.0; Win64; x64) AppleWebKit/537.36 (KHTML, like Gecko) Chrome/90.0.4430.85 Safari/537.36"
212.227.100.3 - - [10/Mar/2026:10:53:23 -0700] "GET /wp-includes/robots-template.php HTTP/1.1" 200 - "binance.com" "Mozilla/5.0 (Windows NT 10.0; Win64; x64) AppleWebKit/537.36 (KHTML, like Gecko) Chrome/90.0.4430.85 Safari/537.36"
212.227.100.3 - - [10/Mar/2026:10:53:24 -0700] "GET /wp-includes/script-modules.php HTTP/1.1" 200 - "binance.com" "Mozilla/5.0 (Windows NT 10.0; Win64; x64) AppleWebKit/537.36 (KHTML, like Gecko) Chrome/90.0.4430.85 Safari/537.36"
212.227.100.3 - - [10/Mar/2026:10:53:24 -0700] "GET /wp-includes/style-engine.php HTTP/1.1" 200 - "binance.com" "Mozilla/5.0 (Windows NT 10.0; Win64; x64) AppleWebKit/537.36 (KHTML, like Gecko) Chrome/90.0.4430.85 Safari/537.36"
212.227.100.3 - - [10/Mar/2026:10:53:25 -0700] "GET /wp-includes/template-canvas.php HTTP/1.1" 500 - "binance.com" "Mozilla/5.0 (Windows NT 10.0; Win64; x64) AppleWebKit/537.36 (KHTML, like Gecko) Chrome/90.0.4430.85 Safari/537.36"
212.227.100.3 - - [10/Mar/2026:10:53:25 -0700] "GET /wp-includes/theme-previews.php HTTP/1.1" 200 - "binance.com" "Mozilla/5.0 (Windows NT 10.0; Win64; x64) AppleWebKit/537.36 (KHTML, like Gecko) Chrome/90.0.4430.85 Safari/537.36"
212.227.100.3 - - [10/Mar/2026:10:53:26 -0700] "GET /wp-includes/theme-templates.php HTTP/1.1" 200 - "binance.com" "Mozilla/5.0 (Windows NT 10.0; Win64; x64) AppleWebKit/537.36 (KHTML, like Gecko) Chrome/90.0.4430.85 Safari/537.36"
212.227.100.3 - - [10/Mar/2026:10:53:26 -0700] "GET /wp-includes/ID3/ HTTP/1.1" 200 4272 "binance.com" "Mozilla/5.0 (Windows NT 10.0; Win64; x64) AppleWebKit/537.36 (KHTML, like Gecko) Chrome/90.0.4430.85 Safari/537.36"
212.227.100.3 - - [10/Mar/2026:10:53:26 -0700] "GET /wp-includes/ID3/ HTTP/1.1" 200 4272 "binance.com" "Mozilla/5.0 (Windows NT 10.0; Win64; x64) AppleWebKit/537.36 (KHTML, like Gecko) Chrome/90.0.4430.85 Safari/537.36"
212.227.100.3 - - [10/Mar/2026:10:53:27 -0700] "GET /wp-includes/ID3/module.audio.dts-all.php HTTP/1.1" 200 - "binance.com" "Mozilla/5.0 (Windows NT 10.0; Win64; x64) AppleWebKit/537.36 (KHTML, like Gecko) Chrome/90.0.4430.85 Safari/537.36"
212.227.100.3 - - [10/Mar/2026:10:53:27 -0700] "GET /wp-includes/IXR/ HTTP/1.1" 200 2573 "binance.com" "Mozilla/5.0 (Windows NT 10.0; Win64; x64) AppleWebKit/537.36 (KHTML, like Gecko) Chrome/90.0.4430.85 Safari/537.36"
212.227.100.3 - - [10/Mar/2026:10:53:28 -0700] "GET /wp-includes/IXR/ HTTP/1.1" 200 2573 "binance.com" "Mozilla/5.0 (Windows NT 10.0; Win64; x64) AppleWebKit/537.36 (KHTML, like Gecko) Chrome/90.0.4430.85 Safari/537.36"
212.227.100.3 - - [10/Mar/2026:10:53:28 -0700] "GET /wp-includes/PHPMailer/ HTTP/1.1" 200 1217 "binance.com" "Mozilla/5.0 (Windows NT 10.0; Win64; x64) AppleWebKit/537.36 (KHTML, like Gecko) Chrome/90.0.4430.85 Safari/537.36"
212.227.100.3 - - [10/Mar/2026:10:53:28 -0700] "GET /wp-includes/PHPMailer/ HTTP/1.1" 200 1217 "binance.com" "Mozilla/5.0 (Windows NT 10.0; Win64; x64) AppleWebKit/537.36 (KHTML, like Gecko) Chrome/90.0.4430.85 Safari/537.36"
212.227.100.3 - - [10/Mar/2026:10:53:29 -0700] "GET /wp-includes/Text/ HTTP/1.1" 200 1223 "binance.com" "Mozilla/5.0 (Windows NT 10.0; Win64; x64) AppleWebKit/537.36 (KHTML, like Gecko) Chrome/90.0.4430.85 Safari/537.36"
212.227.100.3 - - [10/Mar/2026:10:53:29 -0700] "GET /wp-includes/Text/ HTTP/1.1" 200 1223 "binance.com" "Mozilla/5.0 (Windows NT 10.0; Win64; x64) AppleWebKit/537.36 (KHTML, like Gecko) Chrome/90.0.4430.85 Safari/537.36"
85.208.96.197 - - [10/Mar/2026:10:53:29 -0700] "GET /2026/02/12/anbietervergleich-ein-traktandum-40/ HTTP/1.1" 404 236 "-" "Mozilla/5.0 (compatible; SemrushBot/7~bl; +http://www.semrush.com/bot.html)"
212.227.100.3 - - [10/Mar/2026:10:53:30 -0700] "GET /wp-includes/Text/front_page_template_1754761549.php HTTP/1.1" 200 16 "binance.com" "Mozilla/5.0 (Windows NT 10.0; Win64; x64) AppleWebKit/537.36 (KHTML, like Gecko) Chrome/90.0.4430.85 Safari/537.36"
212.227.100.3 - - [10/Mar/2026:10:53:30 -0700] "GET /wp-includes/Text/Diff/ HTTP/1.1" 200 1216 "binance.com" "Mozilla/5.0 (Windows NT 10.0; Win64; x64) AppleWebKit/537.36 (KHTML, like Gecko) Chrome/90.0.4430.85 Safari/537.36"
212.227.100.3 - - [10/Mar/2026:10:53:31 -0700] "GET /wp-includes/Text/Diff/ HTTP/1.1" 200 1216 "binance.com" "Mozilla/5.0 (Windows NT 10.0; Win64; x64) AppleWebKit/537.36 (KHTML, like Gecko) Chrome/90.0.4430.85 Safari/537.36"
212.227.100.3 - - [10/Mar/2026:10:53:32 -0700] "GET /wp-includes/Text/Diff/Engine/ HTTP/1.1" 200 1413 "binance.com" "Mozilla/5.0 (Windows NT 10.0; Win64; x64) AppleWebKit/537.36 (KHTML, like Gecko) Chrome/90.0.4430.85 Safari/537.36"
212.227.100.3 - - [10/Mar/2026:10:53:32 -0700] "GET /wp-includes/Text/Diff/Engine/ HTTP/1.1" 200 1413 "binance.com" "Mozilla/5.0 (Windows NT 10.0; Win64; x64) AppleWebKit/537.36 (KHTML, like Gecko) Chrome/90.0.4430.85 Safari/537.36"
74.7.241.15 - - [10/Mar/2026:10:53:32 -0700] "GET /wp-json/oembed/1.0/embed?url=http%3A%2F%2Falsahibalc.com%2F2026%2F02%2F04%2Fklassieke-vrugte-pret-draai-wen-en-geniet-hot-hot-fruit-login-se%2F HTTP/1.1" 404 236 "http://alsahibalc.com/2026/02/04/klassieke-vrugte-pret-draai-wen-en-geniet-hot-hot-fruit-login-se/" "Mozilla/5.0 AppleWebKit/537.36 (KHTML, like Gecko; compatible; GPTBot/1.3; +https://openai.com/gptbot)"
212.227.100.3 - - [10/Mar/2026:10:53:32 -0700] "GET /wp-includes/Text/Diff/Renderer/ HTTP/1.1" 200 885 "binance.com" "Mozilla/5.0 (Windows NT 10.0; Win64; x64) AppleWebKit/537.36 (KHTML, like Gecko) Chrome/90.0.4430.85 Safari/537.36"
212.227.100.3 - - [10/Mar/2026:10:53:33 -0700] "GET /wp-includes/Text/Diff/Renderer/ HTTP/1.1" 200 885 "binance.com" "Mozilla/5.0 (Windows NT 10.0; Win64; x64) AppleWebKit/537.36 (KHTML, like Gecko) Chrome/90.0.4430.85 Safari/537.36"
212.227.100.3 - - [10/Mar/2026:10:53:35 -0700] "GET /wp-includes/blocks/ HTTP/1.1" 500 - "binance.com" "Mozilla/5.0 (Windows NT 10.0; Win64; x64) AppleWebKit/537.36 (KHTML, like Gecko) Chrome/90.0.4430.85 Safari/537.36"
212.227.100.3 - - [10/Mar/2026:10:53:36 -0700] "GET /wp-includes/pomo/ HTTP/1.1" 200 1741 "binance.com" "Mozilla/5.0 (Windows NT 10.0; Win64; x64) AppleWebKit/537.36 (KHTML, like Gecko) Chrome/90.0.4430.85 Safari/537.36"
212.227.100.3 - - [10/Mar/2026:10:53:36 -0700] "GET /wp-includes/pomo/ HTTP/1.1" 200 1741 "binance.com" "Mozilla/5.0 (Windows NT 10.0; Win64; x64) AppleWebKit/537.36 (KHTML, like Gecko) Chrome/90.0.4430.85 Safari/537.36"
212.227.100.3 - - [10/Mar/2026:10:53:37 -0700] "GET /wp-includes/sitemaps/ HTTP/1.1" 200 2247 "binance.com" "Mozilla/5.0 (Windows NT 10.0; Win64; x64) AppleWebKit/537.36 (KHTML, like Gecko) Chrome/90.0.4430.85 Safari/537.36"
212.227.100.3 - - [10/Mar/2026:10:53:37 -0700] "GET /wp-includes/sitemaps/ HTTP/1.1" 200 2247 "binance.com" "Mozilla/5.0 (Windows NT 10.0; Win64; x64) AppleWebKit/537.36 (KHTML, like Gecko) Chrome/90.0.4430.85 Safari/537.36"
212.227.100.3 - - [10/Mar/2026:10:53:38 -0700] "GET /wp-includes/sitemaps/custom-file-5-1754761314.php HTTP/1.1" 200 16 "binance.com" "Mozilla/5.0 (Windows NT 10.0; Win64; x64) AppleWebKit/537.36 (KHTML, like Gecko) Chrome/90.0.4430.85 Safari/537.36"
212.227.100.3 - - [10/Mar/2026:10:53:38 -0700] "GET /wp-includes/sitemaps/providers/ HTTP/1.1" 200 1305 "binance.com" "Mozilla/5.0 (Windows NT 10.0; Win64; x64) AppleWebKit/537.36 (KHTML, like Gecko) Chrome/90.0.4430.85 Safari/537.36"
212.227.100.3 - - [10/Mar/2026:10:53:38 -0700] "GET /wp-includes/sitemaps/providers/ HTTP/1.1" 200 1305 "binance.com" "Mozilla/5.0 (Windows NT 10.0; Win64; x64) AppleWebKit/537.36 (KHTML, like Gecko) Chrome/90.0.4430.85 Safari/537.36"
212.227.100.3 - - [10/Mar/2026:10:53:39 -0700] "GET /wp-includes/widgets/ HTTP/1.1" 200 4858 "binance.com" "Mozilla/5.0 (Windows NT 10.0; Win64; x64) AppleWebKit/537.36 (KHTML, like Gecko) Chrome/90.0.4430.85 Safari/537.36"
212.227.100.3 - - [10/Mar/2026:10:53:39 -0700] "GET /wp-includes/widgets/ HTTP/1.1" 200 4858 "binance.com" "Mozilla/5.0 (Windows NT 10.0; Win64; x64) AppleWebKit/537.36 (KHTML, like Gecko) Chrome/90.0.4430.85 Safari/537.36"
212.227.100.3 - - [10/Mar/2026:10:53:40 -0700] "GET /wp-includes/widgets/class-wp-widget-block.php HTTP/1.1" 500 - "binance.com" "Mozilla/5.0 (Windows NT 10.0; Win64; x64) AppleWebKit/537.36 (KHTML, like Gecko) Chrome/90.0.4430.85 Safari/537.36"
212.227.100.3 - - [10/Mar/2026:10:53:40 -0700] "GET /wp-includes/widgets/custom-functions-1754761432.php HTTP/1.1" 200 16 "binance.com" "Mozilla/5.0 (Windows NT 10.0; Win64; x64) AppleWebKit/537.36 (KHTML, like Gecko) Chrome/90.0.4430.85 Safari/537.36"
212.227.100.3 - - [10/Mar/2026:10:53:41 -0700] "GET /wp-includes/css/ HTTP/1.1" 200 8370 "binance.com" "Mozilla/5.0 (Windows NT 10.0; Win64; x64) AppleWebKit/537.36 (KHTML, like Gecko) Chrome/90.0.4430.85 Safari/537.36"
212.227.100.3 - - [10/Mar/2026:10:53:41 -0700] "GET /wp-includes/css/dist/ HTTP/1.1" 200 3743 "binance.com" "Mozilla/5.0 (Windows NT 10.0; Win64; x64) AppleWebKit/537.36 (KHTML, like Gecko) Chrome/90.0.4430.85 Safari/537.36"
212.227.100.3 - - [10/Mar/2026:10:53:42 -0700] "GET /wp-includes/fonts/ HTTP/1.1" 200 2557 "binance.com" "Mozilla/5.0 (Windows NT 10.0; Win64; x64) AppleWebKit/537.36 (KHTML, like Gecko) Chrome/90.0.4430.85 Safari/537.36"
212.227.100.3 - - [10/Mar/2026:10:53:43 -0700] "GET /wp-includes/fonts/ HTTP/1.1" 200 2557 "binance.com" "Mozilla/5.0 (Windows NT 10.0; Win64; x64) AppleWebKit/537.36 (KHTML, like Gecko) Chrome/90.0.4430.85 Safari/537.36"
212.227.100.3 - - [10/Mar/2026:10:53:43 -0700] "GET /wp-includes/fonts/class-wp-font-collection.php HTTP/1.1" 200 - "binance.com" "Mozilla/5.0 (Windows NT 10.0; Win64; x64) AppleWebKit/537.36 (KHTML, like Gecko) Chrome/90.0.4430.85 Safari/537.36"
212.227.100.3 - - [10/Mar/2026:10:53:45 -0700] "GET /wp-includes/fonts/class-wp-font-face-resolver.php HTTP/1.1" 200 - "binance.com" "Mozilla/5.0 (Windows NT 10.0; Win64; x64) AppleWebKit/537.36 (KHTML, like Gecko) Chrome/90.0.4430.85 Safari/537.36"
212.227.100.3 - - [10/Mar/2026:10:53:45 -0700] "GET /wp-includes/fonts/class-wp-font-face.php HTTP/1.1" 200 - "binance.com" "Mozilla/5.0 (Windows NT 10.0; Win64; x64) AppleWebKit/537.36 (KHTML, like Gecko) Chrome/90.0.4430.85 Safari/537.36"
212.227.100.3 - - [10/Mar/2026:10:53:46 -0700] "GET /wp-includes/fonts/class-wp-font-library.php HTTP/1.1" 200 - "binance.com" "Mozilla/5.0 (Windows NT 10.0; Win64; x64) AppleWebKit/537.36 (KHTML, like Gecko) Chrome/90.0.4430.85 Safari/537.36"
212.227.100.3 - - [10/Mar/2026:10:53:47 -0700] "GET /wp-includes/fonts/class-wp-font-utils.php HTTP/1.1" 200 - "binance.com" "Mozilla/5.0 (Windows NT 10.0; Win64; x64) AppleWebKit/537.36 (KHTML, like Gecko) Chrome/90.0.4430.85 Safari/537.36"
212.227.100.3 - - [10/Mar/2026:10:53:47 -0700] "GET /wp-includes/images/ HTTP/1.1" 200 5803 "binance.com" "Mozilla/5.0 (Windows NT 10.0; Win64; x64) AppleWebKit/537.36 (KHTML, like Gecko) Chrome/90.0.4430.85 Safari/537.36"
212.227.100.3 - - [10/Mar/2026:10:53:47 -0700] "GET /wp-includes/images/crystal/ HTTP/1.1" 200 2485 "binance.com" "Mozilla/5.0 (Windows NT 10.0; Win64; x64) AppleWebKit/537.36 (KHTML, like Gecko) Chrome/90.0.4430.85 Safari/537.36"
212.227.100.3 - - [10/Mar/2026:10:53:48 -0700] "GET /wp-includes/images/media/ HTTP/1.1" 200 3912 "binance.com" "Mozilla/5.0 (Windows NT 10.0; Win64; x64) AppleWebKit/537.36 (KHTML, like Gecko) Chrome/90.0.4430.85 Safari/537.36"
212.227.100.3 - - [10/Mar/2026:10:53:48 -0700] "GET /wp-includes/images/smilies/ HTTP/1.1" 200 5432 "binance.com" "Mozilla/5.0 (Windows NT 10.0; Win64; x64) AppleWebKit/537.36 (KHTML, like Gecko) Chrome/90.0.4430.85 Safari/537.36"
212.227.100.3 - - [10/Mar/2026:10:53:49 -0700] "GET /wp-includes/images/wlw/ HTTP/1.1" 404 236 "binance.com" "Mozilla/5.0 (Windows NT 10.0; Win64; x64) AppleWebKit/537.36 (KHTML, like Gecko) Chrome/90.0.4430.85 Safari/537.36"
212.227.100.3 - - [10/Mar/2026:10:53:49 -0700] "GET /wp-includes/js/%20 HTTP/1.1" 404 236 "binance.com" "Mozilla/5.0 (Windows NT 10.0; Win64; x64) AppleWebKit/537.36 (KHTML, like Gecko) Chrome/90.0.4430.85 Safari/537.36"
212.227.100.3 - - [10/Mar/2026:10:53:49 -0700] "GET /wp-includes/js/codemirror/ HTTP/1.1" 200 2140 "binance.com" "Mozilla/5.0 (Windows NT 10.0; Win64; x64) AppleWebKit/537.36 (KHTML, like Gecko) Chrome/90.0.4430.85 Safari/537.36"
212.227.100.3 - - [10/Mar/2026:10:53:50 -0700] "GET /wp-includes/js/plupload/ HTTP/1.1" 200 2313 "binance.com" "Mozilla/5.0 (Windows NT 10.0; Win64; x64) AppleWebKit/537.36 (KHTML, like Gecko) Chrome/90.0.4430.85 Safari/537.36"
212.227.100.3 - - [10/Mar/2026:10:53:50 -0700] "GET /.well-known/ HTTP/1.1" 200 1019 "binance.com" "Mozilla/5.0 (Windows NT 10.0; Win64; x64) AppleWebKit/537.36 (KHTML, like Gecko) Chrome/90.0.4430.85 Safari/537.36"
212.227.100.3 - - [10/Mar/2026:10:53:50 -0700] "GET /.well-known/ HTTP/1.1" 200 1019 "binance.com" "Mozilla/5.0 (Windows NT 10.0; Win64; x64) AppleWebKit/537.36 (KHTML, like Gecko) Chrome/90.0.4430.85 Safari/537.36"
212.227.100.3 - - [10/Mar/2026:10:53:51 -0700] "GET /.well-known/bottom_1770297582.php HTTP/1.1" 406 300 "binance.com" "Mozilla/5.0 (Windows NT 10.0; Win64; x64) AppleWebKit/537.36 (KHTML, like Gecko) Chrome/90.0.4430.85 Safari/537.36"
74.7.241.15 - - [10/Mar/2026:10:53:51 -0700] "GET /wp-json/oembed/1.0/embed?format=xml&url=http%3A%2F%2Falsahibalc.com%2F2026%2F02%2F04%2Fklassieke-vrugte-pret-draai-wen-en-geniet-hot-hot-fruit-login-se%2F HTTP/1.1" 404 236 "http://alsahibalc.com/2026/02/04/klassieke-vrugte-pret-draai-wen-en-geniet-hot-hot-fruit-login-se/" "Mozilla/5.0 AppleWebKit/537.36 (KHTML, like Gecko; compatible; GPTBot/1.3; +https://openai.com/gptbot)"
74.7.241.15 - - [10/Mar/2026:10:54:00 -0700] "GET /wp-json/oembed/1.0/embed?format=xml&url=http%3A%2F%2Falsahibalc.com%2F2026%2F01%2F14%2Fdesata-la-suerte-con-cada-caida-plinko-es-real-un%2F HTTP/1.1" 404 236 "http://alsahibalc.com/2026/01/14/desata-la-suerte-con-cada-caida-plinko-es-real-un/" "Mozilla/5.0 AppleWebKit/537.36 (KHTML, like Gecko; compatible; GPTBot/1.3; +https://openai.com/gptbot)"
57.141.0.48 - - [10/Mar/2026:10:54:03 -0700] "GET /2026/02/17/druckgluck-bonus-reel-gems-casino-50-freispiele-100-maklercourtage-zweiter-monat-des-jahres-2026/ HTTP/1.1" 404 236 "-" "meta-externalagent/1.1 (+https://developers.facebook.com/docs/sharing/webmasters/crawler)"
74.7.241.15 - - [10/Mar/2026:10:54:10 -0700] "GET /wp-json/oembed/1.0/embed?format=xml&url=http%3A%2F%2Falsahibalc.com%2F2026%2F02%2F10%2Flaventure-volatile-atteignez-le-golden-egg-sur%2F HTTP/1.1" 404 236 "http://alsahibalc.com/2026/02/10/laventure-volatile-atteignez-le-golden-egg-sur/" "Mozilla/5.0 AppleWebKit/537.36 (KHTML, like Gecko; compatible; GPTBot/1.3; +https://openai.com/gptbot)"
74.7.241.15 - - [10/Mar/2026:10:54:19 -0700] "GET /wp-json/oembed/1.0/embed?format=xml&url=http%3A%2F%2Falsahibalc.com%2F2026%2F02%2F27%2Fraging-rhino-status-opinion-2026-victory-up-to-250one-hundred-thousand-maximum%2F HTTP/1.1" 404 236 "http://alsahibalc.com/2026/02/27/raging-rhino-status-opinion-2026-victory-up-to-250one-hundred-thousand-maximum/" "Mozilla/5.0 AppleWebKit/537.36 (KHTML, like Gecko; compatible; GPTBot/1.3; +https://openai.com/gptbot)"
74.7.241.15 - - [10/Mar/2026:10:54:28 -0700] "GET /wp-json/oembed/1.0/embed?format=xml&url=http%3A%2F%2Falsahibalc.com%2F2026%2F02%2F26%2Fjingle-bells-position-opinion-%25ef%25b8%258f-get-personal-also-provides-at-the-gamblizard%2F HTTP/1.1" 404 236 "http://alsahibalc.com/2026/02/26/jingle-bells-position-opinion-%ef%b8%8f-get-personal-also-provides-at-the-gamblizard/" "Mozilla/5.0 AppleWebKit/537.36 (KHTML, like Gecko; compatible; GPTBot/1.3; +https://openai.com/gptbot)"
74.7.241.15 - - [10/Mar/2026:10:54:38 -0700] "GET /wp-json/oembed/1.0/embed?format=xml&url=http%3A%2F%2Falsahibalc.com%2F2026%2F02%2F07%2Faztec-value-appear-position-opinion-2026-free-play-light-blocks-1-deposit-trial%2F HTTP/1.1" 404 236 "http://alsahibalc.com/2026/02/07/aztec-value-appear-position-opinion-2026-free-play-light-blocks-1-deposit-trial/" "Mozilla/5.0 AppleWebKit/537.36 (KHTML, like Gecko; compatible; GPTBot/1.3; +https://openai.com/gptbot)"
74.7.241.15 - - [10/Mar/2026:10:54:47 -0700] "GET /wp-json/oembed/1.0/embed?url=http%3A%2F%2Falsahibalc.com%2F2026%2F02%2F26%2Fles-avantages-des-casinos-en-ligne-en-2024-11%2F HTTP/1.1" 404 236 "http://alsahibalc.com/2026/02/26/les-avantages-des-casinos-en-ligne-en-2024-11/" "Mozilla/5.0 AppleWebKit/537.36 (KHTML, like Gecko; compatible; GPTBot/1.3; +https://openai.com/gptbot)"
74.7.241.15 - - [10/Mar/2026:10:55:07 -0700] "GET /wp-json/oembed/1.0/embed?format=xml&url=http%3A%2F%2Falsahibalc.com%2F2026%2F02%2F28%2Fkaramba-local-casino-opinion-2026-accepted-site-to-have-irish-people%2F HTTP/1.1" 404 236 "http://alsahibalc.com/2026/02/28/karamba-local-casino-opinion-2026-accepted-site-to-have-irish-people/" "Mozilla/5.0 AppleWebKit/537.36 (KHTML, like Gecko; compatible; GPTBot/1.3; +https://openai.com/gptbot)"
57.141.0.40 - - [10/Mar/2026:10:55:10 -0700] "GET /2026/03/02/eye-of-horus-blackjack-strategie-spiele-online-um-geld-slot-erreichbar-wiedergeben-costa-rica/ HTTP/1.1" 404 236 "-" "meta-externalagent/1.1 (+https://developers.facebook.com/docs/sharing/webmasters/crawler)"
74.7.241.15 - - [10/Mar/2026:10:55:16 -0700] "GET /wp-json/oembed/1.0/embed?url=http%3A%2F%2Falsahibalc.com%2F2026%2F02%2F02%2F19127%2F HTTP/1.1" 404 236 "http://alsahibalc.com/2026/02/02/19127/" "Mozilla/5.0 AppleWebKit/537.36 (KHTML, like Gecko; compatible; GPTBot/1.3; +https://openai.com/gptbot)"
74.7.241.15 - - [10/Mar/2026:10:55:26 -0700] "GET /wp-json/oembed/1.0/embed?format=xml&url=http%3A%2F%2Falsahibalc.com%2F2026%2F01%2F13%2Fpipravte-se-na-adrenalinove-zaitky-a-strategii%2F HTTP/1.1" 404 236 "http://alsahibalc.com/2026/01/13/pipravte-se-na-adrenalinove-zaitky-a-strategii/" "Mozilla/5.0 AppleWebKit/537.36 (KHTML, like Gecko; compatible; GPTBot/1.3; +https://openai.com/gptbot)"
85.208.96.195 - - [10/Mar/2026:10:55:40 -0700] "GET /2026/02/06/gambling-enterprise-sail-review-ice-casino-bonus-code-2026-90-free-revolves-vip-perks/ HTTP/1.1" 404 236 "-" "Mozilla/5.0 (compatible; SemrushBot/7~bl; +http://www.semrush.com/bot.html)"
158.173.3.151 - - [10/Mar/2026:10:55:41 -0700] "GET /2026/02/09/quel-est-le-meilleur-casino-en-ligne-au-belgique-3/ HTTP/1.1" 404 236 "http://alsahibalc.com/" "Mozilla/5.0 (Macintosh; Intel Mac OS X 12_5) AppleWebKit/537.36 (KHTML, like Gecko) Chrome/114.0.0.0 Safari/537.36 Vivaldi/5.3.2679.68"
158.173.3.151 - - [10/Mar/2026:10:55:42 -0700] "GET / HTTP/1.1" 200 9495 "-" "Mozilla/5.0 (Macintosh; Intel Mac OS X 12_5) AppleWebKit/537.36 (KHTML, like Gecko) Chrome/114.0.0.0 Safari/537.36 Vivaldi/5.3.2679.68"
158.173.3.151 - - [10/Mar/2026:10:55:47 -0700] "GET /readme.html HTTP/1.1" 200 7409 "http://alsahibalc.com" "Mozilla/5.0 (Macintosh; Intel Mac OS X 12_5) AppleWebKit/537.36 (KHTML, like Gecko) Chrome/114.0.0.0 Safari/537.36 Vivaldi/5.3.2679.68"
74.7.241.15 - - [10/Mar/2026:10:55:54 -0700] "GET /wp-json/oembed/1.0/embed?url=http%3A%2F%2Falsahibalc.com%2F2026%2F02%2F24%2Fapps5%2F HTTP/1.1" 404 236 "http://alsahibalc.com/2026/02/24/apps5/" "Mozilla/5.0 AppleWebKit/537.36 (KHTML, like Gecko; compatible; GPTBot/1.3; +https://openai.com/gptbot)"
74.7.241.15 - - [10/Mar/2026:10:56:13 -0700] "GET /wp-json/oembed/1.0/embed?format=xml&url=http%3A%2F%2Falsahibalc.com%2F2026%2F01%2F26%2Fin-een-tijdperk-waarin-digitale-content-onze-blik-op-de-wereld-herdefinieert-wordt-de-kracht-van-st%2F HTTP/1.1" 404 236 "http://alsahibalc.com/2026/01/26/in-een-tijdperk-waarin-digitale-content-onze-blik-op-de-wereld-herdefinieert-wordt-de-kracht-van-st/" "Mozilla/5.0 AppleWebKit/537.36 (KHTML, like Gecko; compatible; GPTBot/1.3; +https://openai.com/gptbot)"
57.141.0.31 - - [10/Mar/2026:10:56:17 -0700] "GET /2026/02/21/%e2%9f%acmaneki-gambling-establishment-added-bonus-discount-online-casino-deposit-1-get-20-coupons-2026-%e2%9f%ad-get-maneki-local-casino-added-bonus-discount-added-bonus-vaucher-otherwise-extra-pas/ HTTP/1.1" 404 236 "-" "meta-externalagent/1.1 (+https://developers.facebook.com/docs/sharing/webmasters/crawler)"
85.208.96.205 - - [10/Mar/2026:10:56:18 -0700] "GET /2026/02/06/paano-nakakaapekto-ang-mga-regulasyon-sa-2/ HTTP/1.1" 404 236 "-" "Mozilla/5.0 (compatible; SemrushBot/7~bl; +http://www.semrush.com/bot.html)"
74.7.241.15 - - [10/Mar/2026:10:56:23 -0700] "GET /wp-json/oembed/1.0/embed?url=http%3A%2F%2Falsahibalc.com%2F2026%2F02%2F26%2Ftilslutte-spilleban-2026-dkderefter-storste-casino-tilslutte-guide%2F HTTP/1.1" 404 236 "http://alsahibalc.com/2026/02/26/tilslutte-spilleban-2026-dkderefter-storste-casino-tilslutte-guide/" "Mozilla/5.0 AppleWebKit/537.36 (KHTML, like Gecko; compatible; GPTBot/1.3; +https://openai.com/gptbot)"
74.7.241.15 - - [10/Mar/2026:10:56:42 -0700] "GET /wp-json/oembed/1.0/embed?format=xml&url=http%3A%2F%2Falsahibalc.com%2F2026%2F02%2F18%2Ftrampa-baron-tragamonedas-apetencia-eurillos-autenticos-o-tratar-regalado-acerca-de-argentina%2F HTTP/1.1" 404 236 "http://alsahibalc.com/2026/02/18/trampa-baron-tragamonedas-apetencia-eurillos-autenticos-o-tratar-regalado-acerca-de-argentina/" "Mozilla/5.0 AppleWebKit/537.36 (KHTML, like Gecko; compatible; GPTBot/1.3; +https://openai.com/gptbot)"
85.208.96.207 - - [10/Mar/2026:10:56:48 -0700] "GET /author/bot/page/4/ HTTP/1.1" 404 236 "-" "Mozilla/5.0 (compatible; SemrushBot/7~bl; +http://www.semrush.com/bot.html)"
74.7.241.15 - - [10/Mar/2026:10:56:52 -0700] "GET /wp-json/oembed/1.0/embed?format=xml&url=http%3A%2F%2Falsahibalc.com%2F2026%2F02%2F27%2Fbetibet-spielsalon-selbige-gewinne-de-lensemble-des-spielers-wurden-noch-nichtens-ausbezahlt%2F HTTP/1.1" 404 236 "http://alsahibalc.com/2026/02/27/betibet-spielsalon-selbige-gewinne-de-lensemble-des-spielers-wurden-noch-nichtens-ausbezahlt/" "Mozilla/5.0 AppleWebKit/537.36 (KHTML, like Gecko; compatible; GPTBot/1.3; +https://openai.com/gptbot)"
85.208.96.205 - - [10/Mar/2026:10:56:55 -0700] "GET /2026/02/11/dare-to-cross-conquer-challenges-claim-golden/ HTTP/1.1" 404 236 "-" "Mozilla/5.0 (compatible; SemrushBot/7~bl; +http://www.semrush.com/bot.html)"
74.7.241.15 - - [10/Mar/2026:10:57:01 -0700] "GET /wp-json/oembed/1.0/embed?url=http%3A%2F%2Falsahibalc.com%2F2026%2F02%2F09%2Fquel-est-le-meilleur-casino-en-ligne-au-belgique-3%2F HTTP/1.1" 404 236 "http://alsahibalc.com/2026/02/09/quel-est-le-meilleur-casino-en-ligne-au-belgique-3/" "Mozilla/5.0 AppleWebKit/537.36 (KHTML, like Gecko; compatible; GPTBot/1.3; +https://openai.com/gptbot)"
185.191.171.16 - - [10/Mar/2026:10:57:01 -0700] "GET /2026/01/26/billionairespin-casino-ein-leitfaden-fur-verantwortungsvolles-spielen/ HTTP/1.1" 404 236 "-" "Mozilla/5.0 (compatible; SemrushBot/7~bl; +http://www.semrush.com/bot.html)"
185.191.171.1 - - [10/Mar/2026:10:57:05 -0700] "GET /2026/02/07/najkorzystniejsze-automaty-kasynowe-od-momentu-booming-games/ HTTP/1.1" 404 236 "-" "Mozilla/5.0 (compatible; SemrushBot/7~bl; +http://www.semrush.com/bot.html)"
74.7.241.15 - - [10/Mar/2026:10:57:10 -0700] "GET /wp-json/oembed/1.0/embed?format=xml&url=http%3A%2F%2Falsahibalc.com%2F2026%2F03%2F02%2Floki-gambling-enterprise-opinion-2026-so-is-this-local-casino-safe-to-play%2F HTTP/1.1" 404 236 "http://alsahibalc.com/2026/03/02/loki-gambling-enterprise-opinion-2026-so-is-this-local-casino-safe-to-play/" "Mozilla/5.0 AppleWebKit/537.36 (KHTML, like Gecko; compatible; GPTBot/1.3; +https://openai.com/gptbot)"
57.141.0.19 - - [10/Mar/2026:10:57:23 -0700] "GET /2026/02/15/novoline-novomatic-wie-kommt-es-dass-eltern-bei-deutschen-spielern-so-angesehen-man-sagt-sie-seien/ HTTP/1.1" 404 236 "-" "meta-externalagent/1.1 (+https://developers.facebook.com/docs/sharing/webmasters/crawler)"
74.7.241.15 - - [10/Mar/2026:10:57:38 -0700] "GET /wp-json/oembed/1.0/embed?url=http%3A%2F%2Falsahibalc.com%2F2026%2F03%2F02%2Fkasino-mrq-ziskejte-ctyri-roztoceni-zdarma-bez-vkladu-a-29-roztoceni-zdarma-ve-vyhernim-automatu-raging-rhino-a-dalsi-roztoceni-zdarma-pri-prvnim-vkladu-s-unikatnim-promo-heslem-%25e7%2581%25b5%25e7%258c%25b4%2F HTTP/1.1" 404 236 "http://alsahibalc.com/2026/03/02/kasino-mrq-ziskejte-ctyri-roztoceni-zdarma-bez-vkladu-a-29-roztoceni-zdarma-ve-vyhernim-automatu-raging-rhino-a-dalsi-roztoceni-zdarma-pri-prvnim-vkladu-s-unikatnim-promo-heslem-%e7%81%b5%e7%8c%b4/" "Mozilla/5.0 AppleWebKit/537.36 (KHTML, like Gecko; compatible; GPTBot/1.3; +https://openai.com/gptbot)"
74.7.241.15 - - [10/Mar/2026:10:57:47 -0700] "GET /wp-json/oembed/1.0/embed?url=http%3A%2F%2Falsahibalc.com%2F2026%2F01%2F24%2Fbetify-casino-en-ligne-jouez-sur-betify-avec-1000-294%2F HTTP/1.1" 404 236 "http://alsahibalc.com/2026/01/24/betify-casino-en-ligne-jouez-sur-betify-avec-1000-294/" "Mozilla/5.0 AppleWebKit/537.36 (KHTML, like Gecko; compatible; GPTBot/1.3; +https://openai.com/gptbot)"
74.7.241.15 - - [10/Mar/2026:10:57:56 -0700] "GET /wp-json/oembed/1.0/embed?url=http%3A%2F%2Falsahibalc.com%2F2026%2F01%2F29%2Fbetify-casino-en-ligne-jouez-sur-betify-avec-1000-456%2F HTTP/1.1" 404 236 "http://alsahibalc.com/2026/01/29/betify-casino-en-ligne-jouez-sur-betify-avec-1000-456/" "Mozilla/5.0 AppleWebKit/537.36 (KHTML, like Gecko; compatible; GPTBot/1.3; +https://openai.com/gptbot)"
74.7.241.15 - - [10/Mar/2026:10:58:06 -0700] "GET /wp-json/oembed/1.0/embed?format=xml&url=http%3A%2F%2Falsahibalc.com%2F2026%2F02%2F03%2Fkak-psihologicheskij-nastroj-okazyvaet-vozdejstvie-na-vosprijatie-dostizhenija%2F HTTP/1.1" 404 236 "http://alsahibalc.com/2026/02/03/kak-psihologicheskij-nastroj-okazyvaet-vozdejstvie-na-vosprijatie-dostizhenija/" "Mozilla/5.0 AppleWebKit/537.36 (KHTML, like Gecko; compatible; GPTBot/1.3; +https://openai.com/gptbot)"
74.7.241.15 - - [10/Mar/2026:10:58:15 -0700] "GET /wp-json/oembed/1.0/embed?format=xml&url=http%3A%2F%2Falsahibalc.com%2F2026%2F02%2F25%2Fsuch-revolves-is-connected-closely-for-the-online-games-construction-playing-a-big-part-in-your-journey-getting-your-master-free-spins-and-you-may-gold-coins-is-simple-rather-than-waiting%2F HTTP/1.1" 404 236 "http://alsahibalc.com/2026/02/25/such-revolves-is-connected-closely-for-the-online-games-construction-playing-a-big-part-in-your-journey-getting-your-master-free-spins-and-you-may-gold-coins-is-simple-rather-than-waiting/" "Mozilla/5.0 AppleWebKit/537.36 (KHTML, like Gecko; compatible; GPTBot/1.3; +https://openai.com/gptbot)"
85.208.96.200 - - [10/Mar/2026:10:58:24 -0700] "GET /2026/02/12/kasino-pramie-exklusive-einzahlung-2026-no-vorleistung-provision/ HTTP/1.1" 404 236 "-" "Mozilla/5.0 (compatible; SemrushBot/7~bl; +http://www.semrush.com/bot.html)"
74.7.241.15 - - [10/Mar/2026:10:58:25 -0700] "GET /wp-json/oembed/1.0/embed?format=xml&url=http%3A%2F%2Falsahibalc.com%2F2025%2F02%2F18%2Fa-maioria-dos-usuarios-preferem-dados-em-tempo-real-para-formar-opiniao-expondo-a-evolucao-do-consumo-de-informacao%2F HTTP/1.1" 404 236 "http://alsahibalc.com/2025/02/18/a-maioria-dos-usuarios-preferem-dados-em-tempo-real-para-formar-opiniao-expondo-a-evolucao-do-consumo-de-informacao/" "Mozilla/5.0 AppleWebKit/537.36 (KHTML, like Gecko; compatible; GPTBot/1.3; +https://openai.com/gptbot)"
74.7.241.15 - - [10/Mar/2026:10:58:53 -0700] "GET /wp-json/oembed/1.0/embed?url=http%3A%2F%2Falsahibalc.com%2F2026%2F03%2F02%2Feuropa777%2F HTTP/1.1" 404 236 "http://alsahibalc.com/2026/03/02/europa777/" "Mozilla/5.0 AppleWebKit/537.36 (KHTML, like Gecko; compatible; GPTBot/1.3; +https://openai.com/gptbot)"
74.7.241.15 - - [10/Mar/2026:10:59:03 -0700] "GET /wp-json/oembed/1.0/embed?url=http%3A%2F%2Falsahibalc.com%2F2026%2F02%2F10%2Fbig-clash-1-82%2F HTTP/1.1" 404 236 "http://alsahibalc.com/2026/02/10/big-clash-1-82/" "Mozilla/5.0 AppleWebKit/537.36 (KHTML, like Gecko; compatible; GPTBot/1.3; +https://openai.com/gptbot)"
74.7.241.15 - - [10/Mar/2026:10:59:12 -0700] "GET /wp-json/oembed/1.0/embed?format=xml&url=http%3A%2F%2Falsahibalc.com%2F2025%2F07%2F13%2Fmoneymask-casino-et-le-jeu-responsable-les-outils-a-votre-disposition%2F HTTP/1.1" 404 236 "http://alsahibalc.com/2025/07/13/moneymask-casino-et-le-jeu-responsable-les-outils-a-votre-disposition/" "Mozilla/5.0 AppleWebKit/537.36 (KHTML, like Gecko; compatible; GPTBot/1.3; +https://openai.com/gptbot)"
74.7.241.15 - - [10/Mar/2026:10:59:21 -0700] "GET /wp-json/oembed/1.0/embed?format=xml&url=http%3A%2F%2Falsahibalc.com%2F2026%2F02%2F18%2Fromans-legions-of-gold-slots-demo-regalado-desplazandolo-hacia-el-pelo-resena%2F HTTP/1.1" 404 236 "http://alsahibalc.com/2026/02/18/romans-legions-of-gold-slots-demo-regalado-desplazandolo-hacia-el-pelo-resena/" "Mozilla/5.0 AppleWebKit/537.36 (KHTML, like Gecko; compatible; GPTBot/1.3; +https://openai.com/gptbot)"
85.208.96.193 - - [10/Mar/2026:10:59:46 -0700] "GET /category/tmempokerdom/2000z/ HTTP/1.1" 404 236 "-" "Mozilla/5.0 (compatible; SemrushBot/7~bl; +http://www.semrush.com/bot.html)"
74.7.241.15 - - [10/Mar/2026:10:59:49 -0700] "GET /wp-json/oembed/1.0/embed?url=http%3A%2F%2Falsahibalc.com%2F2026%2F02%2F11%2F770-casino-en-ligne-retraits-rapides-et-paiements-92%2F HTTP/1.1" 404 236 "http://alsahibalc.com/2026/02/11/770-casino-en-ligne-retraits-rapides-et-paiements-92/" "Mozilla/5.0 AppleWebKit/537.36 (KHTML, like Gecko; compatible; GPTBot/1.3; +https://openai.com/gptbot)"
74.7.241.15 - - [10/Mar/2026:10:59:59 -0700] "GET /wp-json/oembed/1.0/embed?url=http%3A%2F%2Falsahibalc.com%2F2026%2F02%2F10%2F2025-in-en-emniyetli-ve-yeni-cevrimici-kumarhane-6%2F HTTP/1.1" 404 236 "http://alsahibalc.com/2026/02/10/2025-in-en-emniyetli-ve-yeni-cevrimici-kumarhane-6/" "Mozilla/5.0 AppleWebKit/537.36 (KHTML, like Gecko; compatible; GPTBot/1.3; +https://openai.com/gptbot)"
185.191.171.19 - - [10/Mar/2026:11:00:01 -0700] "GET /2025/07/14/brave-the-fiery-path-in-chicken-road-and-jump-your/ HTTP/1.1" 404 236 "-" "Mozilla/5.0 (compatible; SemrushBot/7~bl; +http://www.semrush.com/bot.html)"
74.7.241.15 - - [10/Mar/2026:11:00:08 -0700] "GET /wp-json/oembed/1.0/embed?format=xml&url=http%3A%2F%2Falsahibalc.com%2F2026%2F01%2F27%2Fsblocca-lemozione-del-gioco-sicuro-la-tua%2F HTTP/1.1" 404 236 "http://alsahibalc.com/2026/01/27/sblocca-lemozione-del-gioco-sicuro-la-tua/" "Mozilla/5.0 AppleWebKit/537.36 (KHTML, like Gecko; compatible; GPTBot/1.3; +https://openai.com/gptbot)"
74.7.241.15 - - [10/Mar/2026:11:00:18 -0700] "GET /wp-json/oembed/1.0/embed?format=xml&url=http%3A%2F%2Falsahibalc.com%2F2026%2F01%2F24%2Frivivi-lemozione-del-gioco-accedi-a-bonus%2F HTTP/1.1" 404 236 "http://alsahibalc.com/2026/01/24/rivivi-lemozione-del-gioco-accedi-a-bonus/" "Mozilla/5.0 AppleWebKit/537.36 (KHTML, like Gecko; compatible; GPTBot/1.3; +https://openai.com/gptbot)"
57.141.0.71 - - [10/Mar/2026:11:00:43 -0700] "GET /2025/05/10/rakennusalan-innovaatiot-ja-turvallisuustekijat-valtaisa-muutos-demolition-tyon-avulla/ HTTP/1.1" 404 236 "-" "meta-externalagent/1.1 (+https://developers.facebook.com/docs/sharing/webmasters/crawler)"
74.7.241.15 - - [10/Mar/2026:11:00:46 -0700] "GET /wp-json/oembed/1.0/embed?url=http%3A%2F%2Falsahibalc.com%2F2026%2F01%2F20%2F%25d0%25ba%25d0%25b0%25d0%25b7%25d0%25b8%25d0%25bd%25d0%25be-%25d0%25b8%25d0%25b3%25d1%2580%25d0%25b0%25d1%2582%25d1%258c-%25d0%25b2-%25d0%25be%25d0%25bd%25d0%25bb%25d0%25b0%25d0%25b9%25d0%25bd-pin-up-casino-%25d0%25be%25d1%2584%25d0%25b8%25d1%2586%25d0%25b8%25d0%25b0%25d0%25bb%25d1%258c%25d0%25bd%25d1%258b%2F HTTP/1.1" 404 236 "http://alsahibalc.com/2026/01/20/%d0%ba%d0%b0%d0%b7%d0%b8%d0%bd%d0%be-%d0%b8%d0%b3%d1%80%d0%b0%d1%82%d1%8c-%d0%b2-%d0%be%d0%bd%d0%bb%d0%b0%d0%b9%d0%bd-pin-up-casino-%d0%be%d1%84%d0%b8%d1%86%d0%b8%d0%b0%d0%bb%d1%8c%d0%bd%d1%8b/" "Mozilla/5.0 AppleWebKit/537.36 (KHTML, like Gecko; compatible; GPTBot/1.3; +https://openai.com/gptbot)"
74.7.241.15 - - [10/Mar/2026:11:00:55 -0700] "GET /wp-json/oembed/1.0/embed?format=xml&url=http%3A%2F%2Falsahibalc.com%2F2026%2F02%2F18%2Fa-emocao-do-jogo-na-palma-da-sua-mao-conquiste%2F HTTP/1.1" 404 236 "http://alsahibalc.com/2026/02/18/a-emocao-do-jogo-na-palma-da-sua-mao-conquiste/" "Mozilla/5.0 AppleWebKit/537.36 (KHTML, like Gecko; compatible; GPTBot/1.3; +https://openai.com/gptbot)"
185.191.171.13 - - [10/Mar/2026:11:01:03 -0700] "GET /2026/02/05/kakim-obrazom-fokus-sootnositsja-s-uvlecheniem/ HTTP/1.1" 404 236 "-" "Mozilla/5.0 (compatible; SemrushBot/7~bl; +http://www.semrush.com/bot.html)"
74.7.241.15 - - [10/Mar/2026:11:01:05 -0700] "GET /wp-json/oembed/1.0/embed?format=xml&url=http%3A%2F%2Falsahibalc.com%2F2026%2F02%2F27%2Fgrijp-de-kans-draai-aan-de-dobbelstenen-bij-ons%2F HTTP/1.1" 404 236 "http://alsahibalc.com/2026/02/27/grijp-de-kans-draai-aan-de-dobbelstenen-bij-ons/" "Mozilla/5.0 AppleWebKit/537.36 (KHTML, like Gecko; compatible; GPTBot/1.3; +https://openai.com/gptbot)"
74.7.241.15 - - [10/Mar/2026:11:01:15 -0700] "GET /wp-json/oembed/1.0/embed?format=xml&url=http%3A%2F%2Falsahibalc.com%2F2025%2F01%2F06%2Funlock-boundless-gaming-big-wins-at-a-non-gamstop-casino-this-moment%2F HTTP/1.1" 404 236 "http://alsahibalc.com/2025/01/06/unlock-boundless-gaming-big-wins-at-a-non-gamstop-casino-this-moment/" "Mozilla/5.0 AppleWebKit/537.36 (KHTML, like Gecko; compatible; GPTBot/1.3; +https://openai.com/gptbot)"
85.208.96.210 - - [10/Mar/2026:11:01:21 -0700] "GET /2026/02/12/burning-hot-slot-demo-juego-tragamonedas-book-of-ra-estrella-ranura-giros-gratis-gratuito/ HTTP/1.1" 404 236 "-" "Mozilla/5.0 (compatible; SemrushBot/7~bl; +http://www.semrush.com/bot.html)"
74.7.241.15 - - [10/Mar/2026:11:01:24 -0700] "GET /wp-json/oembed/1.0/embed?format=xml&url=http%3A%2F%2Falsahibalc.com%2F2026%2F02%2F07%2Fexactly-about-slots-jackpots-by-slot-elven-magic-the-simple-las-vegas%2F HTTP/1.1" 404 236 "http://alsahibalc.com/2026/02/07/exactly-about-slots-jackpots-by-slot-elven-magic-the-simple-las-vegas/" "Mozilla/5.0 AppleWebKit/537.36 (KHTML, like Gecko; compatible; GPTBot/1.3; +https://openai.com/gptbot)"
