66.249.68.66 - - [10/Mar/2026:05:39:20 -0700] "GET /2026/03/01/%CE%B9%CF%83%CF%84%CF%8C%CF%84%CE%BF%CF%80%CE%BF%CE%B9-%CE%BA%CE%B1%CF%84%CE%AC%CE%B8%CE%B5%CF%83%CE%B7%CF%82-5-%CF%83%CF%84%CE%BF-%CE%B4%CE%B9%CE%B1%CE%B4%CE%AF%CE%BA%CF%84%CF%85%CE%BF-%CE%BA%CE%B1/ HTTP/1.1" 200 138989 "-" "Mozilla/5.0 (Linux; Android 6.0.1; Nexus 5X Build/MMB29P) AppleWebKit/537.36 (KHTML, like Gecko) Chrome/145.0.7632.116 Mobile Safari/537.36 (compatible; Googlebot/2.1; +http://www.google.com/bot.html)"
74.7.241.15 - - [10/Mar/2026:05:39:23 -0700] "GET /wp-json/oembed/1.0/embed?url=http%3A%2F%2Falsahibalc.com%2F2025%2F04%2F26%2Fthe-rising-appeal-of-exotic-chillis-are-hot-chilli-bells-100-worth-it%2F HTTP/1.1" 200 - "http://alsahibalc.com/2025/04/26/the-rising-appeal-of-exotic-chillis-are-hot-chilli-bells-100-worth-it/" "Mozilla/5.0 AppleWebKit/537.36 (KHTML, like Gecko; compatible; GPTBot/1.3; +https://openai.com/gptbot)"
145.239.66.34 - - [10/Mar/2026:05:39:23 -0700] "GET /2026/02/19/50-100-%EB%AC%B4%EB%A3%8C-%EC%8A%A4%ED%95%80-%EB%B3%B4%EC%A6%9D%EA%B8%88-%EC%97%86%EC%9D%8C-%EB%8D%94-%EB%82%98%EC%9D%80-2026-%EB%A9%A4%EB%B2%84%EC%8B%AD%EC%9D%B4-%EC%A0%9C%EA%B3%B5%EB%90%A9%EB%8B%88/ HTTP/1.1" 200 - "-" "Mozilla/5.0 (compatible; MJ12bot/v1.4.8; http://mj12bot.com/)"
74.7.241.15 - - [10/Mar/2026:05:39:26 -0700] "GET /wp-json/oembed/1.0/embed?url=http%3A%2F%2Falsahibalc.com%2F2026%2F02%2F28%2Fbetter-harbors-in-the-us-better-online-slots-and-you-will-websites-for-2025%2F HTTP/1.1" 200 - "http://alsahibalc.com/2026/02/28/better-harbors-in-the-us-better-online-slots-and-you-will-websites-for-2025/" "Mozilla/5.0 AppleWebKit/537.36 (KHTML, like Gecko; compatible; GPTBot/1.3; +https://openai.com/gptbot)"
145.239.66.34 - - [10/Mar/2026:05:39:27 -0700] "GET /2026/02/19/50-100-%EB%AC%B4%EB%A3%8C-%EC%8A%A4%ED%95%80-%EB%B3%B4%EC%A6%9D%EA%B8%88-%EC%97%86%EC%9D%8C-%EB%8D%94-%EB%82%98%EC%9D%80-2026-%EB%A9%A4%EB%B2%84%EC%8B%AD%EC%9D%B4-%EC%A0%9C%EA%B3%B5%EB%90%A9%EB%8B%88/feed/ HTTP/1.1" 200 - "-" "Mozilla/5.0 (compatible; MJ12bot/v1.4.8; http://mj12bot.com/)"
74.7.241.15 - - [10/Mar/2026:05:39:29 -0700] "GET /wp-json/oembed/1.0/embed?url=http%3A%2F%2Falsahibalc.com%2F2026%2F02%2F25%2Fcasino-high-no-deposit-added-bonus-rules-100-chip-free-revolves-2026%2F HTTP/1.1" 200 - "http://alsahibalc.com/2026/02/25/casino-high-no-deposit-added-bonus-rules-100-chip-free-revolves-2026/" "Mozilla/5.0 AppleWebKit/537.36 (KHTML, like Gecko; compatible; GPTBot/1.3; +https://openai.com/gptbot)"
145.239.66.34 - - [10/Mar/2026:05:39:31 -0700] "GET /2026/02/19/angeschlossen-playn-go-1-kaution-spielsaal-test-2026-%EF%B8%8F-215-seriose-casinos-inoffizieller-mitarbeiter-vergleich/ HTTP/1.1" 200 - "-" "Mozilla/5.0 (compatible; MJ12bot/v1.4.8; http://mj12bot.com/)"
74.7.241.15 - - [10/Mar/2026:05:39:32 -0700] "GET /wp-json/oembed/1.0/embed?url=http%3A%2F%2Falsahibalc.com%2F2026%2F02%2F25%2Ffinest-online-slots-games-real-money-no-deposit-incentives-to-own-2026%2F HTTP/1.1" 200 - "http://alsahibalc.com/2026/02/25/finest-online-slots-games-real-money-no-deposit-incentives-to-own-2026/" "Mozilla/5.0 AppleWebKit/537.36 (KHTML, like Gecko; compatible; GPTBot/1.3; +https://openai.com/gptbot)"
74.7.241.15 - - [10/Mar/2026:05:39:35 -0700] "GET /wp-json/oembed/1.0/embed?url=http%3A%2F%2Falsahibalc.com%2F2026%2F02%2F27%2F10-best-online-pokies-and-you-will-casino-sites-around-australia-2026%2F HTTP/1.1" 200 - "http://alsahibalc.com/2026/02/27/10-best-online-pokies-and-you-will-casino-sites-around-australia-2026/" "Mozilla/5.0 AppleWebKit/537.36 (KHTML, like Gecko; compatible; GPTBot/1.3; +https://openai.com/gptbot)"
145.239.66.34 - - [10/Mar/2026:05:39:35 -0700] "GET /2026/02/19/angeschlossen-playn-go-1-kaution-spielsaal-test-2026-%EF%B8%8F-215-seriose-casinos-inoffizieller-mitarbeiter-vergleich/feed/ HTTP/1.1" 200 - "-" "Mozilla/5.0 (compatible; MJ12bot/v1.4.8; http://mj12bot.com/)"
145.239.66.34 - - [10/Mar/2026:05:39:40 -0700] "GET /2026/02/19/casinos-online-ohne-eintragung-2026-%EF%B8%8F-beste-spielbank-seiten-ohne-anmeldung-unter-anderem-blos-bankverbindung-spielen/ HTTP/1.1" 200 - "-" "Mozilla/5.0 (compatible; MJ12bot/v1.4.8; http://mj12bot.com/)"
74.7.241.15 - - [10/Mar/2026:05:39:41 -0700] "GET /wp-json/oembed/1.0/embed?url=http%3A%2F%2Falsahibalc.com%2F2025%2F06%2F17%2Fthe-evolution-of-casino-loyalty-programs-190%2F HTTP/1.1" 200 - "http://alsahibalc.com/2025/06/17/the-evolution-of-casino-loyalty-programs-190/" "Mozilla/5.0 AppleWebKit/537.36 (KHTML, like Gecko; compatible; GPTBot/1.3; +https://openai.com/gptbot)"
145.239.66.34 - - [10/Mar/2026:05:39:44 -0700] "GET /2026/02/19/casinos-online-ohne-eintragung-2026-%EF%B8%8F-beste-spielbank-seiten-ohne-anmeldung-unter-anderem-blos-bankverbindung-spielen/feed/ HTTP/1.1" 200 - "-" "Mozilla/5.0 (compatible; MJ12bot/v1.4.8; http://mj12bot.com/)"
74.7.241.15 - - [10/Mar/2026:05:39:45 -0700] "GET /wp-json/oembed/1.0/embed?url=http%3A%2F%2Falsahibalc.com%2F2026%2F01%2F29%2F1win-onlayn-kazino-ozbekistonda-bonuslar-82%2F HTTP/1.1" 200 - "http://alsahibalc.com/2026/01/29/1win-onlayn-kazino-ozbekistonda-bonuslar-82/" "Mozilla/5.0 AppleWebKit/537.36 (KHTML, like Gecko; compatible; GPTBot/1.3; +https://openai.com/gptbot)"
74.7.241.15 - - [10/Mar/2026:05:39:48 -0700] "GET /wp-json/oembed/1.0/embed?url=http%3A%2F%2Falsahibalc.com%2F2026%2F01%2F22%2Fthe-evolution-of-casino-loyalty-programs-455%2F HTTP/1.1" 200 - "http://alsahibalc.com/2026/01/22/the-evolution-of-casino-loyalty-programs-455/" "Mozilla/5.0 AppleWebKit/537.36 (KHTML, like Gecko; compatible; GPTBot/1.3; +https://openai.com/gptbot)"
145.239.66.34 - - [10/Mar/2026:05:39:48 -0700] "GET /2026/02/19/fire-joker%E3%80%90aprestar-online%E3%80%91por-algum-efetivo-ensaio-artesao-esfogiteado-acabamento-bonus-provedor/ HTTP/1.1" 200 - "-" "Mozilla/5.0 (compatible; MJ12bot/v1.4.8; http://mj12bot.com/)"
74.7.241.15 - - [10/Mar/2026:05:39:51 -0700] "GET /wp-json/oembed/1.0/embed?url=http%3A%2F%2Falsahibalc.com%2F2026%2F02%2F19%2Fdie-entwicklung-der-casino-treueprogramme-170%2F HTTP/1.1" 200 - "http://alsahibalc.com/2026/02/19/die-entwicklung-der-casino-treueprogramme-170/" "Mozilla/5.0 AppleWebKit/537.36 (KHTML, like Gecko; compatible; GPTBot/1.3; +https://openai.com/gptbot)"
185.191.171.19 - - [10/Mar/2026:05:39:52 -0700] "GET /2026/02/05/zasmakuj-emocji-w-wiecie-wirtualnych-rozrywek/ HTTP/1.1" 200 - "-" "Mozilla/5.0 (compatible; SemrushBot/7~bl; +http://www.semrush.com/bot.html)"
145.239.66.34 - - [10/Mar/2026:05:39:52 -0700] "GET /2026/02/19/funky-good-fruit-ranch-videokolikkopeli-%E1%97%8E-pelaa-100-prosenttia-ilmaiseksi-kasinopelina-verkossa-playtechin-ansiosta/ HTTP/1.1" 200 - "-" "Mozilla/5.0 (compatible; MJ12bot/v1.4.8; http://mj12bot.com/)"
74.7.241.15 - - [10/Mar/2026:05:39:57 -0700] "GET /wp-json/oembed/1.0/embed?url=http%3A%2F%2Falsahibalc.com%2F2026%2F01%2F30%2Fazrbaycanda-glory-casino-rsmi-internet-sayt-1940%2F HTTP/1.1" 200 - "http://alsahibalc.com/2026/01/30/azrbaycanda-glory-casino-rsmi-internet-sayt-1940/" "Mozilla/5.0 AppleWebKit/537.36 (KHTML, like Gecko; compatible; GPTBot/1.3; +https://openai.com/gptbot)"
74.7.241.15 - - [10/Mar/2026:05:40:00 -0700] "GET /wp-json/oembed/1.0/embed?url=http%3A%2F%2Falsahibalc.com%2F2025%2F06%2F17%2Fthe-evolution-of-casino-loyalty-programs-177%2F HTTP/1.1" 200 - "http://alsahibalc.com/2025/06/17/the-evolution-of-casino-loyalty-programs-177/" "Mozilla/5.0 AppleWebKit/537.36 (KHTML, like Gecko; compatible; GPTBot/1.3; +https://openai.com/gptbot)"
85.208.96.206 - - [10/Mar/2026:05:40:11 -0700] "GET /2026/02/16/mr-bet-promo-code-bekommen-eltern-diese-besten-triple-chance-online-echtgeld-bonus-ohne-einzahlung-boni/ HTTP/1.1" 200 - "-" "Mozilla/5.0 (compatible; SemrushBot/7~bl; +http://www.semrush.com/bot.html)"
74.7.241.15 - - [10/Mar/2026:05:40:13 -0700] "GET /wp-json/oembed/1.0/embed?url=http%3A%2F%2Falsahibalc.com%2F2025%2F06%2F17%2Fthe-evolution-of-casino-loyalty-programs-186%2F HTTP/1.1" 200 - "http://alsahibalc.com/2025/06/17/the-evolution-of-casino-loyalty-programs-186/" "Mozilla/5.0 AppleWebKit/537.36 (KHTML, like Gecko; compatible; GPTBot/1.3; +https://openai.com/gptbot)"
85.208.96.193 - - [10/Mar/2026:05:40:14 -0700] "GET /2026/02/10/optimierung-des-muskelaufbaus-die-besten-steroide-fur-effektives-bodybuilding/ HTTP/1.1" 200 - "-" "Mozilla/5.0 (compatible; SemrushBot/7~bl; +http://www.semrush.com/bot.html)"
74.7.241.15 - - [10/Mar/2026:05:40:16 -0700] "GET /wp-json/oembed/1.0/embed?url=http%3A%2F%2Falsahibalc.com%2F2026%2F01%2F31%2Fmagyar-online-casino-forint-alap-befizetsi-767%2F HTTP/1.1" 200 - "http://alsahibalc.com/2026/01/31/magyar-online-casino-forint-alap-befizetsi-767/" "Mozilla/5.0 AppleWebKit/537.36 (KHTML, like Gecko; compatible; GPTBot/1.3; +https://openai.com/gptbot)"
74.7.241.15 - - [10/Mar/2026:05:40:22 -0700] "GET /wp-json/oembed/1.0/embed?url=http%3A%2F%2Falsahibalc.com%2F2025%2F06%2F17%2Fthe-evolution-of-casino-loyalty-programs-158%2F HTTP/1.1" 200 - "http://alsahibalc.com/2025/06/17/the-evolution-of-casino-loyalty-programs-158/" "Mozilla/5.0 AppleWebKit/537.36 (KHTML, like Gecko; compatible; GPTBot/1.3; +https://openai.com/gptbot)"
74.7.241.15 - - [10/Mar/2026:05:40:29 -0700] "GET /wp-json/oembed/1.0/embed?url=http%3A%2F%2Falsahibalc.com%2F2026%2F01%2F27%2Fonlayn-kazino-betandreas-qeydiyyat-v-giri-330%2F HTTP/1.1" 200 - "http://alsahibalc.com/2026/01/27/onlayn-kazino-betandreas-qeydiyyat-v-giri-330/" "Mozilla/5.0 AppleWebKit/537.36 (KHTML, like Gecko; compatible; GPTBot/1.3; +https://openai.com/gptbot)"
74.7.241.15 - - [10/Mar/2026:05:40:32 -0700] "GET /wp-json/oembed/1.0/embed?url=http%3A%2F%2Falsahibalc.com%2F2026%2F01%2F29%2Fsultan-games-rukovodstvo-po-registracii-381%2F HTTP/1.1" 200 - "http://alsahibalc.com/2026/01/29/sultan-games-rukovodstvo-po-registracii-381/" "Mozilla/5.0 AppleWebKit/537.36 (KHTML, like Gecko; compatible; GPTBot/1.3; +https://openai.com/gptbot)"
74.7.241.15 - - [10/Mar/2026:05:40:35 -0700] "GET /wp-json/oembed/1.0/embed?url=http%3A%2F%2Falsahibalc.com%2F2026%2F02%2F27%2Fkazino-1iksbet-kak-ispolzovat-strategiju-79%2F HTTP/1.1" 200 - "http://alsahibalc.com/2026/02/27/kazino-1iksbet-kak-ispolzovat-strategiju-79/" "Mozilla/5.0 AppleWebKit/537.36 (KHTML, like Gecko; compatible; GPTBot/1.3; +https://openai.com/gptbot)"
74.7.241.15 - - [10/Mar/2026:05:40:44 -0700] "GET /wp-json/oembed/1.0/embed?url=http%3A%2F%2Falsahibalc.com%2F2025%2F07%2F10%2Fthe-evolution-of-casino-loyalty-programs-189%2F HTTP/1.1" 200 - "http://alsahibalc.com/2025/07/10/the-evolution-of-casino-loyalty-programs-189/" "Mozilla/5.0 AppleWebKit/537.36 (KHTML, like Gecko; compatible; GPTBot/1.3; +https://openai.com/gptbot)"
196.196.164.33 - - [10/Mar/2026:05:40:46 -0700] "GET /2026/02/02/exploring-the-thrilling-world-of-mission-uncrossable-in-canadian-casinos/ HTTP/1.1" 200 137823 "-" "Mozilla/5.0 (compatible; Googlebot/2.1; +http://www.google.com/bot.html)"
74.7.241.15 - - [10/Mar/2026:05:40:47 -0700] "GET /wp-json/oembed/1.0/embed?url=http%3A%2F%2Falsahibalc.com%2F2026%2F02%2F26%2Fpromokod-riobet-kak-ispolzovat-bonusy-dlja-187%2F HTTP/1.1" 200 - "http://alsahibalc.com/2026/02/26/promokod-riobet-kak-ispolzovat-bonusy-dlja-187/" "Mozilla/5.0 AppleWebKit/537.36 (KHTML, like Gecko; compatible; GPTBot/1.3; +https://openai.com/gptbot)"
74.7.241.15 - - [10/Mar/2026:05:40:50 -0700] "GET /wp-json/oembed/1.0/embed?url=http%3A%2F%2Falsahibalc.com%2F2025%2F12%2F29%2Fthe-evolution-of-casino-loyalty-programs-404%2F HTTP/1.1" 200 - "http://alsahibalc.com/2025/12/29/the-evolution-of-casino-loyalty-programs-404/" "Mozilla/5.0 AppleWebKit/537.36 (KHTML, like Gecko; compatible; GPTBot/1.3; +https://openai.com/gptbot)"
74.7.241.15 - - [10/Mar/2026:05:40:57 -0700] "GET /wp-json/oembed/1.0/embed?url=http%3A%2F%2Falsahibalc.com%2F2026%2F01%2F26%2Fdie-bedeutendsten-vorteile-und-sicherheitsmerkmale-11%2F HTTP/1.1" 200 - "http://alsahibalc.com/2026/01/26/die-bedeutendsten-vorteile-und-sicherheitsmerkmale-11/" "Mozilla/5.0 AppleWebKit/537.36 (KHTML, like Gecko; compatible; GPTBot/1.3; +https://openai.com/gptbot)"
74.7.241.15 - - [10/Mar/2026:05:41:00 -0700] "GET /wp-json/oembed/1.0/embed?url=http%3A%2F%2Falsahibalc.com%2F2026%2F02%2F10%2Felevate-casino-performance-streamline-operations-9%2F HTTP/1.1" 200 - "http://alsahibalc.com/2026/02/10/elevate-casino-performance-streamline-operations-9/" "Mozilla/5.0 AppleWebKit/537.36 (KHTML, like Gecko; compatible; GPTBot/1.3; +https://openai.com/gptbot)"
74.7.241.15 - - [10/Mar/2026:05:41:06 -0700] "GET /wp-json/oembed/1.0/embed?url=http%3A%2F%2Falsahibalc.com%2F2026%2F02%2F10%2Fdeine-personliche-erfolgsgeschichte-beginnt-hier-5%2F HTTP/1.1" 200 - "http://alsahibalc.com/2026/02/10/deine-personliche-erfolgsgeschichte-beginnt-hier-5/" "Mozilla/5.0 AppleWebKit/537.36 (KHTML, like Gecko; compatible; GPTBot/1.3; +https://openai.com/gptbot)"
185.191.171.13 - - [10/Mar/2026:05:41:11 -0700] "GET /2026/02/15/kazino-oficialnyj-sajt-pin-up-casino-igrat-onlajn-659/ HTTP/1.1" 200 - "-" "Mozilla/5.0 (compatible; SemrushBot/7~bl; +http://www.semrush.com/bot.html)"
74.7.241.15 - - [10/Mar/2026:05:41:13 -0700] "GET /wp-json/oembed/1.0/embed?url=http%3A%2F%2Falsahibalc.com%2F2024%2F10%2F30%2Fskriner-kriptovaljut-luchshij-onlajn-skriner-s%2F HTTP/1.1" 200 - "http://alsahibalc.com/2024/10/30/skriner-kriptovaljut-luchshij-onlajn-skriner-s/" "Mozilla/5.0 AppleWebKit/537.36 (KHTML, like Gecko; compatible; GPTBot/1.3; +https://openai.com/gptbot)"
74.7.241.15 - - [10/Mar/2026:05:41:16 -0700] "GET /wp-json/oembed/1.0/embed?url=http%3A%2F%2Falsahibalc.com%2F2026%2F02%2F25%2Fpokerdom-oficialnyj-sajt-onlajn-kazino-pokerdom%2F HTTP/1.1" 200 - "http://alsahibalc.com/2026/02/25/pokerdom-oficialnyj-sajt-onlajn-kazino-pokerdom/" "Mozilla/5.0 AppleWebKit/537.36 (KHTML, like Gecko; compatible; GPTBot/1.3; +https://openai.com/gptbot)"
74.7.241.15 - - [10/Mar/2026:05:41:19 -0700] "GET /wp-json/oembed/1.0/embed?url=http%3A%2F%2Falsahibalc.com%2F2026%2F02%2F02%2Fkak-kommunisticheskie-rezhimy-pytalis-iskorenit%2F HTTP/1.1" 200 - "http://alsahibalc.com/2026/02/02/kak-kommunisticheskie-rezhimy-pytalis-iskorenit/" "Mozilla/5.0 AppleWebKit/537.36 (KHTML, like Gecko; compatible; GPTBot/1.3; +https://openai.com/gptbot)"
74.7.241.15 - - [10/Mar/2026:05:41:22 -0700] "GET /wp-json/oembed/1.0/embed?url=http%3A%2F%2Falsahibalc.com%2F2026%2F02%2F02%2Fmoney-management-tips-for-responsible-gambling%2F HTTP/1.1" 200 - "http://alsahibalc.com/2026/02/02/money-management-tips-for-responsible-gambling/" "Mozilla/5.0 AppleWebKit/537.36 (KHTML, like Gecko; compatible; GPTBot/1.3; +https://openai.com/gptbot)"
74.7.241.15 - - [10/Mar/2026:05:41:25 -0700] "GET /wp-json/oembed/1.0/embed?url=http%3A%2F%2Falsahibalc.com%2F2026%2F01%2F31%2Fpinco-casino-trkiyede-gerek-para-ile-oyun-726%2F HTTP/1.1" 200 - "http://alsahibalc.com/2026/01/31/pinco-casino-trkiyede-gerek-para-ile-oyun-726/" "Mozilla/5.0 AppleWebKit/537.36 (KHTML, like Gecko; compatible; GPTBot/1.3; +https://openai.com/gptbot)"
74.7.241.15 - - [10/Mar/2026:05:41:28 -0700] "GET /wp-json/oembed/1.0/embed?url=http%3A%2F%2Falsahibalc.com%2F2026%2F02%2F09%2Fgambling-establishment-slot-machines%2F HTTP/1.1" 200 - "http://alsahibalc.com/2026/02/09/gambling-establishment-slot-machines/" "Mozilla/5.0 AppleWebKit/537.36 (KHTML, like Gecko; compatible; GPTBot/1.3; +https://openai.com/gptbot)"
74.7.241.15 - - [10/Mar/2026:05:41:31 -0700] "GET /wp-json/oembed/1.0/embed?url=http%3A%2F%2Falsahibalc.com%2F2026%2F02%2F18%2Frealnoe-kazino-onlajn-s-chestnymi-vyplatami-49%2F HTTP/1.1" 200 - "http://alsahibalc.com/2026/02/18/realnoe-kazino-onlajn-s-chestnymi-vyplatami-49/" "Mozilla/5.0 AppleWebKit/537.36 (KHTML, like Gecko; compatible; GPTBot/1.3; +https://openai.com/gptbot)"
74.7.241.15 - - [10/Mar/2026:05:41:34 -0700] "GET /wp-json/oembed/1.0/embed?url=http%3A%2F%2Falsahibalc.com%2F2026%2F02%2F19%2Fdie-entwicklung-der-casino-treueprogramme-16%2F HTTP/1.1" 200 - "http://alsahibalc.com/2026/02/19/die-entwicklung-der-casino-treueprogramme-16/" "Mozilla/5.0 AppleWebKit/537.36 (KHTML, like Gecko; compatible; GPTBot/1.3; +https://openai.com/gptbot)"
74.7.241.15 - - [10/Mar/2026:05:41:38 -0700] "GET /wp-json/oembed/1.0/embed?url=http%3A%2F%2Falsahibalc.com%2F2026%2F01%2F30%2Frejting-luchshih-kazino-s-podrobnym-analizom-15%2F HTTP/1.1" 200 - "http://alsahibalc.com/2026/01/30/rejting-luchshih-kazino-s-podrobnym-analizom-15/" "Mozilla/5.0 AppleWebKit/537.36 (KHTML, like Gecko; compatible; GPTBot/1.3; +https://openai.com/gptbot)"
74.7.241.15 - - [10/Mar/2026:05:41:41 -0700] "GET /wp-json/oembed/1.0/embed?url=http%3A%2F%2Falsahibalc.com%2F2026%2F02%2F19%2Foshhutite-vkus-pobedy-kazino-sultan-otkryvaet-7%2F HTTP/1.1" 200 - "http://alsahibalc.com/2026/02/19/oshhutite-vkus-pobedy-kazino-sultan-otkryvaet-7/" "Mozilla/5.0 AppleWebKit/537.36 (KHTML, like Gecko; compatible; GPTBot/1.3; +https://openai.com/gptbot)"
74.7.241.15 - - [10/Mar/2026:05:41:44 -0700] "GET /wp-json/oembed/1.0/embed?url=http%3A%2F%2Falsahibalc.com%2F2026%2F01%2F28%2Fignite-your-wins-experience-unrivaled-casino-2%2F HTTP/1.1" 200 - "http://alsahibalc.com/2026/01/28/ignite-your-wins-experience-unrivaled-casino-2/" "Mozilla/5.0 AppleWebKit/537.36 (KHTML, like Gecko; compatible; GPTBot/1.3; +https://openai.com/gptbot)"
74.7.241.15 - - [10/Mar/2026:05:41:47 -0700] "GET /wp-json/oembed/1.0/embed?url=http%3A%2F%2Falsahibalc.com%2F2026%2F02%2F25%2Ftop-luchshih-kazino-podborka-populjarnyh-41%2F HTTP/1.1" 200 - "http://alsahibalc.com/2026/02/25/top-luchshih-kazino-podborka-populjarnyh-41/" "Mozilla/5.0 AppleWebKit/537.36 (KHTML, like Gecko; compatible; GPTBot/1.3; +https://openai.com/gptbot)"
74.7.241.15 - - [10/Mar/2026:05:41:54 -0700] "GET /wp-json/oembed/1.0/embed?url=http%3A%2F%2Falsahibalc.com%2F2026%2F02%2F28%2Fanbietervergleich-holiday-season-bonus-ihr-tagesordnungspunkt-40%2F HTTP/1.1" 200 - "http://alsahibalc.com/2026/02/28/anbietervergleich-holiday-season-bonus-ihr-tagesordnungspunkt-40/" "Mozilla/5.0 AppleWebKit/537.36 (KHTML, like Gecko; compatible; GPTBot/1.3; +https://openai.com/gptbot)"
185.191.171.5 - - [10/Mar/2026:05:41:56 -0700] "GET /2026/02/19/winspark-ranura-double-bubble-casino-sus-particulares-de-tecnicos-desplazandolo-hacia-el-pelo-jugadores-2026/ HTTP/1.1" 200 - "-" "Mozilla/5.0 (compatible; SemrushBot/7~bl; +http://www.semrush.com/bot.html)"
74.7.241.15 - - [10/Mar/2026:05:41:57 -0700] "GET /wp-json/oembed/1.0/embed?url=http%3A%2F%2Falsahibalc.com%2F2026%2F01%2F29%2F1win-skachat-prilozhenie-bukmekerskoj-kontory-347%2F HTTP/1.1" 200 - "http://alsahibalc.com/2026/01/29/1win-skachat-prilozhenie-bukmekerskoj-kontory-347/" "Mozilla/5.0 AppleWebKit/537.36 (KHTML, like Gecko; compatible; GPTBot/1.3; +https://openai.com/gptbot)"
185.191.171.5 - - [10/Mar/2026:05:42:00 -0700] "GET /category/12-shkola-ru2/ HTTP/1.1" 200 - "-" "Mozilla/5.0 (compatible; SemrushBot/7~bl; +http://www.semrush.com/bot.html)"
74.7.241.15 - - [10/Mar/2026:05:42:00 -0700] "GET /wp-json/oembed/1.0/embed?url=http%3A%2F%2Falsahibalc.com%2F2026%2F02%2F03%2Foficialnyj-sajt-vavada-casino-2025-18%2F HTTP/1.1" 200 - "http://alsahibalc.com/2026/02/03/oficialnyj-sajt-vavada-casino-2025-18/" "Mozilla/5.0 AppleWebKit/537.36 (KHTML, like Gecko; compatible; GPTBot/1.3; +https://openai.com/gptbot)"
52.7.33.248 - - [10/Mar/2026:05:42:02 -0700] "GET /2025/09/03/the-impact-of-artificial-intelligence-on-casino-289-4/ HTTP/1.1" 200 - "-" "Mozilla/5.0 AppleWebKit/537.36 (KHTML, like Gecko; compatible; Amazonbot/0.1; +https://developer.amazon.com/support/amazonbot) Chrome/119.0.6045.214 Safari/537.36"
74.7.241.15 - - [10/Mar/2026:05:42:03 -0700] "GET /wp-json/oembed/1.0/embed?url=http%3A%2F%2Falsahibalc.com%2F2026%2F02%2F26%2F1win-giri-trkiyede-online-casino-9414%2F HTTP/1.1" 200 - "http://alsahibalc.com/2026/02/26/1win-giri-trkiyede-online-casino-9414/" "Mozilla/5.0 AppleWebKit/537.36 (KHTML, like Gecko; compatible; GPTBot/1.3; +https://openai.com/gptbot)"
74.7.241.15 - - [10/Mar/2026:05:42:06 -0700] "GET /wp-json/oembed/1.0/embed?url=http%3A%2F%2Falsahibalc.com%2F2025%2F07%2F12%2F1win-azerbaycan-giri-v-qeydiyyat-1554%2F HTTP/1.1" 200 - "http://alsahibalc.com/2025/07/12/1win-azerbaycan-giri-v-qeydiyyat-1554/" "Mozilla/5.0 AppleWebKit/537.36 (KHTML, like Gecko; compatible; GPTBot/1.3; +https://openai.com/gptbot)"
74.7.241.15 - - [10/Mar/2026:05:42:09 -0700] "GET /wp-json/oembed/1.0/embed?url=http%3A%2F%2Falsahibalc.com%2F2026%2F01%2F28%2F1win-giri-trkiyede-online-casino-2482%2F HTTP/1.1" 200 - "http://alsahibalc.com/2026/01/28/1win-giri-trkiyede-online-casino-2482/" "Mozilla/5.0 AppleWebKit/537.36 (KHTML, like Gecko; compatible; GPTBot/1.3; +https://openai.com/gptbot)"
74.7.241.15 - - [10/Mar/2026:05:42:12 -0700] "GET /wp-json/oembed/1.0/embed?url=http%3A%2F%2Falsahibalc.com%2F2025%2F11%2F24%2F1win-azrbaycan-bukmeker-v-kazino-2993%2F HTTP/1.1" 200 - "http://alsahibalc.com/2025/11/24/1win-azrbaycan-bukmeker-v-kazino-2993/" "Mozilla/5.0 AppleWebKit/537.36 (KHTML, like Gecko; compatible; GPTBot/1.3; +https://openai.com/gptbot)"
74.7.241.15 - - [10/Mar/2026:05:42:15 -0700] "GET /wp-json/oembed/1.0/embed?url=http%3A%2F%2Falsahibalc.com%2F2025%2F11%2F23%2F1win-azrbaycan-bukmeker-v-kazino-2496%2F HTTP/1.1" 200 - "http://alsahibalc.com/2025/11/23/1win-azrbaycan-bukmeker-v-kazino-2496/" "Mozilla/5.0 AppleWebKit/537.36 (KHTML, like Gecko; compatible; GPTBot/1.3; +https://openai.com/gptbot)"
74.7.241.15 - - [10/Mar/2026:05:42:22 -0700] "GET /wp-json/wp/v2/posts/22777 HTTP/1.1" 200 - "http://alsahibalc.com/2026/02/18/luck-goddess-in-the-mostbet-enjoy-free-demo-and-real-money-rtp-97-6/" "Mozilla/5.0 AppleWebKit/537.36 (KHTML, like Gecko; compatible; GPTBot/1.3; +https://openai.com/gptbot)"
54.152.163.42 - - [10/Mar/2026:05:42:22 -0700] "GET /2025/07/24/turning-the-game-around-can-lead-to-one-win-that/ HTTP/1.1" 200 - "-" "Mozilla/5.0 AppleWebKit/537.36 (KHTML, like Gecko; compatible; Amazonbot/0.1; +https://developer.amazon.com/support/amazonbot) Chrome/119.0.6045.214 Safari/537.36"
74.7.241.15 - - [10/Mar/2026:05:42:25 -0700] "GET /wp-json/wp/v2/posts/22333 HTTP/1.1" 200 - "http://alsahibalc.com/2025/11/28/larevolution-de-l-experience-de-jeu-en-ligne-innovation-et-immersion-a-l-ere-numerique/" "Mozilla/5.0 AppleWebKit/537.36 (KHTML, like Gecko; compatible; GPTBot/1.3; +https://openai.com/gptbot)"
74.7.241.15 - - [10/Mar/2026:05:42:31 -0700] "GET /wp-json/wp/v2/posts/22555 HTTP/1.1" 200 - "http://alsahibalc.com/2026/02/18/best-harbors-websites-usa-2026-play-online-slots-the-real-deal-currency/" "Mozilla/5.0 AppleWebKit/537.36 (KHTML, like Gecko; compatible; GPTBot/1.3; +https://openai.com/gptbot)"
74.7.241.15 - - [10/Mar/2026:05:42:35 -0700] "GET /wp-json/wp/v2/posts/22233 HTTP/1.1" 200 - "http://alsahibalc.com/2025/11/29/soluciones-a-problemas-frecuentes-al-usar-bonos-sin-deposito-en-apuestas-deportivas-y-como-resolverlos-rapidamente/" "Mozilla/5.0 AppleWebKit/537.36 (KHTML, like Gecko; compatible; GPTBot/1.3; +https://openai.com/gptbot)"
74.7.241.15 - - [10/Mar/2026:05:42:38 -0700] "GET /wp-json/wp/v2/posts/33323 HTTP/1.1" 200 - "http://alsahibalc.com/2026/02/27/100-freispiele-abzuglich-einzahlung-top-angebote-2026/" "Mozilla/5.0 AppleWebKit/537.36 (KHTML, like Gecko; compatible; GPTBot/1.3; +https://openai.com/gptbot)"
74.7.241.15 - - [10/Mar/2026:05:42:41 -0700] "GET /wp-json/wp/v2/posts/29992 HTTP/1.1" 200 - "http://alsahibalc.com/2026/02/24/no-o-no-wordreference-forums/" "Mozilla/5.0 AppleWebKit/537.36 (KHTML, like Gecko; compatible; GPTBot/1.3; +https://openai.com/gptbot)"
74.7.241.15 - - [10/Mar/2026:05:42:44 -0700] "GET /wp-json/wp/v2/posts/22666 HTTP/1.1" 200 - "http://alsahibalc.com/2026/02/18/100-freispiele-blos-einzahlung-tagesordnungspunkt-angebote-exklusiv/" "Mozilla/5.0 AppleWebKit/537.36 (KHTML, like Gecko; compatible; GPTBot/1.3; +https://openai.com/gptbot)"
74.7.241.15 - - [10/Mar/2026:05:42:47 -0700] "GET /wp-json/wp/v2/posts/23332 HTTP/1.1" 200 - "http://alsahibalc.com/2026/02/19/tren-e-200-schema-posologico-e-considerazioni-per-atleti/" "Mozilla/5.0 AppleWebKit/537.36 (KHTML, like Gecko; compatible; GPTBot/1.3; +https://openai.com/gptbot)"
221.111.209.2 - - [10/Mar/2026:05:42:47 -0700] "GET /robots.txt HTTP/1.1" 200 79 "-" "Mozilla/5.0 (compatible; SBIntuitionsBot/0.1; +https://www.sbintuitions.co.jp/bot/)"
74.7.241.15 - - [10/Mar/2026:05:42:50 -0700] "GET /wp-json/wp/v2/posts/22999 HTTP/1.1" 200 - "http://alsahibalc.com/2026/02/18/canl-casino-siteleri-2025-gvenilir-siteler-347/" "Mozilla/5.0 AppleWebKit/537.36 (KHTML, like Gecko; compatible; GPTBot/1.3; +https://openai.com/gptbot)"
74.7.241.15 - - [10/Mar/2026:05:42:53 -0700] "GET /wp-json/oembed/1.0/embed?url=http%3A%2F%2Falsahibalc.com%2F2025%2F06%2F20%2Fthe-future-of-live-dealer-casinos-25%2F HTTP/1.1" 200 - "http://alsahibalc.com/2025/06/20/the-future-of-live-dealer-casinos-25/" "Mozilla/5.0 AppleWebKit/537.36 (KHTML, like Gecko; compatible; GPTBot/1.3; +https://openai.com/gptbot)"
148.113.128.62 - - [10/Mar/2026:05:42:54 -0700] "GET /wp-includes/js/tinymce/skins/ HTTP/1.1" 200 1060 "-" "Mozilla/5.0 (compatible; AhrefsBot/7.0; +http://ahrefs.com/robot/)"
74.7.241.15 - - [10/Mar/2026:05:42:56 -0700] "GET /wp-json/oembed/1.0/embed?url=http%3A%2F%2Falsahibalc.com%2F2025%2F07%2F09%2Foyin-dunyosida-99-muvaffaqiyatga-erishganlar%2F HTTP/1.1" 200 - "http://alsahibalc.com/2025/07/09/oyin-dunyosida-99-muvaffaqiyatga-erishganlar/" "Mozilla/5.0 AppleWebKit/537.36 (KHTML, like Gecko; compatible; GPTBot/1.3; +https://openai.com/gptbot)"
74.7.241.15 - - [10/Mar/2026:05:43:03 -0700] "GET /wp-json/oembed/1.0/embed?url=http%3A%2F%2Falsahibalc.com%2F2026%2F02%2F27%2Fluchshie-kazino-rasshirennyj-spisok-nadezhnyh-95%2F HTTP/1.1" 200 - "http://alsahibalc.com/2026/02/27/luchshie-kazino-rasshirennyj-spisok-nadezhnyh-95/" "Mozilla/5.0 AppleWebKit/537.36 (KHTML, like Gecko; compatible; GPTBot/1.3; +https://openai.com/gptbot)"
85.208.96.197 - - [10/Mar/2026:05:43:03 -0700] "GET /2026/02/23/thunderstruck-track-wikipedia/ HTTP/1.1" 200 - "-" "Mozilla/5.0 (compatible; SemrushBot/7~bl; +http://www.semrush.com/bot.html)"
74.7.241.15 - - [10/Mar/2026:05:43:05 -0700] "GET /wp-json/oembed/1.0/embed?url=http%3A%2F%2Falsahibalc.com%2F2026%2F02%2F24%2Fglory-casino-online-14018%2F HTTP/1.1" 429 17 "http://alsahibalc.com/2026/02/24/glory-casino-online-14018/" "Mozilla/5.0 AppleWebKit/537.36 (KHTML, like Gecko; compatible; GPTBot/1.3; +https://openai.com/gptbot)"
74.7.241.15 - - [10/Mar/2026:05:43:09 -0700] "GET /wp-json/oembed/1.0/embed?url=http%3A%2F%2Falsahibalc.com%2F2026%2F01%2F09%2Fmasteron-p-100-les-bienfaits-pour-les-athletes%2F HTTP/1.1" 200 - "http://alsahibalc.com/2026/01/09/masteron-p-100-les-bienfaits-pour-les-athletes/" "Mozilla/5.0 AppleWebKit/537.36 (KHTML, like Gecko; compatible; GPTBot/1.3; +https://openai.com/gptbot)"
74.7.241.15 - - [10/Mar/2026:05:43:18 -0700] "GET /wp-json/oembed/1.0/embed?url=http%3A%2F%2Falsahibalc.com%2F2026%2F01%2F13%2Fcasino-utan-konto-online-toppval-baserat-p-611%2F HTTP/1.1" 200 - "http://alsahibalc.com/2026/01/13/casino-utan-konto-online-toppval-baserat-p-611/" "Mozilla/5.0 AppleWebKit/537.36 (KHTML, like Gecko; compatible; GPTBot/1.3; +https://openai.com/gptbot)"
74.7.241.15 - - [10/Mar/2026:05:43:26 -0700] "GET /wp-json/oembed/1.0/embed?url=http%3A%2F%2Falsahibalc.com%2F2026%2F01%2F22%2Fchatroulette-omegle-bazoocam-il-check-delle-24-2%2F HTTP/1.1" 200 - "http://alsahibalc.com/2026/01/22/chatroulette-omegle-bazoocam-il-check-delle-24-2/" "Mozilla/5.0 AppleWebKit/537.36 (KHTML, like Gecko; compatible; GPTBot/1.3; +https://openai.com/gptbot)"
173.247.246.132 - - [10/Mar/2026:05:43:33 -0700] "POST /wp-cron.php?doing_wp_cron=1773146613.6211519241333007812500 HTTP/1.1" 200 - "-" "WordPress/6.6.4; http://alsahibalc.com"
74.7.241.15 - - [10/Mar/2026:05:43:34 -0700] "GET /wp-json/oembed/1.0/embed?url=http%3A%2F%2Falsahibalc.com%2F2026%2F01%2F30%2Fleonbet-online-casino-licena-e-segurana-727%2F HTTP/1.1" 200 - "http://alsahibalc.com/2026/01/30/leonbet-online-casino-licena-e-segurana-727/" "Mozilla/5.0 AppleWebKit/537.36 (KHTML, like Gecko; compatible; GPTBot/1.3; +https://openai.com/gptbot)"
216.48.98.232 - - [10/Mar/2026:05:43:32 -0700] "POST /xmlrpc.php HTTP/1.1" 200 365446 "-" "Mozilla/5.0 (Windows NT 10.0; Win64; x64) AppleWebKit/537.36 (KHTML, like Gecko) Chrome/70.0.3538.102 Safari/537.36 Edge/18.18362"
91.187.79.212 - - [10/Mar/2026:05:43:37 -0700] "POST /xmlrpc.php HTTP/1.1" 200 180 "-" "Mozilla/5.0 (Windows NT 10.0; Win64; x64) AppleWebKit/537.36 (KHTML, like Gecko) Chrome/70.0.3538.102 Safari/537.36 Edge/18.18362"
74.7.241.15 - - [10/Mar/2026:05:43:41 -0700] "GET /wp-json/wp/v2/posts/442 HTTP/1.1" 200 - "http://alsahibalc.com/2025/07/12/pinco-onlayn-kazino-ozbekistonda-royxatdan-otish-276/" "Mozilla/5.0 AppleWebKit/537.36 (KHTML, like Gecko; compatible; GPTBot/1.3; +https://openai.com/gptbot)"
38.2.82.132 - - [10/Mar/2026:05:43:40 -0700] "POST /xmlrpc.php HTTP/1.1" 200 7368 "-" "Mozilla/5.0 (Windows NT 10.0; Win64; x64) AppleWebKit/537.36 (KHTML, like Gecko) Chrome/70.0.3538.102 Safari/537.36 Edge/18.18362"
173.247.246.132 - - [10/Mar/2026:05:43:41 -0700] "POST /wp-cron.php?doing_wp_cron=1773146621.3410069942474365234375 HTTP/1.1" 200 - "-" "WordPress/6.6.4; http://alsahibalc.com"
74.7.241.15 - - [10/Mar/2026:05:43:47 -0700] "GET /wp-json/wp/v2/posts/424 HTTP/1.1" 200 - "http://alsahibalc.com/2025/07/11/obzor-4244/" "Mozilla/5.0 AppleWebKit/537.36 (KHTML, like Gecko; compatible; GPTBot/1.3; +https://openai.com/gptbot)"
85.208.96.212 - - [10/Mar/2026:05:43:52 -0700] "GET /2026/02/05/lelegance-du-pari-revelez-les-secrets-du-casino/ HTTP/1.1" 200 - "-" "Mozilla/5.0 (compatible; SemrushBot/7~bl; +http://www.semrush.com/bot.html)"
74.7.241.15 - - [10/Mar/2026:05:43:58 -0700] "GET /wp-json/wp/v2/posts/422 HTTP/1.1" 200 - "http://alsahibalc.com/2025/07/11/pin-up-casino-azrbaycanda-onlayn-kazino-pin-up-381-2/" "Mozilla/5.0 AppleWebKit/537.36 (KHTML, like Gecko; compatible; GPTBot/1.3; +https://openai.com/gptbot)"
74.7.241.15 - - [10/Mar/2026:05:44:02 -0700] "GET /wp-json/wp/v2/posts/522 HTTP/1.1" 200 - "http://alsahibalc.com/2025/07/14/ekscytujce-wyzwania-czekaj-gdy-w-grze-chicken-road/" "Mozilla/5.0 AppleWebKit/537.36 (KHTML, like Gecko; compatible; GPTBot/1.3; +https://openai.com/gptbot)"
173.247.246.132 - - [10/Mar/2026:05:44:05 -0700] "POST /wp-cron.php?doing_wp_cron=1773146645.2083389759063720703125 HTTP/1.1" 200 - "-" "WordPress/6.6.4; http://alsahibalc.com"
103.131.18.116 - - [10/Mar/2026:05:44:04 -0700] "GET /wp-login.php HTTP/1.1" 200 7649 "-" "Mozilla/4.0 (compatible; MSIE 7.0; Windows NT 6.1; Trident/7.0; SLCC2; .NET CLR 2.0.50727; .NET CLR 3.5.30729; .NET CLR 3.0.30729; .NET4.0C; .NET4.0E; Media Center PC 6.0; InfoPath.3; BRI/2)"
103.131.18.116 - - [10/Mar/2026:05:44:06 -0700] "POST /wp-login.php HTTP/1.1" 302 - "http://alsahibalc.com/wp-login.php" "Mozilla/4.0 (compatible; MSIE 7.0; Windows NT 6.1; Trident/7.0; SLCC2; .NET CLR 2.0.50727; .NET CLR 3.5.30729; .NET CLR 3.0.30729; .NET4.0C; .NET4.0E; Media Center PC 6.0; InfoPath.3; BRI/2)"
103.131.18.116 - - [10/Mar/2026:05:44:08 -0700] "GET /wp-admin/ HTTP/1.1" 200 195663 "http://alsahibalc.com/wp-login.php" "Mozilla/4.0 (compatible; MSIE 7.0; Windows NT 6.1; Trident/7.0; SLCC2; .NET CLR 2.0.50727; .NET CLR 3.5.30729; .NET CLR 3.0.30729; .NET4.0C; .NET4.0E; Media Center PC 6.0; InfoPath.3; BRI/2)"
85.208.96.207 - - [10/Mar/2026:05:44:12 -0700] "GET /2026/02/18/oficialnyj-sajt-onlajn-kazino-pokerdom-7677-2/ HTTP/1.1" 200 - "-" "Mozilla/5.0 (compatible; SemrushBot/7~bl; +http://www.semrush.com/bot.html)"
74.7.241.15 - - [10/Mar/2026:05:44:13 -0700] "GET /wp-json/oembed/1.0/embed?url=http%3A%2F%2Falsahibalc.com%2F2026%2F03%2F02%2F10-beste-seriose-versorger-serioser-hyperlink-2026%2F HTTP/1.1" 200 - "http://alsahibalc.com/2026/03/02/10-beste-seriose-versorger-serioser-hyperlink-2026/" "Mozilla/5.0 AppleWebKit/537.36 (KHTML, like Gecko; compatible; GPTBot/1.3; +https://openai.com/gptbot)"
185.191.171.15 - - [10/Mar/2026:05:44:16 -0700] "GET /2026/02/10/awesome-dolphins-pearl-slot-rtp-moolah-pozicijos-nuomone-2025-m-rtp-paskatos-demonstracija-keller-williams/ HTTP/1.1" 200 - "-" "Mozilla/5.0 (compatible; SemrushBot/7~bl; +http://www.semrush.com/bot.html)"
74.7.241.15 - - [10/Mar/2026:05:44:16 -0700] "GET /wp-json/oembed/1.0/embed?url=http%3A%2F%2Falsahibalc.com%2F2026%2F01%2F28%2Fmostbet-hungary-bnusz-125-bejelentkezs-a-mostbet-1944%2F HTTP/1.1" 200 - "http://alsahibalc.com/2026/01/28/mostbet-hungary-bnusz-125-bejelentkezs-a-mostbet-1944/" "Mozilla/5.0 AppleWebKit/537.36 (KHTML, like Gecko; compatible; GPTBot/1.3; +https://openai.com/gptbot)"
103.131.18.116 - - [10/Mar/2026:05:44:16 -0700] "GET /wp-admin/plugin-install.php HTTP/1.1" 200 152900 "http://alsahibalc.com/wp-admin/plugin-install.php" "Mozilla/4.0 (compatible; MSIE 7.0; Windows NT 6.1; Trident/7.0; SLCC2; .NET CLR 2.0.50727; .NET CLR 3.5.30729; .NET CLR 3.0.30729; .NET4.0C; .NET4.0E; Media Center PC 6.0; InfoPath.3; BRI/2)"
74.7.241.15 - - [10/Mar/2026:05:44:22 -0700] "GET /wp-json/oembed/1.0/embed?url=http%3A%2F%2Falsahibalc.com%2F2026%2F01%2F30%2Ftipobet-casino-tipobet-giri-adresi-tipobet365-603-2%2F HTTP/1.1" 429 17 "http://alsahibalc.com/2026/01/30/tipobet-casino-tipobet-giri-adresi-tipobet365-603-2/" "Mozilla/5.0 AppleWebKit/537.36 (KHTML, like Gecko; compatible; GPTBot/1.3; +https://openai.com/gptbot)"
103.131.18.116 - - [10/Mar/2026:05:44:21 -0700] "POST /wp-admin/update.php?action=upload-plugin HTTP/1.1" 200 92802 "http://alsahibalc.com/wp-admin/plugin-install.php" "Mozilla/4.0 (compatible; MSIE 7.0; Windows NT 6.1; Trident/7.0; SLCC2; .NET CLR 2.0.50727; .NET CLR 3.5.30729; .NET CLR 3.0.30729; .NET4.0C; .NET4.0E; Media Center PC 6.0; InfoPath.3; BRI/2)"
103.131.18.116 - - [10/Mar/2026:05:44:28 -0700] "GET /wp-admin/update.php?action=upload-plugin&package=42161&overwrite=update-plugin&_wpnonce=e97f2be5a4 HTTP/1.1" 200 91852 "http://alsahibalc.com/wp-admin/plugin-install.php" "Mozilla/4.0 (compatible; MSIE 7.0; Windows NT 6.1; Trident/7.0; SLCC2; .NET CLR 2.0.50727; .NET CLR 3.5.30729; .NET CLR 3.0.30729; .NET4.0C; .NET4.0E; Media Center PC 6.0; InfoPath.3; BRI/2)"
103.131.18.116 - - [10/Mar/2026:05:44:32 -0700] "GET /wp-content/plugins/akismet/check_file.php HTTP/1.1" 403 228 "http://alsahibalc.com/wp-admin/plugin-install.php" "Mozilla/4.0 (compatible; MSIE 7.0; Windows NT 6.1; Trident/7.0; SLCC2; .NET CLR 2.0.50727; .NET CLR 3.5.30729; .NET CLR 3.0.30729; .NET4.0C; .NET4.0E; Media Center PC 6.0; InfoPath.3; BRI/2)"
103.131.18.116 - - [10/Mar/2026:05:44:33 -0700] "GET /wp-content/themes/akismet/check_file.php HTTP/1.1" 200 - "http://alsahibalc.com/wp-admin/plugin-install.php" "Mozilla/4.0 (compatible; MSIE 7.0; Windows NT 6.1; Trident/7.0; SLCC2; .NET CLR 2.0.50727; .NET CLR 3.5.30729; .NET CLR 3.0.30729; .NET4.0C; .NET4.0E; Media Center PC 6.0; InfoPath.3; BRI/2)"
74.7.241.15 - - [10/Mar/2026:05:44:35 -0700] "GET /wp-json/oembed/1.0/embed?url=http%3A%2F%2Falsahibalc.com%2F2026%2F02%2F18%2Fverbunden-spielsaal-pramie-blos-einzahlung-2026-no-abschlagzahlung-maklercourtage%2F HTTP/1.1" 200 - "http://alsahibalc.com/2026/02/18/verbunden-spielsaal-pramie-blos-einzahlung-2026-no-abschlagzahlung-maklercourtage/" "Mozilla/5.0 AppleWebKit/537.36 (KHTML, like Gecko; compatible; GPTBot/1.3; +https://openai.com/gptbot)"
103.131.18.116 - - [10/Mar/2026:05:44:35 -0700] "GET /wp-admin/plugin-install.php HTTP/1.1" 200 152885 "http://alsahibalc.com/wp-admin/plugin-install.php" "Mozilla/4.0 (compatible; MSIE 7.0; Windows NT 6.1; Trident/7.0; SLCC2; .NET CLR 2.0.50727; .NET CLR 3.5.30729; .NET CLR 3.0.30729; .NET4.0C; .NET4.0E; Media Center PC 6.0; InfoPath.3; BRI/2)"
74.7.241.15 - - [10/Mar/2026:05:44:44 -0700] "GET /wp-json/oembed/1.0/embed?url=http%3A%2F%2Falsahibalc.com%2F2026%2F02%2F19%2Fadrenalin-pur-und-top-quoten-ist-das-20bet-casino%2F HTTP/1.1" 200 - "http://alsahibalc.com/2026/02/19/adrenalin-pur-und-top-quoten-ist-das-20bet-casino/" "Mozilla/5.0 AppleWebKit/537.36 (KHTML, like Gecko; compatible; GPTBot/1.3; +https://openai.com/gptbot)"
103.131.18.116 - - [10/Mar/2026:05:44:41 -0700] "POST /wp-admin/update.php?action=upload-plugin HTTP/1.1" 200 92755 "http://alsahibalc.com/wp-admin/plugin-install.php" "Mozilla/4.0 (compatible; MSIE 7.0; Windows NT 6.1; Trident/7.0; SLCC2; .NET CLR 2.0.50727; .NET CLR 3.5.30729; .NET CLR 3.0.30729; .NET4.0C; .NET4.0E; Media Center PC 6.0; InfoPath.3; BRI/2)"
142.44.228.238 - - [10/Mar/2026:05:44:46 -0700] "GET /wp-includes/js/tinymce/plugins/compat3x/ HTTP/1.1" 200 1264 "-" "Mozilla/5.0 (compatible; AhrefsBot/7.0; +http://ahrefs.com/robot/)"
103.131.18.116 - - [10/Mar/2026:05:44:46 -0700] "GET /wp-admin/update.php?action=upload-plugin&package=42162&overwrite=update-plugin&_wpnonce=e97f2be5a4 HTTP/1.1" 200 91699 "http://alsahibalc.com/wp-admin/plugin-install.php" "Mozilla/4.0 (compatible; MSIE 7.0; Windows NT 6.1; Trident/7.0; SLCC2; .NET CLR 2.0.50727; .NET CLR 3.5.30729; .NET CLR 3.0.30729; .NET4.0C; .NET4.0E; Media Center PC 6.0; InfoPath.3; BRI/2)"
103.131.18.116 - - [10/Mar/2026:05:44:51 -0700] "GET /wp-content/plugins/classic-editor/check_file.php HTTP/1.1" 200 - "http://alsahibalc.com/wp-admin/plugin-install.php" "Mozilla/4.0 (compatible; MSIE 7.0; Windows NT 6.1; Trident/7.0; SLCC2; .NET CLR 2.0.50727; .NET CLR 3.5.30729; .NET CLR 3.0.30729; .NET4.0C; .NET4.0E; Media Center PC 6.0; InfoPath.3; BRI/2)"
74.7.241.15 - - [10/Mar/2026:05:44:51 -0700] "GET /wp-json/oembed/1.0/embed?url=http%3A%2F%2Falsahibalc.com%2F2026%2F01%2F13%2Fcast-your-line-experience-the-excitement-of-the-3%2F HTTP/1.1" 200 - "http://alsahibalc.com/2026/01/13/cast-your-line-experience-the-excitement-of-the-3/" "Mozilla/5.0 AppleWebKit/537.36 (KHTML, like Gecko; compatible; GPTBot/1.3; +https://openai.com/gptbot)"
103.131.18.116 - - [10/Mar/2026:05:44:52 -0700] "GET /wp-content/themes/classic-editor/check_file.php HTTP/1.1" 200 - "http://alsahibalc.com/wp-admin/plugin-install.php" "Mozilla/4.0 (compatible; MSIE 7.0; Windows NT 6.1; Trident/7.0; SLCC2; .NET CLR 2.0.50727; .NET CLR 3.5.30729; .NET CLR 3.0.30729; .NET4.0C; .NET4.0E; Media Center PC 6.0; InfoPath.3; BRI/2)"
173.247.246.132 - - [10/Mar/2026:05:44:54 -0700] "POST /wp-cron.php?doing_wp_cron=1773146694.9798119068145751953125 HTTP/1.1" 200 - "-" "WordPress/6.6.4; http://alsahibalc.com"
103.131.18.116 - - [10/Mar/2026:05:44:53 -0700] "GET /wp-admin/plugin-install.php HTTP/1.1" 200 152885 "http://alsahibalc.com/wp-admin/plugin-install.php" "Mozilla/4.0 (compatible; MSIE 7.0; Windows NT 6.1; Trident/7.0; SLCC2; .NET CLR 2.0.50727; .NET CLR 3.5.30729; .NET CLR 3.0.30729; .NET4.0C; .NET4.0E; Media Center PC 6.0; InfoPath.3; BRI/2)"
74.7.241.15 - - [10/Mar/2026:05:44:59 -0700] "GET /wp-json/oembed/1.0/embed?url=http%3A%2F%2Falsahibalc.com%2F2026%2F02%2F11%2Fcasino-utan-konto-med-bankid-med-ultrasnabb-41%2F HTTP/1.1" 200 - "http://alsahibalc.com/2026/02/11/casino-utan-konto-med-bankid-med-ultrasnabb-41/" "Mozilla/5.0 AppleWebKit/537.36 (KHTML, like Gecko; compatible; GPTBot/1.3; +https://openai.com/gptbot)"
185.191.171.6 - - [10/Mar/2026:05:45:05 -0700] "GET /2025/08/21/the-evolution-of-casino-gaming-from-traditional-to-117/ HTTP/1.1" 200 - "-" "Mozilla/5.0 (compatible; SemrushBot/7~bl; +http://www.semrush.com/bot.html)"
74.7.241.15 - - [10/Mar/2026:05:45:05 -0700] "GET /wp-json/oembed/1.0/embed?url=http%3A%2F%2Falsahibalc.com%2F2026%2F02%2F11%2Fcasino-med-mastercard-utan-bankid-med-snabba-41%2F HTTP/1.1" 200 - "http://alsahibalc.com/2026/02/11/casino-med-mastercard-utan-bankid-med-snabba-41/" "Mozilla/5.0 AppleWebKit/537.36 (KHTML, like Gecko; compatible; GPTBot/1.3; +https://openai.com/gptbot)"
103.131.18.116 - - [10/Mar/2026:05:45:01 -0700] "POST /wp-admin/update.php?action=upload-plugin HTTP/1.1" 200 91591 "http://alsahibalc.com/wp-admin/plugin-install.php" "Mozilla/4.0 (compatible; MSIE 7.0; Windows NT 6.1; Trident/7.0; SLCC2; .NET CLR 2.0.50727; .NET CLR 3.5.30729; .NET CLR 3.0.30729; .NET4.0C; .NET4.0E; Media Center PC 6.0; InfoPath.3; BRI/2)"
103.131.18.116 - - [10/Mar/2026:05:45:07 -0700] "GET /wp-content/plugins/health-check/build/check_file.php HTTP/1.1" 200 - "http://alsahibalc.com/wp-admin/plugin-install.php" "Mozilla/4.0 (compatible; MSIE 7.0; Windows NT 6.1; Trident/7.0; SLCC2; .NET CLR 2.0.50727; .NET CLR 3.5.30729; .NET CLR 3.0.30729; .NET4.0C; .NET4.0E; Media Center PC 6.0; InfoPath.3; BRI/2)"
103.131.18.116 - - [10/Mar/2026:05:45:09 -0700] "GET /wp-content/themes/health-check/build/check_file.php HTTP/1.1" 200 - "http://alsahibalc.com/wp-admin/plugin-install.php" "Mozilla/4.0 (compatible; MSIE 7.0; Windows NT 6.1; Trident/7.0; SLCC2; .NET CLR 2.0.50727; .NET CLR 3.5.30729; .NET CLR 3.0.30729; .NET4.0C; .NET4.0E; Media Center PC 6.0; InfoPath.3; BRI/2)"
173.247.246.132 - - [10/Mar/2026:05:45:11 -0700] "POST /wp-cron.php?doing_wp_cron=1773146711.9798309803009033203125 HTTP/1.1" 200 - "-" "WordPress/6.6.4; http://alsahibalc.com"
103.131.18.116 - - [10/Mar/2026:05:45:10 -0700] "GET /wp-admin/plugin-install.php HTTP/1.1" 200 152918 "http://alsahibalc.com/wp-admin/plugin-install.php" "Mozilla/4.0 (compatible; MSIE 7.0; Windows NT 6.1; Trident/7.0; SLCC2; .NET CLR 2.0.50727; .NET CLR 3.5.30729; .NET CLR 3.0.30729; .NET4.0C; .NET4.0E; Media Center PC 6.0; InfoPath.3; BRI/2)"
74.7.241.15 - - [10/Mar/2026:05:45:15 -0700] "GET /wp-json/oembed/1.0/embed?url=http%3A%2F%2Falsahibalc.com%2F2026%2F02%2F10%2Fa-sorte-sorri-desvende-o-potencial-ilimitado-do-2%2F HTTP/1.1" 200 - "http://alsahibalc.com/2026/02/10/a-sorte-sorri-desvende-o-potencial-ilimitado-do-2/" "Mozilla/5.0 AppleWebKit/537.36 (KHTML, like Gecko; compatible; GPTBot/1.3; +https://openai.com/gptbot)"
74.7.241.15 - - [10/Mar/2026:05:45:20 -0700] "GET /wp-json/oembed/1.0/embed?url=http%3A%2F%2Falsahibalc.com%2F2026%2F01%2F21%2Fspeel-slimmer-win-groter-golden-palace-casino-3%2F HTTP/1.1" 200 - "http://alsahibalc.com/2026/01/21/speel-slimmer-win-groter-golden-palace-casino-3/" "Mozilla/5.0 AppleWebKit/537.36 (KHTML, like Gecko; compatible; GPTBot/1.3; +https://openai.com/gptbot)"
74.7.241.15 - - [10/Mar/2026:05:45:24 -0700] "GET /wp-json/oembed/1.0/embed?url=http%3A%2F%2Falsahibalc.com%2F2026%2F01%2F27%2Fspeel-slimmer-win-groter-met-de-beste-chocospin-5%2F HTTP/1.1" 200 - "http://alsahibalc.com/2026/01/27/speel-slimmer-win-groter-met-de-beste-chocospin-5/" "Mozilla/5.0 AppleWebKit/537.36 (KHTML, like Gecko; compatible; GPTBot/1.3; +https://openai.com/gptbot)"
74.7.241.15 - - [10/Mar/2026:05:45:28 -0700] "GET /wp-json/oembed/1.0/embed?url=http%3A%2F%2Falsahibalc.com%2F2026%2F01%2F22%2Frenkli-dunyada-tatl-kaos-sweet-bonanza-demo-ile-3%2F HTTP/1.1" 200 - "http://alsahibalc.com/2026/01/22/renkli-dunyada-tatl-kaos-sweet-bonanza-demo-ile-3/" "Mozilla/5.0 AppleWebKit/537.36 (KHTML, like Gecko; compatible; GPTBot/1.3; +https://openai.com/gptbot)"
85.208.96.204 - - [10/Mar/2026:05:45:29 -0700] "GET /2026/02/10/tomb-raider-microgaming-casino-aztec-riches-casino-position-opinion-play-tomb-raider-for-free-inside-the-demo-mode-or-try-for-real-cash-at-the-best-on-the-internet-casinos/ HTTP/1.1" 200 - "-" "Mozilla/5.0 (compatible; SemrushBot/7~bl; +http://www.semrush.com/bot.html)"
74.7.241.15 - - [10/Mar/2026:05:45:31 -0700] "GET /wp-json/oembed/1.0/embed?url=http%3A%2F%2Falsahibalc.com%2F2026%2F02%2F10%2Fbeyond-the-welcome-bonus-secure-your-access-2%2F HTTP/1.1" 200 - "http://alsahibalc.com/2026/02/10/beyond-the-welcome-bonus-secure-your-access-2/" "Mozilla/5.0 AppleWebKit/537.36 (KHTML, like Gecko; compatible; GPTBot/1.3; +https://openai.com/gptbot)"
103.131.18.116 - - [10/Mar/2026:05:45:18 -0700] "POST /wp-admin/update.php?action=upload-plugin HTTP/1.1" 200 91603 "http://alsahibalc.com/wp-admin/plugin-install.php" "Mozilla/4.0 (compatible; MSIE 7.0; Windows NT 6.1; Trident/7.0; SLCC2; .NET CLR 2.0.50727; .NET CLR 3.5.30729; .NET CLR 3.0.30729; .NET4.0C; .NET4.0E; Media Center PC 6.0; InfoPath.3; BRI/2)"
103.131.18.116 - - [10/Mar/2026:05:45:34 -0700] "GET /wp-content/plugins/wordpress-importer/check_file.php HTTP/1.1" 200 - "http://alsahibalc.com/wp-admin/plugin-install.php" "Mozilla/4.0 (compatible; MSIE 7.0; Windows NT 6.1; Trident/7.0; SLCC2; .NET CLR 2.0.50727; .NET CLR 3.5.30729; .NET CLR 3.0.30729; .NET4.0C; .NET4.0E; Media Center PC 6.0; InfoPath.3; BRI/2)"
74.7.241.15 - - [10/Mar/2026:05:45:34 -0700] "GET /wp-json/oembed/1.0/embed?url=http%3A%2F%2Falsahibalc.com%2F2025%2F05%2F02%2Ftop-5-vorteile-des-spielens-im-betalright-casino%2F HTTP/1.1" 200 - "http://alsahibalc.com/2025/05/02/top-5-vorteile-des-spielens-im-betalright-casino/" "Mozilla/5.0 AppleWebKit/537.36 (KHTML, like Gecko; compatible; GPTBot/1.3; +https://openai.com/gptbot)"
103.131.18.116 - - [10/Mar/2026:05:45:35 -0700] "GET /wp-content/themes/wordpress-importer/check_file.php HTTP/1.1" 200 - "http://alsahibalc.com/wp-admin/plugin-install.php" "Mozilla/4.0 (compatible; MSIE 7.0; Windows NT 6.1; Trident/7.0; SLCC2; .NET CLR 2.0.50727; .NET CLR 3.5.30729; .NET CLR 3.0.30729; .NET4.0C; .NET4.0E; Media Center PC 6.0; InfoPath.3; BRI/2)"
74.7.241.15 - - [10/Mar/2026:05:45:37 -0700] "GET /wp-json/oembed/1.0/embed?url=http%3A%2F%2Falsahibalc.com%2F2026%2F02%2F06%2Fbest-a-real-casino-terminator-2-income-sites%2F HTTP/1.1" 200 - "http://alsahibalc.com/2026/02/06/best-a-real-casino-terminator-2-income-sites/" "Mozilla/5.0 AppleWebKit/537.36 (KHTML, like Gecko; compatible; GPTBot/1.3; +https://openai.com/gptbot)"
103.131.18.116 - - [10/Mar/2026:05:45:38 -0700] "GET /wp-admin/plugin-install.php HTTP/1.1" 200 152918 "http://alsahibalc.com/wp-admin/plugin-install.php" "Mozilla/4.0 (compatible; MSIE 7.0; Windows NT 6.1; Trident/7.0; SLCC2; .NET CLR 2.0.50727; .NET CLR 3.5.30729; .NET CLR 3.0.30729; .NET4.0C; .NET4.0E; Media Center PC 6.0; InfoPath.3; BRI/2)"
74.7.241.15 - - [10/Mar/2026:05:45:41 -0700] "GET /wp-json/oembed/1.0/embed?url=http%3A%2F%2Falsahibalc.com%2F2025%2F07%2F14%2Fontdek-de-spannende-wereld-van-plinko-spelen-2%2F HTTP/1.1" 200 - "http://alsahibalc.com/2025/07/14/ontdek-de-spannende-wereld-van-plinko-spelen-2/" "Mozilla/5.0 AppleWebKit/537.36 (KHTML, like Gecko; compatible; GPTBot/1.3; +https://openai.com/gptbot)"
74.7.241.15 - - [10/Mar/2026:05:45:44 -0700] "GET /wp-json/oembed/1.0/embed?url=http%3A%2F%2Falsahibalc.com%2F2026%2F02%2F19%2Fexperiencias-de-jogo-elevadas-baixe-o-20bet-app%2F HTTP/1.1" 200 - "http://alsahibalc.com/2026/02/19/experiencias-de-jogo-elevadas-baixe-o-20bet-app/" "Mozilla/5.0 AppleWebKit/537.36 (KHTML, like Gecko; compatible; GPTBot/1.3; +https://openai.com/gptbot)"
54.39.210.6 - - [10/Mar/2026:05:45:47 -0700] "GET /wp-includes/js/tinymce/plugins/?C=D;O=A HTTP/1.1" 200 4601 "-" "Mozilla/5.0 (compatible; AhrefsBot/7.0; +http://ahrefs.com/robot/)"
103.131.18.116 - - [10/Mar/2026:05:45:44 -0700] "POST /wp-admin/update.php?action=upload-plugin HTTP/1.1" 200 91618 "http://alsahibalc.com/wp-admin/plugin-install.php" "Mozilla/4.0 (compatible; MSIE 7.0; Windows NT 6.1; Trident/7.0; SLCC2; .NET CLR 2.0.50727; .NET CLR 3.5.30729; .NET CLR 3.0.30729; .NET4.0C; .NET4.0E; Media Center PC 6.0; InfoPath.3; BRI/2)"
103.131.18.116 - - [10/Mar/2026:05:45:50 -0700] "GET /wp-content/plugins/wp-jquery-update-test/assets/check_file.php HTTP/1.1" 200 - "http://alsahibalc.com/wp-admin/plugin-install.php" "Mozilla/4.0 (compatible; MSIE 7.0; Windows NT 6.1; Trident/7.0; SLCC2; .NET CLR 2.0.50727; .NET CLR 3.5.30729; .NET CLR 3.0.30729; .NET4.0C; .NET4.0E; Media Center PC 6.0; InfoPath.3; BRI/2)"
103.131.18.116 - - [10/Mar/2026:05:45:52 -0700] "GET /wp-content/themes/wp-jquery-update-test/assets/check_file.php HTTP/1.1" 200 - "http://alsahibalc.com/wp-admin/plugin-install.php" "Mozilla/4.0 (compatible; MSIE 7.0; Windows NT 6.1; Trident/7.0; SLCC2; .NET CLR 2.0.50727; .NET CLR 3.5.30729; .NET CLR 3.0.30729; .NET4.0C; .NET4.0E; Media Center PC 6.0; InfoPath.3; BRI/2)"
74.7.241.15 - - [10/Mar/2026:05:45:54 -0700] "GET /wp-json/oembed/1.0/embed?url=http%3A%2F%2Falsahibalc.com%2F2026%2F01%2F20%2Ferezd-a-szerencse-izet-50-ingyenes-porgetes-a%2F HTTP/1.1" 200 - "http://alsahibalc.com/2026/01/20/erezd-a-szerencse-izet-50-ingyenes-porgetes-a/" "Mozilla/5.0 AppleWebKit/537.36 (KHTML, like Gecko; compatible; GPTBot/1.3; +https://openai.com/gptbot)"
173.247.246.132 - - [10/Mar/2026:05:45:54 -0700] "POST /wp-cron.php?doing_wp_cron=1773146754.4917080402374267578125 HTTP/1.1" 200 - "-" "WordPress/6.6.4; http://alsahibalc.com"
103.131.18.116 - - [10/Mar/2026:05:45:53 -0700] "GET /wp-admin/plugins.php HTTP/1.1" 200 439207 "http://alsahibalc.com/wp-admin/plugins.php" "Mozilla/4.0 (compatible; MSIE 7.0; Windows NT 6.1; Trident/7.0; SLCC2; .NET CLR 2.0.50727; .NET CLR 3.5.30729; .NET CLR 3.0.30729; .NET4.0C; .NET4.0E; Media Center PC 6.0; InfoPath.3; BRI/2)"
74.7.241.15 - - [10/Mar/2026:05:45:57 -0700] "GET /wp-json/oembed/1.0/embed?url=http%3A%2F%2Falsahibalc.com%2F2026%2F01%2F29%2Fjackpot-alarm-mit-dem-rolldorado-bonuscode-zum-2%2F HTTP/1.1" 200 - "http://alsahibalc.com/2026/01/29/jackpot-alarm-mit-dem-rolldorado-bonuscode-zum-2/" "Mozilla/5.0 AppleWebKit/537.36 (KHTML, like Gecko; compatible; GPTBot/1.3; +https://openai.com/gptbot)"
74.7.241.15 - - [10/Mar/2026:05:46:00 -0700] "GET /wp-json/oembed/1.0/embed?url=http%3A%2F%2Falsahibalc.com%2F2026%2F01%2F22%2Fchatroulette-omegle-bazoocam-il-take-a-look-at-16%2F HTTP/1.1" 200 - "http://alsahibalc.com/2026/01/22/chatroulette-omegle-bazoocam-il-take-a-look-at-16/" "Mozilla/5.0 AppleWebKit/537.36 (KHTML, like Gecko; compatible; GPTBot/1.3; +https://openai.com/gptbot)"
74.7.241.15 - - [10/Mar/2026:05:46:03 -0700] "GET /wp-json/oembed/1.0/embed?url=http%3A%2F%2Falsahibalc.com%2F2026%2F02%2F09%2Fdespierta-tu-suerte-accede-a-vincispin-casino-3%2F HTTP/1.1" 200 - "http://alsahibalc.com/2026/02/09/despierta-tu-suerte-accede-a-vincispin-casino-3/" "Mozilla/5.0 AppleWebKit/537.36 (KHTML, like Gecko; compatible; GPTBot/1.3; +https://openai.com/gptbot)"
170.106.140.110 - - [10/Mar/2026:05:46:06 -0700] "GET / HTTP/1.1" 200 - "-" "Mozilla/5.0 (iPhone; CPU iPhone OS 13_2_3 like Mac OS X) AppleWebKit/605.1.15 (KHTML, like Gecko) Version/13.0.3 Mobile/15E148 Safari/604.1"
