/
home
/
alsahibalc
/
access-logs
/
New Directory
Upload File
HOME
185.191.171.13 - - [10/Mar/2026:05:15:37 -0700] "GET /2025/09/30/the-impact-of-graphics-and-sound-on-bonus-round-engagement-and-excitement/ HTTP/1.1" 200 - "-" "Mozilla/5.0 (compatible; SemrushBot/7~bl; +http://www.semrush.com/bot.html)"
74.7.241.15 - - [10/Mar/2026:05:15:45 -0700] "GET /wp-json/oembed/1.0/embed?url=https%3A%2F%2Falsahibalc.com%2F2026%2F02%2F12%2Fvyvoj-marketingovych-strategii-kasin%2F HTTP/2.0" 200 - "https://alsahibalc.com/2026/02/12/vyvoj-marketingovych-strategii-kasin/" "Mozilla/5.0 AppleWebKit/537.36 (KHTML, like Gecko; compatible; GPTBot/1.3; +https://openai.com/gptbot)"
185.191.171.16 - - [10/Mar/2026:05:16:08 -0700] "GET /2026/02/14/what-is-the-compassion-chair/ HTTP/1.1" 200 - "-" "Mozilla/5.0 (compatible; SemrushBot/7~bl; +http://www.semrush.com/bot.html)"
74.7.241.15 - - [10/Mar/2026:05:16:14 -0700] "GET /wp-json/wp/v2/posts/6262 HTTP/2.0" 200 - "https://alsahibalc.com/2026/01/27/pad-tsti-a-nasobitel-plinko-hra-kde-se-s-kadym/" "Mozilla/5.0 AppleWebKit/537.36 (KHTML, like Gecko; compatible; GPTBot/1.3; +https://openai.com/gptbot)"
74.7.241.15 - - [10/Mar/2026:05:16:26 -0700] "GET /wp-json/wp/v2/posts/6226 HTTP/2.0" 200 - "https://alsahibalc.com/2026/01/27/a-emocao-do-jogo-online-atinge-novos-patamares-com-highflybet-2/" "Mozilla/5.0 AppleWebKit/537.36 (KHTML, like Gecko; compatible; GPTBot/1.3; +https://openai.com/gptbot)"
74.7.241.15 - - [10/Mar/2026:05:16:29 -0700] "GET /wp-json/oembed/1.0/embed?url=https%3A%2F%2Falsahibalc.com%2F2025%2F07%2F10%2Fune-experience-de-jeu-inegalee-vous-attend-grace-a-5%2F HTTP/2.0" 200 - "https://alsahibalc.com/2025/07/10/une-experience-de-jeu-inegalee-vous-attend-grace-a-5/" "Mozilla/5.0 AppleWebKit/537.36 (KHTML, like Gecko; compatible; GPTBot/1.3; +https://openai.com/gptbot)"
74.7.241.15 - - [10/Mar/2026:05:16:33 -0700] "GET /wp-json/oembed/1.0/embed?url=https%3A%2F%2Falsahibalc.com%2F2026%2F01%2F27%2Femocion-y-riesgo-al-limite-seras-capaz-de-dominar-2%2F HTTP/2.0" 200 - "https://alsahibalc.com/2026/01/27/emocion-y-riesgo-al-limite-seras-capaz-de-dominar-2/" "Mozilla/5.0 AppleWebKit/537.36 (KHTML, like Gecko; compatible; GPTBot/1.3; +https://openai.com/gptbot)"
85.208.96.207 - - [10/Mar/2026:05:16:34 -0700] "GET /2025/09/09/differenze-tra-casino-non-aams-marigold-e-piattaforme-aams-confronto-completo/ HTTP/1.1" 200 - "-" "Mozilla/5.0 (compatible; SemrushBot/7~bl; +http://www.semrush.com/bot.html)"
74.7.241.15 - - [10/Mar/2026:05:16:36 -0700] "GET /wp-json/oembed/1.0/embed?url=https%3A%2F%2Falsahibalc.com%2F2026%2F01%2F27%2Fbeyond-the-bonuses-does-vegas-hero-truly-deliver-a-2%2F HTTP/2.0" 200 - "https://alsahibalc.com/2026/01/27/beyond-the-bonuses-does-vegas-hero-truly-deliver-a-2/" "Mozilla/5.0 AppleWebKit/537.36 (KHTML, like Gecko; compatible; GPTBot/1.3; +https://openai.com/gptbot)"
74.7.241.15 - - [10/Mar/2026:05:16:51 -0700] "GET /wp-json/oembed/1.0/embed?url=https%3A%2F%2Falsahibalc.com%2F2026%2F01%2F27%2Fbest-internet-gaming-sites-in-canada-for-safe-and-4%2F HTTP/2.0" 200 - "https://alsahibalc.com/2026/01/27/best-internet-gaming-sites-in-canada-for-safe-and-4/" "Mozilla/5.0 AppleWebKit/537.36 (KHTML, like Gecko; compatible; GPTBot/1.3; +https://openai.com/gptbot)"
74.7.241.15 - - [10/Mar/2026:05:17:04 -0700] "GET /wp-json/oembed/1.0/embed?url=https%3A%2F%2Falsahibalc.com%2F2025%2F07%2F12%2Fmostbet-trkiye-casino-1277%2F HTTP/2.0" 200 - "https://alsahibalc.com/2025/07/12/mostbet-trkiye-casino-1277/" "Mozilla/5.0 AppleWebKit/537.36 (KHTML, like Gecko; compatible; GPTBot/1.3; +https://openai.com/gptbot)"
85.208.96.211 - - [10/Mar/2026:05:17:09 -0700] "GET /2026/02/05/mostbet-w-polsce-kasyna-online-i-zakady-sportowe-468/ HTTP/1.1" 200 - "-" "Mozilla/5.0 (compatible; SemrushBot/7~bl; +http://www.semrush.com/bot.html)"
113.174.141.150 - - [10/Mar/2026:05:17:10 -0700] "GET /2026/02/11/simsino-salle-de-jeu-%ef%b8%8f-free-spins-montant-du-cash-cashback/ HTTP/1.1" 200 - "-" "Mozilla/5.0 (Windows NT 11.0; Win64; x64) AppleWebKit/537.36 (KHTML, like Gecko) Chrome/143.0.0.0 Safari/537.36"
74.7.241.15 - - [10/Mar/2026:05:17:23 -0700] "GET /wp-json/oembed/1.0/embed?url=https%3A%2F%2Falsahibalc.com%2F2026%2F02%2F12%2Fonline-casino-pokies-3654%2F HTTP/2.0" 200 - "https://alsahibalc.com/2026/02/12/online-casino-pokies-3654/" "Mozilla/5.0 AppleWebKit/537.36 (KHTML, like Gecko; compatible; GPTBot/1.3; +https://openai.com/gptbot)"
74.7.241.15 - - [10/Mar/2026:05:17:26 -0700] "GET /wp-json/oembed/1.0/embed?url=https%3A%2F%2Falsahibalc.com%2F2025%2F07%2F12%2Fmostbet-trkiye-casino-699%2F HTTP/2.0" 200 - "https://alsahibalc.com/2025/07/12/mostbet-trkiye-casino-699/" "Mozilla/5.0 AppleWebKit/537.36 (KHTML, like Gecko; compatible; GPTBot/1.3; +https://openai.com/gptbot)"
74.7.241.15 - - [10/Mar/2026:05:17:42 -0700] "GET /wp-json/oembed/1.0/embed?url=https%3A%2F%2Falsahibalc.com%2F2026%2F02%2F17%2F25-freispiele-abzuglich-einzahlung-online-casino-slots-2026-die-besten-ernahrer-boni-2026%2F HTTP/2.0" 200 - "https://alsahibalc.com/2026/02/17/25-freispiele-abzuglich-einzahlung-online-casino-slots-2026-die-besten-ernahrer-boni-2026/" "Mozilla/5.0 AppleWebKit/537.36 (KHTML, like Gecko; compatible; GPTBot/1.3; +https://openai.com/gptbot)"
74.7.241.15 - - [10/Mar/2026:05:17:48 -0700] "GET /wp-json/oembed/1.0/embed?url=https%3A%2F%2Falsahibalc.com%2F2026%2F02%2F12%2Fcasinos-casino-sin-deposito-royalgame-2025-con-el-pasar-del-tiempo-50-giros-sin-cargo-carente-deposito-referente-a-2026%2F HTTP/2.0" 200 - "https://alsahibalc.com/2026/02/12/casinos-casino-sin-deposito-royalgame-2025-con-el-pasar-del-tiempo-50-giros-sin-cargo-carente-deposito-referente-a-2026/" "Mozilla/5.0 AppleWebKit/537.36 (KHTML, like Gecko; compatible; GPTBot/1.3; +https://openai.com/gptbot)"
74.7.241.15 - - [10/Mar/2026:05:17:57 -0700] "GET /wp-json/oembed/1.0/embed?url=https%3A%2F%2Falsahibalc.com%2F2026%2F02%2F17%2Fno-deposit-slots-for-real-money%2F HTTP/2.0" 200 - "https://alsahibalc.com/2026/02/17/no-deposit-slots-for-real-money/" "Mozilla/5.0 AppleWebKit/537.36 (KHTML, like Gecko; compatible; GPTBot/1.3; +https://openai.com/gptbot)"
185.191.171.15 - - [10/Mar/2026:05:18:06 -0700] "GET /2025/07/17/onlyfans-an-internet-content-subscription-service-1905/ HTTP/1.1" 200 - "-" "Mozilla/5.0 (compatible; SemrushBot/7~bl; +http://www.semrush.com/bot.html)"
74.7.241.15 - - [10/Mar/2026:05:18:10 -0700] "GET /wp-json/oembed/1.0/embed?url=https%3A%2F%2Falsahibalc.com%2F2026%2F02%2F22%2Fcustomer-new-rabcat-slots-issue%2F HTTP/2.0" 200 - "https://alsahibalc.com/2026/02/22/customer-new-rabcat-slots-issue/" "Mozilla/5.0 AppleWebKit/537.36 (KHTML, like Gecko; compatible; GPTBot/1.3; +https://openai.com/gptbot)"
185.191.171.15 - - [10/Mar/2026:05:18:17 -0700] "GET /2026/02/11/beste-50-kostenlose-spins-ice-hockey-angeschlossen-duck-shooter-irre-chicken-kurzschluss-bewertungen-and-demonstration/ HTTP/1.1" 200 - "-" "Mozilla/5.0 (compatible; SemrushBot/7~bl; +http://www.semrush.com/bot.html)"
74.7.241.15 - - [10/Mar/2026:05:18:29 -0700] "GET /wp-json/oembed/1.0/embed?url=https%3A%2F%2Falsahibalc.com%2F2026%2F01%2F27%2Fbeyond-the-felt-500-games-and-lucrative-bonuses%2F HTTP/2.0" 200 - "https://alsahibalc.com/2026/01/27/beyond-the-felt-500-games-and-lucrative-bonuses/" "Mozilla/5.0 AppleWebKit/537.36 (KHTML, like Gecko; compatible; GPTBot/1.3; +https://openai.com/gptbot)"
185.191.171.12 - - [10/Mar/2026:05:18:29 -0700] "GET /2026/02/15/leovegas-kasino-%EF%BF%BD-spielsalon-weiters-sportwetten-willkommensbonus-pro-neukunden-kasino-26-euro-bonus-exklusive-einzahlung/ HTTP/1.1" 200 - "-" "Mozilla/5.0 (compatible; SemrushBot/7~bl; +http://www.semrush.com/bot.html)"
85.208.96.202 - - [10/Mar/2026:05:18:38 -0700] "GET /2026/02/11/beste-erreichbar-spielsaal-via-echtgeld-2026-golden-touch-casino-5-tipps-and-haufige-fluchtigkeitsfehler/ HTTP/1.1" 200 - "-" "Mozilla/5.0 (compatible; SemrushBot/7~bl; +http://www.semrush.com/bot.html)"
74.7.241.15 - - [10/Mar/2026:05:18:42 -0700] "GET /wp-json/oembed/1.0/embed?url=https%3A%2F%2Falsahibalc.com%2F2026%2F02%2F17%2Fslot-sites-in-gb-popular-slot-providers-765%2F HTTP/2.0" 200 - "https://alsahibalc.com/2026/02/17/slot-sites-in-gb-popular-slot-providers-765/" "Mozilla/5.0 AppleWebKit/537.36 (KHTML, like Gecko; compatible; GPTBot/1.3; +https://openai.com/gptbot)"
74.7.241.15 - - [10/Mar/2026:05:19:07 -0700] "GET /wp-json/oembed/1.0/embed?url=https%3A%2F%2Falsahibalc.com%2F2026%2F02%2F11%2Fb9-game-in-pakistan-a-new-betting-casino-game-in-578%2F HTTP/2.0" 200 - "https://alsahibalc.com/2026/02/11/b9-game-in-pakistan-a-new-betting-casino-game-in-578/" "Mozilla/5.0 AppleWebKit/537.36 (KHTML, like Gecko; compatible; GPTBot/1.3; +https://openai.com/gptbot)"
85.208.96.209 - - [10/Mar/2026:05:19:09 -0700] "GET /2026/02/20/utvecklingen-av-live-casino-spel-31/ HTTP/1.1" 200 - "-" "Mozilla/5.0 (compatible; SemrushBot/7~bl; +http://www.semrush.com/bot.html)"
185.191.171.12 - - [10/Mar/2026:05:19:23 -0700] "GET /2025/07/26/risk-and-reward-intertwine-as-you-navigate-fiery/ HTTP/1.1" 200 - "-" "Mozilla/5.0 (compatible; SemrushBot/7~bl; +http://www.semrush.com/bot.html)"
185.191.171.10 - - [10/Mar/2026:05:19:28 -0700] "GET /2026/02/17/casinos-uber-angewandten-schnellsten-auszahlungen-zweiter-monat-cat-wilde-and-the-eclipse-of-the-sun-god-slot-echtes-geld-des-jahres-2026/ HTTP/1.1" 200 - "-" "Mozilla/5.0 (compatible; SemrushBot/7~bl; +http://www.semrush.com/bot.html)"
74.7.241.15 - - [10/Mar/2026:05:19:29 -0700] "GET /wp-json/oembed/1.0/embed?url=https%3A%2F%2Falsahibalc.com%2F2026%2F02%2F11%2Fgoldene-federn-und-hohe-gewinne-chicken-road-4%2F HTTP/2.0" 200 - "https://alsahibalc.com/2026/02/11/goldene-federn-und-hohe-gewinne-chicken-road-4/" "Mozilla/5.0 AppleWebKit/537.36 (KHTML, like Gecko; compatible; GPTBot/1.3; +https://openai.com/gptbot)"
74.7.241.15 - - [10/Mar/2026:05:19:32 -0700] "GET /wp-json/oembed/1.0/embed?url=https%3A%2F%2Falsahibalc.com%2F2026%2F02%2F12%2Flart-de-parier-reinvente-betify-votre-nouveau-4%2F HTTP/2.0" 200 - "https://alsahibalc.com/2026/02/12/lart-de-parier-reinvente-betify-votre-nouveau-4/" "Mozilla/5.0 AppleWebKit/537.36 (KHTML, like Gecko; compatible; GPTBot/1.3; +https://openai.com/gptbot)"
85.208.96.209 - - [10/Mar/2026:05:20:05 -0700] "GET /2026/02/16/kasino-maklercourtage-blos-einzahlung-2026-beste-no-anzahlung-boni/ HTTP/1.1" 200 - "-" "Mozilla/5.0 (compatible; SemrushBot/7~bl; +http://www.semrush.com/bot.html)"
185.191.171.18 - - [10/Mar/2026:05:20:12 -0700] "GET /2025/07/22/mit-spannung-und-strategie-zum-sieg-setzen-sie-auf/ HTTP/1.1" 200 - "-" "Mozilla/5.0 (compatible; SemrushBot/7~bl; +http://www.semrush.com/bot.html)"
74.7.241.15 - - [10/Mar/2026:05:20:20 -0700] "GET /wp-json/oembed/1.0/embed?url=https%3A%2F%2Falsahibalc.com%2F2026%2F01%2F28%2Fbeyond-the-spin-elevate-your-gameplay-explore-3%2F HTTP/2.0" 200 - "https://alsahibalc.com/2026/01/28/beyond-the-spin-elevate-your-gameplay-explore-3/" "Mozilla/5.0 AppleWebKit/537.36 (KHTML, like Gecko; compatible; GPTBot/1.3; +https://openai.com/gptbot)"
74.7.241.15 - - [10/Mar/2026:05:20:30 -0700] "GET /wp-json/oembed/1.0/embed?url=https%3A%2F%2Falsahibalc.com%2F2025%2F09%2F03%2Fthe-evolution-of-live-dealer-games-in-casinos-23%2F HTTP/2.0" 200 - "https://alsahibalc.com/2025/09/03/the-evolution-of-live-dealer-games-in-casinos-23/" "Mozilla/5.0 AppleWebKit/537.36 (KHTML, like Gecko; compatible; GPTBot/1.3; +https://openai.com/gptbot)"
185.191.171.8 - - [10/Mar/2026:05:20:53 -0700] "GET /2026/01/15/temas-populares-de-tragamonedas-online-y-mecanicas-3/ HTTP/1.1" 200 - "-" "Mozilla/5.0 (compatible; SemrushBot/7~bl; +http://www.semrush.com/bot.html)"
74.7.241.15 - - [10/Mar/2026:05:21:10 -0700] "GET /wp-json/oembed/1.0/embed?url=https%3A%2F%2Falsahibalc.com%2F2026%2F01%2F26%2Fignite-your-winnings-experience-non-stop-2%2F HTTP/2.0" 200 - "https://alsahibalc.com/2026/01/26/ignite-your-winnings-experience-non-stop-2/" "Mozilla/5.0 AppleWebKit/537.36 (KHTML, like Gecko; compatible; GPTBot/1.3; +https://openai.com/gptbot)"
185.191.171.13 - - [10/Mar/2026:05:21:11 -0700] "GET /2026/01/04/desc-odkryj-najlepsze-kasyna-w-roznych-krajach-w-2026-roku-z-naszym-przewodnikiem-fortuna-casino-50-free-spins-spis-kasyn-oferujacych-bonus-25-euro-bez-logowania-desc/ HTTP/1.1" 200 - "-" "Mozilla/5.0 (compatible; SemrushBot/7~bl; +http://www.semrush.com/bot.html)"
74.7.241.15 - - [10/Mar/2026:05:21:29 -0700] "GET /wp-json/oembed/1.0/embed?url=https%3A%2F%2Falsahibalc.com%2F2026%2F02%2F12%2Fwhy-uk-players-select-non-gamstop-casinos-for-30%2F HTTP/2.0" 200 - "https://alsahibalc.com/2026/02/12/why-uk-players-select-non-gamstop-casinos-for-30/" "Mozilla/5.0 AppleWebKit/537.36 (KHTML, like Gecko; compatible; GPTBot/1.3; +https://openai.com/gptbot)"
74.7.241.15 - - [10/Mar/2026:05:21:35 -0700] "GET /wp-json/oembed/1.0/embed?url=https%3A%2F%2Falsahibalc.com%2F2025%2F05%2F06%2Fthe-evolution-of-live-dealer-games-in-casinos-18%2F HTTP/2.0" 200 - "https://alsahibalc.com/2025/05/06/the-evolution-of-live-dealer-games-in-casinos-18/" "Mozilla/5.0 AppleWebKit/537.36 (KHTML, like Gecko; compatible; GPTBot/1.3; +https://openai.com/gptbot)"
74.7.241.15 - - [10/Mar/2026:05:21:42 -0700] "GET /wp-json/oembed/1.0/embed?url=https%3A%2F%2Falsahibalc.com%2F2025%2F09%2F03%2Fthe-evolution-of-live-dealer-games-in-casinos-11%2F HTTP/2.0" 200 - "https://alsahibalc.com/2025/09/03/the-evolution-of-live-dealer-games-in-casinos-11/" "Mozilla/5.0 AppleWebKit/537.36 (KHTML, like Gecko; compatible; GPTBot/1.3; +https://openai.com/gptbot)"
74.7.241.15 - - [10/Mar/2026:05:21:58 -0700] "GET /wp-json/oembed/1.0/embed?url=https%3A%2F%2Falsahibalc.com%2F2025%2F07%2F08%2Fare-85-of-players-finding-success-with-this%2F HTTP/2.0" 200 - "https://alsahibalc.com/2025/07/08/are-85-of-players-finding-success-with-this/" "Mozilla/5.0 AppleWebKit/537.36 (KHTML, like Gecko; compatible; GPTBot/1.3; +https://openai.com/gptbot)"
185.191.171.11 - - [10/Mar/2026:05:22:10 -0700] "GET /2026/02/17/po-kakoj-prichine-fokus-manit-neobychnoe/ HTTP/1.1" 200 - "-" "Mozilla/5.0 (compatible; SemrushBot/7~bl; +http://www.semrush.com/bot.html)"
74.7.241.15 - - [10/Mar/2026:05:22:32 -0700] "GET /wp-json/oembed/1.0/embed?url=https%3A%2F%2Falsahibalc.com%2F2025%2F09%2F03%2Fthe-impact-of-artificial-intelligence-on-casino-312-2%2F HTTP/2.0" 200 - "https://alsahibalc.com/2025/09/03/the-impact-of-artificial-intelligence-on-casino-312-2/" "Mozilla/5.0 AppleWebKit/537.36 (KHTML, like Gecko; compatible; GPTBot/1.3; +https://openai.com/gptbot)"
85.208.96.210 - - [10/Mar/2026:05:22:34 -0700] "GET /2026/02/17/spielbank-free-spins-siberian-storm-1-kaution-2026-kasino-freispiele-ohne-einzahlung/ HTTP/1.1" 200 - "-" "Mozilla/5.0 (compatible; SemrushBot/7~bl; +http://www.semrush.com/bot.html)"
74.7.241.15 - - [10/Mar/2026:05:22:38 -0700] "GET /wp-json/oembed/1.0/embed?url=https%3A%2F%2Falsahibalc.com%2F2026%2F02%2F23%2F20-top-pagcor-licensed-online-casinos-full-legit-41%2F HTTP/2.0" 200 - "https://alsahibalc.com/2026/02/23/20-top-pagcor-licensed-online-casinos-full-legit-41/" "Mozilla/5.0 AppleWebKit/537.36 (KHTML, like Gecko; compatible; GPTBot/1.3; +https://openai.com/gptbot)"
66.249.68.37 - - [10/Mar/2026:05:22:41 -0700] "GET /dp/click-through-rate/e3a5e1544886202.html HTTP/1.1" 200 142932 "-" "Mozilla/5.0 (Linux; Android 6.0.1; Nexus 5X Build/MMB29P) AppleWebKit/537.36 (KHTML, like Gecko) Chrome/145.0.7632.116 Mobile Safari/537.36 (compatible; Googlebot/2.1; +http://www.google.com/bot.html)"
74.7.241.15 - - [10/Mar/2026:05:22:41 -0700] "GET /wp-json/oembed/1.0/embed?url=https%3A%2F%2Falsahibalc.com%2F2026%2F01%2F26%2Fplinko-spielen-sie-um-echtes-geld-online-casino-in-603%2F HTTP/2.0" 200 - "https://alsahibalc.com/2026/01/26/plinko-spielen-sie-um-echtes-geld-online-casino-in-603/" "Mozilla/5.0 AppleWebKit/537.36 (KHTML, like Gecko; compatible; GPTBot/1.3; +https://openai.com/gptbot)"
185.191.171.11 - - [10/Mar/2026:05:22:41 -0700] "GET /2026/02/14/gunsbet-internet-casino-110-free-revolves-100-to-one-hundred-incentive/ HTTP/1.1" 200 - "-" "Mozilla/5.0 (compatible; SemrushBot/7~bl; +http://www.semrush.com/bot.html)"
74.7.241.15 - - [10/Mar/2026:05:22:51 -0700] "GET /wp-json/oembed/1.0/embed?url=https%3A%2F%2Falsahibalc.com%2F2025%2F09%2F03%2Fthe-impact-of-artificial-intelligence-on-casino-320-3%2F HTTP/2.0" 200 - "https://alsahibalc.com/2025/09/03/the-impact-of-artificial-intelligence-on-casino-320-3/" "Mozilla/5.0 AppleWebKit/537.36 (KHTML, like Gecko; compatible; GPTBot/1.3; +https://openai.com/gptbot)"
85.208.96.212 - - [10/Mar/2026:05:22:54 -0700] "GET /2026/02/06/sekrety-skutecznej-gry-online-spinmama-otwiera/ HTTP/1.1" 200 - "-" "Mozilla/5.0 (compatible; SemrushBot/7~bl; +http://www.semrush.com/bot.html)"
74.7.241.15 - - [10/Mar/2026:05:22:57 -0700] "GET /wp-json/oembed/1.0/embed?url=https%3A%2F%2Falsahibalc.com%2F2026%2F02%2F11%2Fangeschlossen-casinos-casino-betway-100-kostenlose-spins-qua-freispielen%2F HTTP/2.0" 200 - "https://alsahibalc.com/2026/02/11/angeschlossen-casinos-casino-betway-100-kostenlose-spins-qua-freispielen/" "Mozilla/5.0 AppleWebKit/537.36 (KHTML, like Gecko; compatible; GPTBot/1.3; +https://openai.com/gptbot)"
74.7.241.15 - - [10/Mar/2026:05:23:01 -0700] "GET /wp-json/oembed/1.0/embed?url=https%3A%2F%2Falsahibalc.com%2F2026%2F02%2F22%2F50-free-spins-hitnspin-app-downloaden-voor-android-behalve-storting-binnenlan-sprokkelmaand-2026%2F HTTP/2.0" 200 - "https://alsahibalc.com/2026/02/22/50-free-spins-hitnspin-app-downloaden-voor-android-behalve-storting-binnenlan-sprokkelmaand-2026/" "Mozilla/5.0 AppleWebKit/537.36 (KHTML, like Gecko; compatible; GPTBot/1.3; +https://openai.com/gptbot)"
212.237.119.218 - - [10/Mar/2026:05:23:10 -0700] "GET /2026/02/21/up-x-onlajn-kazino-mobilnaja-versija-903-3/ HTTP/1.1" 200 - "https://alsahibalc.com/" "Mozilla/5.0 (Macintosh; Intel Mac OS X 10_15_7) AppleWebKit/605.1.15 (KHTML, like Gecko) Version/17.5 Safari/605.1.15"
74.7.241.15 - - [10/Mar/2026:05:23:26 -0700] "GET /wp-json/oembed/1.0/embed?url=https%3A%2F%2Falsahibalc.com%2F2026%2F01%2F27%2Fspeel-slimmer-win-groter-met-de-beste-chocospin-5%2F HTTP/2.0" 200 - "https://alsahibalc.com/2026/01/27/speel-slimmer-win-groter-met-de-beste-chocospin-5/" "Mozilla/5.0 AppleWebKit/537.36 (KHTML, like Gecko; compatible; GPTBot/1.3; +https://openai.com/gptbot)"
85.208.96.206 - - [10/Mar/2026:05:23:29 -0700] "GET /2026/02/16/sultan-games-v-kazahstane-platezhnye-metody-1726/ HTTP/1.1" 200 - "-" "Mozilla/5.0 (compatible; SemrushBot/7~bl; +http://www.semrush.com/bot.html)"
74.7.241.15 - - [10/Mar/2026:05:23:30 -0700] "GET /wp-json/oembed/1.0/embed?url=https%3A%2F%2Falsahibalc.com%2F2026%2F02%2F23%2Finnovations-in-gambling-technology-how-pin-up-bet-2%2F HTTP/2.0" 200 - "https://alsahibalc.com/2026/02/23/innovations-in-gambling-technology-how-pin-up-bet-2/" "Mozilla/5.0 AppleWebKit/537.36 (KHTML, like Gecko; compatible; GPTBot/1.3; +https://openai.com/gptbot)"
85.208.96.207 - - [10/Mar/2026:05:23:33 -0700] "GET /2026/02/08/hace-el-trabajo-vano-an-una-amazon-queen-giros-sin-brecha-demo-de-300-shields-extreme-carente-asignacion-ni-enlace-fructifero-descargas/ HTTP/1.1" 200 - "-" "Mozilla/5.0 (compatible; SemrushBot/7~bl; +http://www.semrush.com/bot.html)"
74.7.241.15 - - [10/Mar/2026:05:23:36 -0700] "GET /wp-json/oembed/1.0/embed?url=https%3A%2F%2Falsahibalc.com%2F2026%2F02%2F12%2Fil-futuro-dei-casino-online-innovazioni-e-tendenze-10%2F HTTP/2.0" 200 - "https://alsahibalc.com/2026/02/12/il-futuro-dei-casino-online-innovazioni-e-tendenze-10/" "Mozilla/5.0 AppleWebKit/537.36 (KHTML, like Gecko; compatible; GPTBot/1.3; +https://openai.com/gptbot)"
74.7.241.15 - - [10/Mar/2026:05:23:39 -0700] "GET /wp-json/oembed/1.0/embed?url=https%3A%2F%2Falsahibalc.com%2F2026%2F02%2F11%2Ffeathered-fortune-awaits-master-the-challenges-of-2-2%2F HTTP/2.0" 200 - "https://alsahibalc.com/2026/02/11/feathered-fortune-awaits-master-the-challenges-of-2-2/" "Mozilla/5.0 AppleWebKit/537.36 (KHTML, like Gecko; compatible; GPTBot/1.3; +https://openai.com/gptbot)"
85.208.96.194 - - [10/Mar/2026:05:23:41 -0700] "GET /2025/08/03/plus-de-80-des-joueurs-en-ligne-ont-choisi-de/ HTTP/1.1" 200 - "-" "Mozilla/5.0 (compatible; SemrushBot/7~bl; +http://www.semrush.com/bot.html)"
74.7.241.15 - - [10/Mar/2026:05:23:45 -0700] "GET /wp-json/oembed/1.0/embed?url=https%3A%2F%2Falsahibalc.com%2F2026%2F01%2F27%2Fbeyond-the-bonuses-experience-the-thrill-of-online-2%2F HTTP/2.0" 200 - "https://alsahibalc.com/2026/01/27/beyond-the-bonuses-experience-the-thrill-of-online-2/" "Mozilla/5.0 AppleWebKit/537.36 (KHTML, like Gecko; compatible; GPTBot/1.3; +https://openai.com/gptbot)"
74.7.241.15 - - [10/Mar/2026:05:23:48 -0700] "GET /wp-json/oembed/1.0/embed?url=https%3A%2F%2Falsahibalc.com%2F2026%2F01%2F26%2Fthe-art-of-betting-lessons-from-famous-gamblers-2%2F HTTP/2.0" 200 - "https://alsahibalc.com/2026/01/26/the-art-of-betting-lessons-from-famous-gamblers-2/" "Mozilla/5.0 AppleWebKit/537.36 (KHTML, like Gecko; compatible; GPTBot/1.3; +https://openai.com/gptbot)"
74.7.241.15 - - [10/Mar/2026:05:23:55 -0700] "GET /wp-json/oembed/1.0/embed?url=https%3A%2F%2Falsahibalc.com%2F2026%2F02%2F12%2Fdie-entwicklung-von-live-handler-spielen-in-online-20%2F HTTP/2.0" 200 - "https://alsahibalc.com/2026/02/12/die-entwicklung-von-live-handler-spielen-in-online-20/" "Mozilla/5.0 AppleWebKit/537.36 (KHTML, like Gecko; compatible; GPTBot/1.3; +https://openai.com/gptbot)"
85.208.96.202 - - [10/Mar/2026:05:24:07 -0700] "GET /2026/02/05/pinco-casino-trkiyede-genel-bak-4504/ HTTP/1.1" 200 - "-" "Mozilla/5.0 (compatible; SemrushBot/7~bl; +http://www.semrush.com/bot.html)"
74.7.241.15 - - [10/Mar/2026:05:24:07 -0700] "GET /wp-json/oembed/1.0/embed?url=https%3A%2F%2Falsahibalc.com%2F2025%2F08%2F24%2Fluckzie-casino-vs-unibet-which-casino-to-choose%2F HTTP/2.0" 200 - "https://alsahibalc.com/2025/08/24/luckzie-casino-vs-unibet-which-casino-to-choose/" "Mozilla/5.0 AppleWebKit/537.36 (KHTML, like Gecko; compatible; GPTBot/1.3; +https://openai.com/gptbot)"
185.191.171.5 - - [10/Mar/2026:05:24:12 -0700] "GET /2025/08/19/guia-para-jugar-a-la-ruleta-en-vivo-en-lizaro-casino/ HTTP/1.1" 200 - "-" "Mozilla/5.0 (compatible; SemrushBot/7~bl; +http://www.semrush.com/bot.html)"
185.191.171.2 - - [10/Mar/2026:05:24:16 -0700] "GET /2026/02/12/jeux-d-appoint-salle-appuyez-sur-ce-site-de-jeu-quelque-peu-orbit-electronic/ HTTP/1.1" 200 - "-" "Mozilla/5.0 (compatible; SemrushBot/7~bl; +http://www.semrush.com/bot.html)"
74.7.241.15 - - [10/Mar/2026:05:24:17 -0700] "GET /wp-json/oembed/1.0/embed?url=https%3A%2F%2Falsahibalc.com%2F2025%2F03%2F12%2Fhipay-casino-no-deposit-bonus%2F HTTP/2.0" 200 - "https://alsahibalc.com/2025/03/12/hipay-casino-no-deposit-bonus/" "Mozilla/5.0 AppleWebKit/537.36 (KHTML, like Gecko; compatible; GPTBot/1.3; +https://openai.com/gptbot)"
185.191.171.11 - - [10/Mar/2026:05:24:28 -0700] "GET /2025/07/18/1xbet-luchshij-bukmeker-i-kazino-rossii-i-stran-378-9/ HTTP/1.1" 200 - "-" "Mozilla/5.0 (compatible; SemrushBot/7~bl; +http://www.semrush.com/bot.html)"
173.247.246.132 - - [10/Mar/2026:05:24:42 -0700] "POST /wp-cron.php?doing_wp_cron=1773145482.5553429126739501953125 HTTP/1.1" 200 - "-" "WordPress/6.6.4; https://alsahibalc.com"
85.203.44.79 - - [10/Mar/2026:05:24:41 -0700] "POST /xmlrpc.php HTTP/1.1" 200 366502 "-" "Mozilla/5.0 (Macintosh; Intel Mac OS X 10_14_6) AppleWebKit/537.36 (KHTML, like Gecko) Chrome/80.0.3987.132 Safari/537.36"
85.203.44.72 - - [10/Mar/2026:05:24:45 -0700] "POST /xmlrpc.php HTTP/1.1" 200 180 "-" "Mozilla/5.0 (Macintosh; Intel Mac OS X 10_14_6) AppleWebKit/537.36 (KHTML, like Gecko) Chrome/80.0.3987.132 Safari/537.36"
173.247.246.132 - - [10/Mar/2026:05:24:48 -0700] "POST /wp-cron.php?doing_wp_cron=1773145488.0381939411163330078125 HTTP/1.1" 200 - "-" "WordPress/6.6.4; https://alsahibalc.com"
85.203.44.99 - - [10/Mar/2026:05:24:47 -0700] "POST /xmlrpc.php HTTP/1.1" 200 15052 "-" "Mozilla/5.0 (Macintosh; Intel Mac OS X 10_14_6) AppleWebKit/537.36 (KHTML, like Gecko) Chrome/80.0.3987.132 Safari/537.36"
74.7.241.15 - - [10/Mar/2026:05:25:01 -0700] "GET /wp-json/oembed/1.0/embed?url=https%3A%2F%2Falsahibalc.com%2F2026%2F02%2F12%2Fnoahs-google-pay-casino-online-ark%2F HTTP/2.0" 200 - "https://alsahibalc.com/2026/02/12/noahs-google-pay-casino-online-ark/" "Mozilla/5.0 AppleWebKit/537.36 (KHTML, like Gecko; compatible; GPTBot/1.3; +https://openai.com/gptbot)"
74.7.241.15 - - [10/Mar/2026:05:25:10 -0700] "GET /wp-json/oembed/1.0/embed?url=https%3A%2F%2Falsahibalc.com%2F2025%2F03%2F28%2Fbest-craps-games-at-legionbet-casino%2F HTTP/2.0" 200 - "https://alsahibalc.com/2025/03/28/best-craps-games-at-legionbet-casino/" "Mozilla/5.0 AppleWebKit/537.36 (KHTML, like Gecko; compatible; GPTBot/1.3; +https://openai.com/gptbot)"
85.208.96.204 - - [10/Mar/2026:05:25:13 -0700] "GET /2025/04/12/visual-identity-in-digital-branding-the-power-of-iconography-and-unique-brand-symbols/ HTTP/1.1" 200 - "-" "Mozilla/5.0 (compatible; SemrushBot/7~bl; +http://www.semrush.com/bot.html)"
74.7.241.15 - - [10/Mar/2026:05:25:23 -0700] "GET /wp-json/oembed/1.0/embed?url=https%3A%2F%2Falsahibalc.com%2F2026%2F02%2F11%2Finterfejs-i-udobstvo-igry-v-onlajn-kazino-728%2F HTTP/2.0" 200 - "https://alsahibalc.com/2026/02/11/interfejs-i-udobstvo-igry-v-onlajn-kazino-728/" "Mozilla/5.0 AppleWebKit/537.36 (KHTML, like Gecko; compatible; GPTBot/1.3; +https://openai.com/gptbot)"
74.7.241.15 - - [10/Mar/2026:05:25:48 -0700] "GET /wp-json/oembed/1.0/embed?url=https%3A%2F%2Falsahibalc.com%2F2025%2F07%2F10%2Fthe-future-of-casino-gaming-virtual-reality-5%2F HTTP/2.0" 200 - "https://alsahibalc.com/2025/07/10/the-future-of-casino-gaming-virtual-reality-5/" "Mozilla/5.0 AppleWebKit/537.36 (KHTML, like Gecko; compatible; GPTBot/1.3; +https://openai.com/gptbot)"
66.249.68.38 - - [10/Mar/2026:05:25:56 -0700] "GET /81897223576 HTTP/1.1" 200 145990 "-" "Mozilla/5.0 (Linux; Android 6.0.1; Nexus 5X Build/MMB29P) AppleWebKit/537.36 (KHTML, like Gecko) Chrome/145.0.7632.116 Mobile Safari/537.36 (compatible; Googlebot/2.1; +http://www.google.com/bot.html)"
185.191.171.17 - - [10/Mar/2026:05:26:00 -0700] "GET /2026/02/12/eye-of-horus-slot-spiele-fur-nusse/ HTTP/1.1" 200 - "-" "Mozilla/5.0 (compatible; SemrushBot/7~bl; +http://www.semrush.com/bot.html)"
74.7.241.15 - - [10/Mar/2026:05:26:20 -0700] "GET /wp-json/oembed/1.0/embed?url=https%3A%2F%2Falsahibalc.com%2F2026%2F02%2F11%2Fiwin-vit-nam-nn-tng-gii-tr-trc-tuyn-1538-2%2F HTTP/2.0" 200 - "https://alsahibalc.com/2026/02/11/iwin-vit-nam-nn-tng-gii-tr-trc-tuyn-1538-2/" "Mozilla/5.0 AppleWebKit/537.36 (KHTML, like Gecko; compatible; GPTBot/1.3; +https://openai.com/gptbot)"
74.7.241.15 - - [10/Mar/2026:05:26:23 -0700] "GET /wp-json/oembed/1.0/embed?url=https%3A%2F%2Falsahibalc.com%2F2026%2F02%2F13%2Fbestes-erreichbar-spielsaal-echtgeld-2026-tagesordnungspunkt-seiten-finden%2F HTTP/2.0" 200 - "https://alsahibalc.com/2026/02/13/bestes-erreichbar-spielsaal-echtgeld-2026-tagesordnungspunkt-seiten-finden/" "Mozilla/5.0 AppleWebKit/537.36 (KHTML, like Gecko; compatible; GPTBot/1.3; +https://openai.com/gptbot)"
176.97.123.28 - - [10/Mar/2026:05:26:26 -0700] "GET //index.php?params HTTP/1.1" 200 141503 "-" "Mozilla/5.0 (compatible; Googlebot/2.1; +http://www.google.com/bot.html; (greenwich&lewisham))"
176.97.123.28 - - [10/Mar/2026:05:26:27 -0700] "GET /admin.php?ac=p&api=&path=&t=d69f067bce859fb0cbe3a139771e0d68 HTTP/1.1" 200 1839 "-" "Mozilla/5.0 (Windows NT 10.0; Win64; x64) AppleWebKit/537.36 (KHTML, like Gecko) Chrome/136.0.0.0 Safari/537.36 Edg/136.0.0.0"
176.97.123.28 - - [10/Mar/2026:05:26:29 -0700] "GET /wp-content/themes/bottom-1754629313/inc/index.php?520 HTTP/1.1" 200 - "-" "Mozilla/5.0 (Windows NT 10.0; Win64; x64) AppleWebKit/537.36 (KHTML, like Gecko) Chrome/136.0.0.0 Safari/537.36 Edg/136.0.0.0"
176.97.123.28 - - [10/Mar/2026:05:26:29 -0700] "POST /wp-content/themes/bottom-1754629313/inc/index.php?520 HTTP/1.1" 200 - "-" "Mozilla/5.0 (Windows NT 10.0; Win64; x64) AppleWebKit/537.36 (KHTML, like Gecko) Chrome/136.0.0.0 Safari/537.36 Edg/136.0.0.0"
176.97.123.28 - - [10/Mar/2026:05:26:31 -0700] "GET /wp-content/themes/bottom-1754629313/inc/index.php?ac=p&api=&path=&t=d69f067bce859fb0cbe3a139771e0d68 HTTP/1.1" 200 - "-" "Mozilla/5.0 (Windows NT 10.0; Win64; x64) AppleWebKit/537.36 (KHTML, like Gecko) Chrome/136.0.0.0 Safari/537.36 Edg/136.0.0.0"
176.97.123.28 - - [10/Mar/2026:05:26:32 -0700] "GET /wp-includes/SimplePie/Decode/HTML/index.php?520 HTTP/1.1" 200 - "-" "Mozilla/5.0 (Windows NT 10.0; Win64; x64) AppleWebKit/537.36 (KHTML, like Gecko) Chrome/136.0.0.0 Safari/537.36 Edg/136.0.0.0"
85.208.96.197 - - [10/Mar/2026:05:26:32 -0700] "GET /2026/02/10/kham-pha-th-gii-gii-tri-mcw-casino-online-cng-vang/ HTTP/1.1" 200 - "-" "Mozilla/5.0 (compatible; SemrushBot/7~bl; +http://www.semrush.com/bot.html)"
176.97.123.28 - - [10/Mar/2026:05:26:33 -0700] "POST /wp-includes/SimplePie/Decode/HTML/index.php?520 HTTP/1.1" 200 - "-" "Mozilla/5.0 (Windows NT 10.0; Win64; x64) AppleWebKit/537.36 (KHTML, like Gecko) Chrome/136.0.0.0 Safari/537.36 Edg/136.0.0.0"
176.97.123.28 - - [10/Mar/2026:05:26:34 -0700] "GET /wp-includes/SimplePie/Decode/HTML/index.php?ac=p&api=&path=&t=d69f067bce859fb0cbe3a139771e0d68 HTTP/1.1" 200 - "-" "Mozilla/5.0 (Windows NT 10.0; Win64; x64) AppleWebKit/537.36 (KHTML, like Gecko) Chrome/136.0.0.0 Safari/537.36 Edg/136.0.0.0"
185.191.171.7 - - [10/Mar/2026:05:26:44 -0700] "GET /2026/02/06/finest-on-line-pokies-australian-continent-for-real-money-january-diamond-dare-online-2026/ HTTP/1.1" 200 - "-" "Mozilla/5.0 (compatible; SemrushBot/7~bl; +http://www.semrush.com/bot.html)"
74.7.241.15 - - [10/Mar/2026:05:26:48 -0700] "GET /wp-json/oembed/1.0/embed?url=https%3A%2F%2Falsahibalc.com%2F2026%2F02%2F12%2Fvery-little-else-arrives-casino-zodiac-bet-mobile-romantic-salamanca-nyc%2F HTTP/2.0" 200 - "https://alsahibalc.com/2026/02/12/very-little-else-arrives-casino-zodiac-bet-mobile-romantic-salamanca-nyc/" "Mozilla/5.0 AppleWebKit/537.36 (KHTML, like Gecko; compatible; GPTBot/1.3; +https://openai.com/gptbot)"
74.7.241.15 - - [10/Mar/2026:05:26:54 -0700] "GET /wp-json/oembed/1.0/embed?url=https%3A%2F%2Falsahibalc.com%2F2026%2F02%2F12%2Fmuchbetter-convenient-deposit-and-bruce-bet-mobile-withdrawal-resultat%2F HTTP/2.0" 200 - "https://alsahibalc.com/2026/02/12/muchbetter-convenient-deposit-and-bruce-bet-mobile-withdrawal-resultat/" "Mozilla/5.0 AppleWebKit/537.36 (KHTML, like Gecko; compatible; GPTBot/1.3; +https://openai.com/gptbot)"
74.7.241.15 - - [10/Mar/2026:05:27:01 -0700] "GET /wp-json/oembed/1.0/embed?url=https%3A%2F%2Falsahibalc.com%2F2026%2F01%2F26%2Fpin-up-casino-azrbaycan-11292-2%2F HTTP/2.0" 200 - "https://alsahibalc.com/2026/01/26/pin-up-casino-azrbaycan-11292-2/" "Mozilla/5.0 AppleWebKit/537.36 (KHTML, like Gecko; compatible; GPTBot/1.3; +https://openai.com/gptbot)"
85.208.96.196 - - [10/Mar/2026:05:27:19 -0700] "GET /2026/02/13/lucky-days-kasino-nachprufung-100-up-to-100-100-spins-sign-up-pramie/ HTTP/1.1" 200 - "-" "Mozilla/5.0 (compatible; SemrushBot/7~bl; +http://www.semrush.com/bot.html)"
85.208.96.205 - - [10/Mar/2026:05:27:29 -0700] "GET /2026/02/08/pragmatic-play-dostarczyciel-hazardowy-po-kasynach-przez-internet-2025/ HTTP/1.1" 200 - "-" "Mozilla/5.0 (compatible; SemrushBot/7~bl; +http://www.semrush.com/bot.html)"
185.191.171.1 - - [10/Mar/2026:05:27:33 -0700] "GET /2026/02/16/online-spielbank-maklercourtage-ohne-einzahlung-diese-besten-angebote/ HTTP/1.1" 200 - "-" "Mozilla/5.0 (compatible; SemrushBot/7~bl; +http://www.semrush.com/bot.html)"
74.7.241.15 - - [10/Mar/2026:05:27:41 -0700] "GET /wp-json/oembed/1.0/embed?url=https%3A%2F%2Falsahibalc.com%2F2025%2F07%2F12%2Ffun88-vit-nam-phng-thc-np-va-rut-tin-160-2%2F HTTP/2.0" 200 - "https://alsahibalc.com/2025/07/12/fun88-vit-nam-phng-thc-np-va-rut-tin-160-2/" "Mozilla/5.0 AppleWebKit/537.36 (KHTML, like Gecko; compatible; GPTBot/1.3; +https://openai.com/gptbot)"
74.7.241.15 - - [10/Mar/2026:05:27:44 -0700] "GET /wp-json/oembed/1.0/embed?url=https%3A%2F%2Falsahibalc.com%2F2025%2F07%2F11%2Fj88-ti-vit-nam-tin-thng-va-khuyn-mai-360-2%2F HTTP/2.0" 200 - "https://alsahibalc.com/2025/07/11/j88-ti-vit-nam-tin-thng-va-khuyn-mai-360-2/" "Mozilla/5.0 AppleWebKit/537.36 (KHTML, like Gecko; compatible; GPTBot/1.3; +https://openai.com/gptbot)"
74.7.241.15 - - [10/Mar/2026:05:27:48 -0700] "GET /wp-json/oembed/1.0/embed?url=https%3A%2F%2Falsahibalc.com%2F2026%2F01%2F26%2Fonline-casinos-met-licentie-in-belgi-740%2F HTTP/2.0" 200 - "https://alsahibalc.com/2026/01/26/online-casinos-met-licentie-in-belgi-740/" "Mozilla/5.0 AppleWebKit/537.36 (KHTML, like Gecko; compatible; GPTBot/1.3; +https://openai.com/gptbot)"
74.7.241.15 - - [10/Mar/2026:05:28:35 -0700] "GET /wp-json/oembed/1.0/embed?url=https%3A%2F%2Falsahibalc.com%2F2026%2F02%2F12%2Fsetting-wellness-apps-online-gamble%2F HTTP/2.0" 200 - "https://alsahibalc.com/2026/02/12/setting-wellness-apps-online-gamble/" "Mozilla/5.0 AppleWebKit/537.36 (KHTML, like Gecko; compatible; GPTBot/1.3; +https://openai.com/gptbot)"
74.7.241.15 - - [10/Mar/2026:05:28:41 -0700] "GET /wp-json/oembed/1.0/embed?url=https%3A%2F%2Falsahibalc.com%2F2026%2F02%2F17%2Fjogue-slots-online-aprestar-spinsy-codigo-promocional-slots-vegas-777-dado%2F HTTP/2.0" 200 - "https://alsahibalc.com/2026/02/17/jogue-slots-online-aprestar-spinsy-codigo-promocional-slots-vegas-777-dado/" "Mozilla/5.0 AppleWebKit/537.36 (KHTML, like Gecko; compatible; GPTBot/1.3; +https://openai.com/gptbot)"
47.128.96.180 - - [10/Mar/2026:05:28:44 -0700] "GET /2025/07/23/die-geheimnisse-erfolgreicher-spieler-mit-dem/ HTTP/2.0" 200 - "-" "Mozilla/5.0 (Linux; Android 5.0) AppleWebKit/537.36 (KHTML, like Gecko) Mobile Safari/537.36 (compatible; TikTokSpider; ttspider-feedback@tiktok.com)"
85.208.96.210 - - [10/Mar/2026:05:29:08 -0700] "GET /2026/02/10/legjobb-online-kaszinok-magyarorszagon-2026/ HTTP/1.1" 200 - "-" "Mozilla/5.0 (compatible; SemrushBot/7~bl; +http://www.semrush.com/bot.html)"
74.7.241.15 - - [10/Mar/2026:05:29:09 -0700] "GET /wp-json/oembed/1.0/embed?url=https%3A%2F%2Falsahibalc.com%2F2025%2F06%2F17%2Fthe-evolution-of-casino-loyalty-programs-177%2F HTTP/2.0" 200 - "https://alsahibalc.com/2025/06/17/the-evolution-of-casino-loyalty-programs-177/" "Mozilla/5.0 AppleWebKit/537.36 (KHTML, like Gecko; compatible; GPTBot/1.3; +https://openai.com/gptbot)"
74.7.241.15 - - [10/Mar/2026:05:29:25 -0700] "GET /wp-json/oembed/1.0/embed?url=https%3A%2F%2Falsahibalc.com%2F2026%2F01%2F26%2Foficialnyj-sajt-igrat-v-onlajn-kazino-pinco-5704%2F HTTP/2.0" 200 - "https://alsahibalc.com/2026/01/26/oficialnyj-sajt-igrat-v-onlajn-kazino-pinco-5704/" "Mozilla/5.0 AppleWebKit/537.36 (KHTML, like Gecko; compatible; GPTBot/1.3; +https://openai.com/gptbot)"
85.208.96.209 - - [10/Mar/2026:05:29:29 -0700] "GET /2026/02/18/javascript-isnt-readily-available/ HTTP/1.1" 200 - "-" "Mozilla/5.0 (compatible; SemrushBot/7~bl; +http://www.semrush.com/bot.html)"
74.7.241.15 - - [10/Mar/2026:05:29:54 -0700] "GET /wp-json/oembed/1.0/embed?url=https%3A%2F%2Falsahibalc.com%2F2026%2F01%2F26%2Foficialnyj-sajt-igrat-v-onlajn-kazino-pinco-6323%2F HTTP/2.0" 200 - "https://alsahibalc.com/2026/01/26/oficialnyj-sajt-igrat-v-onlajn-kazino-pinco-6323/" "Mozilla/5.0 AppleWebKit/537.36 (KHTML, like Gecko; compatible; GPTBot/1.3; +https://openai.com/gptbot)"
173.247.246.132 - - [10/Mar/2026:05:30:05 -0700] "POST /wp-cron.php?doing_wp_cron=1773145805.6252269744873046875000 HTTP/1.1" 200 - "-" "WordPress/6.6.4; https://alsahibalc.com"
171.104.129.31 - - [10/Mar/2026:05:30:04 -0700] "POST /wp-comments-post.php HTTP/1.1" 302 - "-" "Mozilla/5.0 (Windows NT 10.0; Win64; x64) AppleWebKit/537.36 (KHTML, like Gecko) Chrome/108.0.0.0 Safari/537.36 Edg/108.0.1462.46"
74.7.241.15 - - [10/Mar/2026:05:30:07 -0700] "GET /wp-json/oembed/1.0/embed?url=https%3A%2F%2Falsahibalc.com%2F2026%2F02%2F22%2Figrat-v-onlajn-pinco-casino-oficialnyj-sajt-4950%2F HTTP/2.0" 200 - "https://alsahibalc.com/2026/02/22/igrat-v-onlajn-pinco-casino-oficialnyj-sajt-4950/" "Mozilla/5.0 AppleWebKit/537.36 (KHTML, like Gecko; compatible; GPTBot/1.3; +https://openai.com/gptbot)"
171.104.129.31 - - [10/Mar/2026:05:30:07 -0700] "GET /2025/11/11/kazino-oficialnyj-sajt-pin-up-casino-vhodi-i-901/?unapproved=4113&moderation-hash=e12746675a5fb838379327f96fbc6d97 HTTP/1.1" 200 - "-" "Mozilla/5.0 (Windows NT 10.0; Win64; x64) AppleWebKit/537.36 (KHTML, like Gecko) Chrome/108.0.0.0 Safari/537.36 Edg/108.0.1462.46"
165.73.240.122 - - [10/Mar/2026:05:30:06 -0700] "POST /xmlrpc.php HTTP/1.1" 200 180 "-" "Mozilla/5.0 (Windows NT 10.0; Win64; x64) AppleWebKit/537.36 (KHTML, like Gecko) Chrome/114.0.0.0 Safari/537.36"
165.73.240.122 - - [10/Mar/2026:05:30:14 -0700] "POST /xmlrpc.php HTTP/1.1" 200 12595 "-" "Mozilla/5.0 (Windows NT 10.0; Win64; x64) AppleWebKit/537.36 (KHTML, like Gecko) Chrome/114.0.0.0 Safari/537.36"
173.247.246.132 - - [10/Mar/2026:05:30:16 -0700] "POST /wp-cron.php?doing_wp_cron=1773145816.0246720314025878906250 HTTP/1.1" 200 - "-" "WordPress/6.6.4; https://alsahibalc.com"
165.73.240.122 - - [10/Mar/2026:05:30:19 -0700] "GET /2026/03/10/cool-fresh-fruit-ranch-pokie-play-for-totally-free-iwinfortune-registration-bonus-read-review/ HTTP/1.1" 200 - "-" "Mozilla/5.0 (Windows NT 10.0; Win64; x64) AppleWebKit/537.36 (KHTML, like Gecko) Chrome/109.0.0.0 Safari/537.36"
165.73.240.122 - - [10/Mar/2026:05:30:22 -0700] "POST /xmlrpc.php HTTP/1.1" 200 178 "-" "Mozilla/5.0 (Windows NT 10.0; Win64; x64) AppleWebKit/537.36 (KHTML, like Gecko) Chrome/114.0.0.0 Safari/537.36"
74.7.241.15 - - [10/Mar/2026:05:30:29 -0700] "GET /wp-json/oembed/1.0/embed?url=https%3A%2F%2Falsahibalc.com%2F2026%2F02%2F12%2Foficialnyj-sajt-igrat-v-onlajn-kazino-pinco-9316%2F HTTP/2.0" 200 - "https://alsahibalc.com/2026/02/12/oficialnyj-sajt-igrat-v-onlajn-kazino-pinco-9316/" "Mozilla/5.0 AppleWebKit/537.36 (KHTML, like Gecko; compatible; GPTBot/1.3; +https://openai.com/gptbot)"
185.191.171.1 - - [10/Mar/2026:05:30:36 -0700] "GET /2026/02/06/tips-bet-on-survivor-better-survivor-betting-look-through-this-site-websites/ HTTP/1.1" 200 - "-" "Mozilla/5.0 (compatible; SemrushBot/7~bl; +http://www.semrush.com/bot.html)"
74.7.241.15 - - [10/Mar/2026:05:30:41 -0700] "GET /wp-json/oembed/1.0/embed?url=https%3A%2F%2Falsahibalc.com%2F2026%2F02%2F11%2Fjetton-kazino-bezopasnost-i-chestnost-igry-v-769%2F HTTP/2.0" 200 - "https://alsahibalc.com/2026/02/11/jetton-kazino-bezopasnost-i-chestnost-igry-v-769/" "Mozilla/5.0 AppleWebKit/537.36 (KHTML, like Gecko; compatible; GPTBot/1.3; +https://openai.com/gptbot)"
85.208.96.193 - - [10/Mar/2026:05:30:55 -0700] "GET /2026/02/17/50-freispiele-blos-spielautomaten-lucky-new-year-online-einzahlung-sofort-zuganglich-no-abschlagzahlung/ HTTP/1.1" 200 - "-" "Mozilla/5.0 (compatible; SemrushBot/7~bl; +http://www.semrush.com/bot.html)"
85.208.96.210 - - [10/Mar/2026:05:31:09 -0700] "GET /2026/01/21/nyerni-szeretnel-a-sweet-bonanza-izgalmas-vilaga/ HTTP/1.1" 200 - "-" "Mozilla/5.0 (compatible; SemrushBot/7~bl; +http://www.semrush.com/bot.html)"
74.7.241.15 - - [10/Mar/2026:05:31:19 -0700] "GET /wp-json/oembed/1.0/embed?url=https%3A%2F%2Falsahibalc.com%2F2026%2F02%2F12%2Favventura-avvincente-e-premi-scintillanti-guida-la%2F HTTP/2.0" 200 - "https://alsahibalc.com/2026/02/12/avventura-avvincente-e-premi-scintillanti-guida-la/" "Mozilla/5.0 AppleWebKit/537.36 (KHTML, like Gecko; compatible; GPTBot/1.3; +https://openai.com/gptbot)"
185.191.171.7 - - [10/Mar/2026:05:31:30 -0700] "GET /2026/02/15/casino-online-sicuri-i-con-laggiunta-di-affidabili-qualora-gareggiare-nel-2025/ HTTP/1.1" 200 - "-" "Mozilla/5.0 (compatible; SemrushBot/7~bl; +http://www.semrush.com/bot.html)"
74.7.241.15 - - [10/Mar/2026:05:31:41 -0700] "GET /wp-json/oembed/1.0/embed?url=https%3A%2F%2Falsahibalc.com%2F2025%2F06%2F17%2Fthe-evolution-of-casino-marketing-strategies-25%2F HTTP/2.0" 200 - "https://alsahibalc.com/2025/06/17/the-evolution-of-casino-marketing-strategies-25/" "Mozilla/5.0 AppleWebKit/537.36 (KHTML, like Gecko; compatible; GPTBot/1.3; +https://openai.com/gptbot)"
74.7.241.15 - - [10/Mar/2026:05:31:47 -0700] "GET /wp-json/oembed/1.0/embed?url=https%3A%2F%2Falsahibalc.com%2F2026%2F01%2F27%2Fvolle-spannung-voraus-chicken-road-erfahrungen-7%2F HTTP/2.0" 200 - "https://alsahibalc.com/2026/01/27/volle-spannung-voraus-chicken-road-erfahrungen-7/" "Mozilla/5.0 AppleWebKit/537.36 (KHTML, like Gecko; compatible; GPTBot/1.3; +https://openai.com/gptbot)"
185.191.171.15 - - [10/Mar/2026:05:31:53 -0700] "GET /2026/02/11/lucky-days-spielsaal-primebetz-app-download-in-deutschland-1-000-provision-100-freispiele/ HTTP/1.1" 200 - "-" "Mozilla/5.0 (compatible; SemrushBot/7~bl; +http://www.semrush.com/bot.html)"
74.7.241.15 - - [10/Mar/2026:05:32:00 -0700] "GET /wp-json/oembed/1.0/embed?url=https%3A%2F%2Falsahibalc.com%2F2026%2F02%2F23%2Fodnorukij-bandit-igrat-onlajn-besplatno-v-92%2F HTTP/2.0" 200 - "https://alsahibalc.com/2026/02/23/odnorukij-bandit-igrat-onlajn-besplatno-v-92/" "Mozilla/5.0 AppleWebKit/537.36 (KHTML, like Gecko; compatible; GPTBot/1.3; +https://openai.com/gptbot)"
74.7.241.15 - - [10/Mar/2026:05:32:12 -0700] "GET /wp-json/oembed/1.0/embed?url=https%3A%2F%2Falsahibalc.com%2F2026%2F01%2F28%2Fjackpots-knacken-spannung-erleben-dein-weg-zum-4%2F HTTP/2.0" 200 - "https://alsahibalc.com/2026/01/28/jackpots-knacken-spannung-erleben-dein-weg-zum-4/" "Mozilla/5.0 AppleWebKit/537.36 (KHTML, like Gecko; compatible; GPTBot/1.3; +https://openai.com/gptbot)"
74.7.241.15 - - [10/Mar/2026:05:32:28 -0700] "GET /wp-json/oembed/1.0/embed?url=https%3A%2F%2Falsahibalc.com%2F2026%2F02%2F23%2Fpokerdom-zerkalo-skachat-stabilnyj-dostup-k-25%2F HTTP/2.0" 200 - "https://alsahibalc.com/2026/02/23/pokerdom-zerkalo-skachat-stabilnyj-dostup-k-25/" "Mozilla/5.0 AppleWebKit/537.36 (KHTML, like Gecko; compatible; GPTBot/1.3; +https://openai.com/gptbot)"
177.66.49.213 - - [10/Mar/2026:05:32:38 -0700] "GET /2026/02/23/casino-top-list-luchshie-igrovye-sajty-2026-goda-s-43/ HTTP/1.1" 200 - "https://alsahibalc.com/" "Mozilla/5.0 (Windows NT 10.0; Win64; x64) AppleWebKit/537.36 (KHTML, like Gecko) Chrome/135.0.0.0 Safari/537.36"
74.7.241.15 - - [10/Mar/2026:05:32:41 -0700] "GET /wp-json/oembed/1.0/embed?url=https%3A%2F%2Falsahibalc.com%2F2026%2F02%2F12%2Futvecklingen-av-mobilspel-i-casinovarlden-27%2F HTTP/2.0" 200 - "https://alsahibalc.com/2026/02/12/utvecklingen-av-mobilspel-i-casinovarlden-27/" "Mozilla/5.0 AppleWebKit/537.36 (KHTML, like Gecko; compatible; GPTBot/1.3; +https://openai.com/gptbot)"
74.7.241.15 - - [10/Mar/2026:05:32:50 -0700] "GET /wp-json/oembed/1.0/embed?url=https%3A%2F%2Falsahibalc.com%2F2026%2F01%2F26%2Fpinco-online-kazino-azrbaycanda-srtli-dnilr-v-73%2F HTTP/2.0" 200 - "https://alsahibalc.com/2026/01/26/pinco-online-kazino-azrbaycanda-srtli-dnilr-v-73/" "Mozilla/5.0 AppleWebKit/537.36 (KHTML, like Gecko; compatible; GPTBot/1.3; +https://openai.com/gptbot)"
85.208.96.210 - - [10/Mar/2026:05:33:02 -0700] "GET /2026/02/16/no-deposit-bonus-password-sov25-%EF%BF%BD-twenty-five-totally-free-processor-chip/ HTTP/1.1" 200 - "-" "Mozilla/5.0 (compatible; SemrushBot/7~bl; +http://www.semrush.com/bot.html)"
74.7.241.15 - - [10/Mar/2026:05:33:12 -0700] "GET /wp-json/oembed/1.0/embed?url=https%3A%2F%2Falsahibalc.com%2F2026%2F02%2F11%2Fcasino-bankid-utan-registrering-med-ultrasnabb-7%2F HTTP/2.0" 200 - "https://alsahibalc.com/2026/02/11/casino-bankid-utan-registrering-med-ultrasnabb-7/" "Mozilla/5.0 AppleWebKit/537.36 (KHTML, like Gecko; compatible; GPTBot/1.3; +https://openai.com/gptbot)"
74.7.241.15 - - [10/Mar/2026:05:33:31 -0700] "GET /wp-json/oembed/1.0/embed?url=https%3A%2F%2Falsahibalc.com%2F2026%2F02%2F12%2Fprzyszo-gier-hazardowych-w-kasynach-online-23%2F HTTP/2.0" 200 - "https://alsahibalc.com/2026/02/12/przyszo-gier-hazardowych-w-kasynach-online-23/" "Mozilla/5.0 AppleWebKit/537.36 (KHTML, like Gecko; compatible; GPTBot/1.3; +https://openai.com/gptbot)"
74.7.241.15 - - [10/Mar/2026:05:33:43 -0700] "GET /wp-json/oembed/1.0/embed?url=https%3A%2F%2Falsahibalc.com%2F2026%2F01%2F27%2Faufregende-casino-abenteuer-erwarten-dich-bei-5%2F HTTP/2.0" 200 - "https://alsahibalc.com/2026/01/27/aufregende-casino-abenteuer-erwarten-dich-bei-5/" "Mozilla/5.0 AppleWebKit/537.36 (KHTML, like Gecko; compatible; GPTBot/1.3; +https://openai.com/gptbot)"
128.1.179.146 - - [10/Mar/2026:05:33:44 -0700] "POST /xmlrpc.php HTTP/1.1" 200 180 "-" "Mozilla/5.0 (Windows NT 10.0; Win64; x64) AppleWebKit/537.36 (KHTML, like Gecko) Chrome/114.0.0.0 Safari/537.36"
85.208.96.200 - - [10/Mar/2026:05:33:51 -0700] "GET /2026/02/16/instrument-pour-dessous-gonzos-quest-telechargement-gratuit-de-jeux-de-casino-pc-complet-bonus-casino-ou-tours-non-payants-amuser-actuellement/ HTTP/1.1" 200 - "-" "Mozilla/5.0 (compatible; SemrushBot/7~bl; +http://www.semrush.com/bot.html)"
83.147.38.185 - - [10/Mar/2026:05:33:37 -0700] "GET /2025/11/17/how-old-to-get-in-united-kingdom-casino/ HTTP/1.1" 200 - "https://alsahibalc.com/" "Mozilla/5.0 (Windows NT 10.0) AppleWebKit/537.36 (KHTML, like Gecko) Chrome/114.0.0.0 Safari/537.36"
83.147.38.185 - - [10/Mar/2026:05:33:53 -0700] "GET /2025/11/17/how-old-to-get-in-united-kingdom-casino/ HTTP/1.1" 200 - "https://alsahibalc.com/" "Mozilla/5.0 (Windows NT 10.0) AppleWebKit/537.36 (KHTML, like Gecko) Chrome/114.0.0.0 Safari/537.36"
83.147.38.185 - - [10/Mar/2026:05:33:54 -0700] "GET /2025/11/17/how-old-to-get-in-united-kingdom-casino/ HTTP/1.1" 200 - "https://alsahibalc.com/" "Mozilla/5.0 (Windows NT 10.0) AppleWebKit/537.36 (KHTML, like Gecko) Chrome/114.0.0.0 Safari/537.36"
128.1.179.146 - - [10/Mar/2026:05:33:52 -0700] "POST /xmlrpc.php HTTP/1.1" 200 11003 "-" "Mozilla/5.0 (Windows NT 10.0; Win64; x64) AppleWebKit/537.36 (KHTML, like Gecko) Chrome/114.0.0.0 Safari/537.36"
173.247.246.132 - - [10/Mar/2026:05:33:53 -0700] "POST /wp-cron.php?doing_wp_cron=1773146033.5890688896179199218750 HTTP/1.1" 200 - "-" "WordPress/6.6.4; https://alsahibalc.com"
128.1.179.146 - - [10/Mar/2026:05:33:55 -0700] "GET /2026/03/10/ladbrokes-spielsaal-provision-kode-50-startgeld-einzeln-slot-admiral-nelson-free-spins/ HTTP/1.1" 200 - "-" "Mozilla/5.0 (Windows NT 10.0; Win64; x64) AppleWebKit/537.36 (KHTML, like Gecko) Chrome/122.0.0.0 Safari/537.36"
128.1.179.146 - - [10/Mar/2026:05:33:57 -0700] "POST /xmlrpc.php HTTP/1.1" 200 178 "-" "Mozilla/5.0 (Windows NT 10.0; Win64; x64) AppleWebKit/537.36 (KHTML, like Gecko) Chrome/114.0.0.0 Safari/537.36"
74.7.241.15 - - [10/Mar/2026:05:33:59 -0700] "GET /wp-json/oembed/1.0/embed?url=https%3A%2F%2Falsahibalc.com%2F2025%2F05%2F07%2Fgame-provider-comparison-netent-vs-microgaming-2%2F HTTP/2.0" 200 - "https://alsahibalc.com/2025/05/07/game-provider-comparison-netent-vs-microgaming-2/" "Mozilla/5.0 AppleWebKit/537.36 (KHTML, like Gecko; compatible; GPTBot/1.3; +https://openai.com/gptbot)"
74.7.241.15 - - [10/Mar/2026:05:34:02 -0700] "GET /wp-json/oembed/1.0/embed?url=https%3A%2F%2Falsahibalc.com%2F2026%2F01%2F27%2Fladrenaline-a-portee-de-clic-explorez-lunivers-8%2F HTTP/2.0" 200 - "https://alsahibalc.com/2026/01/27/ladrenaline-a-portee-de-clic-explorez-lunivers-8/" "Mozilla/5.0 AppleWebKit/537.36 (KHTML, like Gecko; compatible; GPTBot/1.3; +https://openai.com/gptbot)"
74.7.241.15 - - [10/Mar/2026:05:34:08 -0700] "GET /wp-json/oembed/1.0/embed?url=https%3A%2F%2Falsahibalc.com%2F2026%2F02%2F11%2Fvstupte-do-svta-napinavych-her-a-exkluzivnich-12%2F HTTP/2.0" 200 - "https://alsahibalc.com/2026/02/11/vstupte-do-svta-napinavych-her-a-exkluzivnich-12/" "Mozilla/5.0 AppleWebKit/537.36 (KHTML, like Gecko; compatible; GPTBot/1.3; +https://openai.com/gptbot)"
74.7.241.15 - - [10/Mar/2026:05:34:11 -0700] "GET /wp-json/oembed/1.0/embed?url=https%3A%2F%2Falsahibalc.com%2F2026%2F02%2F23%2Fchestnye-kazino-proverennye-sajty-s-licenziej-8%2F HTTP/2.0" 200 - "https://alsahibalc.com/2026/02/23/chestnye-kazino-proverennye-sajty-s-licenziej-8/" "Mozilla/5.0 AppleWebKit/537.36 (KHTML, like Gecko; compatible; GPTBot/1.3; +https://openai.com/gptbot)"
74.7.241.15 - - [10/Mar/2026:05:34:21 -0700] "GET /wp-json/oembed/1.0/embed?url=https%3A%2F%2Falsahibalc.com%2F2026%2F02%2F23%2Friobet-promokod-rabochij-bonusnyj-kod-kazino-18%2F HTTP/2.0" 200 - "https://alsahibalc.com/2026/02/23/riobet-promokod-rabochij-bonusnyj-kod-kazino-18/" "Mozilla/5.0 AppleWebKit/537.36 (KHTML, like Gecko; compatible; GPTBot/1.3; +https://openai.com/gptbot)"
74.7.241.15 - - [10/Mar/2026:05:34:43 -0700] "GET /wp-json/oembed/1.0/embed?url=https%3A%2F%2Falsahibalc.com%2F2026%2F02%2F23%2Ffrispiny-za-registraciju-v-kazino-besplatnye-2%2F HTTP/2.0" 200 - "https://alsahibalc.com/2026/02/23/frispiny-za-registraciju-v-kazino-besplatnye-2/" "Mozilla/5.0 AppleWebKit/537.36 (KHTML, like Gecko; compatible; GPTBot/1.3; +https://openai.com/gptbot)"
74.7.241.15 - - [10/Mar/2026:05:34:46 -0700] "GET /wp-json/oembed/1.0/embed?url=https%3A%2F%2Falsahibalc.com%2F2026%2F02%2F11%2Faz-esport-fogadasok-emelkedese-a-kaszinokban-15%2F HTTP/2.0" 200 - "https://alsahibalc.com/2026/02/11/az-esport-fogadasok-emelkedese-a-kaszinokban-15/" "Mozilla/5.0 AppleWebKit/537.36 (KHTML, like Gecko; compatible; GPTBot/1.3; +https://openai.com/gptbot)"
185.191.171.7 - - [10/Mar/2026:05:34:53 -0700] "GET /2026/02/11/druckgluck-im-casino-slotty-vegas-bewertung-erprobung-deutsches-angeschlossen-spielsaal-unter-einsatz-von-attraktiven-boni-and-1-100-slots/ HTTP/1.1" 200 - "-" "Mozilla/5.0 (compatible; SemrushBot/7~bl; +http://www.semrush.com/bot.html)"
74.7.241.15 - - [10/Mar/2026:05:34:58 -0700] "GET /wp-json/oembed/1.0/embed?url=https%3A%2F%2Falsahibalc.com%2F2026%2F02%2F23%2Fdie-auswirkungen-kunstlicher-intelligenz-auf-249%2F HTTP/2.0" 200 - "https://alsahibalc.com/2026/02/23/die-auswirkungen-kunstlicher-intelligenz-auf-249/" "Mozilla/5.0 AppleWebKit/537.36 (KHTML, like Gecko; compatible; GPTBot/1.3; +https://openai.com/gptbot)"
185.191.171.15 - - [10/Mar/2026:05:35:03 -0700] "GET /2026/02/18/tecnicas-avanzadas-para-maximizar-tus-ganancias-en-3/ HTTP/1.1" 200 - "-" "Mozilla/5.0 (compatible; SemrushBot/7~bl; +http://www.semrush.com/bot.html)"
